129.146.188.65 - - [19/Aug/2026:12:20:19 -0400] "GET /wp-content/plugins/pods/init.php HTTP/1.1" 403 199 "-" "Mozilla/5.0 (Windows NT 10.0; Win64; x64) AppleWebKit/537.36 (KHTML, like Gecko) Chrome/125.0.0.0 Safari/537.36"
35.89.33.202 - - [19/Aug/2026:12:22:59 -0400] "GET / HTTP/1.1" 200 20 "-" "Mozilla/5.0 (Windows NT 10.0; Win64; x64) AppleWebKit/537.36 (KHTML, like Gecko) Chrome/113.0.0.0 Safari/537.36"
69.39.225.240 - - [19/Aug/2026:12:27:20 -0400] "POST /wp-cron.php?doing_wp_cron=1787156840.4010210037231445312500 HTTP/1.1" 200 20 "-" "WordPress/7.0.4; https://hmfcc.com"
76.153.52.59 - - [19/Aug/2026:12:27:18 -0400] "GET / HTTP/1.1" 200 20 "-" "Mozilla/5.0 (Windows NT 10.0; Win64; x64) AppleWebKit/537.36 (KHTML, like Gecko) Chrome/120.0.0.0 Safari/537.36"
129.146.188.65 - - [19/Aug/2026:12:36:29 -0400] "GET /wp-content/plugins/pods/readme.txt HTTP/1.1" 200 20 "-" "Mozilla/5.0 (Macintosh; Intel Mac OS X 10_15_7) AppleWebKit/537.36 (KHTML, like Gecko) Chrome/124.0.0.0 Safari/537.36"
129.146.188.65 - - [19/Aug/2026:12:36:30 -0400] "GET /wp-content/plugins/pods/init.php HTTP/1.1" 403 199 "-" "Mozilla/5.0 (Macintosh; Intel Mac OS X 10_15_7) AppleWebKit/537.36 (KHTML, like Gecko) Chrome/124.0.0.0 Safari/537.36"
69.39.225.240 - - [19/Aug/2026:12:47:24 -0400] "POST /wp-cron.php?doing_wp_cron=1787158044.6416161060333251953125 HTTP/1.1" 200 20 "-" "WordPress/7.0.4; https://hmfcc.com"
130.211.61.255 - - [19/Aug/2026:12:47:23 -0400] "GET / HTTP/1.1" 200 20 "-" "Mozilla/5.0 (Windows NT 10.0; Win64; x64) AppleWebKit/537.36 (KHTML, like Gecko) Chrome/84.0.4147.105 Safari/537.36"
34.206.50.36 - - [19/Aug/2026:12:48:31 -0400] "GET /robots.txt HTTP/1.1" 200 20 "-" "Mozilla/5.0 (Macintosh; Intel Mac OS X 10_10_1) AppleWebKit/600.2.5 (KHTML, like Gecko) Version/8.0.2 Safari/600.2.5 (Gort)"
192.178.4.3 - - [19/Aug/2026:12:57:34 -0400] "GET /robots.txt HTTP/1.1" 200 20 "-" "Mozilla/5.0 (compatible; Googlebot/2.1; +http://www.google.com/bot.html)"
192.178.4.5 - - [19/Aug/2026:12:57:36 -0400] "GET /images/autoimmune-summitl.pdf HTTP/1.1" 200 20 "-" "Mozilla/5.0 (Linux; Android 6.0.1; Nexus 5X Build/MMB29P) AppleWebKit/537.36 (KHTML, like Gecko) Chrome/151.0.7922.137 Mobile Safari/537.36 (compatible; GoogleOther)"
69.39.225.240 - - [19/Aug/2026:13:07:43 -0400] "POST /wp-cron.php?doing_wp_cron=1787159263.4623999595642089843750 HTTP/1.1" 200 20 "-" "WordPress/7.0.4; https://hmfcc.com"
34.79.246.102 - - [19/Aug/2026:13:07:42 -0400] "GET / HTTP/1.1" 200 20 "-" "Mozilla/5.0 (Windows NT 10.0; Win64; x64) AppleWebKit/537.36 (KHTML, like Gecko) Chrome/84.0.4147.105 Safari/537.36"
34.79.246.102 - - [19/Aug/2026:13:08:14 -0400] "GET / HTTP/1.1" 200 20 "-" "Mozilla/5.0 (Windows NT 10.0; Win64; x64) AppleWebKit/537.36 (KHTML, like Gecko) Chrome/84.0.4147.105 Safari/537.36"
34.79.246.102 - - [19/Aug/2026:13:08:54 -0400] "GET / HTTP/1.1" 200 20 "-" "Mozilla/5.0 (Windows NT 10.0; Win64; x64) AppleWebKit/537.36 (KHTML, like Gecko) Chrome/84.0.4147.105 Safari/537.36"
69.39.225.240 - - [19/Aug/2026:13:13:36 -0400] "POST /wp-cron.php?doing_wp_cron=1787159616.9468460083007812500000 HTTP/1.1" 200 20 "-" "WordPress/7.0.4; https://hmfcc.com"
3.151.194.164 - - [19/Aug/2026:13:13:35 -0400] "GET / HTTP/1.1" 200 20 "-" "visionheight.com/scan Mozilla/5.0 (Macintosh; Intel Mac OS X 10_15_7) Chrome/126.0.0.0 Safari/537.36"
69.39.225.240 - - [19/Aug/2026:13:16:58 -0400] "POST /wp-cron.php?doing_wp_cron=1787159818.0303430557250976562500 HTTP/1.1" 200 20 "-" "WordPress/7.0.4; https://hmfcc.com"
35.240.54.217 - - [19/Aug/2026:13:16:57 -0400] "GET / HTTP/1.1" 200 20 "-" "Mozilla/5.0 (Windows NT 10.0; Win64; x64) AppleWebKit/537.36 (KHTML, like Gecko) Chrome/84.0.4147.105 Safari/537.36"
34.79.174.58 - - [19/Aug/2026:13:20:56 -0400] "GET / HTTP/1.1" 200 20 "-" "Mozilla/5.0 (Windows NT 10.0; Win64; x64) AppleWebKit/537.36 (KHTML, like Gecko) Chrome/84.0.4147.105 Safari/537.36"
34.79.174.58 - - [19/Aug/2026:13:21:26 -0400] "GET / HTTP/1.1" 200 20 "-" "Mozilla/5.0 (Windows NT 10.0; Win64; x64) AppleWebKit/537.36 (KHTML, like Gecko) Chrome/84.0.4147.105 Safari/537.36"
35.205.163.48 - - [19/Aug/2026:13:22:06 -0400] "GET / HTTP/1.1" 200 20 "-" "Mozilla/5.0 (Windows NT 10.0; Win64; x64) AppleWebKit/537.36 (KHTML, like Gecko) Chrome/84.0.4147.105 Safari/537.36"
69.39.225.240 - - [19/Aug/2026:13:36:36 -0400] "POST /wp-cron.php?doing_wp_cron=1787160996.1537098884582519531250 HTTP/1.1" 200 20 "http://dev.hmfcc.com/wp-cron.php?doing_wp_cron=1787160996.1537098884582519531250" "WordPress/5.9.16; https://dev.hmfcc.com"
66.249.70.165 - - [19/Aug/2026:13:36:35 -0400] "GET /robots.txt HTTP/1.1" 200 124 "-" "Mozilla/5.0 (compatible; Googlebot/2.1; +http://www.google.com/bot.html)"
69.39.225.240 - - [19/Aug/2026:13:37:51 -0400] "POST /wp-cron.php?doing_wp_cron=1787161071.1463310718536376953125 HTTP/1.1" 200 20 "-" "WordPress/7.0.4; https://hmfcc.com"
52.20.51.46 - - [19/Aug/2026:13:37:48 -0400] "GET /robots.txt HTTP/1.1" 200 20 "-" "Mozilla/5.0 (Macintosh; Intel Mac OS X 10_10_1) AppleWebKit/600.2.5 (KHTML, like Gecko) Version/8.0.2 Safari/600.2.5 (Gort)"
192.178.4.4 - - [19/Aug/2026:13:37:55 -0400] "GET /images/2013NPWelcomepacket.pdf HTTP/1.1" 200 20 "-" "Mozilla/5.0 (Linux; Android 6.0.1; Nexus 5X Build/MMB29P) AppleWebKit/537.36 (KHTML, like Gecko) Chrome/151.0.7922.137 Mobile Safari/537.36 (compatible; GoogleOther)"
205.210.31.201 - - [19/Aug/2026:13:40:56 -0400] "GET / HTTP/1.1" 200 - "-" "Hello from Palo Alto Networks, find out more about our scans in https://docs-cortex.paloaltonetworks.com/r/1/Cortex-Xpanse/Scanning-activity"
69.39.225.240 - - [19/Aug/2026:13:46:38 -0400] "POST /wp-cron.php?doing_wp_cron=1787161598.3028318881988525390625 HTTP/1.1" 200 20 "-" "WordPress/7.0.4; https://hmfcc.com"
3.151.194.164 - - [19/Aug/2026:13:46:37 -0400] "GET / HTTP/1.1" 200 20 "-" "visionheight.com/scan Mozilla/5.0 (Macintosh; Intel Mac OS X 10_15_7) Chrome/126.0.0.0 Safari/537.36"
69.39.225.240 - - [19/Aug/2026:13:52:10 -0400] "POST /wp-cron.php?doing_wp_cron=1787161930.4036879539489746093750 HTTP/1.1" 200 20 "-" "WordPress/7.0.4; https://hmfcc.com"
192.178.4.3 - - [19/Aug/2026:13:52:09 -0400] "GET /images/autoimmune-summit.pdf HTTP/1.1" 200 20 "-" "Mozilla/5.0 (Linux; Android 6.0.1; Nexus 5X Build/MMB29P) AppleWebKit/537.36 (KHTML, like Gecko) Chrome/151.0.7922.137 Mobile Safari/537.36 (compatible; GoogleOther)"
34.75.10.125 - - [19/Aug/2026:14:03:17 -0400] "GET / HTTP/1.1" 200 20 "-" "Mozilla/5.0 (Linux; Android 10; K) AppleWebKit/537.36 (KHTML, like Gecko) Chrome/147.0.0.0 Mobile Safari/537.36"
69.39.225.240 - - [19/Aug/2026:14:03:42 -0400] "POST /wp-cron.php?doing_wp_cron=1787162622.0744020938873291015625 HTTP/1.1" 200 20 "http://dev.hmfcc.com/wp-cron.php?doing_wp_cron=1787162622.0744020938873291015625" "WordPress/5.9.16; https://dev.hmfcc.com"
91.92.47.210 - - [19/Aug/2026:14:03:41 -0400] "HEAD / HTTP/1.1" 200 - "-" "Mozilla/5.0"
91.92.47.210 - - [19/Aug/2026:14:05:37 -0400] "HEAD / HTTP/1.1" 200 - "-" "Mozilla/5.0"
72.201.33.95 - - [19/Aug/2026:14:05:56 -0400] "GET / HTTP/1.1" 200 - "-" "Mozilla/5.0 (Windows NT 10.0; Win64; x64) AppleWebKit/537.36 (KHTML, like Gecko) Chrome/144.0.0.0 Safari/537.36"
40.88.21.235 - - [19/Aug/2026:14:14:05 -0400] "GET / HTTP/1.1" 200 20 "-" "DuckDuckBot/1.1; (+http://duckduckgo.com/duckduckbot.html)"
89.163.146.197 - - [19/Aug/2026:14:19:24 -0400] "GET / HTTP/1.1" 200 20 "-" "Mozilla/5.0 (Macintosh; Intel Mac OS X 10_15_7) AppleWebKit/537.36 (KHTML, like Gecko) Chrome/118.0.5993.88 Safari/537.36"
69.39.225.240 - - [19/Aug/2026:14:24:44 -0400] "POST /wp-cron.php?doing_wp_cron=1787163884.2842869758605957031250 HTTP/1.1" 200 20 "-" "WordPress/7.0.4; https://hmfcc.com"
51.68.236.91 - - [19/Aug/2026:14:24:43 -0400] "GET /robots.txt HTTP/1.1" 200 20 "-" "Mozilla/5.0 (compatible; MJ12bot/v2.0.5; http://mj12bot.com/)"
51.68.236.91 - - [19/Aug/2026:14:24:45 -0400] "GET / HTTP/1.1" 200 20 "-" "Mozilla/5.0 (compatible; MJ12bot/v2.0.5; http://mj12bot.com/)"
69.39.225.240 - - [19/Aug/2026:14:27:03 -0400] "POST /wp-cron.php?doing_wp_cron=1787164023.4931259155273437500000 HTTP/1.1" 200 20 "-" "WordPress/7.0.4; https://hmfcc.com"
5.59.248.23 - - [19/Aug/2026:14:27:01 -0400] "GET /?rest_route=/wp/v2/posts&per_page=1&_fields=link HTTP/1.1" 200 20 "-" "python-requests/2.34.2"
5.59.248.23 - - [19/Aug/2026:14:27:06 -0400] "POST /?rest_route=/batch/v1 HTTP/1.1" 403 199 "-" "python-requests/2.34.2"
5.59.248.23 - - [19/Aug/2026:14:27:06 -0400] "POST /?rest_route=/batch/v1 HTTP/1.1" 403 199 "-" "python-requests/2.34.2"
5.59.248.23 - - [19/Aug/2026:14:27:07 -0400] "POST /?rest_route=/batch/v1 HTTP/1.1" 403 199 "-" "python-requests/2.34.2"
52.24.3.150 - - [19/Aug/2026:14:29:20 -0400] "GET / HTTP/1.1" 200 20 "-" "Mozilla/5.0 (X11; Linux x86_64; rv:128.0) Gecko/20100101 Firefox/128.0"
52.24.3.150 - - [19/Aug/2026:14:30:29 -0400] "GET / HTTP/1.1" 200 20 "-" "Mozilla/5.0 (X11; Linux x86_64; rv:128.0) Gecko/20100101 Firefox/128.0"
69.39.225.240 - - [19/Aug/2026:14:31:59 -0400] "POST /wp-cron.php?doing_wp_cron=1787164319.4994781017303466796875 HTTP/1.1" 200 20 "-" "WordPress/7.0.4; https://hmfcc.com"
52.24.3.150 - - [19/Aug/2026:14:31:58 -0400] "GET / HTTP/1.1" 200 20 "-" "Mozilla/5.0 (X11; Linux x86_64; rv:128.0) Gecko/20100101 Firefox/128.0"
76.251.81.73 - - [19/Aug/2026:15:05:55 -0400] "GET / HTTP/1.1" 200 20 "-" "Mozilla/5.0 (Linux; Android 10; K) AppleWebKit/537.36 (KHTML, like Gecko) Chrome/151.0.0.0 Mobile Safari/537.36"
69.39.225.240 - - [19/Aug/2026:15:14:18 -0400] "POST /wp-cron.php?doing_wp_cron=1787166858.4302759170532226562500 HTTP/1.1" 200 20 "-" "WordPress/7.0.4; https://hmfcc.com"
192.178.4.100 - - [19/Aug/2026:15:14:17 -0400] "GET /images/Vehicle_Accident_Information_Forms11.pdf HTTP/1.1" 200 20 "-" "Mozilla/5.0 (Linux; Android 6.0.1; Nexus 5X Build/MMB29P) AppleWebKit/537.36 (KHTML, like Gecko) Chrome/151.0.7922.137 Mobile Safari/537.36 (compatible; GoogleOther)"
157.180.107.235 - - [19/Aug/2026:15:42:21 -0400] "GET / HTTP/1.1" 200 20 "-" "Mozilla/5.0 (Windows NT 10.0; Win64; x64) AppleWebKit/537.36 (KHTML, like Gecko) Chrome/137.0.0.0 Safari/537.36"
157.180.107.235 - - [19/Aug/2026:15:42:21 -0400] "GET / HTTP/1.1" 200 20 "-" "Mozilla/5.0 (Windows NT 10.0; Win64; x64) AppleWebKit/537.36 (KHTML, like Gecko) Chrome/138.0.0.0 Safari/537.36"
76.17.125.206 - - [19/Aug/2026:15:56:51 -0400] "GET / HTTP/1.1" 200 20 "-" "Mozilla/5.0 (Linux; Android 10; K) AppleWebKit/537.36 (KHTML, like Gecko) Chrome/151.0.0.0 Mobile Safari/537.36"
23.239.3.214 - - [19/Aug/2026:16:04:43 -0400] "HEAD /old/ HTTP/1.1" 200 - "-" "Mozilla/5.0 (X11; Linux x86_64; rv:127.0) Gecko/20100101 Firefox/127.0"
23.239.3.214 - - [19/Aug/2026:16:04:48 -0400] "HEAD /backup/ HTTP/1.1" 200 - "-" "Mozilla/5.0 (X11; Linux x86_64; rv:127.0) Gecko/20100101 Firefox/127.0"
23.239.3.214 - - [19/Aug/2026:16:04:54 -0400] "HEAD /wp/ HTTP/1.1" 200 - "-" "Mozilla/5.0 (Linux; Android 10; vivo 1904) AppleWebKit/537.36 (KHTML, like Gecko) Chrome/117.0.5938.60 Mobile Safari/537.36"
114.119.156.126 - - [19/Aug/2026:16:04:55 -0400] "GET /robots.txt HTTP/1.1" 200 20 "http://hmfcc.com/robots.txt" "Mozilla/5.0 (compatible;PetalBot;+https://webmaster.petalsearch.com/site/petalbot)"
23.239.3.214 - - [19/Aug/2026:16:05:00 -0400] "HEAD / HTTP/1.1" 200 - "-" "Mozilla/5.0 (Linux; U; Android 10; en-US; CPH2015) AppleWebKit/537.36 (KHTML, like Gecko) UCBrowser/13.5.8.1311 Mobile Safari/537.36"
23.239.3.214 - - [19/Aug/2026:16:05:05 -0400] "HEAD /wordpress/ HTTP/1.1" 200 - "-" "Mozilla/5.0 (Linux; Android 14; Xiaomi 14 Pro) AppleWebKit/537.36 (KHTML, like Gecko) Chrome/126.0.6478.33 Mobile Safari/537.36"
23.239.3.214 - - [19/Aug/2026:16:05:07 -0400] "HEAD /blog/ HTTP/1.1" 200 - "-" "Mozilla/5.0 (iPhone; CPU iPhone OS 17_5 like Mac OS X) AppleWebKit/605.1.15 (KHTML, like Gecko) Version/17.5 Mobile/15E148 Safari/604.1"
23.239.3.214 - - [19/Aug/2026:16:05:09 -0400] "HEAD /new/ HTTP/1.1" 200 - "-" "Mozilla/5.0 (Macintosh; Intel Mac OS X 14_5) AppleWebKit/605.1.15 (KHTML, like Gecko) Version/17.5 Safari/605.1.15"
69.39.225.240 - - [19/Aug/2026:16:21:01 -0400] "POST /wp-cron.php?doing_wp_cron=1787170861.8107459545135498046875 HTTP/1.1" 200 20 "-" "WordPress/7.0.4; https://hmfcc.com"
192.178.4.99 - - [19/Aug/2026:16:21:00 -0400] "GET /images/2013NPWelcomepacket.pdf HTTP/1.1" 200 20 "-" "Mozilla/5.0 (Linux; Android 6.0.1; Nexus 5X Build/MMB29P) AppleWebKit/537.36 (KHTML, like Gecko) Chrome/151.0.7922.137 Mobile Safari/537.36 (compatible; GoogleOther)"
69.39.225.240 - - [19/Aug/2026:16:32:51 -0400] "POST /wp-cron.php?doing_wp_cron=1787171571.6226439476013183593750 HTTP/1.1" 200 20 "-" "WordPress/7.0.4; https://hmfcc.com"
44.220.174.243 - - [19/Aug/2026:16:32:50 -0400] "GET / HTTP/1.1" 200 20 "-" "HolisticHealthClinicResolver/1.0"
44.220.174.243 - - [19/Aug/2026:16:33:02 -0400] "GET / HTTP/1.1" 200 20 "-" "HolisticHealthClinicResolver/1.0"
44.220.174.243 - - [19/Aug/2026:16:40:12 -0400] "GET / HTTP/1.1" 200 20 "-" "HolisticHealthClinicResolver/1.0"
169.58.177.116 - - [19/Aug/2026:16:46:12 -0400] "GET /wp-admin/css/colors/ HTTP/1.1" 403 199 "-" "Mozilla/5.0 (Windows NT 10.0; Win64; x64) AppleWebKit/537.36 (KHTML, like Gecko) Chrome/120.0.0.0 Safari/537.36"
169.58.177.116 - - [19/Aug/2026:16:46:15 -0400] "GET /wp-admin/css/colors/blue/ HTTP/1.1" 403 199 "-" "Mozilla/5.0 (Windows NT 10.0; Win64; x64) AppleWebKit/537.36 (KHTML, like Gecko) Chrome/120.0.0.0 Safari/537.36"
169.58.177.116 - - [19/Aug/2026:16:46:18 -0400] "GET /wp-admin/includes/ HTTP/1.1" 403 199 "-" "Mozilla/5.0 (Windows NT 10.0; Win64; x64) AppleWebKit/537.36 (KHTML, like Gecko) Chrome/120.0.0.0 Safari/537.36"
169.58.177.116 - - [19/Aug/2026:16:46:21 -0400] "GET /wp-admin/maint/ HTTP/1.1" 403 199 "-" "Mozilla/5.0 (Windows NT 10.0; Win64; x64) AppleWebKit/537.36 (KHTML, like Gecko) Chrome/120.0.0.0 Safari/537.36"
169.58.177.116 - - [19/Aug/2026:16:46:23 -0400] "GET /wp-admin/js/ HTTP/1.1" 403 199 "-" "Mozilla/5.0 (Windows NT 10.0; Win64; x64) AppleWebKit/537.36 (KHTML, like Gecko) Chrome/120.0.0.0 Safari/537.36"
169.58.177.116 - - [19/Aug/2026:16:46:24 -0400] "GET /wp-admin/js/widgets/ HTTP/1.1" 403 199 "-" "Mozilla/5.0 (Windows NT 10.0; Win64; x64) AppleWebKit/537.36 (KHTML, like Gecko) Chrome/120.0.0.0 Safari/537.36"
169.58.177.116 - - [19/Aug/2026:16:46:26 -0400] "GET /wp-admin/images/ HTTP/1.1" 403 199 "-" "Mozilla/5.0 (Windows NT 10.0; Win64; x64) AppleWebKit/537.36 (KHTML, like Gecko) Chrome/120.0.0.0 Safari/537.36"
69.39.225.240 - - [19/Aug/2026:16:46:30 -0400] "POST /wp-cron.php?doing_wp_cron=1787172390.4518589973449707031250 HTTP/1.1" 200 20 "-" "WordPress/7.0.4; https://hmfcc.com"
169.58.177.116 - - [19/Aug/2026:16:46:29 -0400] "GET /wp-admin/network/ HTTP/1.1" 200 20 "-" "Mozilla/5.0 (Windows NT 10.0; Win64; x64) AppleWebKit/537.36 (KHTML, like Gecko) Chrome/120.0.0.0 Safari/537.36"
169.58.177.116 - - [19/Aug/2026:16:46:54 -0400] "GET /wp-includes/ HTTP/1.1" 403 199 "-" "Mozilla/5.0 (Windows NT 10.0; Win64; x64) AppleWebKit/537.36 (KHTML, like Gecko) Chrome/120.0.0.0 Safari/537.36"
169.58.177.116 - - [19/Aug/2026:16:46:57 -0400] "GET /wp-includes/Text/ HTTP/1.1" 403 199 "-" "Mozilla/5.0 (Windows NT 10.0; Win64; x64) AppleWebKit/537.36 (KHTML, like Gecko) Chrome/120.0.0.0 Safari/537.36"
169.58.177.116 - - [19/Aug/2026:16:46:59 -0400] "GET /wp-includes/Text/Diff/ HTTP/1.1" 403 199 "-" "Mozilla/5.0 (Windows NT 10.0; Win64; x64) AppleWebKit/537.36 (KHTML, like Gecko) Chrome/120.0.0.0 Safari/537.36"
169.58.177.116 - - [19/Aug/2026:16:47:03 -0400] "GET /wp-includes/css/ HTTP/1.1" 403 199 "-" "Mozilla/5.0 (Windows NT 10.0; Win64; x64) AppleWebKit/537.36 (KHTML, like Gecko) Chrome/120.0.0.0 Safari/537.36"
169.58.177.116 - - [19/Aug/2026:16:47:05 -0400] "GET /wp-includes/css/dist/ HTTP/1.1" 403 199 "-" "Mozilla/5.0 (Windows NT 10.0; Win64; x64) AppleWebKit/537.36 (KHTML, like Gecko) Chrome/120.0.0.0 Safari/537.36"
169.58.177.116 - - [19/Aug/2026:16:47:07 -0400] "GET /wp-includes/fonts/ HTTP/1.1" 403 199 "-" "Mozilla/5.0 (Windows NT 10.0; Win64; x64) AppleWebKit/537.36 (KHTML, like Gecko) Chrome/120.0.0.0 Safari/537.36"
169.58.177.116 - - [19/Aug/2026:16:47:09 -0400] "GET /wp-includes/ID3/ HTTP/1.1" 403 199 "-" "Mozilla/5.0 (Windows NT 10.0; Win64; x64) AppleWebKit/537.36 (KHTML, like Gecko) Chrome/120.0.0.0 Safari/537.36"
169.58.177.116 - - [19/Aug/2026:16:47:11 -0400] "GET /wp-includes/sitemaps/ HTTP/1.1" 403 199 "-" "Mozilla/5.0 (Windows NT 10.0; Win64; x64) AppleWebKit/537.36 (KHTML, like Gecko) Chrome/120.0.0.0 Safari/537.36"
169.58.177.116 - - [19/Aug/2026:16:47:15 -0400] "GET /wp-includes/sitemaps/providers/ HTTP/1.1" 403 199 "-" "Mozilla/5.0 (Windows NT 10.0; Win64; x64) AppleWebKit/537.36 (KHTML, like Gecko) Chrome/120.0.0.0 Safari/537.36"
169.58.177.116 - - [19/Aug/2026:16:47:17 -0400] "GET /wp-includes/IXR/ HTTP/1.1" 403 199 "-" "Mozilla/5.0 (Windows NT 10.0; Win64; x64) AppleWebKit/537.36 (KHTML, like Gecko) Chrome/120.0.0.0 Safari/537.36"
169.58.177.116 - - [19/Aug/2026:16:47:20 -0400] "GET /wp-includes/images/ HTTP/1.1" 403 199 "-" "Mozilla/5.0 (Windows NT 10.0; Win64; x64) AppleWebKit/537.36 (KHTML, like Gecko) Chrome/120.0.0.0 Safari/537.36"
169.58.177.116 - - [19/Aug/2026:16:47:22 -0400] "GET /wp-includes/PHPMailer/ HTTP/1.1" 403 199 "-" "Mozilla/5.0 (Windows NT 10.0; Win64; x64) AppleWebKit/537.36 (KHTML, like Gecko) Chrome/120.0.0.0 Safari/537.36"
169.58.177.116 - - [19/Aug/2026:16:47:25 -0400] "GET /wp-includes/pomo/ HTTP/1.1" 403 199 "-" "Mozilla/5.0 (Windows NT 10.0; Win64; x64) AppleWebKit/537.36 (KHTML, like Gecko) Chrome/120.0.0.0 Safari/537.36"
169.58.177.116 - - [19/Aug/2026:16:47:27 -0400] "GET /wp-includes/blocks/ HTTP/1.1" 403 199 "-" "Mozilla/5.0 (Windows NT 10.0; Win64; x64) AppleWebKit/537.36 (KHTML, like Gecko) Chrome/120.0.0.0 Safari/537.36"
169.58.177.116 - - [19/Aug/2026:16:47:29 -0400] "GET /wp-includes/js/ HTTP/1.1" 403 199 "-" "Mozilla/5.0 (Windows NT 10.0; Win64; x64) AppleWebKit/537.36 (KHTML, like Gecko) Chrome/120.0.0.0 Safari/537.36"
169.58.177.116 - - [19/Aug/2026:16:47:31 -0400] "GET /wp-includes/js/codemirror/ HTTP/1.1" 403 199 "-" "Mozilla/5.0 (Windows NT 10.0; Win64; x64) AppleWebKit/537.36 (KHTML, like Gecko) Chrome/120.0.0.0 Safari/537.36"
169.58.177.116 - - [19/Aug/2026:16:47:33 -0400] "GET /wp-includes/js/plupload/ HTTP/1.1" 403 199 "-" "Mozilla/5.0 (Windows NT 10.0; Win64; x64) AppleWebKit/537.36 (KHTML, like Gecko) Chrome/120.0.0.0 Safari/537.36"
169.58.177.116 - - [19/Aug/2026:16:47:35 -0400] "GET /wp-includes/widgets/ HTTP/1.1" 403 199 "-" "Mozilla/5.0 (Windows NT 10.0; Win64; x64) AppleWebKit/537.36 (KHTML, like Gecko) Chrome/120.0.0.0 Safari/537.36"
169.58.177.116 - - [19/Aug/2026:16:47:39 -0400] "GET /wp-content/ HTTP/1.1" 403 199 "-" "Mozilla/5.0 (Windows NT 10.0; Win64; x64) AppleWebKit/537.36 (KHTML, like Gecko) Chrome/120.0.0.0 Safari/537.36"
69.39.225.240 - - [19/Aug/2026:16:47:44 -0400] "POST /wp-cron.php?doing_wp_cron=1787172464.8707420825958251953125 HTTP/1.1" 200 20 "-" "WordPress/7.0.4; https://hmfcc.com"
169.58.177.116 - - [19/Aug/2026:16:47:44 -0400] "GET /wp-content/languages/ HTTP/1.1" 200 20 "-" "Mozilla/5.0 (Windows NT 10.0; Win64; x64) AppleWebKit/537.36 (KHTML, like Gecko) Chrome/120.0.0.0 Safari/537.36"
169.58.177.116 - - [19/Aug/2026:16:48:04 -0400] "GET /wp-content/uploads/ HTTP/1.1" 403 199 "-" "Mozilla/5.0 (Windows NT 10.0; Win64; x64) AppleWebKit/537.36 (KHTML, like Gecko) Chrome/120.0.0.0 Safari/537.36"
169.58.177.116 - - [19/Aug/2026:16:48:05 -0400] "GET /wp-content/upgrade/ HTTP/1.1" 403 199 "-" "Mozilla/5.0 (Windows NT 10.0; Win64; x64) AppleWebKit/537.36 (KHTML, like Gecko) Chrome/120.0.0.0 Safari/537.36"
169.58.177.116 - - [19/Aug/2026:16:48:07 -0400] "GET /wp-content/plugins/ HTTP/1.1" 403 199 "-" "Mozilla/5.0 (Windows NT 10.0; Win64; x64) AppleWebKit/537.36 (KHTML, like Gecko) Chrome/120.0.0.0 Safari/537.36"
169.58.177.116 - - [19/Aug/2026:16:48:10 -0400] "GET /wp-content/themes/ HTTP/1.1" 403 199 "-" "Mozilla/5.0 (Windows NT 10.0; Win64; x64) AppleWebKit/537.36 (KHTML, like Gecko) Chrome/120.0.0.0 Safari/537.36"
169.58.177.116 - - [19/Aug/2026:16:48:29 -0400] "GET /uploads/ HTTP/1.1" 200 20 "-" "Mozilla/5.0 (Windows NT 10.0; Win64; x64) AppleWebKit/537.36 (KHTML, like Gecko) Chrome/120.0.0.0 Safari/537.36"
169.58.177.116 - - [19/Aug/2026:16:48:36 -0400] "GET /files/ HTTP/1.1" 200 20 "-" "Mozilla/5.0 (Windows NT 10.0; Win64; x64) AppleWebKit/537.36 (KHTML, like Gecko) Chrome/120.0.0.0 Safari/537.36"
169.58.177.116 - - [19/Aug/2026:16:48:41 -0400] "GET /file/ HTTP/1.1" 200 20 "-" "Mozilla/5.0 (Windows NT 10.0; Win64; x64) AppleWebKit/537.36 (KHTML, like Gecko) Chrome/120.0.0.0 Safari/537.36"
169.58.177.116 - - [19/Aug/2026:16:49:02 -0400] "GET /admin/ HTTP/1.1" 200 20 "-" "Mozilla/5.0 (Windows NT 10.0; Win64; x64) AppleWebKit/537.36 (KHTML, like Gecko) Chrome/120.0.0.0 Safari/537.36"
169.58.177.116 - - [19/Aug/2026:16:49:10 -0400] "GET /cgi-bin/ HTTP/1.1" 403 199 "-" "Mozilla/5.0 (Windows NT 10.0; Win64; x64) AppleWebKit/537.36 (KHTML, like Gecko) Chrome/120.0.0.0 Safari/537.36"
174.209.197.69 - - [19/Aug/2026:16:53:25 -0400] "GET / HTTP/1.1" 200 20 "https://www.google.com/" "Mozilla/5.0 (iPhone; CPU iPhone OS 26_6_0 like Mac OS X) AppleWebKit/605.1.15 (KHTML, like Gecko) GSA/434.2.961627397 Mobile/15E148 Safari/604.1"
50.116.32.165 - - [19/Aug/2026:18:01:58 -0400] "HEAD /wordpress/ HTTP/1.1" 200 - "-" "Mozilla/5.0 (Linux; Android 11; moto g31) AppleWebKit/537.36 (KHTML, like Gecko) Chrome/122.0.6261.96 Mobile Safari/537.36"
50.116.32.165 - - [19/Aug/2026:18:02:00 -0400] "HEAD /backup/ HTTP/1.1" 200 - "-" "Mozilla/5.0 (Windows NT 10.0; Win64; x64; rv:127.0) Gecko/20100101 Firefox/127.0"
50.116.32.165 - - [19/Aug/2026:18:02:02 -0400] "HEAD /blog/ HTTP/1.1" 200 - "-" "Mozilla/5.0 (iPhone; CPU iPhone OS 17_5 like Mac OS X) AppleWebKit/605.1.15 (KHTML, like Gecko) Version/17.5 Mobile/15E148 Safari/604.1"
50.116.32.165 - - [19/Aug/2026:18:02:04 -0400] "HEAD /wp/ HTTP/1.1" 200 - "-" "Mozilla/5.0 (Linux; Android 11; moto g31) AppleWebKit/537.36 (KHTML, like Gecko) Chrome/122.0.6261.96 Mobile Safari/537.36"
50.116.32.165 - - [19/Aug/2026:18:02:07 -0400] "HEAD / HTTP/1.1" 200 - "-" "Mozilla/5.0 (X11; Fedora; Linux x86_64; rv:125.0) Gecko/20100101 Firefox/125.0"
50.116.32.165 - - [19/Aug/2026:18:02:10 -0400] "HEAD /old/ HTTP/1.1" 200 - "-" "Mozilla/5.0 (Linux; Android 13; Nokia G42 5G) AppleWebKit/537.36 (KHTML, like Gecko) Chrome/126.0.6478.41 Mobile Safari/537.36"
50.116.32.165 - - [19/Aug/2026:18:02:12 -0400] "HEAD /new/ HTTP/1.1" 200 - "-" "Mozilla/5.0 (Linux; Android 11; moto g31) AppleWebKit/537.36 (KHTML, like Gecko) Chrome/122.0.6261.96 Mobile Safari/537.36"
35.187.118.85 - - [19/Aug/2026:18:08:16 -0400] "GET / HTTP/1.1" 200 20 "-" "Mozilla/5.0 (Windows NT 10.0; Win64; x64) AppleWebKit/537.36 (KHTML, like Gecko) Chrome/84.0.4147.105 Safari/537.36"
69.39.225.240 - - [19/Aug/2026:18:21:02 -0400] "POST /wp-cron.php?doing_wp_cron=1787178062.6412289142608642578125 HTTP/1.1" 200 20 "-" "WordPress/7.0.4; https://hmfcc.com"
103.61.241.18 - - [19/Aug/2026:18:21:01 -0400] "GET / HTTP/1.1" 200 20 "-" "Mozilla/5.0 (Windows NT 10.0; Win64; x64) AppleWebKit/537.36 (KHTML, like Gecko) Chrome/133.0.0.0 Safari/537.36"
69.39.225.240 - - [19/Aug/2026:18:38:47 -0400] "POST /wp-cron.php?doing_wp_cron=1787179127.8971810340881347656250 HTTP/1.1" 200 20 "-" "WordPress/7.0.4; https://hmfcc.com"
34.208.252.31 - - [19/Aug/2026:18:38:47 -0400] "HEAD / HTTP/1.1" 200 - "-" "node"
172.236.112.76 - - [19/Aug/2026:18:43:31 -0400] "GET / HTTP/1.1" 200 20 "-" "Mozilla/5.0 (Android 7.0; Mobile; LG-M150; rv:68.0) Gecko/68.0 Firefox/68.0"
69.39.225.240 - - [19/Aug/2026:19:01:56 -0400] "POST /wp-cron.php?doing_wp_cron=1787180516.2731890678405761718750 HTTP/1.1" 200 20 "-" "WordPress/7.0.4; https://hmfcc.com"
85.208.98.18 - - [19/Aug/2026:19:01:55 -0400] "GET /robots.txt HTTP/1.1" 200 20 "-" "Mozilla/5.0 (compatible; SemrushBot; +http://www.semrush.com/bot.html)"
192.178.4.98 - - [19/Aug/2026:19:08:45 -0400] "GET / HTTP/1.1" 200 20 "-" "Mozilla/5.0 (Linux; Android 6.0.1; Nexus 5X Build/MMB29P) AppleWebKit/537.36 (KHTML, like Gecko) Chrome/151.0.7922.137 Mobile Safari/537.36 (compatible; Googlebot/2.1; +http://www.google.com/bot.html)"
69.39.225.240 - - [19/Aug/2026:19:20:14 -0400] "POST /wp-cron.php?doing_wp_cron=1787181614.4105041027069091796875 HTTP/1.1" 200 20 "-" "WordPress/7.0.4; https://hmfcc.com"
170.106.179.68 - - [19/Aug/2026:19:20:13 -0400] "GET / HTTP/1.1" 200 20 "-" "Mozilla/5.0 (iPhone; CPU iPhone OS 13_2_3 like Mac OS X) AppleWebKit/605.1.15 (KHTML, like Gecko) Version/13.0.3 Mobile/15E148 Safari/604.1"
192.178.4.4 - - [19/Aug/2026:19:28:48 -0400] "GET /images/NP-WelcomePacket12.pdf HTTP/1.1" 200 20 "-" "Mozilla/5.0 (Linux; Android 6.0.1; Nexus 5X Build/MMB29P) AppleWebKit/537.36 (KHTML, like Gecko) Chrome/151.0.7922.137 Mobile Safari/537.36 (compatible; GoogleOther)"
69.39.225.240 - - [19/Aug/2026:19:33:12 -0400] "POST /wp-cron.php?doing_wp_cron=1787182392.6774349212646484375000 HTTP/1.1" 200 20 "-" "WordPress/7.0.4; https://hmfcc.com"
192.178.4.4 - - [19/Aug/2026:19:33:08 -0400] "GET /images/Accident-History-Report12.pdf HTTP/1.1" 200 20 "-" "Mozilla/5.0 (Linux; Android 6.0.1; Nexus 5X Build/MMB29P) AppleWebKit/537.36 (KHTML, like Gecko) Chrome/151.0.7922.137 Mobile Safari/537.36 (compatible; GoogleOther)"
35.95.110.94 - - [19/Aug/2026:20:32:30 -0400] "GET / HTTP/1.1" 200 20 "-" "Mozilla/5.0 (Windows NT 10.0; Win64; x64) AppleWebKit/537.36 (KHTML, like Gecko) Chrome/113.0.0.0 Safari/537.36"
129.254.196.6 - - [19/Aug/2026:20:46:06 -0400] "GET /wp-content/uploads/2018/01/car-snow-storm.jpg HTTP/1.1" 200 - "-" "Mozilla/5.0 (X11; Ubuntu; Linux x86_64; rv:72.0) Gecko/20100101 Firefox/72.0"
129.254.196.6 - - [19/Aug/2026:20:46:10 -0400] "GET /wp-content/uploads/2018/01/car-snow-storm.jpg HTTP/1.1" 200 - "-" "Mozilla/5.0 (X11; Ubuntu; Linux x86_64; rv:72.0) Gecko/20100101 Firefox/72.0"
192.178.4.3 - - [19/Aug/2026:21:07:32 -0400] "GET /images/2013AccidentHistoryReport.pdf HTTP/1.1" 200 20 "-" "Mozilla/5.0 (Linux; Android 6.0.1; Nexus 5X Build/MMB29P) AppleWebKit/537.36 (KHTML, like Gecko) Chrome/151.0.7922.137 Mobile Safari/537.36 (compatible; GoogleOther)"
69.39.225.240 - - [19/Aug/2026:21:16:51 -0400] "POST /wp-cron.php?doing_wp_cron=1787188611.6083030700683593750000 HTTP/1.1" 200 20 "-" "WordPress/7.0.4; https://hmfcc.com"
192.178.4.100 - - [19/Aug/2026:21:16:50 -0400] "GET /images/2013-NewPatientForm-Medical.pdf HTTP/1.1" 200 20 "-" "Mozilla/5.0 (Linux; Android 6.0.1; Nexus 5X Build/MMB29P) AppleWebKit/537.36 (KHTML, like Gecko) Chrome/151.0.7922.137 Mobile Safari/537.36 (compatible; GoogleOther)"
69.39.225.240 - - [19/Aug/2026:21:29:10 -0400] "POST /wp-cron.php?doing_wp_cron=1787189350.9082660675048828125000 HTTP/1.1" 200 20 "-" "WordPress/7.0.4; https://hmfcc.com"
129.254.196.6 - - [19/Aug/2026:21:29:10 -0400] "GET /wp-content/uploads/2017/07/spinal-hip-adjust.jpg HTTP/1.1" 200 - "-" "Mozilla/5.0 (X11; Ubuntu; Linux x86_64; rv:72.0) Gecko/20100101 Firefox/72.0"
129.254.196.6 - - [19/Aug/2026:21:29:13 -0400] "GET /wp-content/uploads/2017/07/spinal-hip-adjust.jpg HTTP/1.1" 200 - "-" "Mozilla/5.0 (X11; Ubuntu; Linux x86_64; rv:72.0) Gecko/20100101 Firefox/72.0"
170.250.76.243 - - [19/Aug/2026:22:33:43 -0400] "GET /wp-login.php HTTP/1.1" 200 108754 "" "Mozilla/5.0 (Macintosh; Intel Mac OS X 10_15_7) AppleWebKit/537.36 (KHTML, like Gecko) Chrome/119.0.0.0 Safari/537.36"
69.39.225.240 - - [19/Aug/2026:22:51:41 -0400] "POST /wp-cron.php?doing_wp_cron=1787194301.2280681133270263671875 HTTP/1.1" 200 20 "-" "WordPress/7.0.4; https://hmfcc.com"
114.119.131.206 - - [19/Aug/2026:22:51:40 -0400] "GET / HTTP/1.1" 200 20 "http://hmfcc.com/" "Mozilla/5.0 (Linux; Android 7.0;) AppleWebKit/537.36 (HTML, like Gecko) Mobile Safari/537.36 (compatible; PetalBot;+https://webmaster.petalsearch.com/site/petalbot)"
82.108.212.8 - - [19/Aug/2026:22:57:23 -0400] "GET /wp-login.php HTTP/1.1" 200 22395 "https://www.bing.com/" "Mozilla/5.0 (Windows NT 10.0; Win64; x64) AppleWebKit/537.36 (KHTML, like Gecko) Chrome/120.0.0.0 Safari/537.36"
20.172.182.212 - - [19/Aug/2026:23:02:52 -0400] "GET / HTTP/1.1" 200 20 "-" "Mozilla/5.0 (Windows NT 10.0; Win64; x64) AppleWebKit/537.36 (KHTML, like Gecko) Chrome/124.0.0.0 Safari/537.36"
20.172.182.212 - - [19/Aug/2026:23:02:52 -0400] "GET / HTTP/1.1" 200 20 "-" "Mozilla/5.0 (Windows NT 10.0; Win64; x64) AppleWebKit/537.36 (KHTML, like Gecko) Chrome/124.0.0.0 Safari/537.36"
43.162.95.192 - - [19/Aug/2026:23:19:10 -0400] "GET / HTTP/1.1" 200 20 "-" "Mozilla/5.0 (iPhone; CPU iPhone OS 13_2_3 like Mac OS X) AppleWebKit/605.1.15 (KHTML, like Gecko) Version/13.0.3 Mobile/15E148 Safari/604.1"
173.212.213.210 - - [20/Aug/2026:00:02:43 -0400] "GET / HTTP/1.1" 200 20 "-" "Mozilla/5.0 (Windows NT 10.0; Win64; x64) AppleWebKit/537.36 (KHTML, like Gecko) Chrome/126.0 Safari/537.36"
43.159.62.129 - - [20/Aug/2026:00:09:46 -0400] "GET / HTTP/1.1" 200 20 "-" "Mozilla/5.0 (iPhone; CPU iPhone OS 13_2_3 like Mac OS X) AppleWebKit/605.1.15 (KHTML, like Gecko) Version/13.0.3 Mobile/15E148 Safari/604.1"
69.39.225.240 - - [20/Aug/2026:00:12:10 -0400] "POST /wp-cron.php?doing_wp_cron=1787199130.2359240055084228515625 HTTP/1.1" 200 20 "-" "WordPress/7.0.4; https://hmfcc.com"
38.70.225.192 - - [20/Aug/2026:00:12:09 -0400] "GET / HTTP/1.1" 200 20 "-" "Mozilla/5.0 (X11; Ubuntu; Linux x86_64; rv:122.0) Gecko/20100101 Firefox/122.0"
75.209.11.29 - - [20/Aug/2026:00:12:34 -0400] "GET / HTTP/1.1" 200 - "-" "Mozilla/5.0 (X11; Linux x86_64; rv:133.0) Gecko/20100101 Firefox/133.0"
75.209.11.29 - - [20/Aug/2026:00:12:40 -0400] "GET / HTTP/1.1" 200 - "https://hmfcc.com/" "Mozilla/5.0 (X11; Linux x86_64; rv:133.0) Gecko/20100101 Firefox/133.0"
69.39.225.240 - - [20/Aug/2026:00:17:47 -0400] "POST /wp-cron.php?doing_wp_cron=1787199467.1288659572601318359375 HTTP/1.1" 200 20 "-" "WordPress/7.0.4; https://hmfcc.com"
35.90.14.113 - - [20/Aug/2026:00:17:45 -0400] "GET / HTTP/1.1" 200 20 "-" "Mozilla/5.0 (Windows NT 10.0; Win64; x64) AppleWebKit/537.36 (KHTML, like Gecko) Chrome/113.0.0.0 Safari/537.36"
69.39.225.240 - - [20/Aug/2026:00:52:07 -0400] "POST /wp-cron.php?doing_wp_cron=1787201527.4264779090881347656250 HTTP/1.1" 200 20 "-" "WordPress/7.0.4; https://hmfcc.com"
192.178.4.100 - - [20/Aug/2026:00:52:06 -0400] "GET /images/NP-WelcomePacket12.pdf HTTP/1.1" 200 20 "-" "Mozilla/5.0 (Linux; Android 6.0.1; Nexus 5X Build/MMB29P) AppleWebKit/537.36 (KHTML, like Gecko) Chrome/151.0.7922.137 Mobile Safari/537.36 (compatible; GoogleOther)"
163.7.15.197 - - [20/Aug/2026:00:55:24 -0400] "GET / HTTP/1.1" 200 20 "-" "Mozilla/5.0 (Windows NT 10.0; Win64; x64) AppleWebKit/537.36 (KHTML, like Gecko) Chrome/104.0.5112.81 Safari/537.36"
69.39.225.240 - - [20/Aug/2026:01:00:26 -0400] "POST /wp-cron.php?doing_wp_cron=1787202026.5568819046020507812500 HTTP/1.1" 200 20 "http://dev.hmfcc.com/wp-cron.php?doing_wp_cron=1787202026.5568819046020507812500" "WordPress/5.9.16; https://dev.hmfcc.com"
3.18.186.238 - - [20/Aug/2026:01:00:26 -0400] "GET / HTTP/1.1" 200 20 "-" "visionheight.com/scan Mozilla/5.0 (Macintosh; Intel Mac OS X 10_15_7) Chrome/126.0.0.0 Safari/537.36"
69.39.225.240 - - [20/Aug/2026:01:27:34 -0400] "POST /wp-cron.php?doing_wp_cron=1787203654.5743720531463623046875 HTTP/1.1" 200 20 "-" "WordPress/7.0.4; https://hmfcc.com"
31.98.21.93 - - [20/Aug/2026:01:27:31 -0400] "GET /contact-us/ HTTP/1.1" 200 20 "http://hmfcc.com/" "Mozilla/5.0 (Windows NT 10.0; Win64; x64) AppleWebKit/537.36 (KHTML, like Gecko) Chrome/117.0.5938.132 Safari/537.36"
31.98.21.93 - - [20/Aug/2026:01:27:37 -0400] "GET / HTTP/1.1" 200 20 "-" "Mozilla/5.0 (Windows NT 10.0; Win64; x64) AppleWebKit/537.36 (KHTML, like Gecko) Chrome/117.0.5938.132 Safari/537.36"
35.240.54.134 - - [20/Aug/2026:01:30:01 -0400] "GET / HTTP/1.1" 200 - "-" "Mozilla/5.0 (Windows NT 10.0; Win64; x64) AppleWebKit/537.36 (KHTML, like Gecko) Chrome/89.0.4389.114 Safari/537.36"
52.87.152.133 - - [20/Aug/2026:02:03:45 -0400] "GET / HTTP/1.1" 200 20 "-" "Mozilla/5.0 (Windows NT 10.0; Win64; x64) AppleWebKit/537.36 (KHTML, like Gecko) Chrome/86.0.4240.75 Safari/537.36"
192.178.4.3 - - [20/Aug/2026:02:20:24 -0400] "GET /images/thyroid-questionnaire_001.pdf HTTP/1.1" 200 20 "-" "Mozilla/5.0 (Linux; Android 6.0.1; Nexus 5X Build/MMB29P) AppleWebKit/537.36 (KHTML, like Gecko) Chrome/151.0.7922.137 Mobile Safari/537.36 (compatible; GoogleOther)"
71.187.89.51 - - [20/Aug/2026:02:39:40 -0400] "GET /symptoms/hypertension/ HTTP/1.1" 200 20 "-" "Mozilla/5.0 (Macintosh; Intel Mac OS X 12.2; rv:125.0) Gecko/20100101 Firefox/125.0"
69.39.225.240 - - [20/Aug/2026:02:52:41 -0400] "POST /wp-cron.php?doing_wp_cron=1787208761.2953770160675048828125 HTTP/1.1" 200 20 "-" "WordPress/7.1; https://hmfcc.com"
173.252.82.76 - - [20/Aug/2026:02:52:40 -0400] "GET / HTTP/1.1" 200 - "-" "meta-externalagent/1.1 (+https://developers.facebook.com/docs/sharing/webmasters/crawler)"
69.39.225.240 - - [20/Aug/2026:03:13:30 -0400] "POST /wp-cron.php?doing_wp_cron=1787210010.7733330726623535156250 HTTP/1.1" 200 20 "-" "WordPress/7.1; https://hmfcc.com"
158.173.74.49 - - [20/Aug/2026:03:13:29 -0400] "GET / HTTP/1.1" 200 20 "-" "Mozilla/5.0 (X11; Linux x86_64) AppleWebKit/537.36 (KHTML, like Gecko) Chrome/125.0.0.0 Safari/537.36"
69.39.225.240 - - [20/Aug/2026:03:30:47 -0400] "POST /wp-cron.php?doing_wp_cron=1787211047.7764830589294433593750 HTTP/1.1" 200 20 "-" "WordPress/7.1; https://hmfcc.com"
43.157.43.147 - - [20/Aug/2026:03:30:46 -0400] "GET / HTTP/1.1" 200 20 "-" "Mozilla/5.0 (iPhone; CPU iPhone OS 13_2_3 like Mac OS X) AppleWebKit/605.1.15 (KHTML, like Gecko) Version/13.0.3 Mobile/15E148 Safari/604.1"
69.39.225.240 - - [20/Aug/2026:04:21:51 -0400] "POST /wp-cron.php?doing_wp_cron=1787214111.8329570293426513671875 HTTP/1.1" 200 20 "-" "WordPress/7.1; https://hmfcc.com"
192.178.4.3 - - [20/Aug/2026:04:21:51 -0400] "GET /images/2013-NewPatientForm-Medical.pdf HTTP/1.1" 200 20 "-" "Mozilla/5.0 (Linux; Android 6.0.1; Nexus 5X Build/MMB29P) AppleWebKit/537.36 (KHTML, like Gecko) Chrome/151.0.7922.137 Mobile Safari/537.36 (compatible; GoogleOther)"
69.39.225.240 - - [20/Aug/2026:04:29:26 -0400] "POST /wp-cron.php?doing_wp_cron=1787214566.1789660453796386718750 HTTP/1.1" 200 20 "-" "WordPress/7.1; https://hmfcc.com"
192.178.4.98 - - [20/Aug/2026:04:29:25 -0400] "GET / HTTP/1.1" 200 20 "-" "Mozilla/5.0 (compatible; Googlebot/2.1; +http://www.google.com/bot.html)"
150.109.230.210 - - [20/Aug/2026:04:38:47 -0400] "GET / HTTP/1.1" 200 20 "-" "Mozilla/5.0 (iPhone; CPU iPhone OS 13_2_3 like Mac OS X) AppleWebKit/605.1.15 (KHTML, like Gecko) Version/13.0.3 Mobile/15E148 Safari/604.1"
69.39.225.240 - - [20/Aug/2026:04:53:37 -0400] "POST /wp-cron.php?doing_wp_cron=1787216017.6189200878143310546875 HTTP/1.1" 200 20 "-" "WordPress/7.1; https://hmfcc.com"
52.1.14.34 - - [20/Aug/2026:04:53:36 -0400] "HEAD / HTTP/1.1" 200 - "-" "Mozilla/5.0 (Windows NT 10.0; Win64; x64) AppleWebKit/537.36 (KHTML, like Gecko) Chrome/124.0.0.0 Safari/537.36"
69.39.225.240 - - [20/Aug/2026:05:07:49 -0400] "POST /wp-cron.php?doing_wp_cron=1787216869.5905609130859375000000 HTTP/1.1" 200 20 "-" "WordPress/7.1; https://hmfcc.com"
173.252.95.112 - - [20/Aug/2026:05:07:48 -0400] "GET /robots.txt HTTP/1.1" 200 20 "-" "facebookexternalhit/1.1 (+http://www.facebook.com/externalhit_uatext.php)"
173.252.95.63 - - [20/Aug/2026:05:07:50 -0400] "GET /robots.txt HTTP/1.1" 200 20 "-" "facebookexternalhit/1.1 (+http://www.facebook.com/externalhit_uatext.php)"
69.39.225.240 - - [20/Aug/2026:05:29:08 -0400] "POST /wp-cron.php?doing_wp_cron=1787218148.7161331176757812500000 HTTP/1.1" 200 20 "-" "WordPress/7.1; https://hmfcc.com"
103.168.66.242 - - [20/Aug/2026:05:29:07 -0400] "GET / HTTP/1.1" 200 20 "-" "Mozilla/5.0 (Windows NT 10.0; Win64; x64)"
69.39.225.240 - - [20/Aug/2026:05:49:07 -0400] "POST /wp-cron.php?doing_wp_cron=1787219347.8562510013580322265625 HTTP/1.1" 200 20 "-" "WordPress/7.1; https://hmfcc.com"
40.88.21.235 - - [20/Aug/2026:05:49:06 -0400] "GET / HTTP/1.1" 200 20 "-" "DuckDuckBot/1.1; (+http://duckduckgo.com/duckduckbot.html)"
69.39.225.240 - - [20/Aug/2026:06:26:17 -0400] "POST /wp-cron.php?doing_wp_cron=1787221577.5327470302581787109375 HTTP/1.1" 200 20 "-" "WordPress/7.1; https://hmfcc.com"
44.192.246.237 - - [20/Aug/2026:06:26:16 -0400] "GET / HTTP/1.1" 200 20 "-" "Ruby"
69.39.225.240 - - [20/Aug/2026:06:40:00 -0400] "POST /wp-cron.php?doing_wp_cron=1787222400.3912570476531982421875 HTTP/1.1" 200 20 "-" "WordPress/7.1; https://hmfcc.com"
8.216.48.118 - - [20/Aug/2026:06:39:59 -0400] "GET / HTTP/1.1" 200 20 "-" "Mozilla/5.0 (Windows NT 10.0; Win64; x64) AppleWebKit/537.36 (KHTML, like Gecko) Chrome/105.0.0.0 Safari/537.3"
69.39.225.240 - - [20/Aug/2026:06:56:06 -0400] "POST /wp-cron.php?doing_wp_cron=1787223366.4378180503845214843750 HTTP/1.1" 200 20 "-" "WordPress/7.1; https://hmfcc.com"
51.68.236.59 - - [20/Aug/2026:06:56:05 -0400] "GET /robots.txt HTTP/1.1" 200 20 "-" "Mozilla/5.0 (compatible; MJ12bot/v2.0.5; http://mj12bot.com/)"
69.39.225.240 - - [20/Aug/2026:06:56:09 -0400] "POST /wp-cron.php?doing_wp_cron=1787223369.0354681015014648437500 HTTP/1.1" 200 20 "-" "WordPress/7.1; https://hmfcc.com"
51.68.236.59 - - [20/Aug/2026:06:56:08 -0400] "GET / HTTP/1.1" 200 20 "-" "Mozilla/5.0 (compatible; MJ12bot/v2.0.5; http://mj12bot.com/)"
98.88.179.76 - - [20/Aug/2026:07:04:16 -0400] "GET /robots.txt HTTP/1.1" 200 20 "-" "Mozilla/5.0 (Macintosh; Intel Mac OS X 10_10_1) AppleWebKit/600.2.5 (KHTML, like Gecko) Version/8.0.2 Safari/600.2.5 (Gort)"
69.39.225.240 - - [20/Aug/2026:07:11:40 -0400] "POST /wp-cron.php?doing_wp_cron=1787224300.5778729915618896484375 HTTP/1.1" 200 20 "-" "WordPress/7.1; https://hmfcc.com"
188.92.22.232 - - [20/Aug/2026:07:11:39 -0400] "GET / HTTP/1.1" 200 - "-" "Mozilla/5.0 (Macintosh; Intel Mac OS X 10_15_7) AppleWebKit/537.36 (KHTML, like Gecko) Chrome/120.0.0.0 Safari/537.36"
188.92.22.232 - - [20/Aug/2026:07:11:44 -0400] "GET /contact HTTP/1.1" 200 - "-" "Mozilla/5.0 (Macintosh; Intel Mac OS X 10_15_7) AppleWebKit/537.36 (KHTML, like Gecko) Chrome/120.0.0.0 Safari/537.36"
188.92.22.232 - - [20/Aug/2026:07:11:48 -0400] "GET /contact-us HTTP/1.1" 200 - "-" "Mozilla/5.0 (Macintosh; Intel Mac OS X 10_15_7) AppleWebKit/537.36 (KHTML, like Gecko) Chrome/120.0.0.0 Safari/537.36"
188.92.22.232 - - [20/Aug/2026:07:11:51 -0400] "GET /contacts HTTP/1.1" 200 - "-" "Mozilla/5.0 (Macintosh; Intel Mac OS X 10_15_7) AppleWebKit/537.36 (KHTML, like Gecko) Chrome/120.0.0.0 Safari/537.36"
188.92.22.232 - - [20/Aug/2026:07:11:55 -0400] "GET /about HTTP/1.1" 200 - "-" "Mozilla/5.0 (Macintosh; Intel Mac OS X 10_15_7) AppleWebKit/537.36 (KHTML, like Gecko) Chrome/120.0.0.0 Safari/537.36"
188.92.22.232 - - [20/Aug/2026:07:11:59 -0400] "GET /about-us HTTP/1.1" 200 - "-" "Mozilla/5.0 (Macintosh; Intel Mac OS X 10_15_7) AppleWebKit/537.36 (KHTML, like Gecko) Chrome/120.0.0.0 Safari/537.36"
188.92.22.232 - - [20/Aug/2026:07:12:03 -0400] "GET /kontakt HTTP/1.1" 200 - "-" "Mozilla/5.0 (Macintosh; Intel Mac OS X 10_15_7) AppleWebKit/537.36 (KHTML, like Gecko) Chrome/120.0.0.0 Safari/537.36"
188.92.22.232 - - [20/Aug/2026:07:12:07 -0400] "GET /yhteystiedot HTTP/1.1" 200 - "-" "Mozilla/5.0 (Macintosh; Intel Mac OS X 10_15_7) AppleWebKit/537.36 (KHTML, like Gecko) Chrome/120.0.0.0 Safari/537.36"
188.92.22.232 - - [20/Aug/2026:07:12:12 -0400] "GET /impressum HTTP/1.1" 200 - "-" "Mozilla/5.0 (Macintosh; Intel Mac OS X 10_15_7) AppleWebKit/537.36 (KHTML, like Gecko) Chrome/120.0.0.0 Safari/537.36"
52.45.15.233 - - [20/Aug/2026:07:14:21 -0400] "GET /wp-content/uploads/2022/07/male_intake_questionnaire.pdf HTTP/1.1" 304 - "-" "Mozilla/5.0 AppleWebKit/537.36 (KHTML, like Gecko; compatible; Amazonbot/0.1; +https://developer.amazon.com/support/amazonbot) Chrome/119.0.6045.214 Safari/537.36"
161.118.199.50 - - [20/Aug/2026:07:31:27 -0400] "GET /wp-content/plugins/pods/readme.txt HTTP/1.1" 200 20 "-" "Mozilla/5.0 (Windows NT 10.0; Win64; x64) AppleWebKit/537.36 (KHTML, like Gecko) Chrome/125.0.0.0 Safari/537.36"
161.118.199.50 - - [20/Aug/2026:07:31:28 -0400] "GET /wp-content/plugins/pods/init.php HTTP/1.1" 403 199 "-" "Mozilla/5.0 (Windows NT 10.0; Win64; x64) AppleWebKit/537.36 (KHTML, like Gecko) Chrome/125.0.0.0 Safari/537.36"
161.118.199.50 - - [20/Aug/2026:07:31:28 -0400] "GET /wp-content/plugins/pods/pods.php HTTP/1.1" 403 199 "-" "Mozilla/5.0 (Windows NT 10.0; Win64; x64) AppleWebKit/537.36 (KHTML, like Gecko) Chrome/125.0.0.0 Safari/537.36"
188.239.14.200 - - [20/Aug/2026:07:33:53 -0400] "GET /ip HTTP/1.1" 200 - "-" "Mozilla/5.0 (Macintosh; Intel Mac OS X 10_15_7) AppleWebKit/537.36 (KHTML, like Gecko) Chrome/114.0.0.0 Safari/537.36"
159.138.133.180 - - [20/Aug/2026:07:33:53 -0400] "GET /ip HTTP/1.1" 200 - "-" "Mozilla/5.0 (Macintosh; Intel Mac OS X 10_15_7) AppleWebKit/537.36 (KHTML, like Gecko) Chrome/114.0.0.0 Safari/537.36"
46.250.175.149 - - [20/Aug/2026:07:33:53 -0400] "GET /ip HTTP/1.1" 200 - "-" "Mozilla/5.0 (Macintosh; Intel Mac OS X 10_15_7) AppleWebKit/537.36 (KHTML, like Gecko) Chrome/114.0.0.0 Safari/537.36"
124.243.189.164 - - [20/Aug/2026:07:33:56 -0400] "GET /ip HTTP/1.1" 200 - "-" "Mozilla/5.0 (Macintosh; Intel Mac OS X 10_15_7) AppleWebKit/537.36 (KHTML, like Gecko) Chrome/114.0.0.0 Safari/537.36"
150.40.237.22 - - [20/Aug/2026:07:33:56 -0400] "GET /ip HTTP/1.1" 200 - "-" "Mozilla/5.0 (Macintosh; Intel Mac OS X 10_15_7) AppleWebKit/537.36 (KHTML, like Gecko) Chrome/114.0.0.0 Safari/537.36"
149.232.133.99 - - [20/Aug/2026:07:33:56 -0400] "GET /ip HTTP/1.1" 200 - "-" "Mozilla/5.0 (Macintosh; Intel Mac OS X 10_15_7) AppleWebKit/537.36 (KHTML, like Gecko) Chrome/114.0.0.0 Safari/537.36"
69.39.225.240 - - [20/Aug/2026:08:26:00 -0400] "POST /wp-cron.php?doing_wp_cron=1787228760.2346839904785156250000 HTTP/1.1" 200 20 "-" "WordPress/7.1; https://hmfcc.com"
44.198.72.127 - - [20/Aug/2026:08:26:00 -0400] "GET /robots.txt HTTP/1.1" 200 20 "-" "Mozilla/5.0 (Macintosh; Intel Mac OS X 10_10_1) AppleWebKit/600.2.5 (KHTML, like Gecko) Version/8.0.2 Safari/600.2.5 (Gort)"
43.153.87.54 - - [20/Aug/2026:08:32:01 -0400] "GET / HTTP/1.1" 200 20 "-" "Mozilla/5.0 (iPhone; CPU iPhone OS 13_2_3 like Mac OS X) AppleWebKit/605.1.15 (KHTML, like Gecko) Version/13.0.3 Mobile/15E148 Safari/604.1"
69.39.225.240 - - [20/Aug/2026:08:44:42 -0400] "POST /wp-cron.php?doing_wp_cron=1787229882.0954170227050781250000 HTTP/1.1" 200 20 "http://dev.hmfcc.com/wp-cron.php?doing_wp_cron=1787229882.0954170227050781250000" "WordPress/5.9.16; https://dev.hmfcc.com"
187.13.211.174 - - [20/Aug/2026:08:44:41 -0400] "GET / HTTP/1.1" 200 20 "-" "Go-http-client/1.1"
69.39.225.240 - - [20/Aug/2026:10:08:56 -0400] "POST /wp-cron.php?doing_wp_cron=1787234936.0662560462951660156250 HTTP/1.1" 200 20 "-" "WordPress/7.1; https://hmfcc.com"
192.178.4.100 - - [20/Aug/2026:10:08:55 -0400] "GET /robots.txt HTTP/1.1" 200 20 "-" "Mozilla/5.0 (compatible; Googlebot/2.1; +http://www.google.com/bot.html)"
192.178.4.100 - - [20/Aug/2026:10:08:56 -0400] "GET /images/2013AccidentHistoryReport.pdf HTTP/1.1" 200 20 "-" "Mozilla/5.0 (Linux; Android 6.0.1; Nexus 5X Build/MMB29P) AppleWebKit/537.36 (KHTML, like Gecko) Chrome/151.0.7922.137 Mobile Safari/537.36 (compatible; GoogleOther)"
69.39.225.240 - - [20/Aug/2026:10:28:04 -0400] "POST /wp-cron.php?doing_wp_cron=1787236084.0108299255371093750000 HTTP/1.1" 200 20 "-" "WordPress/7.1; https://hmfcc.com"
109.149.105.151 - - [20/Aug/2026:10:28:03 -0400] "GET /robots.txt HTTP/1.1" 200 20 "-" "DirectoryOS-ResearchBot/1.0 (+https://thedma.co.uk/contact/)"
109.149.105.151 - - [20/Aug/2026:10:28:07 -0400] "GET / HTTP/1.1" 200 20 "-" "DirectoryOS-ResearchBot/1.0 (+https://thedma.co.uk/contact/)"
20.226.91.14 - - [20/Aug/2026:10:46:50 -0400] "GET /wp-content/plugins/hellopress/wp_filemanager.php HTTP/1.1" 403 199 "-" "-"
69.39.225.240 - - [20/Aug/2026:10:46:50 -0400] "POST /wp-cron.php?doing_wp_cron=1787237210.9687349796295166015625 HTTP/1.1" 200 20 "-" "WordPress/7.1; https://hmfcc.com"
20.226.91.14 - - [20/Aug/2026:10:46:50 -0400] "GET /this_is_a_new_hello_world.php HTTP/1.1" 200 - "-" "-"
20.226.91.14 - - [20/Aug/2026:10:46:53 -0400] "GET /wp-admin/zoko.php HTTP/1.1" 200 - "-" "-"
20.226.91.14 - - [20/Aug/2026:10:46:54 -0400] "GET /wp-api.php HTTP/1.1" 200 - "-" "-"
20.226.91.14 - - [20/Aug/2026:10:46:54 -0400] "GET /wp-at.php HTTP/1.1" 200 - "-" "-"
20.226.91.14 - - [20/Aug/2026:10:46:55 -0400] "GET /wp-atomx.php HTTP/1.1" 200 - "-" "-"
20.226.91.14 - - [20/Aug/2026:10:46:56 -0400] "GET /wp-bugs.php HTTP/1.1" 200 - "-" "-"
20.226.91.14 - - [20/Aug/2026:10:46:58 -0400] "GET /wpconf.php HTTP/1.1" 200 - "-" "-"
69.39.225.240 - - [20/Aug/2026:10:47:02 -0400] "POST /wp-cron.php?doing_wp_cron=1787237222.3934140205383300781250 HTTP/1.1" 200 20 "-" "WordPress/7.1; https://hmfcc.com"
20.226.91.14 - - [20/Aug/2026:10:47:02 -0400] "GET /wp-configs.php HTTP/1.1" 200 - "-" "-"
20.226.91.14 - - [20/Aug/2026:10:47:04 -0400] "GET /wp-config-sample.php HTTP/1.1" 200 2482 "-" "-"
20.226.91.14 - - [20/Aug/2026:10:47:04 -0400] "GET /wp-content.php HTTP/1.1" 200 - "-" "-"
20.226.91.14 - - [20/Aug/2026:10:47:06 -0400] "GET /wp-content.php.php HTTP/1.1" 200 - "-" "-"
20.226.91.14 - - [20/Aug/2026:10:47:07 -0400] "GET /wp-content/1.php HTTP/1.1" 403 199 "-" "-"
20.226.91.14 - - [20/Aug/2026:10:47:07 -0400] "GET /wp-content/options.php HTTP/1.1" 403 199 "-" "-"
20.226.91.14 - - [20/Aug/2026:10:47:07 -0400] "GET /wp-content/ova.php HTTP/1.1" 403 199 "-" "-"
20.226.91.14 - - [20/Aug/2026:10:47:07 -0400] "GET /wp-content/plugin.php HTTP/1.1" 403 199 "-" "-"
20.226.91.14 - - [20/Aug/2026:10:47:08 -0400] "GET /wp-content/postnews.php HTTP/1.1" 403 199 "-" "-"
20.226.91.14 - - [20/Aug/2026:10:47:08 -0400] "GET /wp-content/product.php HTTP/1.1" 403 199 "-" "-"
20.226.91.14 - - [20/Aug/2026:10:47:08 -0400] "GET /wp-content/radio.php HTTP/1.1" 403 199 "-" "-"
20.226.91.14 - - [20/Aug/2026:10:47:08 -0400] "GET /wp-content/raw.php HTTP/1.1" 403 199 "-" "-"
20.226.91.14 - - [20/Aug/2026:10:47:09 -0400] "GET /wp-content/txets.php HTTP/1.1" 403 199 "-" "-"
20.226.91.14 - - [20/Aug/2026:10:47:09 -0400] "GET /wp-content/w.php HTTP/1.1" 403 199 "-" "-"
20.226.91.14 - - [20/Aug/2026:10:47:09 -0400] "GET /wp-content/wp.php HTTP/1.1" 403 199 "-" "-"
20.226.91.14 - - [20/Aug/2026:10:47:09 -0400] "GET /wp-content/wso.php HTTP/1.1" 403 199 "-" "-"
20.226.91.14 - - [20/Aug/2026:10:47:10 -0400] "GET /wp-content/x.php HTTP/1.1" 403 199 "-" "-"
20.226.91.14 - - [20/Aug/2026:10:47:10 -0400] "GET /wp-content/x/index.php HTTP/1.1" 403 199 "-" "-"
20.226.91.14 - - [20/Aug/2026:10:47:10 -0400] "GET /wp-content/xyn.php HTTP/1.1" 403 199 "-" "-"
20.226.91.14 - - [20/Aug/2026:10:47:10 -0400] "GET /wp-cxx.php HTTP/1.1" 200 - "-" "-"
20.226.91.14 - - [20/Aug/2026:10:47:12 -0400] "GET /wper3.php HTTP/1.1" 200 - "-" "-"
20.226.91.14 - - [20/Aug/2026:10:47:13 -0400] "GET /wp-error_log.php HTTP/1.1" 200 - "-" "-"
20.226.91.14 - - [20/Aug/2026:10:47:14 -0400] "GET /wp-file-120.php HTTP/1.1" 200 - "-" "-"
20.226.91.14 - - [20/Aug/2026:10:47:16 -0400] "GET /wp-files.php HTTP/1.1" 200 - "-" "-"
20.226.91.14 - - [20/Aug/2026:10:47:17 -0400] "GET /wp-fmfile.php HTTP/1.1" 200 - "-" "-"
20.226.91.14 - - [20/Aug/2026:10:47:18 -0400] "GET /wp-god.Php HTTP/1.1" 200 - "-" "-"
20.226.91.14 - - [20/Aug/2026:10:47:20 -0400] "GET /wp-good3.php HTTP/1.1" 200 - "-" "-"
20.226.91.14 - - [20/Aug/2026:10:47:21 -0400] "GET /wpgum.php HTTP/1.1" 200 - "-" "-"
20.226.91.14 - - [20/Aug/2026:10:47:22 -0400] "GET /wp-head.php HTTP/1.1" 200 - "-" "-"
20.226.91.14 - - [20/Aug/2026:10:47:23 -0400] "GET /wp-header.php HTTP/1.1" 200 - "-" "-"
20.226.91.14 - - [20/Aug/2026:10:47:24 -0400] "GET /wp-home.php HTTP/1.1" 200 - "-" "-"
20.226.91.14 - - [20/Aug/2026:10:47:25 -0400] "GET /wp-kaori.php HTTP/1.1" 200 - "-" "-"
20.226.91.14 - - [20/Aug/2026:10:47:26 -0400] "GET /wp-kd4xalrg7m.php HTTP/1.1" 200 - "-" "-"
20.226.91.14 - - [20/Aug/2026:10:47:27 -0400] "GET /wp-l0gin.php HTTP/1.1" 200 - "-" "-"
20.226.91.14 - - [20/Aug/2026:10:47:29 -0400] "GET /--wp-lgj.php HTTP/1.1" 200 - "-" "-"
20.226.91.14 - - [20/Aug/2026:10:47:30 -0400] "GET /wp-links-opml.php HTTP/1.1" 200 213 "-" "-"
20.226.91.14 - - [20/Aug/2026:10:47:30 -0400] "GET /wplog.php HTTP/1.1" 200 - "-" "-"
20.226.91.14 - - [20/Aug/2026:10:47:31 -0400] "GET /wpls.php HTTP/1.1" 200 - "-" "-"
20.226.91.14 - - [20/Aug/2026:10:47:32 -0400] "GET /wp-m5g2s0x9v4.php HTTP/1.1" 200 - "-" "-"
20.226.91.14 - - [20/Aug/2026:10:47:33 -0400] "GET /wp-michan.php HTTP/1.1" 200 - "-" "-"
20.226.91.14 - - [20/Aug/2026:10:47:34 -0400] "GET /wp-mt.php HTTP/1.1" 200 - "-" "-"
20.226.91.14 - - [20/Aug/2026:10:47:35 -0400] "GET /wp-mter.php HTTP/1.1" 200 - "-" "-"
20.226.91.14 - - [20/Aug/2026:10:47:36 -0400] "GET /wpn.php HTTP/1.1" 200 - "-" "-"
20.226.91.14 - - [20/Aug/2026:10:47:38 -0400] "GET /wp-p.php HTTP/1.1" 200 - "-" "-"
20.226.91.14 - - [20/Aug/2026:10:47:38 -0400] "GET /wpp-config.php HTTP/1.1" 200 - "-" "-"
20.226.91.14 - - [20/Aug/2026:10:47:39 -0400] "GET /wp-png.php HTTP/1.1" 200 - "-" "-"
20.226.91.14 - - [20/Aug/2026:10:47:41 -0400] "GET /wp-post-data.php HTTP/1.1" 200 - "-" "-"
20.226.91.14 - - [20/Aug/2026:10:47:42 -0400] "GET /wp-rrtx.php HTTP/1.1" 200 - "-" "-"
20.226.91.14 - - [20/Aug/2026:10:49:05 -0400] "GET /wp-seo.php HTTP/1.1" 200 - "-" "-"
20.226.91.14 - - [20/Aug/2026:10:49:18 -0400] "GET /wp-settings.php HTTP/1.1" 200 - "-" "-"
20.226.91.14 - - [20/Aug/2026:10:49:22 -0400] "GET /wp-setup.php HTTP/1.1" 200 - "-" "-"
20.226.91.14 - - [20/Aug/2026:10:49:26 -0400] "GET /wp-signin.php HTTP/1.1" 200 - "-" "-"
20.226.91.14 - - [20/Aug/2026:10:49:28 -0400] "GET /wp-sing.php HTTP/1.1" 200 - "-" "-"
20.226.91.14 - - [20/Aug/2026:10:49:29 -0400] "GET /wp-slss.php HTTP/1.1" 200 - "-" "-"
20.226.91.14 - - [20/Aug/2026:10:49:31 -0400] "GET /wp-stat.php HTTP/1.1" 200 - "-" "-"
20.226.91.14 - - [20/Aug/2026:10:49:32 -0400] "GET /wp-themes.php HTTP/1.1" 200 - "-" "-"
20.226.91.14 - - [20/Aug/2026:10:49:34 -0400] "GET /wp-tkdc.php HTTP/1.1" 200 - "-" "-"
