69.39.225.240 - - [20/Aug/2026:14:51:48 -0400] "GET /wp-admin/ HTTP/1.1" 200 20 "https://hmfcc.com" "WPMU DEV Broken Link Checker Local Engine"
35.195.215.216 - - [20/Aug/2026:14:54:52 -0400] "GET / HTTP/1.1" 200 20 "-" "Mozilla/5.0 (Windows NT 10.0; Win64; x64) AppleWebKit/537.36 (KHTML, like Gecko) Chrome/84.0.4147.105 Safari/537.36"
69.39.225.240 - - [20/Aug/2026:14:58:46 -0400] "POST /wp-cron.php?doing_wp_cron=1787252326.8364300727844238281250 HTTP/1.1" 200 20 "-" "WordPress/7.1; https://hmfcc.com"
35.205.236.220 - - [20/Aug/2026:14:58:46 -0400] "GET / HTTP/1.1" 200 20 "-" "Mozilla/5.0 (Windows NT 10.0; Win64; x64) AppleWebKit/537.36 (KHTML, like Gecko) Chrome/84.0.4147.105 Safari/537.36"
35.205.236.220 - - [20/Aug/2026:14:59:40 -0400] "GET / HTTP/1.1" 200 20 "-" "Mozilla/5.0 (Windows NT 10.0; Win64; x64) AppleWebKit/537.36 (KHTML, like Gecko) Chrome/84.0.4147.105 Safari/537.36"
47.128.118.77 - - [20/Aug/2026:15:24:16 -0400] "GET /robots.txt HTTP/1.1" 200 - "-" "Mozilla/5.0 (iPhone; CPU iPhone OS 7_1_2 like Mac OS X) AppleWebKit/537.36 (KHTML, like Gecko) Version/7.0 Mobile Safari/537.36 (compatible; Bytespider; https://bytedance.sg.larkoffice.com/docx/K5bxdypulop3IIxrJb0lOjLVgFe)"
69.39.225.240 - - [20/Aug/2026:15:27:58 -0400] "POST /wp-cron.php?doing_wp_cron=1787254078.0474979877471923828125 HTTP/1.1" 200 20 "-" "WordPress/7.1; https://hmfcc.com"
47.128.113.220 - - [20/Aug/2026:15:27:57 -0400] "GET /robots.txt HTTP/1.1" 200 20 "-" "Mozilla/5.0 (Linux; Android 5.0) AppleWebKit/537.36 (KHTML, like Gecko) Mobile Safari/537.36 (compatible; Bytespider; https://bytedance.sg.larkoffice.com/docx/K5bxdypulop3IIxrJb0lOjLVgFe)"
69.39.225.240 - - [20/Aug/2026:15:45:44 -0400] "POST /wp-cron.php?doing_wp_cron=1787255144.0648350715637207031250 HTTP/1.1" 200 20 "-" "WordPress/7.1; https://hmfcc.com"
217.160.238.63 - - [20/Aug/2026:15:45:43 -0400] "GET / HTTP/1.1" 200 - "-" "EMAIL-EU-Academic-Crawler/4.1"
172.191.149.99 - - [20/Aug/2026:15:46:13 -0400] "GET /wp-content/plugins/hellopress/wp_filemanager.php HTTP/1.1" 403 199 "-" "-"
69.39.225.240 - - [20/Aug/2026:15:46:15 -0400] "POST /wp-cron.php?doing_wp_cron=1787255175.6544549465179443359375 HTTP/1.1" 200 20 "-" "WordPress/7.1; https://hmfcc.com"
172.191.149.99 - - [20/Aug/2026:15:46:13 -0400] "GET /this_is_a_new_hello_world.php HTTP/1.1" 200 - "-" "-"
172.191.149.99 - - [20/Aug/2026:15:46:18 -0400] "GET /wp-admin/zoko.php HTTP/1.1" 200 - "-" "-"
172.191.149.99 - - [20/Aug/2026:15:46:21 -0400] "GET /wp-api.php HTTP/1.1" 200 - "-" "-"
172.191.149.99 - - [20/Aug/2026:15:46:24 -0400] "GET /wp-at.php HTTP/1.1" 200 - "-" "-"
172.191.149.99 - - [20/Aug/2026:15:46:26 -0400] "GET /wp-atomx.php HTTP/1.1" 200 - "-" "-"
172.191.149.99 - - [20/Aug/2026:15:46:28 -0400] "GET /wp-bugs.php HTTP/1.1" 200 - "-" "-"
172.191.149.99 - - [20/Aug/2026:15:46:30 -0400] "GET /wpconf.php HTTP/1.1" 200 - "-" "-"
172.191.149.99 - - [20/Aug/2026:15:46:31 -0400] "GET /wp-configs.php HTTP/1.1" 200 - "-" "-"
172.191.149.99 - - [20/Aug/2026:15:46:34 -0400] "GET /wp-config-sample.php HTTP/1.1" 200 2482 "-" "-"
172.191.149.99 - - [20/Aug/2026:15:46:34 -0400] "GET /wp-content.php HTTP/1.1" 200 - "-" "-"
172.191.149.99 - - [20/Aug/2026:15:46:36 -0400] "GET /wp-content.php.php HTTP/1.1" 200 - "-" "-"
172.191.149.99 - - [20/Aug/2026:15:46:41 -0400] "GET /wp-content/1.php HTTP/1.1" 403 199 "-" "-"
172.191.149.99 - - [20/Aug/2026:15:46:41 -0400] "GET /wp-content/options.php HTTP/1.1" 403 199 "-" "-"
172.191.149.99 - - [20/Aug/2026:15:46:41 -0400] "GET /wp-content/ova.php HTTP/1.1" 403 199 "-" "-"
172.191.149.99 - - [20/Aug/2026:15:46:41 -0400] "GET /wp-content/plugin.php HTTP/1.1" 403 199 "-" "-"
172.191.149.99 - - [20/Aug/2026:15:46:41 -0400] "GET /wp-content/postnews.php HTTP/1.1" 403 199 "-" "-"
172.191.149.99 - - [20/Aug/2026:15:46:41 -0400] "GET /wp-content/product.php HTTP/1.1" 403 199 "-" "-"
172.191.149.99 - - [20/Aug/2026:15:46:41 -0400] "GET /wp-content/radio.php HTTP/1.1" 403 199 "-" "-"
172.191.149.99 - - [20/Aug/2026:15:46:41 -0400] "GET /wp-content/raw.php HTTP/1.1" 403 199 "-" "-"
172.191.149.99 - - [20/Aug/2026:15:46:41 -0400] "GET /wp-content/txets.php HTTP/1.1" 403 199 "-" "-"
172.191.149.99 - - [20/Aug/2026:15:46:41 -0400] "GET /wp-content/w.php HTTP/1.1" 403 199 "-" "-"
172.191.149.99 - - [20/Aug/2026:15:46:41 -0400] "GET /wp-content/wp.php HTTP/1.1" 403 199 "-" "-"
172.191.149.99 - - [20/Aug/2026:15:46:41 -0400] "GET /wp-content/wso.php HTTP/1.1" 403 199 "-" "-"
172.191.149.99 - - [20/Aug/2026:15:46:41 -0400] "GET /wp-content/x.php HTTP/1.1" 403 199 "-" "-"
172.191.149.99 - - [20/Aug/2026:15:46:41 -0400] "GET /wp-content/x/index.php HTTP/1.1" 403 199 "-" "-"
172.191.149.99 - - [20/Aug/2026:15:46:42 -0400] "GET /wp-content/xyn.php HTTP/1.1" 403 199 "-" "-"
172.191.149.99 - - [20/Aug/2026:15:46:42 -0400] "GET /wp-cxx.php HTTP/1.1" 200 - "-" "-"
172.191.149.99 - - [20/Aug/2026:15:46:43 -0400] "GET /wper3.php HTTP/1.1" 200 - "-" "-"
172.191.149.99 - - [20/Aug/2026:15:46:46 -0400] "GET /wp-error_log.php HTTP/1.1" 200 - "-" "-"
172.191.149.99 - - [20/Aug/2026:15:46:48 -0400] "GET /wp-file-120.php HTTP/1.1" 200 - "-" "-"
172.191.149.99 - - [20/Aug/2026:15:46:50 -0400] "GET /wp-files.php HTTP/1.1" 200 - "-" "-"
172.191.149.99 - - [20/Aug/2026:15:46:52 -0400] "GET /wp-fmfile.php HTTP/1.1" 200 - "-" "-"
172.191.149.99 - - [20/Aug/2026:15:46:53 -0400] "GET /wp-god.Php HTTP/1.1" 200 - "-" "-"
172.191.149.99 - - [20/Aug/2026:15:46:55 -0400] "GET /wp-good3.php HTTP/1.1" 200 - "-" "-"
172.191.149.99 - - [20/Aug/2026:15:46:57 -0400] "GET /wpgum.php HTTP/1.1" 200 - "-" "-"
172.191.149.99 - - [20/Aug/2026:15:46:59 -0400] "GET /wp-head.php HTTP/1.1" 200 - "-" "-"
69.39.225.240 - - [20/Aug/2026:15:47:02 -0400] "POST /wp-cron.php?doing_wp_cron=1787255222.0779109001159667968750 HTTP/1.1" 200 20 "-" "WordPress/7.1; https://hmfcc.com"
172.191.149.99 - - [20/Aug/2026:15:47:01 -0400] "GET /wp-header.php HTTP/1.1" 200 - "-" "-"
172.191.149.99 - - [20/Aug/2026:15:47:03 -0400] "GET /wp-home.php HTTP/1.1" 200 - "-" "-"
172.191.149.99 - - [20/Aug/2026:15:47:06 -0400] "GET /wp-kaori.php HTTP/1.1" 200 - "-" "-"
172.191.149.99 - - [20/Aug/2026:15:47:08 -0400] "GET /wp-kd4xalrg7m.php HTTP/1.1" 200 - "-" "-"
172.191.149.99 - - [20/Aug/2026:15:47:10 -0400] "GET /wp-l0gin.php HTTP/1.1" 200 - "-" "-"
172.191.149.99 - - [20/Aug/2026:15:47:11 -0400] "GET /--wp-lgj.php HTTP/1.1" 200 - "-" "-"
172.191.149.99 - - [20/Aug/2026:15:47:13 -0400] "GET /wp-links-opml.php HTTP/1.1" 200 213 "-" "-"
172.191.149.99 - - [20/Aug/2026:15:47:14 -0400] "GET /wplog.php HTTP/1.1" 200 - "-" "-"
172.191.149.99 - - [20/Aug/2026:15:47:16 -0400] "GET /wpls.php HTTP/1.1" 200 - "-" "-"
172.191.149.99 - - [20/Aug/2026:15:47:18 -0400] "GET /wp-m5g2s0x9v4.php HTTP/1.1" 200 - "-" "-"
172.191.149.99 - - [20/Aug/2026:15:47:19 -0400] "GET /wp-michan.php HTTP/1.1" 200 - "-" "-"
172.191.149.99 - - [20/Aug/2026:15:47:21 -0400] "GET /wp-mt.php HTTP/1.1" 200 - "-" "-"
172.191.149.99 - - [20/Aug/2026:15:47:23 -0400] "GET /wp-mter.php HTTP/1.1" 200 - "-" "-"
172.191.149.99 - - [20/Aug/2026:15:47:25 -0400] "GET /wpn.php HTTP/1.1" 200 - "-" "-"
172.191.149.99 - - [20/Aug/2026:15:47:27 -0400] "GET /wp-p.php HTTP/1.1" 200 - "-" "-"
172.191.149.99 - - [20/Aug/2026:15:47:29 -0400] "GET /wpp-config.php HTTP/1.1" 200 - "-" "-"
172.191.149.99 - - [20/Aug/2026:15:47:30 -0400] "GET /wp-png.php HTTP/1.1" 200 - "-" "-"
172.191.149.99 - - [20/Aug/2026:15:47:32 -0400] "GET /wp-post-data.php HTTP/1.1" 200 - "-" "-"
172.191.149.99 - - [20/Aug/2026:15:47:34 -0400] "GET /wp-rrtx.php HTTP/1.1" 200 - "-" "-"
172.191.149.99 - - [20/Aug/2026:15:47:35 -0400] "GET /wps.php HTTP/1.1" 200 - "-" "-"
172.191.149.99 - - [20/Aug/2026:15:47:38 -0400] "GET /wp-seo.php HTTP/1.1" 200 - "-" "-"
172.191.149.99 - - [20/Aug/2026:15:47:39 -0400] "GET /wp-settings.php HTTP/1.1" 200 - "-" "-"
172.191.149.99 - - [20/Aug/2026:15:47:40 -0400] "GET /wp-setup.php HTTP/1.1" 200 - "-" "-"
172.191.149.99 - - [20/Aug/2026:15:47:42 -0400] "GET /wp-signin.php HTTP/1.1" 200 - "-" "-"
172.191.149.99 - - [20/Aug/2026:15:47:44 -0400] "GET /wp-sing.php HTTP/1.1" 200 - "-" "-"
172.191.149.99 - - [20/Aug/2026:15:47:46 -0400] "GET /wp-slss.php HTTP/1.1" 200 - "-" "-"
172.191.149.99 - - [20/Aug/2026:15:47:47 -0400] "GET /wp-stat.php HTTP/1.1" 200 - "-" "-"
172.191.149.99 - - [20/Aug/2026:15:47:49 -0400] "GET /wp-themes.php HTTP/1.1" 200 - "-" "-"
172.191.149.99 - - [20/Aug/2026:15:47:51 -0400] "GET /wp-tkdc.php HTTP/1.1" 200 - "-" "-"
172.191.149.99 - - [20/Aug/2026:15:47:53 -0400] "GET /wp-tot.php HTTP/1.1" 200 - "-" "-"
172.191.149.99 - - [20/Aug/2026:15:47:55 -0400] "GET /wp-trc.php HTTP/1.1" 200 - "-" "-"
172.191.149.99 - - [20/Aug/2026:15:47:56 -0400] "GET /wp-tymanage.php HTTP/1.1" 200 - "-" "-"
172.191.149.99 - - [20/Aug/2026:15:47:58 -0400] "GET /wp-user.php HTTP/1.1" 200 - "-" "-"
172.191.149.99 - - [20/Aug/2026:15:48:01 -0400] "GET /wp-ws38.php HTTP/1.1" 200 - "-" "-"
172.191.149.99 - - [20/Aug/2026:15:48:03 -0400] "GET /wpxml.php HTTP/1.1" 200 - "-" "-"
172.191.149.99 - - [20/Aug/2026:15:48:06 -0400] "GET /wqqs.php HTTP/1.1" 200 - "-" "-"
172.191.149.99 - - [20/Aug/2026:15:48:08 -0400] "GET /ws33.php HTTP/1.1" 200 - "-" "-"
172.191.149.99 - - [20/Aug/2026:15:48:10 -0400] "GET /ws34.php HTTP/1.1" 200 - "-" "-"
172.191.149.99 - - [20/Aug/2026:15:48:13 -0400] "GET /ws36.php HTTP/1.1" 200 - "-" "-"
172.191.149.99 - - [20/Aug/2026:15:48:16 -0400] "GET /ws37.php HTTP/1.1" 200 - "-" "-"
172.191.149.99 - - [20/Aug/2026:15:48:19 -0400] "GET /ws45.php HTTP/1.1" 200 - "-" "-"
172.191.149.99 - - [20/Aug/2026:15:48:21 -0400] "GET /ws49.php HTTP/1.1" 200 - "-" "-"
172.191.149.99 - - [20/Aug/2026:15:48:24 -0400] "GET /ws55.php HTTP/1.1" 200 - "-" "-"
172.191.149.99 - - [20/Aug/2026:15:48:27 -0400] "GET /ws56.php HTTP/1.1" 200 - "-" "-"
172.191.149.99 - - [20/Aug/2026:15:48:29 -0400] "GET /ws57.php HTTP/1.1" 200 - "-" "-"
172.191.149.99 - - [20/Aug/2026:15:48:32 -0400] "GET /ws58.php HTTP/1.1" 200 - "-" "-"
172.191.149.99 - - [20/Aug/2026:15:48:34 -0400] "GET /ws61.php HTTP/1.1" 200 - "-" "-"
172.191.149.99 - - [20/Aug/2026:15:48:36 -0400] "GET /ws71.php HTTP/1.1" 200 - "-" "-"
172.191.149.99 - - [20/Aug/2026:15:48:38 -0400] "GET /ws77.php HTTP/1.1" 200 - "-" "-"
172.191.149.99 - - [20/Aug/2026:15:48:39 -0400] "GET /ws78.php HTTP/1.1" 200 - "-" "-"
172.191.149.99 - - [20/Aug/2026:15:48:41 -0400] "GET /ws80.php HTTP/1.1" 200 - "-" "-"
172.191.149.99 - - [20/Aug/2026:15:48:43 -0400] "GET /ws85.php HTTP/1.1" 200 - "-" "-"
172.191.149.99 - - [20/Aug/2026:15:48:45 -0400] "GET /ws86.php HTTP/1.1" 200 - "-" "-"
172.191.149.99 - - [20/Aug/2026:15:48:47 -0400] "GET /ws88.php HTTP/1.1" 200 - "-" "-"
172.191.149.99 - - [20/Aug/2026:15:48:49 -0400] "GET /wsa.php HTTP/1.1" 200 - "-" "-"
172.191.149.99 - - [20/Aug/2026:15:48:51 -0400] "GET /wsad.php HTTP/1.1" 200 - "-" "-"
172.191.149.99 - - [20/Aug/2026:15:48:53 -0400] "GET /wsax.php HTTP/1.1" 200 - "-" "-"
172.191.149.99 - - [20/Aug/2026:15:48:55 -0400] "GET /wso.php HTTP/1.1" 200 - "-" "-"
172.191.149.99 - - [20/Aug/2026:15:48:57 -0400] "GET /wso-x569.php HTTP/1.1" 200 - "-" "-"
172.191.149.99 - - [20/Aug/2026:15:48:59 -0400] "GET /wta.php HTTP/1.1" 200 - "-" "-"
172.191.149.99 - - [20/Aug/2026:15:49:01 -0400] "GET /wtiiy.php HTTP/1.1" 200 - "-" "-"
172.191.149.99 - - [20/Aug/2026:15:49:02 -0400] "GET /wto.php HTTP/1.1" 200 - "-" "-"
172.191.149.99 - - [20/Aug/2026:15:49:04 -0400] "GET /wuasr.php HTTP/1.1" 200 - "-" "-"
172.191.149.99 - - [20/Aug/2026:15:49:06 -0400] "GET /wunaivpl.php HTTP/1.1" 200 - "-" "-"
172.191.149.99 - - [20/Aug/2026:15:49:07 -0400] "GET /ww1.php HTTP/1.1" 200 - "-" "-"
172.191.149.99 - - [20/Aug/2026:15:49:09 -0400] "GET /ww3.php HTTP/1.1" 200 - "-" "-"
172.191.149.99 - - [20/Aug/2026:15:49:11 -0400] "GET /www.php HTTP/1.1" 200 - "-" "-"
172.191.149.99 - - [20/Aug/2026:15:49:13 -0400] "GET /wxjir.php HTTP/1.1" 200 - "-" "-"
172.191.149.99 - - [20/Aug/2026:15:49:15 -0400] "GET /wyzer1.php HTTP/1.1" 200 - "-" "-"
172.191.149.99 - - [20/Aug/2026:15:49:17 -0400] "GET /wyzer3.php HTTP/1.1" 200 - "-" "-"
172.191.149.99 - - [20/Aug/2026:15:49:19 -0400] "GET /x0rg.php HTTP/1.1" 200 - "-" "-"
172.191.149.99 - - [20/Aug/2026:15:49:21 -0400] "GET /x123.php HTTP/1.1" 200 - "-" "-"
172.191.149.99 - - [20/Aug/2026:15:49:22 -0400] "GET /x1da.php HTTP/1.1" 200 - "-" "-"
172.191.149.99 - - [20/Aug/2026:15:49:25 -0400] "GET /x402.php HTTP/1.1" 200 - "-" "-"
172.191.149.99 - - [20/Aug/2026:15:49:28 -0400] "GET /x7.php HTTP/1.1" 200 - "-" "-"
172.191.149.99 - - [20/Aug/2026:15:49:30 -0400] "GET /xboom.php HTTP/1.1" 200 - "-" "-"
172.191.149.99 - - [20/Aug/2026:15:49:33 -0400] "GET /xBrain.php HTTP/1.1" 200 - "-" "-"
172.191.149.99 - - [20/Aug/2026:15:49:35 -0400] "GET /xd.php HTTP/1.1" 200 - "-" "-"
172.191.149.99 - - [20/Aug/2026:15:49:37 -0400] "GET /xdmah.php HTTP/1.1" 200 - "-" "-"
172.191.149.99 - - [20/Aug/2026:15:49:39 -0400] "GET /Xeforce.php HTTP/1.1" 200 - "-" "-"
172.191.149.99 - - [20/Aug/2026:15:49:41 -0400] "GET /xeqdlun.php HTTP/1.1" 200 - "-" "-"
172.191.149.99 - - [20/Aug/2026:15:49:42 -0400] "GET /xex.php HTTP/1.1" 200 - "-" "-"
172.191.149.99 - - [20/Aug/2026:15:49:44 -0400] "GET /xff.php HTTP/1.1" 200 - "-" "-"
172.191.149.99 - - [20/Aug/2026:15:49:45 -0400] "GET /xfile25.php HTTP/1.1" 200 - "-" "-"
172.191.149.99 - - [20/Aug/2026:15:49:47 -0400] "GET /xfun.php HTTP/1.1" 200 - "-" "-"
172.191.149.99 - - [20/Aug/2026:15:49:49 -0400] "GET /xinder.php HTTP/1.1" 200 - "-" "-"
172.191.149.99 - - [20/Aug/2026:15:49:51 -0400] "GET /xingkong/index.php HTTP/1.1" 200 - "-" "-"
172.191.149.99 - - [20/Aug/2026:15:49:53 -0400] "GET /xjhob.php HTTP/1.1" 200 - "-" "-"
172.191.149.99 - - [20/Aug/2026:15:49:55 -0400] "GET /xl2023.php HTTP/1.1" 200 - "-" "-"
172.191.149.99 - - [20/Aug/2026:15:49:56 -0400] "GET /xl2024.php HTTP/1.1" 200 - "-" "-"
172.191.149.99 - - [20/Aug/2026:15:49:58 -0400] "GET /xmlrpc.php HTTP/1.1" 200 42 "-" "-"
172.191.149.99 - - [20/Aug/2026:15:49:59 -0400] "GET /xmlss.php HTTP/1.1" 200 - "-" "-"
172.191.149.99 - - [20/Aug/2026:15:50:00 -0400] "GET /xmnou.php HTTP/1.1" 200 - "-" "-"
172.191.149.99 - - [20/Aug/2026:15:50:03 -0400] "GET /xmr.php HTTP/1.1" 200 - "-" "-"
172.191.149.99 - - [20/Aug/2026:15:50:05 -0400] "GET /xoldj.php HTTP/1.1" 200 - "-" "-"
172.191.149.99 - - [20/Aug/2026:15:50:07 -0400] "GET /xopvne.php HTTP/1.1" 200 - "-" "-"
172.191.149.99 - - [20/Aug/2026:15:50:09 -0400] "GET /xox.php HTTP/1.1" 200 - "-" "-"
172.191.149.99 - - [20/Aug/2026:15:50:12 -0400] "GET /xp.php HTTP/1.1" 200 - "-" "-"
172.191.149.99 - - [20/Aug/2026:15:50:13 -0400] "GET /xper1.php HTTP/1.1" 200 - "-" "-"
172.191.149.99 - - [20/Aug/2026:15:50:15 -0400] "GET /xpohywjo.php HTTP/1.1" 200 - "-" "-"
172.191.149.99 - - [20/Aug/2026:15:50:17 -0400] "GET /xpwer1.php HTTP/1.1" 200 - "-" "-"
172.191.149.99 - - [20/Aug/2026:15:50:19 -0400] "GET /xqPt1nWJXye.php HTTP/1.1" 200 - "-" "-"
172.191.149.99 - - [20/Aug/2026:15:50:21 -0400] "GET /xr.php HTTP/1.1" 200 - "-" "-"
172.191.149.99 - - [20/Aug/2026:15:50:22 -0400] "GET /xrawp.php HTTP/1.1" 200 - "-" "-"
172.191.149.99 - - [20/Aug/2026:15:50:24 -0400] "GET /xrp.php HTTP/1.1" 200 - "-" "-"
172.191.149.99 - - [20/Aug/2026:15:50:26 -0400] "GET /xs5x46mb.php HTTP/1.1" 200 - "-" "-"
172.191.149.99 - - [20/Aug/2026:15:50:28 -0400] "GET /xtgirlms.php HTTP/1.1" 200 - "-" "-"
172.191.149.99 - - [20/Aug/2026:15:50:29 -0400] "GET /xvs.php HTTP/1.1" 200 - "-" "-"
172.191.149.99 - - [20/Aug/2026:15:50:31 -0400] "GET /xwx1.php HTTP/1.1" 200 - "-" "-"
172.191.149.99 - - [20/Aug/2026:15:50:33 -0400] "GET /xxl.php HTTP/1.1" 200 - "-" "-"
172.191.149.99 - - [20/Aug/2026:15:50:35 -0400] "GET /xxw.php HTTP/1.1" 200 - "-" "-"
172.191.149.99 - - [20/Aug/2026:15:50:37 -0400] "GET /XxX.php HTTP/1.1" 200 - "-" "-"
172.191.149.99 - - [20/Aug/2026:15:50:38 -0400] "GET /xxxx.php HTTP/1.1" 200 - "-" "-"
172.191.149.99 - - [20/Aug/2026:15:50:40 -0400] "GET /xy.php HTTP/1.1" 200 - "-" "-"
172.191.149.99 - - [20/Aug/2026:15:50:42 -0400] "GET /xy/index.php HTTP/1.1" 200 - "-" "-"
172.191.149.99 - - [20/Aug/2026:15:50:44 -0400] "GET /xy9brdftkyivz9ij6rusmsCdefault.php HTTP/1.1" 200 - "-" "-"
172.191.149.99 - - [20/Aug/2026:15:50:46 -0400] "GET /yaztn.php HTTP/1.1" 200 - "-" "-"
172.191.149.99 - - [20/Aug/2026:15:50:47 -0400] "GET /yjoxrfglsep.php HTTP/1.1" 200 - "-" "-"
172.191.149.99 - - [20/Aug/2026:15:50:49 -0400] "GET /ynz.PhP HTTP/1.1" 200 - "-" "-"
172.191.149.99 - - [20/Aug/2026:15:50:51 -0400] "GET /yongxing/index.php HTTP/1.1" 200 - "-" "-"
172.191.149.99 - - [20/Aug/2026:15:50:53 -0400] "GET /yunu.php HTTP/1.1" 200 - "-" "-"
172.191.149.99 - - [20/Aug/2026:15:50:54 -0400] "GET /yvltn.php HTTP/1.1" 200 - "-" "-"
172.191.149.99 - - [20/Aug/2026:15:50:56 -0400] "GET /ywwbf.php HTTP/1.1" 200 - "-" "-"
172.191.149.99 - - [20/Aug/2026:15:50:58 -0400] "GET /z3ki.php HTTP/1.1" 200 - "-" "-"
172.191.149.99 - - [20/Aug/2026:15:51:00 -0400] "GET /z43agz.php HTTP/1.1" 200 - "-" "-"
172.191.149.99 - - [20/Aug/2026:15:51:01 -0400] "GET /z57.php HTTP/1.1" 200 - "-" "-"
172.191.149.99 - - [20/Aug/2026:15:51:03 -0400] "GET /zabbix.php HTTP/1.1" 200 - "-" "-"
172.191.149.99 - - [20/Aug/2026:15:51:06 -0400] "GET /zabbix/zabbix.php HTTP/1.1" 200 - "-" "-"
69.39.225.240 - - [20/Aug/2026:15:51:09 -0400] "POST /wp-cron.php?doing_wp_cron=1787255469.1262950897216796875000 HTTP/1.1" 200 20 "-" "WordPress/7.1; https://hmfcc.com"
172.191.149.99 - - [20/Aug/2026:15:51:08 -0400] "GET /zample.php HTTP/1.1" 200 - "-" "-"
172.191.149.99 - - [20/Aug/2026:15:51:10 -0400] "GET /zc-104.php HTTP/1.1" 200 - "-" "-"
172.191.149.99 - - [20/Aug/2026:15:51:12 -0400] "GET /zc-208.php HTTP/1.1" 200 - "-" "-"
172.191.149.99 - - [20/Aug/2026:15:51:14 -0400] "GET /zc-729.php HTTP/1.1" 200 - "-" "-"
172.191.149.99 - - [20/Aug/2026:15:51:16 -0400] "GET /zews.php HTTP/1.1" 200 - "-" "-"
172.191.149.99 - - [20/Aug/2026:15:51:18 -0400] "GET /zfile.php HTTP/1.1" 200 - "-" "-"
172.191.149.99 - - [20/Aug/2026:15:51:21 -0400] "GET /ZHopizXxeQB.php HTTP/1.1" 200 - "-" "-"
172.191.149.99 - - [20/Aug/2026:15:51:23 -0400] "GET /zi-936.php HTTP/1.1" 200 - "-" "-"
172.191.149.99 - - [20/Aug/2026:15:51:25 -0400] "GET /zildan.php HTTP/1.1" 200 - "-" "-"
172.191.149.99 - - [20/Aug/2026:15:51:26 -0400] "GET /zip.php HTTP/1.1" 200 - "-" "-"
172.191.149.99 - - [20/Aug/2026:15:51:28 -0400] "GET /zk.php HTTP/1.1" 200 - "-" "-"
172.191.149.99 - - [20/Aug/2026:15:51:30 -0400] "GET /zkotynva.php HTTP/1.1" 200 - "-" "-"
172.191.149.99 - - [20/Aug/2026:15:51:32 -0400] "GET /zleqd.php HTTP/1.1" 200 - "-" "-"
172.191.149.99 - - [20/Aug/2026:15:51:34 -0400] "GET /Zoo.php HTTP/1.1" 200 - "-" "-"
172.191.149.99 - - [20/Aug/2026:15:51:46 -0400] "GET /zsec.php HTTP/1.1" 200 - "-" "-"
172.191.149.99 - - [20/Aug/2026:15:51:48 -0400] "GET /zup.php HTTP/1.1" 200 - "-" "-"
172.191.149.99 - - [20/Aug/2026:15:51:49 -0400] "GET /zwq.php HTTP/1.1" 200 - "-" "-"
172.191.149.99 - - [20/Aug/2026:15:51:51 -0400] "GET /zwso.php HTTP/1.1" 200 - "-" "-"
69.39.225.240 - - [20/Aug/2026:15:55:14 -0400] "POST /wp-cron.php?doing_wp_cron=1787255714.2194850444793701171875 HTTP/1.1" 200 20 "http://dev.hmfcc.com/wp-cron.php?doing_wp_cron=1787255714.2194850444793701171875" "WordPress/5.9.16; https://dev.hmfcc.com"
52.230.100.152 - - [20/Aug/2026:15:55:13 -0400] "GET / HTTP/1.1" 200 20 "-" "Mozilla/5.0 (Windows NT 10.0; Win64; x64) AppleWebKit/537.36 (KHTML, like Gecko) Chrome/124.0.0.0 Safari/537.36"
69.39.225.240 - - [20/Aug/2026:16:04:33 -0400] "POST /wp-cron.php?doing_wp_cron=1787256273.0760409832000732421875 HTTP/1.1" 200 20 "-" "WordPress/7.1; https://hmfcc.com"
174.201.191.178 - - [20/Aug/2026:16:04:32 -0400] "GET / HTTP/1.1" 200 20 "https://www.google.com/" "Mozilla/5.0 (iPhone; CPU iPhone OS 26_6_0 like Mac OS X) AppleWebKit/605.1.15 (KHTML, like Gecko) GSA/434.2.961627397 Mobile/15E148 Safari/604.1"
116.110.40.192 - - [20/Aug/2026:16:04:46 -0400] "GET /disc_herniation.php HTTP/1.1" 200 20 "-" "Mozilla/5.0 (Macintosh; Intel Mac OS X 10.15; rv:144.0) Gecko/20100101 Firefox/144.0"
143.137.89.197 - - [20/Aug/2026:16:04:46 -0400] "GET /disc_herniation.php HTTP/1.1" 200 20 "-" "Mozilla/5.0 (Macintosh; Intel Mac OS X 10.15; rv:133.0) Gecko/20100101 Firefox/133.0"
20.151.142.175 - - [20/Aug/2026:17:14:59 -0400] "GET /wp-content/plugins/fix/up.php HTTP/1.1" 403 199 "-" "Mozilla/5.0"
204.10.194.115 - - [20/Aug/2026:17:22:58 -0400] "GET /wp-content/plugins/pods/readme.txt HTTP/1.1" 200 20 "-" "Mozilla/5.0 (Macintosh; Intel Mac OS X 10_15_7) AppleWebKit/537.36 (KHTML, like Gecko) Chrome/124.0.0.0 Safari/537.36"
204.10.194.115 - - [20/Aug/2026:17:22:58 -0400] "GET /wp-content/plugins/pods/init.php HTTP/1.1" 403 199 "-" "Mozilla/5.0 (Macintosh; Intel Mac OS X 10_15_7) AppleWebKit/537.36 (KHTML, like Gecko) Chrome/124.0.0.0 Safari/537.36"
47.128.50.119 - - [20/Aug/2026:18:01:02 -0400] "GET /robots.txt HTTP/1.1" 200 - "-" "Mozilla/5.0 (iPhone; CPU iPhone OS 7_1_2 like Mac OS X) AppleWebKit/537.36 (KHTML, like Gecko) Version/7.0 Mobile Safari/537.36 (compatible; Bytespider; https://bytedance.sg.larkoffice.com/docx/K5bxdypulop3IIxrJb0lOjLVgFe)"
47.128.113.163 - - [20/Aug/2026:18:08:50 -0400] "GET /robots.txt HTTP/1.1" 200 20 "-" "Mozilla/5.0 (Linux; Android 5.0) AppleWebKit/537.36 (KHTML, like Gecko) Mobile Safari/537.36 (compatible; Bytespider; https://bytedance.sg.larkoffice.com/docx/K5bxdypulop3IIxrJb0lOjLVgFe)"
69.39.225.240 - - [20/Aug/2026:18:19:55 -0400] "POST /wp-cron.php?doing_wp_cron=1787264395.6458070278167724609375 HTTP/1.1" 200 20 "-" "WordPress/7.1; https://hmfcc.com"
41.10.100.69 - - [20/Aug/2026:18:19:53 -0400] "GET http://hmfcc.com/ HTTP/1.1" 200 20 "-" "Mozilla/5.0 (Windows NT 10.0; Win64; x64) AppleWebKit/537.36 (KHTML, like Gecko) Chrome/105.0.0.0 Safari/537.3"
102.211.147.63 - - [20/Aug/2026:18:20:16 -0400] "GET / HTTP/1.1" 200 - "-" "Mozilla/5.0 (Windows NT 10.0; Win64; x64) AppleWebKit/537.36 (KHTML, like Gecko) Chrome/144.0.0.0 Safari/537.36"
181.117.165.64 - - [20/Aug/2026:18:20:28 -0400] "GET / HTTP/1.1" 200 - "-" "Mozilla/5.0 (Windows NT 10.0; Win64; x64) AppleWebKit/537.36 (KHTML, like Gecko) Chrome/144.0.0.0 Safari/537.36"
69.39.225.240 - - [20/Aug/2026:18:59:15 -0400] "POST /wp-cron.php?doing_wp_cron=1787266755.1147990226745605468750 HTTP/1.1" 200 20 "-" "WordPress/7.1; https://hmfcc.com"
43.155.188.157 - - [20/Aug/2026:18:59:14 -0400] "GET / HTTP/1.1" 200 20 "-" "Mozilla/5.0 (iPhone; CPU iPhone OS 13_2_3 like Mac OS X) AppleWebKit/605.1.15 (KHTML, like Gecko) Version/13.0.3 Mobile/15E148 Safari/604.1"
69.39.225.240 - - [20/Aug/2026:19:49:54 -0400] "POST /wp-cron.php?doing_wp_cron=1787269794.4689040184020996093750 HTTP/1.1" 200 20 "-" "WordPress/7.1; https://hmfcc.com"
35.205.163.228 - - [20/Aug/2026:19:49:53 -0400] "GET / HTTP/1.1" 200 20 "-" "Mozilla/5.0 (Windows NT 10.0; Win64; x64) AppleWebKit/537.36 (KHTML, like Gecko) Chrome/84.0.4147.105 Safari/537.36"
35.205.163.228 - - [20/Aug/2026:19:50:40 -0400] "GET / HTTP/1.1" 200 20 "-" "Mozilla/5.0 (Windows NT 10.0; Win64; x64) AppleWebKit/537.36 (KHTML, like Gecko) Chrome/84.0.4147.105 Safari/537.36"
69.39.225.240 - - [20/Aug/2026:19:51:13 -0400] "POST /wp-cron.php?doing_wp_cron=1787269873.1600019931793212890625 HTTP/1.1" 200 20 "-" "WordPress/7.1; https://hmfcc.com"
35.205.163.228 - - [20/Aug/2026:19:51:12 -0400] "GET / HTTP/1.1" 200 20 "-" "Mozilla/5.0 (Windows NT 10.0; Win64; x64) AppleWebKit/537.36 (KHTML, like Gecko) Chrome/84.0.4147.105 Safari/537.36"
157.55.39.223 - - [20/Aug/2026:19:54:07 -0400] "GET /robots.txt HTTP/1.1" 200 20 "-" "Mozilla/5.0 AppleWebKit/537.36 (KHTML, like Gecko; compatible; bingbot/2.0; +http://www.bing.com/bingbot.htm) Chrome/116.0.1938.76 Safari/537.36"
52.167.144.189 - - [20/Aug/2026:19:54:25 -0400] "GET /physical-therapy/ HTTP/1.1" 200 20 "-" "Mozilla/5.0 AppleWebKit/537.36 (KHTML, like Gecko; compatible; bingbot/2.0; +http://www.bing.com/bingbot.htm) Chrome/116.0.1938.76 Safari/537.36"
43.134.56.214 - - [20/Aug/2026:19:56:25 -0400] "GET / HTTP/1.1" 200 20 "-" "Mozilla/5.0 (iPhone; CPU iPhone OS 13_2_3 like Mac OS X) AppleWebKit/605.1.15 (KHTML, like Gecko) Version/13.0.3 Mobile/15E148 Safari/604.1"
192.178.4.5 - - [20/Aug/2026:20:36:01 -0400] "GET /robots.txt HTTP/1.1" 200 20 "-" "Mozilla/5.0 (compatible; Googlebot/2.1; +http://www.google.com/bot.html)"
192.178.4.5 - - [20/Aug/2026:20:36:02 -0400] "GET / HTTP/1.1" 200 20 "-" "Mozilla/5.0 (Linux; Android 6.0.1; Nexus 5X Build/MMB29P) AppleWebKit/537.36 (KHTML, like Gecko) Chrome/151.0.7922.137 Mobile Safari/537.36 (compatible; Googlebot/2.1; +http://www.google.com/bot.html)"
43.129.228.234 - - [20/Aug/2026:20:40:39 -0400] "GET /ip HTTP/1.1" 200 - "-" "Mozilla/5.0 (Macintosh; Intel Mac OS X 10_15_7) AppleWebKit/537.36 (KHTML, like Gecko) Chrome/114.0.0.0 Safari/537.36"
43.133.61.115 - - [20/Aug/2026:20:40:39 -0400] "GET /ip HTTP/1.1" 200 - "-" "Mozilla/5.0 (Macintosh; Intel Mac OS X 10_15_7) AppleWebKit/537.36 (KHTML, like Gecko) Chrome/114.0.0.0 Safari/537.36"
43.135.144.29 - - [20/Aug/2026:20:40:39 -0400] "GET /ip HTTP/1.1" 200 - "-" "Mozilla/5.0 (Macintosh; Intel Mac OS X 10_15_7) AppleWebKit/537.36 (KHTML, like Gecko) Chrome/114.0.0.0 Safari/537.36"
23.102.103.184 - - [20/Aug/2026:21:07:46 -0400] "GET //wp-content/plugins/fix/up.php HTTP/1.1" 403 199 "-" "Mozilla/5.0 (Windows NT 10.0; Win64; x64) AppleWebKit/537.36 (KHTML, like Gecko) Chrome/85.0.4183.102 Safari/537.36"
69.39.225.240 - - [20/Aug/2026:21:16:33 -0400] "POST /wp-cron.php?doing_wp_cron=1787274993.5545580387115478515625 HTTP/1.1" 200 20 "http://dev.hmfcc.com/wp-cron.php?doing_wp_cron=1787274993.5545580387115478515625" "WordPress/5.9.16; https://dev.hmfcc.com"
47.82.11.158 - - [20/Aug/2026:21:16:33 -0400] "GET /robots.txt HTTP/1.1" 200 124 "-" "Mozilla/5.0 (Macintosh; Intel Mac OS X 10_15_7) AppleWebKit/537.36 (KHTML, like Gecko) Chrome/128.0.0.0 Safari/537.36"
138.197.109.107 - - [20/Aug/2026:22:05:15 -0400] "GET / HTTP/1.1" 200 20 "-" "Mozilla/5.0 (X11; Linux x86_64) AppleWebKit/537.36 (KHTML, like Gecko) Chrome/142.0.0.0 Safari/537.36"
54.147.80.137 - - [20/Aug/2026:22:27:20 -0400] "GET /wp-content/uploads/2022/07/neck_disability_index.pdf HTTP/1.1" 304 - "-" "Mozilla/5.0 AppleWebKit/537.36 (KHTML, like Gecko; compatible; Amazonbot/0.1; +https://developer.amazon.com/support/amazonbot) Chrome/119.0.6045.214 Safari/537.36"
172.182.200.150 - - [20/Aug/2026:22:34:32 -0400] "GET / HTTP/1.1" 200 20 "-" "SignalFeedBot/1.0 (+https://signal-feed.vercel.app/bot)"
24.133.80.233 - - [20/Aug/2026:22:45:35 -0400] "GET /wp-content/plugins/forminator/readme.txt HTTP/1.1" 200 20 "-" "Mozilla/5.0 (Windows NT 10.0; Win64; x64) AppleWebKit/537.36 (KHTML, like Gecko) Chrome/125.0.0.0 Safari/537.36"
24.133.80.233 - - [20/Aug/2026:22:45:47 -0400] "GET /wp-content/plugins/forminator/forminator.php HTTP/1.1" 403 199 "-" "Mozilla/5.0 (Windows NT 10.0; Win64; x64) AppleWebKit/537.36 (KHTML, like Gecko) Chrome/125.0.0.0 Safari/537.36"
192.178.4.98 - - [20/Aug/2026:23:25:10 -0400] "GET / HTTP/1.1" 200 20 "-" "Mozilla/5.0 (compatible; Googlebot/2.1; +http://www.google.com/bot.html)"
192.178.4.100 - - [20/Aug/2026:23:25:10 -0400] "GET / HTTP/1.1" 200 20 "-" "Mozilla/5.0 (Linux; Android 6.0.1; Nexus 5X Build/MMB29P) AppleWebKit/537.36 (KHTML, like Gecko) Chrome/99.0.4844.84 Mobile Safari/537.36 (compatible; Googlebot/2.1; +http://www.google.com/bot.html)"
69.39.225.240 - - [20/Aug/2026:23:43:46 -0400] "POST /wp-cron.php?doing_wp_cron=1787283826.7457380294799804687500 HTTP/1.1" 200 20 "-" "WordPress/7.1; https://hmfcc.com"
5.144.71.176 - - [20/Aug/2026:23:43:46 -0400] "GET /massage-therapy/ HTTP/1.1" 200 20 "-" "Mozilla/5.0 (Macintosh; Intel Mac OS X 10_15_7) AppleWebKit/537.36 (KHTML, like Gecko) Chrome/128.0.6613.36 Safari/537.36"
68.183.135.247 - - [20/Aug/2026:23:49:59 -0400] "GET / HTTP/1.1" 200 20 "-" "Mozilla/5.0 (Windows NT 10.0; Win64; x64) AppleWebKit/537.36"
69.39.225.240 - - [20/Aug/2026:23:51:35 -0400] "POST /wp-cron.php?doing_wp_cron=1787284295.4178678989410400390625 HTTP/1.1" 200 20 "-" "WordPress/7.1; https://hmfcc.com"
43.166.226.186 - - [20/Aug/2026:23:51:34 -0400] "GET / HTTP/1.1" 200 20 "-" "Mozilla/5.0 (iPhone; CPU iPhone OS 13_2_3 like Mac OS X) AppleWebKit/605.1.15 (KHTML, like Gecko) Version/13.0.3 Mobile/15E148 Safari/604.1"
69.39.225.240 - - [20/Aug/2026:23:55:07 -0400] "POST /wp-cron.php?doing_wp_cron=1787284507.7138509750366210937500 HTTP/1.1" 200 20 "http://dev.hmfcc.com/wp-cron.php?doing_wp_cron=1787284507.7138509750366210937500" "WordPress/5.9.16; https://dev.hmfcc.com"
143.244.186.38 - - [20/Aug/2026:23:55:07 -0400] "GET / HTTP/1.1" 200 20 "-" "Mozilla/5.0 (X11; Linux x86_64; rv:142.0) Gecko/20100101 Firefox/142.0"
69.39.225.240 - - [21/Aug/2026:00:43:24 -0400] "POST /wp-cron.php?doing_wp_cron=1787287404.8897430896759033203125 HTTP/1.1" 200 20 "-" "WordPress/7.1; https://hmfcc.com"
158.173.241.54 - - [21/Aug/2026:00:43:24 -0400] "GET / HTTP/1.0" 200 - "http://hmfcc.com/" "Mozilla/5.0 (Windows NT 10.0; Win64; x64) AppleWebKit/537.36 (KHTML, like Gecko) Chrome/131.0.0.0 Safari/537.36"
69.39.225.240 - - [21/Aug/2026:00:46:12 -0400] "POST /wp-cron.php?doing_wp_cron=1787287572.8485360145568847656250 HTTP/1.1" 200 20 "-" "WordPress/7.1; https://hmfcc.com"
151.48.10.180 - - [21/Aug/2026:00:46:11 -0400] "GET / HTTP/1.1" 200 20 "-" "Mozilla/5.0 (Windows NT 10.0; Win64; x64) AppleWebKit/537.36 (KHTML, like Gecko) Chrome/133.0.0.0 Safari/537.36"
69.39.225.240 - - [21/Aug/2026:01:15:45 -0400] "POST /wp-cron.php?doing_wp_cron=1787289345.0580689907073974609375 HTTP/1.1" 200 20 "-" "WordPress/7.1; https://hmfcc.com"
114.119.152.167 - - [21/Aug/2026:01:15:43 -0400] "GET /robots.txt HTTP/1.1" 200 20 "http://www.hmfcc.com/robots.txt" "Mozilla/5.0 (compatible;PetalBot;+https://webmaster.petalsearch.com/site/petalbot)"
69.39.225.240 - - [21/Aug/2026:01:24:57 -0400] "POST /wp-cron.php?doing_wp_cron=1787289897.2212440967559814453125 HTTP/1.1" 200 20 "-" "WordPress/7.1; https://hmfcc.com"
98.86.199.78 - - [21/Aug/2026:01:24:54 -0400] "GET /robots.txt HTTP/1.1" 200 20 "-" "Mozilla/5.0 (Macintosh; Intel Mac OS X 10_10_1) AppleWebKit/600.2.5 (KHTML, like Gecko) Version/8.0.2 Safari/600.2.5 (Gort)"
69.39.225.240 - - [21/Aug/2026:01:41:21 -0400] "POST /wp-cron.php?doing_wp_cron=1787290881.6597549915313720703125 HTTP/1.1" 200 20 "-" "WordPress/7.1; https://hmfcc.com"
192.178.4.5 - - [21/Aug/2026:01:41:20 -0400] "GET /index.php HTTP/1.1" 200 20 "-" "Mozilla/5.0 (Linux; Android 6.0.1; Nexus 5X Build/MMB29P) AppleWebKit/537.36 (KHTML, like Gecko) Chrome/151.0.7922.137 Mobile Safari/537.36 (compatible; Googlebot/2.1; +http://www.google.com/bot.html)"
69.39.225.240 - - [21/Aug/2026:03:11:22 -0400] "POST /wp-cron.php?doing_wp_cron=1787296282.3503890037536621093750 HTTP/1.1" 200 20 "-" "WordPress/7.1; https://hmfcc.com"
85.208.98.18 - - [21/Aug/2026:03:11:21 -0400] "GET /robots.txt HTTP/1.1" 200 20 "-" "Mozilla/5.0 (compatible; SemrushBot; +http://www.semrush.com/bot.html)"
69.39.225.240 - - [21/Aug/2026:03:21:19 -0400] "POST /wp-cron.php?doing_wp_cron=1787296879.3460700511932373046875 HTTP/1.1" 200 20 "-" "WordPress/7.1; https://hmfcc.com"
3.215.197.210 - - [21/Aug/2026:03:21:18 -0400] "GET /robots.txt HTTP/1.1" 200 20 "-" "Mozilla/5.0 (Macintosh; Intel Mac OS X 10_10_1) AppleWebKit/600.2.5 (KHTML, like Gecko) Version/8.0.2 Safari/600.2.5 (Gort)"
69.39.225.240 - - [21/Aug/2026:03:55:56 -0400] "POST /wp-cron.php?doing_wp_cron=1787298956.0793609619140625000000 HTTP/1.1" 200 20 "-" "WordPress/7.1; https://hmfcc.com"
109.149.105.151 - - [21/Aug/2026:03:55:54 -0400] "GET /robots.txt HTTP/1.1" 200 20 "-" "DirectoryOS-ResearchBot/1.0 (+https://thedma.co.uk/contact/)"
109.149.105.151 - - [21/Aug/2026:03:55:58 -0400] "GET / HTTP/1.1" 200 20 "-" "DirectoryOS-ResearchBot/1.0 (+https://thedma.co.uk/contact/)"
47.89.129.126 - - [21/Aug/2026:04:02:40 -0400] "GET / HTTP/1.1" 200 20 "-" "Mozilla/5.0 (iPhone; CPU iPhone OS 13_2_3 like Mac OS X) AppleWebKit/605.1.15 (KHTML, like Gecko) Version/13.0.3 Mobile/15E148 Safari/604.1"
69.39.225.240 - - [21/Aug/2026:04:30:23 -0400] "POST /wp-cron.php?doing_wp_cron=1787301023.9568579196929931640625 HTTP/1.1" 200 20 "-" "WordPress/7.1; https://hmfcc.com"
54.187.201.96 - - [21/Aug/2026:04:30:23 -0400] "GET / HTTP/1.1" 200 20 "-" "Mozilla/5.0 (Windows NT 10.0; Win64; x64) AppleWebKit/537.36 (KHTML, like Gecko) Chrome/113.0.0.0 Safari/537.36"
146.247.233.7 - - [21/Aug/2026:05:05:13 -0400] "GET / HTTP/1.1" 200 20 "-" "Mozilla/5.0 (X11; CrOS x86_64 14541.0.0) AppleWebKit/537.36 (KHTML, like Gecko) Chrome/121.0.0.0 Safari/537.3"
69.39.225.240 - - [21/Aug/2026:05:07:23 -0400] "POST /wp-cron.php?doing_wp_cron=1787303243.3722798824310302734375 HTTP/1.1" 200 20 "-" "WordPress/7.1; https://hmfcc.com"
43.153.87.54 - - [21/Aug/2026:05:07:22 -0400] "GET / HTTP/1.1" 200 20 "-" "Mozilla/5.0 (iPhone; CPU iPhone OS 13_2_3 like Mac OS X) AppleWebKit/605.1.15 (KHTML, like Gecko) Version/13.0.3 Mobile/15E148 Safari/604.1"
69.39.225.240 - - [21/Aug/2026:05:20:04 -0400] "POST /wp-cron.php?doing_wp_cron=1787304004.5407800674438476562500 HTTP/1.1" 200 20 "-" "WordPress/7.1; https://hmfcc.com"
45.157.112.142 - - [21/Aug/2026:05:20:03 -0400] "GET / HTTP/1.1" 200 20 "-" "Mozilla/5.0 (Macintosh; Intel Mac OS X 10_15_7) AppleWebKit/537.36 (KHTML, like Gecko) Chrome/125.0.0.0 Safari/537.36"
69.39.225.240 - - [21/Aug/2026:06:15:29 -0400] "POST /wp-cron.php?doing_wp_cron=1787307329.4818940162658691406250 HTTP/1.1" 200 20 "-" "WordPress/7.1; https://hmfcc.com"
101.47.20.197 - - [21/Aug/2026:06:15:27 -0400] "GET / HTTP/1.1" 200 20 "-" "Mozilla/5.0 (Windows NT 10.0; Win64; x64) AppleWebKit/537.36 (KHTML, like Gecko) Chrome/106.0.5249.119 Safari/537.36"
69.39.225.240 - - [21/Aug/2026:06:55:36 -0400] "POST /wp-cron.php?doing_wp_cron=1787309736.1393949985504150390625 HTTP/1.1" 200 20 "-" "WordPress/7.1; https://hmfcc.com"
51.68.111.207 - - [21/Aug/2026:06:55:35 -0400] "GET /robots.txt HTTP/1.1" 200 20 "-" "Mozilla/5.0 (compatible; MJ12bot/v2.0.5; http://mj12bot.com/)"
51.68.111.207 - - [21/Aug/2026:06:55:39 -0400] "GET / HTTP/1.1" 200 20 "-" "Mozilla/5.0 (compatible; MJ12bot/v2.0.5; http://mj12bot.com/)"
37.48.70.204 - - [21/Aug/2026:07:11:39 -0400] "GET / HTTP/1.1" 200 20 "-" "Mozilla/5.0 (compatible; SectorBot/1.0; +https://serdartorun.dev/bot) AppleWebKit/537.36 (KHTML, like Gecko) Chrome/124 Safari/537.36"
69.39.225.240 - - [21/Aug/2026:07:18:05 -0400] "POST /wp-cron.php?doing_wp_cron=1787311085.7531700134277343750000 HTTP/1.1" 200 20 "-" "WordPress/7.1; https://hmfcc.com"
103.65.236.109 - - [21/Aug/2026:07:18:05 -0400] "GET /sftp-config.json HTTP/1.1" 200 20 "-" "Mozilla/5.0 (Macintosh; Intel Mac OS X 10.15; rv:77.0) Gecko/20100101 Firefox/77.0"
103.65.236.109 - - [21/Aug/2026:07:18:08 -0400] "GET /.vscode/sftp.json HTTP/1.1" 200 20 "-" "Mozilla/5.0 (Macintosh; Intel Mac OS X 10.15; rv:77.0) Gecko/20100101 Firefox/77.0"
168.107.94.195 - - [21/Aug/2026:07:19:20 -0400] "GET / HTTP/1.1" 200 20 "-" "Mozilla/5.0 (Macintosh; Intel Mac OS X 12_6_2) AppleWebKit/605.1.15 (KHTML, like Gecko) Version/17.1 Safari/605.1.15"
69.39.225.240 - - [21/Aug/2026:07:29:40 -0400] "POST /wp-cron.php?doing_wp_cron=1787311780.3222379684448242187500 HTTP/1.1" 200 20 "-" "WordPress/7.1; https://hmfcc.com"
158.173.67.59 - - [21/Aug/2026:07:29:39 -0400] "GET /.git/config HTTP/1.1" 200 20 "-" "Go-http-client/1.1"
130.210.49.141 - - [21/Aug/2026:07:54:23 -0400] "GET /wp-content/plugins/pods/readme.txt HTTP/1.1" 200 20 "-" "Mozilla/5.0 (Macintosh; Intel Mac OS X 10_15_7) AppleWebKit/537.36 (KHTML, like Gecko) Chrome/124.0.0.0 Safari/537.36"
130.210.49.141 - - [21/Aug/2026:07:54:25 -0400] "GET /wp-content/plugins/pods/init.php HTTP/1.1" 403 199 "-" "Mozilla/5.0 (Macintosh; Intel Mac OS X 10_15_7) AppleWebKit/537.36 (KHTML, like Gecko) Chrome/124.0.0.0 Safari/537.36"
72.13.62.3 - - [21/Aug/2026:07:57:56 -0400] "GET /robots.txt HTTP/1.1" 200 20 "-" "Mozilla/5.0 (compatible; ips-agent)"
72.13.62.3 - - [21/Aug/2026:07:58:01 -0400] "GET / HTTP/1.1" 200 20 "-" "Mozilla/5.0 (compatible; ips-agent)"
69.39.225.240 - - [21/Aug/2026:08:01:12 -0400] "POST /wp-cron.php?doing_wp_cron=1787313672.6501259803771972656250 HTTP/1.1" 200 20 "-" "WordPress/7.1; https://hmfcc.com"
163.172.155.73 - - [21/Aug/2026:08:01:11 -0400] "GET / HTTP/1.1" 200 20 "-" "Mozilla/5.0 (Macintosh; Intel Mac OS X 14_4_1) AppleWebKit/605.1.15 (KHTML, like Gecko) Version/17.3.1 Safari/605.1.15"
69.39.225.240 - - [21/Aug/2026:08:45:35 -0400] "POST /wp-cron.php?doing_wp_cron=1787316335.1153891086578369140625 HTTP/1.1" 200 20 "-" "WordPress/7.1; https://hmfcc.com"
47.128.49.133 - - [21/Aug/2026:08:45:34 -0400] "GET /robots.txt HTTP/1.1" 200 - "-" "Mozilla/5.0 (iPhone; CPU iPhone OS 7_1_2 like Mac OS X) AppleWebKit/537.36 (KHTML, like Gecko) Version/7.0 Mobile Safari/537.36 (compatible; Bytespider; https://bytedance.sg.larkoffice.com/docx/K5bxdypulop3IIxrJb0lOjLVgFe)"
35.89.95.206 - - [21/Aug/2026:08:54:05 -0400] "GET / HTTP/1.1" 200 20 "-" "Mozilla/5.0 (Windows NT 10.0; Win64; x64) AppleWebKit/537.36 (KHTML, like Gecko) Chrome/113.0.0.0 Safari/537.36"
43.165.198.5 - - [21/Aug/2026:09:14:41 -0400] "GET / HTTP/1.1" 200 20 "-" "Mozilla/5.0 (iPhone; CPU iPhone OS 13_2_3 like Mac OS X) AppleWebKit/605.1.15 (KHTML, like Gecko) Version/13.0.3 Mobile/15E148 Safari/604.1"
173.252.107.39 - - [21/Aug/2026:09:25:35 -0400] "GET /robots.txt HTTP/1.1" 200 20 "-" "facebookexternalhit/1.1 (+http://www.facebook.com/externalhit_uatext.php)"
173.252.107.29 - - [21/Aug/2026:09:25:37 -0400] "GET /robots.txt HTTP/1.1" 200 20 "-" "facebookexternalhit/1.1 (+http://www.facebook.com/externalhit_uatext.php)"
173.252.87.51 - - [21/Aug/2026:09:25:37 -0400] "GET /meta.json HTTP/1.1" 200 - "-" "facebookexternalhit/1.1 (+http://www.facebook.com/externalhit_uatext.php)"
69.39.225.240 - - [21/Aug/2026:10:06:53 -0400] "POST /wp-cron.php?doing_wp_cron=1787321213.8895559310913085937500 HTTP/1.1" 200 20 "http://dev.hmfcc.com/wp-cron.php?doing_wp_cron=1787321213.8895559310913085937500" "WordPress/5.9.16; https://dev.hmfcc.com"
158.173.67.226 - - [21/Aug/2026:10:06:53 -0400] "GET / HTTP/1.1" 200 - "-" "-"
107.141.140.105 - - [21/Aug/2026:10:11:28 -0400] "GET / HTTP/1.1" 200 20 "https://www.bing.com/" "Mozilla/5.0 (Windows NT 10.0; Win64; x64) AppleWebKit/537.36 (KHTML, like Gecko) Chrome/151.0.0.0 Safari/537.36 Edg/151.0.0.0"
69.39.225.240 - - [21/Aug/2026:10:36:48 -0400] "POST /wp-cron.php?doing_wp_cron=1787323008.9155290126800537109375 HTTP/1.1" 200 20 "-" "WordPress/7.1; https://hmfcc.com"
52.5.64.200 - - [21/Aug/2026:10:36:42 -0400] "GET /robots.txt HTTP/1.1" 200 20 "-" "Mozilla/5.0 (Macintosh; Intel Mac OS X 10_10_1) AppleWebKit/600.2.5 (KHTML, like Gecko) Version/8.0.2 Safari/600.2.5 (Gort)"
69.39.225.240 - - [21/Aug/2026:11:07:18 -0400] "POST /wp-cron.php?doing_wp_cron=1787324838.1049098968505859375000 HTTP/1.1" 200 20 "-" "WordPress/7.1; https://hmfcc.com"
192.178.4.4 - - [21/Aug/2026:11:07:17 -0400] "GET /index.php HTTP/1.1" 200 20 "-" "Mozilla/5.0 (Linux; Android 6.0.1; Nexus 5X Build/MMB29P) AppleWebKit/537.36 (KHTML, like Gecko) Chrome/151.0.7922.137 Mobile Safari/537.36 (compatible; Googlebot/2.1; +http://www.google.com/bot.html)"
192.178.4.3 - - [21/Aug/2026:11:13:21 -0400] "GET /ads.txt HTTP/1.1" 200 20 "-" "Mozilla/5.0 (compatible; Googlebot/2.1; +http://www.google.com/bot.html)"
69.39.225.240 - - [21/Aug/2026:11:35:21 -0400] "POST /wp-cron.php?doing_wp_cron=1787326521.1647689342498779296875 HTTP/1.1" 200 20 "http://dev.hmfcc.com/wp-cron.php?doing_wp_cron=1787326521.1647689342498779296875" "WordPress/5.9.16; https://dev.hmfcc.com"
147.182.234.89 - - [21/Aug/2026:11:35:20 -0400] "GET / HTTP/1.1" 200 20 "-" "Mozilla/5.0 (X11; Linux x86_64; rv:142.0) Gecko/20100101 Firefox/142.0"
69.39.225.240 - - [21/Aug/2026:11:45:29 -0400] "POST /wp-cron.php?doing_wp_cron=1787327129.5342149734497070312500 HTTP/1.1" 200 20 "-" "WordPress/7.1; https://hmfcc.com"
99.74.3.162 - - [21/Aug/2026:11:45:26 -0400] "GET / HTTP/1.1" 200 20 "https://www.google.com/" "Mozilla/5.0 (iPhone; CPU iPhone OS 26_6_1 like Mac OS X) AppleWebKit/605.1.15 (KHTML, like Gecko) GSA/433.5.957829776 Mobile/15E148 Safari/604.1"
69.39.225.240 - - [21/Aug/2026:11:49:23 -0400] "POST /wp-cron.php?doing_wp_cron=1787327363.7904639244079589843750 HTTP/1.1" 200 20 "-" "WordPress/7.1; https://hmfcc.com"
172.56.97.76 - - [21/Aug/2026:11:49:18 -0400] "GET / HTTP/1.1" 200 20 "https://www.google.com/" "Mozilla/5.0 (iPhone; CPU iPhone OS 26_6_0 like Mac OS X) AppleWebKit/605.1.15 (KHTML, like Gecko) CriOS/151.0.7922.112 Mobile/15E148 Safari/604.1"
172.56.97.76 - - [21/Aug/2026:11:49:19 -0400] "GET / HTTP/1.1" 200 20 "https://www.google.com/" "Mozilla/5.0 (iPhone; CPU iPhone OS 26_6_0 like Mac OS X) AppleWebKit/605.1.15 (KHTML, like Gecko) CriOS/151.0.7922.112 Mobile/15E148 Safari/604.1"
69.39.225.240 - - [21/Aug/2026:12:41:09 -0400] "POST /wp-cron.php?doing_wp_cron=1787330469.1751139163970947265625 HTTP/1.1" 200 20 "-" "WordPress/7.1; https://hmfcc.com"
43.163.86.65 - - [21/Aug/2026:12:41:08 -0400] "GET / HTTP/1.1" 200 20 "-" "Mozilla/5.0 (iPhone; CPU iPhone OS 13_2_3 like Mac OS X) AppleWebKit/605.1.15 (KHTML, like Gecko) Version/13.0.3 Mobile/15E148 Safari/604.1"
69.39.225.240 - - [21/Aug/2026:13:01:53 -0400] "POST /wp-cron.php?doing_wp_cron=1787331713.3089931011199951171875 HTTP/1.1" 200 20 "-" "WordPress/7.1; https://hmfcc.com"
62.221.90.88 - - [21/Aug/2026:13:01:52 -0400] "GET / HTTP/1.1" 200 20 "-" "Mozilla/5.0 (Windows NT 10.0; Win64; x64) AppleWebKit/537.36 (KHTML, like Gecko) Chrome/106.0.5249.119 Safari/537.36"
20.40.252.96 - - [21/Aug/2026:13:12:44 -0400] "POST /wp-json/batch/v1 HTTP/1.1" 403 199 "-" "Mozilla/5.0"
20.40.252.96 - - [21/Aug/2026:13:13:03 -0400] "POST /?rest_route=/batch/v1 HTTP/1.1" 403 199 "-" "Mozilla/5.0"
20.40.252.96 - - [21/Aug/2026:13:13:21 -0400] "POST / HTTP/1.1" 200 17008 "-" "Mozilla/5.0"
20.40.252.96 - - [21/Aug/2026:13:15:13 -0400] "POST /wp-json/batch/v1 HTTP/1.1" 403 199 "-" "Mozilla/5.0"
20.40.252.96 - - [21/Aug/2026:13:15:33 -0400] "POST /?rest_route=/batch/v1 HTTP/1.1" 403 199 "-" "Mozilla/5.0"
20.40.252.96 - - [21/Aug/2026:13:15:56 -0400] "POST /?rest_route=/batch/v1 HTTP/1.1" 403 199 "-" "Mozilla/5.0"
20.40.252.96 - - [21/Aug/2026:13:16:16 -0400] "POST / HTTP/1.1" 200 17008 "-" "Mozilla/5.0"
20.40.252.96 - - [21/Aug/2026:13:18:05 -0400] "POST /wp-json/batch/v1 HTTP/1.1" 403 199 "-" "Mozilla/5.0"
20.40.252.96 - - [21/Aug/2026:13:18:25 -0400] "POST /?rest_route=/batch/v1 HTTP/1.1" 403 199 "-" "Mozilla/5.0"
20.40.252.96 - - [21/Aug/2026:13:18:40 -0400] "POST / HTTP/1.1" 200 17008 "-" "Mozilla/5.0"
69.39.225.240 - - [21/Aug/2026:13:42:40 -0400] "POST /wp-cron.php?doing_wp_cron=1787334160.4303040504455566406250 HTTP/1.1" 200 20 "-" "WordPress/7.1; https://hmfcc.com"
107.141.140.105 - - [21/Aug/2026:13:42:39 -0400] "GET / HTTP/1.1" 200 20 "https://www.bing.com/" "Mozilla/5.0 (Windows NT 10.0; Win64; x64) AppleWebKit/537.36 (KHTML, like Gecko) Chrome/151.0.0.0 Safari/537.36 Edg/151.0.0.0"
150.251.225.109 - - [21/Aug/2026:13:58:09 -0400] "GET /wp-content/plugins/fix/up.php HTTP/1.1" 403 199 "-" "Mozilla/5.0"
69.39.225.240 - - [21/Aug/2026:14:06:34 -0400] "POST /wp-cron.php?doing_wp_cron=1787335594.9246559143066406250000 HTTP/1.1" 200 20 "http://dev.hmfcc.com/wp-cron.php?doing_wp_cron=1787335594.9246559143066406250000" "WordPress/5.9.16; https://dev.hmfcc.com"
45.132.195.130 - - [21/Aug/2026:14:06:34 -0400] "GET / HTTP/1.1" 200 20 "-" "Mozilla/5.0 (Macintosh; Intel Mac OS X 10_15_7) AppleWebKit/537.36 (KHTML, like Gecko) Chrome/125.0.0.0 Safari/537.36"
69.39.225.240 - - [21/Aug/2026:14:33:03 -0400] "POST /wp-cron.php?doing_wp_cron=1787337183.3534049987792968750000 HTTP/1.1" 200 20 "-" "WordPress/7.1; https://hmfcc.com"
152.163.205.191 - - [21/Aug/2026:14:33:02 -0400] "GET /robots.txt HTTP/1.1" 200 20 "-" "Mozilla/5.0 (compatible; ExaSearchBot/1.0; +https://crawler.exa.ai/)"
161.123.130.251 - - [21/Aug/2026:14:35:15 -0400] "GET /images/Medical_Symptoms_Quest.pdf HTTP/1.1" 200 20 "-" "Mozilla/5.0 (compatible; Googlebot/2.1; +http://www.google.com/bot.html)"
20.151.141.175 - - [21/Aug/2026:15:21:43 -0400] "GET /wp-content/plugins/fix/up.php HTTP/1.1" 403 199 "-" "Mozilla/5.0"
114.119.129.92 - - [21/Aug/2026:15:26:54 -0400] "GET /robots.txt HTTP/1.1" 200 20 "http://hmfcc.com/robots.txt" "Mozilla/5.0 (compatible;PetalBot;+https://webmaster.petalsearch.com/site/petalbot)"
69.39.225.240 - - [21/Aug/2026:15:49:39 -0400] "POST /wp-cron.php?doing_wp_cron=1787341779.6275739669799804687500 HTTP/1.1" 200 20 "-" "WordPress/7.1; https://hmfcc.com"
45.154.155.25 - - [21/Aug/2026:15:49:38 -0400] "GET / HTTP/1.1" 200 - "-" "Mozilla/5.0 (Windows NT 10.0; Win64; x64) AppleWebKit/537.36 (KHTML, like Gecko) Chrome/95.0.4638.69 Safari/537.36"
173.255.246.65 - - [21/Aug/2026:16:11:01 -0400] "HEAD /backup/ HTTP/1.1" 200 - "-" "Mozilla/5.0 (Windows NT 10.0; WOW64) AppleWebKit/537.36 (KHTML, like Gecko) Chrome/118.0.5993.90 Safari/537.36"
173.255.246.65 - - [21/Aug/2026:16:11:03 -0400] "HEAD /old/ HTTP/1.1" 200 - "-" "Mozilla/5.0 (Windows NT 10.0; Win64; x64) AppleWebKit/537.36 (KHTML, like Gecko) Chrome/125.0.6422.112 Safari/537.36 Brave/1.63.120"
173.255.246.65 - - [21/Aug/2026:16:11:04 -0400] "HEAD /blog/ HTTP/1.1" 200 - "-" "Mozilla/5.0 (Windows NT 10.0; WOW64) AppleWebKit/537.36 (KHTML, like Gecko) Chrome/118.0.5993.90 Safari/537.36"
173.255.246.65 - - [21/Aug/2026:16:11:06 -0400] "HEAD /wordpress/ HTTP/1.1" 200 - "-" "Mozilla/5.0 (Linux; Android 10; vivo 1904) AppleWebKit/537.36 (KHTML, like Gecko) Chrome/117.0.5938.60 Mobile Safari/537.36"
173.255.246.65 - - [21/Aug/2026:16:11:07 -0400] "HEAD /wp/ HTTP/1.1" 200 - "-" "Mozilla/5.0 (Windows NT 10.0; WOW64) AppleWebKit/537.36 (KHTML, like Gecko) Chrome/118.0.5993.90 Safari/537.36"
173.255.246.65 - - [21/Aug/2026:16:11:09 -0400] "HEAD /new/ HTTP/1.1" 200 - "-" "Mozilla/5.0 (Linux; Android 13; Infinix X688B) AppleWebKit/537.36 (KHTML, like Gecko) Chrome/124.0.6367.48 Mobile Safari/537.36"
173.255.246.65 - - [21/Aug/2026:16:11:10 -0400] "HEAD / HTTP/1.1" 200 - "-" "Mozilla/5.0 (Linux; Android 13; Infinix X688B) AppleWebKit/537.36 (KHTML, like Gecko) Chrome/124.0.6367.48 Mobile Safari/537.36"
69.39.225.240 - - [21/Aug/2026:16:39:40 -0400] "POST /wp-cron.php?doing_wp_cron=1787344780.9168629646301269531250 HTTP/1.1" 200 20 "-" "WordPress/7.1; https://hmfcc.com"
35.195.119.58 - - [21/Aug/2026:16:39:40 -0400] "GET / HTTP/1.1" 200 20 "-" "Mozilla/5.0 (Windows NT 10.0; Win64; x64) AppleWebKit/537.36 (KHTML, like Gecko) Chrome/84.0.4147.105 Safari/537.36"
69.39.225.240 - - [21/Aug/2026:16:57:38 -0400] "POST /wp-cron.php?doing_wp_cron=1787345858.3803238868713378906250 HTTP/1.1" 200 20 "-" "WordPress/7.1; https://hmfcc.com"
34.76.146.130 - - [21/Aug/2026:16:57:37 -0400] "GET / HTTP/1.1" 200 20 "-" "Mozilla/5.0 (Windows NT 10.0; Win64; x64) AppleWebKit/537.36 (KHTML, like Gecko) Chrome/84.0.4147.105 Safari/537.36"
69.39.225.240 - - [21/Aug/2026:17:01:51 -0400] "POST /wp-cron.php?doing_wp_cron=1787346111.1997001171112060546875 HTTP/1.1" 200 20 "-" "WordPress/7.1; https://hmfcc.com"
172.235.51.95 - - [21/Aug/2026:17:01:50 -0400] "HEAD /backup/ HTTP/1.1" 200 - "-" "Mozilla/5.0 (Macintosh; Intel Mac OS X 14_5) AppleWebKit/605.1.15 (KHTML, like Gecko) Version/17.5 Safari/605.1.15"
172.235.51.95 - - [21/Aug/2026:17:01:53 -0400] "HEAD /wp/ HTTP/1.1" 200 - "-" "Mozilla/5.0 (Windows NT 10.0; WOW64) AppleWebKit/537.36 (KHTML, like Gecko) Chrome/118.0.5993.90 Safari/537.36"
172.235.51.95 - - [21/Aug/2026:17:01:55 -0400] "HEAD /new/ HTTP/1.1" 200 - "-" "Mozilla/5.0 (X11; Linux x86_64) AppleWebKit/537.36 (KHTML, like Gecko) Chrome/125.0.6422.76 Safari/537.36"
172.235.51.95 - - [21/Aug/2026:17:01:57 -0400] "HEAD /wordpress/ HTTP/1.1" 200 - "-" "Mozilla/5.0 (Linux; Android 11; moto g31) AppleWebKit/537.36 (KHTML, like Gecko) Chrome/122.0.6261.96 Mobile Safari/537.36"
172.235.51.95 - - [21/Aug/2026:17:01:59 -0400] "HEAD / HTTP/1.1" 200 - "-" "Mozilla/5.0 (Windows NT 10.0; Win64; x64; rv:127.0) Gecko/20100101 Firefox/127.0"
172.235.51.95 - - [21/Aug/2026:17:02:02 -0400] "HEAD /old/ HTTP/1.1" 200 - "-" "Mozilla/5.0 (Linux; Android 14; OnePlus 12) AppleWebKit/537.36 (KHTML, like Gecko) Chrome/125.0.6422.102 Mobile Safari/537.36"
172.235.51.95 - - [21/Aug/2026:17:02:05 -0400] "HEAD /blog/ HTTP/1.1" 200 - "-" "Mozilla/5.0 (X11; Linux x86_64; rv:127.0) Gecko/20100101 Firefox/127.0"
69.39.225.240 - - [21/Aug/2026:17:06:51 -0400] "POST /wp-cron.php?doing_wp_cron=1787346411.5931720733642578125000 HTTP/1.1" 200 20 "-" "WordPress/7.1; https://hmfcc.com"
34.22.218.21 - - [21/Aug/2026:17:06:50 -0400] "GET / HTTP/1.1" 200 20 "-" "Mozilla/5.0 (Windows NT 10.0; Win64; x64) AppleWebKit/537.36 (KHTML, like Gecko) Chrome/84.0.4147.105 Safari/537.36"
69.39.225.240 - - [21/Aug/2026:17:11:12 -0400] "POST /wp-cron.php?doing_wp_cron=1787346672.8587679862976074218750 HTTP/1.1" 200 20 "-" "WordPress/7.1; https://hmfcc.com"
35.205.163.228 - - [21/Aug/2026:17:11:11 -0400] "GET / HTTP/1.1" 200 20 "-" "Mozilla/5.0 (Windows NT 10.0; Win64; x64) AppleWebKit/537.36 (KHTML, like Gecko) Chrome/84.0.4147.105 Safari/537.36"
35.205.163.228 - - [21/Aug/2026:17:11:25 -0400] "GET / HTTP/1.1" 200 20 "-" "Mozilla/5.0 (Windows NT 10.0; Win64; x64) AppleWebKit/537.36 (KHTML, like Gecko) Chrome/84.0.4147.105 Safari/537.36"
35.205.163.228 - - [21/Aug/2026:17:12:13 -0400] "GET / HTTP/1.1" 200 20 "-" "Mozilla/5.0 (Windows NT 10.0; Win64; x64) AppleWebKit/537.36 (KHTML, like Gecko) Chrome/84.0.4147.105 Safari/537.36"
35.205.163.228 - - [21/Aug/2026:17:13:07 -0400] "GET / HTTP/1.1" 200 20 "-" "Mozilla/5.0 (Windows NT 10.0; Win64; x64) AppleWebKit/537.36 (KHTML, like Gecko) Chrome/84.0.4147.105 Safari/537.36"
69.39.225.240 - - [21/Aug/2026:17:13:38 -0400] "POST /wp-cron.php?doing_wp_cron=1787346818.8794379234313964843750 HTTP/1.1" 200 20 "http://dev.hmfcc.com/wp-cron.php?doing_wp_cron=1787346818.8794379234313964843750" "WordPress/5.9.16; https://dev.hmfcc.com"
