44.206.32.82 - - [17/Aug/2026:06:23:56 -0400] "GET /wp-content/uploads/2025/06/NDCP1-600x600.png HTTP/1.1" 200 60886 "https://www.biotechprocleaners.com/product/trash-bin-cleaner/?attribute_pa_size=1-g" "Mozilla/5.0 (X11; Linux x86_64) AppleWebKit/537.36 (KHTML, like Gecko) Chrome/148.0.0.0 Safari/537.36 Edg/148.0.0.0"
44.199.161.154 - - [17/Aug/2026:06:23:56 -0400] "GET /wp-content/uploads/2024/02/cropped-BTP-Favicon-32x32.png HTTP/1.1" 200 2150 "https://www.biotechprocleaners.com/product/trash-bin-cleaner/?attribute_pa_size=1-g" "Mozilla/5.0 (X11; Linux x86_64) AppleWebKit/537.36 (KHTML, like Gecko) Chrome/148.0.0.0 Safari/537.36 Edg/148.0.0.0"
44.206.32.82 - - [17/Aug/2026:06:23:56 -0400] "GET /wp-content/uploads/2025/06/NDCP1.png HTTP/1.1" 200 2874719 "https://www.biotechprocleaners.com/product/trash-bin-cleaner/?attribute_pa_size=1-g" "Mozilla/5.0 (X11; Linux x86_64) AppleWebKit/537.36 (KHTML, like Gecko) Chrome/148.0.0.0 Safari/537.36 Edg/148.0.0.0"
52.54.249.162 - - [17/Aug/2026:06:23:56 -0400] "GET /wp-content/uploads/2023/08/contact-banner-e1693332327962.png HTTP/1.1" 200 879119 "https://www.biotechprocleaners.com/product/disinfectant-cleaner/?attribute_size=20+L" "Mozilla/5.0 (Macintosh; Intel Mac OS X 10_15_7) AppleWebKit/537.36 (KHTML, like Gecko) Chrome/148.0.0.0 Safari/537.36"
100.50.142.119 - - [17/Aug/2026:06:23:56 -0400] "GET /wp-content/uploads/2023/08/contact-banner-1-e1693332912555.png HTTP/1.1" 200 860863 "https://www.biotechprocleaners.com/product/disinfectant-cleaner/?attribute_size=20+L" "Mozilla/5.0 (Macintosh; Intel Mac OS X 10_15_7) AppleWebKit/537.36 (KHTML, like Gecko) Chrome/148.0.0.0 Safari/537.36"
100.29.182.182 - - [17/Aug/2026:06:23:51 -0400] "GET /wp-json/contact-form-7/v1/contact-forms/1081/refill HTTP/1.1" 200 22 "https://www.biotechprocleaners.com/product/high-performance-surface-degreaser/?attribute_pa_size=750ml" "Mozilla/5.0 (X11; Linux x86_64) AppleWebKit/537.36 (KHTML, like Gecko) Chrome/148.0.0.0 Safari/537.36 Edg/148.0.0.0"
54.163.142.183 - - [17/Aug/2026:06:23:51 -0400] "GET /wp-content/themes/amwerk-child/custom-slider.css?ver=7.0.4 HTTP/1.1" 200 39520 "https://www.biotechprocleaners.com/product/food-desinfectant-degreaser-cleaner/?attribute_size=20+L" "Mozilla/5.0 (X11; Linux x86_64) AppleWebKit/537.36 (KHTML, like Gecko) Chrome/148.0.0.0 Safari/537.36 Edg/148.0.0.0"
54.163.142.183 - - [17/Aug/2026:06:23:56 -0400] "GET /wp-content/plugins/woocommerce/assets/js/jquery-blockui/jquery.blockUI.min.js?ver=2.7.0-wc.10.2.4 HTTP/1.1" 200 3537 "https://www.biotechprocleaners.com/product/food-desinfectant-degreaser-cleaner/?attribute_size=20+L" "Mozilla/5.0 (X11; Linux x86_64) AppleWebKit/537.36 (KHTML, like Gecko) Chrome/148.0.0.0 Safari/537.36 Edg/148.0.0.0"
89.124.117.23 - - [17/Aug/2026:06:23:50 -0400] "POST / HTTP/1.0" 200 470705 "https://www.biotechprocleaners.com/" "Mozilla/5.0 (Windows NT 10.0; Win64; x64) AppleWebKit/537.36 (KHTML, like Gecko) Chrome/131.0.0.0 Safari/537.36"
54.163.142.183 - - [17/Aug/2026:06:23:56 -0400] "GET /wp-content/plugins/woocommerce/assets/js/frontend/add-to-cart.min.js?ver=10.2.4 HTTP/1.1" 200 1368 "https://www.biotechprocleaners.com/product/food-desinfectant-degreaser-cleaner/?attribute_size=20+L" "Mozilla/5.0 (X11; Linux x86_64) AppleWebKit/537.36 (KHTML, like Gecko) Chrome/148.0.0.0 Safari/537.36 Edg/148.0.0.0"
50.19.47.228 - - [17/Aug/2026:06:23:56 -0400] "GET /wp-content/plugins/woocommerce/assets/js/photoswipe/photoswipe.min.js?ver=4.1.1-wc.10.2.4 HTTP/1.1" 200 12042 "https://www.biotechprocleaners.com/product/food-desinfectant-degreaser-cleaner/?attribute_size=20+L" "Mozilla/5.0 (X11; Linux x86_64) AppleWebKit/537.36 (KHTML, like Gecko) Chrome/148.0.0.0 Safari/537.36 Edg/148.0.0.0"
50.19.47.228 - - [17/Aug/2026:06:23:56 -0400] "GET /wp-content/plugins/woocommerce/assets/js/zoom/jquery.zoom.min.js?ver=1.7.21-wc.10.2.4 HTTP/1.1" 200 1192 "https://www.biotechprocleaners.com/product/food-desinfectant-degreaser-cleaner/?attribute_size=20+L" "Mozilla/5.0 (X11; Linux x86_64) AppleWebKit/537.36 (KHTML, like Gecko) Chrome/148.0.0.0 Safari/537.36 Edg/148.0.0.0"
44.208.210.193 - - [17/Aug/2026:06:23:56 -0400] "GET /wp-content/plugins/woocommerce/assets/js/photoswipe/photoswipe-ui-default.min.js?ver=4.1.1-wc.10.2.4 HTTP/1.1" 200 3674 "https://www.biotechprocleaners.com/product/food-desinfectant-degreaser-cleaner/?attribute_size=20+L" "Mozilla/5.0 (X11; Linux x86_64) AppleWebKit/537.36 (KHTML, like Gecko) Chrome/148.0.0.0 Safari/537.36 Edg/148.0.0.0"
50.19.47.228 - - [17/Aug/2026:06:23:56 -0400] "GET /wp-content/plugins/woocommerce/assets/js/frontend/single-product.min.js?ver=10.2.4 HTTP/1.1" 200 2917 "https://www.biotechprocleaners.com/product/food-desinfectant-degreaser-cleaner/?attribute_size=20+L" "Mozilla/5.0 (X11; Linux x86_64) AppleWebKit/537.36 (KHTML, like Gecko) Chrome/148.0.0.0 Safari/537.36 Edg/148.0.0.0"
44.208.210.193 - - [17/Aug/2026:06:23:56 -0400] "GET /wp-content/plugins/woocommerce/assets/js/js-cookie/js.cookie.min.js?ver=2.1.4-wc.10.2.4 HTTP/1.1" 200 833 "https://www.biotechprocleaners.com/product/food-desinfectant-degreaser-cleaner/?attribute_size=20+L" "Mozilla/5.0 (X11; Linux x86_64) AppleWebKit/537.36 (KHTML, like Gecko) Chrome/148.0.0.0 Safari/537.36 Edg/148.0.0.0"
54.163.142.183 - - [17/Aug/2026:06:23:56 -0400] "GET /wp-content/plugins/woocommerce/assets/js/frontend/woocommerce.min.js?ver=10.2.4 HTTP/1.1" 200 1474 "https://www.biotechprocleaners.com/product/food-desinfectant-degreaser-cleaner/?attribute_size=20+L" "Mozilla/5.0 (X11; Linux x86_64) AppleWebKit/537.36 (KHTML, like Gecko) Chrome/148.0.0.0 Safari/537.36 Edg/148.0.0.0"
44.208.210.193 - - [17/Aug/2026:06:23:56 -0400] "GET /wp-content/uploads/2024/02/Food-Industry.jpg HTTP/1.1" 200 68418 "https://www.biotechprocleaners.com/product/food-desinfectant-degreaser-cleaner/?attribute_size=20+L" "Mozilla/5.0 (X11; Linux x86_64) AppleWebKit/537.36 (KHTML, like Gecko) Chrome/148.0.0.0 Safari/537.36 Edg/148.0.0.0"
50.19.47.228 - - [17/Aug/2026:06:23:56 -0400] "GET /wp-content/uploads/2024/02/Logistics-Transportation.jpg HTTP/1.1" 200 219251 "https://www.biotechprocleaners.com/product/food-desinfectant-degreaser-cleaner/?attribute_size=20+L" "Mozilla/5.0 (X11; Linux x86_64) AppleWebKit/537.36 (KHTML, like Gecko) Chrome/148.0.0.0 Safari/537.36 Edg/148.0.0.0"
54.163.142.183 - - [17/Aug/2026:06:23:56 -0400] "GET /wp-content/uploads/2024/02/Corporate-Residential-Buildings.jpg HTTP/1.1" 200 107754 "https://www.biotechprocleaners.com/product/food-desinfectant-degreaser-cleaner/?attribute_size=20+L" "Mozilla/5.0 (X11; Linux x86_64) AppleWebKit/537.36 (KHTML, like Gecko) Chrome/148.0.0.0 Safari/537.36 Edg/148.0.0.0"
50.19.47.228 - - [17/Aug/2026:06:23:56 -0400] "GET /wp-content/uploads/2024/02/Hospitality-Industry.jpg HTTP/1.1" 200 84885 "https://www.biotechprocleaners.com/product/food-desinfectant-degreaser-cleaner/?attribute_size=20+L" "Mozilla/5.0 (X11; Linux x86_64) AppleWebKit/537.36 (KHTML, like Gecko) Chrome/148.0.0.0 Safari/537.36 Edg/148.0.0.0"
44.208.210.193 - - [17/Aug/2026:06:23:56 -0400] "GET /wp-content/uploads/2024/02/Recreational-Convention-Centers.jpg HTTP/1.1" 200 176455 "https://www.biotechprocleaners.com/product/food-desinfectant-degreaser-cleaner/?attribute_size=20+L" "Mozilla/5.0 (X11; Linux x86_64) AppleWebKit/537.36 (KHTML, like Gecko) Chrome/148.0.0.0 Safari/537.36 Edg/148.0.0.0"
44.208.210.193 - - [17/Aug/2026:06:23:57 -0400] "GET /wp-content/themes/amwerk/fonts/Icon7Stroke/Icon7Stroke.woff HTTP/1.1" 200 28526 "https://www.biotechprocleaners.com/product/food-desinfectant-degreaser-cleaner/?attribute_size=20+L" "Mozilla/5.0 (X11; Linux x86_64) AppleWebKit/537.36 (KHTML, like Gecko) Chrome/148.0.0.0 Safari/537.36 Edg/148.0.0.0"
50.19.47.228 - - [17/Aug/2026:06:23:57 -0400] "GET /wp-content/themes/amwerk/fonts/Charts/Charts.woff HTTP/1.1" 200 18429 "https://www.biotechprocleaners.com/product/food-desinfectant-degreaser-cleaner/?attribute_size=20+L" "Mozilla/5.0 (X11; Linux x86_64) AppleWebKit/537.36 (KHTML, like Gecko) Chrome/148.0.0.0 Safari/537.36 Edg/148.0.0.0"
50.19.47.228 - - [17/Aug/2026:06:23:57 -0400] "GET /wp-content/themes/amwerk/fonts/FontAwesome5Solid/FontAwesome5Solid.woff HTTP/1.1" 200 104027 "https://www.biotechprocleaners.com/product/food-desinfectant-degreaser-cleaner/?attribute_size=20+L" "Mozilla/5.0 (X11; Linux x86_64) AppleWebKit/537.36 (KHTML, like Gecko) Chrome/148.0.0.0 Safari/537.36 Edg/148.0.0.0"
44.208.210.193 - - [17/Aug/2026:06:23:57 -0400] "GET /wp-content/themes/amwerk/fonts/FontAwesome/FontAwesome.woff HTTP/1.1" 200 97913 "https://www.biotechprocleaners.com/product/food-desinfectant-degreaser-cleaner/?attribute_size=20+L" "Mozilla/5.0 (X11; Linux x86_64) AppleWebKit/537.36 (KHTML, like Gecko) Chrome/148.0.0.0 Safari/537.36 Edg/148.0.0.0"
50.19.47.228 - - [17/Aug/2026:06:23:57 -0400] "GET /wp-content/uploads/2024/06/down-arrow.png HTTP/1.1" 200 2054 "https://www.biotechprocleaners.com/wp-content/themes/amwerk-child/style.css?ver=1.0.0" "Mozilla/5.0 (X11; Linux x86_64) AppleWebKit/537.36 (KHTML, like Gecko) Chrome/148.0.0.0 Safari/537.36 Edg/148.0.0.0"
44.208.210.193 - - [17/Aug/2026:06:23:57 -0400] "GET /wp-content/uploads/2024/02/Government-Public-Sector.jpg HTTP/1.1" 200 157637 "https://www.biotechprocleaners.com/product/food-desinfectant-degreaser-cleaner/?attribute_size=20+L" "Mozilla/5.0 (X11; Linux x86_64) AppleWebKit/537.36 (KHTML, like Gecko) Chrome/148.0.0.0 Safari/537.36 Edg/148.0.0.0"
54.163.142.183 - - [17/Aug/2026:06:23:57 -0400] "GET /wp-content/themes/amwerk/fonts/Werkmann/Werkmann.woff HTTP/1.1" 200 75952 "https://www.biotechprocleaners.com/product/food-desinfectant-degreaser-cleaner/?attribute_size=20+L" "Mozilla/5.0 (X11; Linux x86_64) AppleWebKit/537.36 (KHTML, like Gecko) Chrome/148.0.0.0 Safari/537.36 Edg/148.0.0.0"
50.19.47.228 - - [17/Aug/2026:06:23:57 -0400] "GET /wp-content/uploads/2024/02/btp-Item-page-top-banner.jpg HTTP/1.1" 200 799173 "https://www.biotechprocleaners.com/product/food-desinfectant-degreaser-cleaner/?attribute_size=20+L" "Mozilla/5.0 (X11; Linux x86_64) AppleWebKit/537.36 (KHTML, like Gecko) Chrome/148.0.0.0 Safari/537.36 Edg/148.0.0.0"
44.208.210.193 - - [17/Aug/2026:06:23:57 -0400] "GET /wp-content/themes/amwerk/fonts/Amwerk/Amwerk.woff HTTP/1.1" 200 100552 "https://www.biotechprocleaners.com/product/food-desinfectant-degreaser-cleaner/?attribute_size=20+L" "Mozilla/5.0 (X11; Linux x86_64) AppleWebKit/537.36 (KHTML, like Gecko) Chrome/148.0.0.0 Safari/537.36 Edg/148.0.0.0"
50.19.47.228 - - [17/Aug/2026:06:23:57 -0400] "GET /wp-content/uploads/2024/02/Healthcare-Industry.jpg HTTP/1.1" 200 90794 "https://www.biotechprocleaners.com/product/food-desinfectant-degreaser-cleaner/?attribute_size=20+L" "Mozilla/5.0 (X11; Linux x86_64) AppleWebKit/537.36 (KHTML, like Gecko) Chrome/148.0.0.0 Safari/537.36 Edg/148.0.0.0"
54.163.142.183 - - [17/Aug/2026:06:23:57 -0400] "GET /wp-content/uploads/2024/02/Retail-Industry.jpg HTTP/1.1" 200 152861 "https://www.biotechprocleaners.com/product/food-desinfectant-degreaser-cleaner/?attribute_size=20+L" "Mozilla/5.0 (X11; Linux x86_64) AppleWebKit/537.36 (KHTML, like Gecko) Chrome/148.0.0.0 Safari/537.36 Edg/148.0.0.0"
44.208.210.193 - - [17/Aug/2026:06:23:57 -0400] "GET /wp-content/themes/amwerk-child/images/file-icon.png HTTP/1.1" 200 514 "https://www.biotechprocleaners.com/product/food-desinfectant-degreaser-cleaner/?attribute_size=20+L" "Mozilla/5.0 (X11; Linux x86_64) AppleWebKit/537.36 (KHTML, like Gecko) Chrome/148.0.0.0 Safari/537.36 Edg/148.0.0.0"
44.208.210.193 - - [17/Aug/2026:06:23:57 -0400] "GET /wp-content/uploads/2025/07/footer-logo-new.png HTTP/1.1" 200 41190 "https://www.biotechprocleaners.com/product/food-desinfectant-degreaser-cleaner/?attribute_size=20+L" "Mozilla/5.0 (X11; Linux x86_64) AppleWebKit/537.36 (KHTML, like Gecko) Chrome/148.0.0.0 Safari/537.36 Edg/148.0.0.0"
50.19.47.228 - - [17/Aug/2026:06:23:57 -0400] "GET /wp-content/plugins/woocommerce/assets/js/frontend/add-to-cart-variation.min.js?ver=10.2.4 HTTP/1.1" 200 3940 "https://www.biotechprocleaners.com/product/food-desinfectant-degreaser-cleaner/?attribute_size=20+L" "Mozilla/5.0 (X11; Linux x86_64) AppleWebKit/537.36 (KHTML, like Gecko) Chrome/148.0.0.0 Safari/537.36 Edg/148.0.0.0"
50.19.47.228 - - [17/Aug/2026:06:23:57 -0400] "GET /wp-content/plugins/bold-page-builder/img/blank.gif HTTP/1.1" 200 1095 "https://www.biotechprocleaners.com/product/food-desinfectant-degreaser-cleaner/?attribute_size=20+L" "Mozilla/5.0 (X11; Linux x86_64) AppleWebKit/537.36 (KHTML, like Gecko) Chrome/148.0.0.0 Safari/537.36 Edg/148.0.0.0"
54.163.142.183 - - [17/Aug/2026:06:23:57 -0400] "GET /wp-content/uploads/2023/05/NDDA1-450x450.png HTTP/1.1" 200 51946 "https://www.biotechprocleaners.com/product/food-desinfectant-degreaser-cleaner/?attribute_size=20+L" "Mozilla/5.0 (X11; Linux x86_64) AppleWebKit/537.36 (KHTML, like Gecko) Chrome/148.0.0.0 Safari/537.36 Edg/148.0.0.0"
50.19.47.228 - - [17/Aug/2026:06:23:57 -0400] "GET /wp-content/themes/amwerk/print.css?ver=7.0.4 HTTP/1.1" 200 1145 "https://www.biotechprocleaners.com/product/food-desinfectant-degreaser-cleaner/?attribute_size=20+L" "Mozilla/5.0 (X11; Linux x86_64) AppleWebKit/537.36 (KHTML, like Gecko) Chrome/148.0.0.0 Safari/537.36 Edg/148.0.0.0"
100.60.35.16 - - [17/Aug/2026:06:23:52 -0400] "GET /wp-content/themes/amwerk-child/custom-slider.js?ver=1.0 HTTP/1.1" 200 39516 "https://www.biotechprocleaners.com/product/food-desinfectant-degreaser-cleaner/?attribute_size=20+L" "Mozilla/5.0 (X11; Linux x86_64) AppleWebKit/537.36 (KHTML, like Gecko) Chrome/148.0.0.0 Safari/537.36 Edg/148.0.0.0"
50.19.47.228 - - [17/Aug/2026:06:23:57 -0400] "GET /wp-content/uploads/2023/05/NDDA1-600x600.png HTTP/1.1" 200 82703 "https://www.biotechprocleaners.com/product/food-desinfectant-degreaser-cleaner/?attribute_size=20+L" "Mozilla/5.0 (X11; Linux x86_64) AppleWebKit/537.36 (KHTML, like Gecko) Chrome/148.0.0.0 Safari/537.36 Edg/148.0.0.0"
100.59.151.39 - - [17/Aug/2026:06:23:52 -0400] "POST /wp-admin/admin-ajax.php HTTP/1.1" 200 1479 "https://www.biotechprocleaners.com/product/alkhaline-floor-cleaner-degreaser/?attribute_pa_size=1000l" "Mozilla/5.0 (Windows NT 10.0; Win64; x64) AppleWebKit/537.36 (KHTML, like Gecko) Chrome/148.0.0.0 Safari/537.36 Edg/148.0.0.0"
100.59.151.39 - - [17/Aug/2026:06:23:57 -0400] "GET /wp-content/uploads/2023/09/worker-operating-industrial-machine-metal-workshop-320x240.png HTTP/1.1" 200 103134 "https://www.biotechprocleaners.com/product/alkhaline-floor-cleaner-degreaser/?attribute_pa_size=1000l" "Mozilla/5.0 (Windows NT 10.0; Win64; x64) AppleWebKit/537.36 (KHTML, like Gecko) Chrome/148.0.0.0 Safari/537.36 Edg/148.0.0.0"
100.55.106.63 - - [17/Aug/2026:06:23:57 -0400] "GET /wp-content/uploads/2020/10/justus-menke-RSpq9P2vttE-unsplash-320x240.png HTTP/1.1" 200 90651 "https://www.biotechprocleaners.com/product/alkhaline-floor-cleaner-degreaser/?attribute_pa_size=1000l" "Mozilla/5.0 (Windows NT 10.0; Win64; x64) AppleWebKit/537.36 (KHTML, like Gecko) Chrome/148.0.0.0 Safari/537.36 Edg/148.0.0.0"
184.73.126.157 - - [17/Aug/2026:06:23:57 -0400] "GET /wp-content/uploads/2023/09/pexels-tom-fisk-3856433-320x240.png HTTP/1.1" 200 149237 "https://www.biotechprocleaners.com/product/alkhaline-floor-cleaner-degreaser/?attribute_pa_size=1000l" "Mozilla/5.0 (Windows NT 10.0; Win64; x64) AppleWebKit/537.36 (KHTML, like Gecko) Chrome/148.0.0.0 Safari/537.36 Edg/148.0.0.0"
100.55.106.63 - - [17/Aug/2026:06:23:57 -0400] "GET /wp-content/uploads/2023/09/pexels-pixabay-290275-1-1280x1035.png HTTP/1.1" 200 1927640 "https://www.biotechprocleaners.com/product/alkhaline-floor-cleaner-degreaser/?attribute_pa_size=1000l" "Mozilla/5.0 (Windows NT 10.0; Win64; x64) AppleWebKit/537.36 (KHTML, like Gecko) Chrome/148.0.0.0 Safari/537.36 Edg/148.0.0.0"
184.73.126.157 - - [17/Aug/2026:06:23:58 -0400] "GET /wp-content/uploads/2023/09/tony-yakovlenko-lDxxeAJrWpE-unsplash-1280x1035.png HTTP/1.1" 200 1641408 "https://www.biotechprocleaners.com/product/alkhaline-floor-cleaner-degreaser/?attribute_pa_size=1000l" "Mozilla/5.0 (Windows NT 10.0; Win64; x64) AppleWebKit/537.36 (KHTML, like Gecko) Chrome/148.0.0.0 Safari/537.36 Edg/148.0.0.0"
100.59.151.39 - - [17/Aug/2026:06:23:58 -0400] "GET /wp-content/uploads/2023/09/pexels-maarten-van-den-heuvel-4254902-1280x1035.png HTTP/1.1" 200 1781894 "https://www.biotechprocleaners.com/product/alkhaline-floor-cleaner-degreaser/?attribute_pa_size=1000l" "Mozilla/5.0 (Windows NT 10.0; Win64; x64) AppleWebKit/537.36 (KHTML, like Gecko) Chrome/148.0.0.0 Safari/537.36 Edg/148.0.0.0"
44.205.46.138 - - [17/Aug/2026:06:23:52 -0400] "GET /wp-json/contact-form-7/v1/contact-forms/1081/feedback/schema HTTP/1.1" 200 447 "https://www.biotechprocleaners.com/product/alkhaline-floor-cleaner-degreaser/?attribute_pa_size=1000l" "Mozilla/5.0 (Windows NT 10.0; Win64; x64) AppleWebKit/537.36 (KHTML, like Gecko) Chrome/148.0.0.0 Safari/537.36 Edg/148.0.0.0"
44.205.46.138 - - [17/Aug/2026:06:23:58 -0400] "GET /wp-content/uploads/2023/09/train-5150747-320x240.png HTTP/1.1" 200 90090 "https://www.biotechprocleaners.com/product/alkhaline-floor-cleaner-degreaser/?attribute_pa_size=1000l" "Mozilla/5.0 (Windows NT 10.0; Win64; x64) AppleWebKit/537.36 (KHTML, like Gecko) Chrome/148.0.0.0 Safari/537.36 Edg/148.0.0.0"
44.205.46.138 - - [17/Aug/2026:06:23:52 -0400] "POST /wp-admin/admin-ajax.php HTTP/1.1" 200 36 "https://www.biotechprocleaners.com/product/alkhaline-floor-cleaner-degreaser/?attribute_pa_size=1000l" "Mozilla/5.0 (Windows NT 10.0; Win64; x64) AppleWebKit/537.36 (KHTML, like Gecko) Chrome/148.0.0.0 Safari/537.36 Edg/148.0.0.0"
100.55.106.63 - - [17/Aug/2026:06:23:58 -0400] "GET /wp-content/uploads/2023/09/pexels-artem-podrez-5726808-320x240.png HTTP/1.1" 200 105525 "https://www.biotechprocleaners.com/product/alkhaline-floor-cleaner-degreaser/?attribute_pa_size=1000l" "Mozilla/5.0 (Windows NT 10.0; Win64; x64) AppleWebKit/537.36 (KHTML, like Gecko) Chrome/148.0.0.0 Safari/537.36 Edg/148.0.0.0"
100.59.151.39 - - [17/Aug/2026:06:23:58 -0400] "GET /wp-content/uploads/2023/09/pexels-pixabay-54581-1-320x240.png HTTP/1.1" 200 118400 "https://www.biotechprocleaners.com/product/alkhaline-floor-cleaner-degreaser/?attribute_pa_size=1000l" "Mozilla/5.0 (Windows NT 10.0; Win64; x64) AppleWebKit/537.36 (KHTML, like Gecko) Chrome/148.0.0.0 Safari/537.36 Edg/148.0.0.0"
18.213.178.184 - - [17/Aug/2026:06:23:58 -0400] "GET /wp-content/uploads/2023/08/contact-banner-e1693332327962.png HTTP/1.1" 200 879119 "https://www.biotechprocleaners.com/product/dishwashing-liquid-hard-water/?attribute_pa_size=24kg" "Mozilla/5.0 (Macintosh; Intel Mac OS X 10_15_7) AppleWebKit/537.36 (KHTML, like Gecko) Chrome/148.0.0.0 Safari/537.36"
52.44.135.199 - - [17/Aug/2026:06:23:58 -0400] "GET /wp-content/uploads/2023/08/contact-banner-1-e1693332912555.png HTTP/1.1" 200 860863 "https://www.biotechprocleaners.com/product/dishwashing-liquid-hard-water/?attribute_pa_size=24kg" "Mozilla/5.0 (Macintosh; Intel Mac OS X 10_15_7) AppleWebKit/537.36 (KHTML, like Gecko) Chrome/148.0.0.0 Safari/537.36"
44.208.210.193 - - [17/Aug/2026:06:23:58 -0400] "GET /wp-content/uploads/2024/02/cropped-BTP-Favicon-32x32.png HTTP/1.1" 200 2150 "https://www.biotechprocleaners.com/product/food-desinfectant-degreaser-cleaner/?attribute_size=20+L" "Mozilla/5.0 (X11; Linux x86_64) AppleWebKit/537.36 (KHTML, like Gecko) Chrome/148.0.0.0 Safari/537.36 Edg/148.0.0.0"
50.19.47.228 - - [17/Aug/2026:06:23:58 -0400] "GET /wp-content/uploads/2023/05/NDDA1.png HTTP/1.1" 200 2431706 "https://www.biotechprocleaners.com/product/food-desinfectant-degreaser-cleaner/?attribute_size=20+L" "Mozilla/5.0 (X11; Linux x86_64) AppleWebKit/537.36 (KHTML, like Gecko) Chrome/148.0.0.0 Safari/537.36 Edg/148.0.0.0"
54.166.26.18 - - [17/Aug/2026:06:23:54 -0400] "POST /wp-admin/admin-ajax.php HTTP/1.1" 200 36 "https://www.biotechprocleaners.com/product/cleaner-degreaser-hard-floors/?attribute_size=5+L" "Mozilla/5.0 (Windows NT 10.0; Win64; x64) AppleWebKit/537.36 (KHTML, like Gecko) Chrome/148.0.0.0 Safari/537.36 Edg/148.0.0.0"
100.63.13.4 - - [17/Aug/2026:06:23:53 -0400] "GET /wp-json/contact-form-7/v1/contact-forms/1081/refill HTTP/1.1" 200 22 "https://www.biotechprocleaners.com/product/alkhaline-floor-cleaner-degreaser/?attribute_pa_size=1000l" "Mozilla/5.0 (Windows NT 10.0; Win64; x64) AppleWebKit/537.36 (KHTML, like Gecko) Chrome/148.0.0.0 Safari/537.36 Edg/148.0.0.0"
34.198.184.71 - - [17/Aug/2026:06:23:54 -0400] "POST /wp-admin/admin-ajax.php HTTP/1.1" 200 1479 "https://www.biotechprocleaners.com/product/cleaner-degreaser-hard-floors/?attribute_size=5+L" "Mozilla/5.0 (Windows NT 10.0; Win64; x64) AppleWebKit/537.36 (KHTML, like Gecko) Chrome/148.0.0.0 Safari/537.36 Edg/148.0.0.0"
34.198.184.71 - - [17/Aug/2026:06:24:00 -0400] "GET /wp-content/uploads/2020/10/justus-menke-RSpq9P2vttE-unsplash-320x240.png HTTP/1.1" 200 90651 "https://www.biotechprocleaners.com/product/cleaner-degreaser-hard-floors/?attribute_size=5+L" "Mozilla/5.0 (Windows NT 10.0; Win64; x64) AppleWebKit/537.36 (KHTML, like Gecko) Chrome/148.0.0.0 Safari/537.36 Edg/148.0.0.0"
34.198.184.71 - - [17/Aug/2026:06:24:00 -0400] "GET /wp-content/uploads/2023/09/worker-operating-industrial-machine-metal-workshop-320x240.png HTTP/1.1" 200 103134 "https://www.biotechprocleaners.com/product/cleaner-degreaser-hard-floors/?attribute_size=5+L" "Mozilla/5.0 (Windows NT 10.0; Win64; x64) AppleWebKit/537.36 (KHTML, like Gecko) Chrome/148.0.0.0 Safari/537.36 Edg/148.0.0.0"
54.166.26.18 - - [17/Aug/2026:06:24:00 -0400] "GET /wp-content/uploads/2023/09/pexels-tom-fisk-3856433-320x240.png HTTP/1.1" 200 149237 "https://www.biotechprocleaners.com/product/cleaner-degreaser-hard-floors/?attribute_size=5+L" "Mozilla/5.0 (Windows NT 10.0; Win64; x64) AppleWebKit/537.36 (KHTML, like Gecko) Chrome/148.0.0.0 Safari/537.36 Edg/148.0.0.0"
54.166.26.18 - - [17/Aug/2026:06:24:00 -0400] "GET /wp-content/uploads/2023/09/train-5150747-320x240.png HTTP/1.1" 200 90090 "https://www.biotechprocleaners.com/product/cleaner-degreaser-hard-floors/?attribute_size=5+L" "Mozilla/5.0 (Windows NT 10.0; Win64; x64) AppleWebKit/537.36 (KHTML, like Gecko) Chrome/148.0.0.0 Safari/537.36 Edg/148.0.0.0"
34.198.184.71 - - [17/Aug/2026:06:24:00 -0400] "GET /wp-content/uploads/2023/09/pexels-maarten-van-den-heuvel-4254902-1280x1035.png HTTP/1.1" 200 1781894 "https://www.biotechprocleaners.com/product/cleaner-degreaser-hard-floors/?attribute_size=5+L" "Mozilla/5.0 (Windows NT 10.0; Win64; x64) AppleWebKit/537.36 (KHTML, like Gecko) Chrome/148.0.0.0 Safari/537.36 Edg/148.0.0.0"
54.166.26.18 - - [17/Aug/2026:06:24:00 -0400] "GET /wp-content/uploads/2023/09/pexels-artem-podrez-5726808-320x240.png HTTP/1.1" 200 105525 "https://www.biotechprocleaners.com/product/cleaner-degreaser-hard-floors/?attribute_size=5+L" "Mozilla/5.0 (Windows NT 10.0; Win64; x64) AppleWebKit/537.36 (KHTML, like Gecko) Chrome/148.0.0.0 Safari/537.36 Edg/148.0.0.0"
34.198.184.71 - - [17/Aug/2026:06:24:00 -0400] "GET /wp-content/uploads/2023/09/tony-yakovlenko-lDxxeAJrWpE-unsplash-1280x1035.png HTTP/1.1" 200 1641408 "https://www.biotechprocleaners.com/product/cleaner-degreaser-hard-floors/?attribute_size=5+L" "Mozilla/5.0 (Windows NT 10.0; Win64; x64) AppleWebKit/537.36 (KHTML, like Gecko) Chrome/148.0.0.0 Safari/537.36 Edg/148.0.0.0"
54.166.26.18 - - [17/Aug/2026:06:24:00 -0400] "GET /wp-content/uploads/2023/09/pexels-pixabay-54581-1-320x240.png HTTP/1.1" 200 118400 "https://www.biotechprocleaners.com/product/cleaner-degreaser-hard-floors/?attribute_size=5+L" "Mozilla/5.0 (Windows NT 10.0; Win64; x64) AppleWebKit/537.36 (KHTML, like Gecko) Chrome/148.0.0.0 Safari/537.36 Edg/148.0.0.0"
3.213.93.233 - - [17/Aug/2026:06:24:00 -0400] "GET /wp-content/uploads/2023/09/pexels-pixabay-290275-1-1280x1035.png HTTP/1.1" 200 1927640 "https://www.biotechprocleaners.com/product/cleaner-degreaser-hard-floors/?attribute_size=5+L" "Mozilla/5.0 (Windows NT 10.0; Win64; x64) AppleWebKit/537.36 (KHTML, like Gecko) Chrome/148.0.0.0 Safari/537.36 Edg/148.0.0.0"
44.199.161.154 - - [17/Aug/2026:06:23:55 -0400] "POST /wp-admin/admin-ajax.php HTTP/1.1" 200 36 "https://www.biotechprocleaners.com/product/trash-bin-cleaner/?attribute_pa_size=1-g" "Mozilla/5.0 (X11; Linux x86_64) AppleWebKit/537.36 (KHTML, like Gecko) Chrome/148.0.0.0 Safari/537.36 Edg/148.0.0.0"
54.242.225.219 - - [17/Aug/2026:06:23:54 -0400] "GET /wp-json/contact-form-7/v1/contact-forms/1081/refill HTTP/1.1" 200 22 "https://www.biotechprocleaners.com/product/cleaner-degreaser-hard-floors/?attribute_size=5+L" "Mozilla/5.0 (Windows NT 10.0; Win64; x64) AppleWebKit/537.36 (KHTML, like Gecko) Chrome/148.0.0.0 Safari/537.36 Edg/148.0.0.0"
44.217.28.146 - - [17/Aug/2026:06:23:54 -0400] "GET /wp-json/contact-form-7/v1/contact-forms/1081/feedback/schema HTTP/1.1" 200 447 "https://www.biotechprocleaners.com/product/cleaner-degreaser-hard-floors/?attribute_size=5+L" "Mozilla/5.0 (Windows NT 10.0; Win64; x64) AppleWebKit/537.36 (KHTML, like Gecko) Chrome/148.0.0.0 Safari/537.36 Edg/148.0.0.0"
3.93.229.113 - - [17/Aug/2026:06:23:55 -0400] "POST /wp-admin/admin-ajax.php HTTP/1.1" 200 1479 "https://www.biotechprocleaners.com/product/trash-bin-cleaner/?attribute_pa_size=1-g" "Mozilla/5.0 (X11; Linux x86_64) AppleWebKit/537.36 (KHTML, like Gecko) Chrome/148.0.0.0 Safari/537.36 Edg/148.0.0.0"
3.93.229.113 - - [17/Aug/2026:06:24:01 -0400] "GET /wp-content/uploads/2023/09/worker-operating-industrial-machine-metal-workshop-320x240.png HTTP/1.1" 200 103134 "https://www.biotechprocleaners.com/product/trash-bin-cleaner/?attribute_pa_size=1-g" "Mozilla/5.0 (X11; Linux x86_64) AppleWebKit/537.36 (KHTML, like Gecko) Chrome/148.0.0.0 Safari/537.36 Edg/148.0.0.0"
35.169.177.189 - - [17/Aug/2026:06:23:55 -0400] "GET /wp-json/contact-form-7/v1/contact-forms/1081/feedback/schema HTTP/1.1" 200 447 "https://www.biotechprocleaners.com/product/trash-bin-cleaner/?attribute_pa_size=1-g" "Mozilla/5.0 (X11; Linux x86_64) AppleWebKit/537.36 (KHTML, like Gecko) Chrome/148.0.0.0 Safari/537.36 Edg/148.0.0.0"
44.199.161.154 - - [17/Aug/2026:06:24:01 -0400] "GET /wp-content/uploads/2023/09/pexels-tom-fisk-3856433-320x240.png HTTP/1.1" 200 149237 "https://www.biotechprocleaners.com/product/trash-bin-cleaner/?attribute_pa_size=1-g" "Mozilla/5.0 (X11; Linux x86_64) AppleWebKit/537.36 (KHTML, like Gecko) Chrome/148.0.0.0 Safari/537.36 Edg/148.0.0.0"
44.206.32.82 - - [17/Aug/2026:06:24:01 -0400] "GET /wp-content/uploads/2020/10/justus-menke-RSpq9P2vttE-unsplash-320x240.png HTTP/1.1" 200 90651 "https://www.biotechprocleaners.com/product/trash-bin-cleaner/?attribute_pa_size=1-g" "Mozilla/5.0 (X11; Linux x86_64) AppleWebKit/537.36 (KHTML, like Gecko) Chrome/148.0.0.0 Safari/537.36 Edg/148.0.0.0"
44.206.32.82 - - [17/Aug/2026:06:24:01 -0400] "GET /wp-content/uploads/2023/09/tony-yakovlenko-lDxxeAJrWpE-unsplash-1280x1035.png HTTP/1.1" 200 1641408 "https://www.biotechprocleaners.com/product/trash-bin-cleaner/?attribute_pa_size=1-g" "Mozilla/5.0 (X11; Linux x86_64) AppleWebKit/537.36 (KHTML, like Gecko) Chrome/148.0.0.0 Safari/537.36 Edg/148.0.0.0"
3.93.229.113 - - [17/Aug/2026:06:24:01 -0400] "GET /wp-content/uploads/2023/09/train-5150747-320x240.png HTTP/1.1" 200 90090 "https://www.biotechprocleaners.com/product/trash-bin-cleaner/?attribute_pa_size=1-g" "Mozilla/5.0 (X11; Linux x86_64) AppleWebKit/537.36 (KHTML, like Gecko) Chrome/148.0.0.0 Safari/537.36 Edg/148.0.0.0"
44.199.161.154 - - [17/Aug/2026:06:24:01 -0400] "GET /wp-content/uploads/2023/09/pexels-artem-podrez-5726808-320x240.png HTTP/1.1" 200 105525 "https://www.biotechprocleaners.com/product/trash-bin-cleaner/?attribute_pa_size=1-g" "Mozilla/5.0 (X11; Linux x86_64) AppleWebKit/537.36 (KHTML, like Gecko) Chrome/148.0.0.0 Safari/537.36 Edg/148.0.0.0"
3.93.229.113 - - [17/Aug/2026:06:24:01 -0400] "GET /wp-content/uploads/2023/09/pexels-pixabay-54581-1-320x240.png HTTP/1.1" 200 118400 "https://www.biotechprocleaners.com/product/trash-bin-cleaner/?attribute_pa_size=1-g" "Mozilla/5.0 (X11; Linux x86_64) AppleWebKit/537.36 (KHTML, like Gecko) Chrome/148.0.0.0 Safari/537.36 Edg/148.0.0.0"
44.199.161.154 - - [17/Aug/2026:06:24:01 -0400] "GET /wp-content/uploads/2023/09/pexels-pixabay-290275-1-1280x1035.png HTTP/1.1" 200 1927640 "https://www.biotechprocleaners.com/product/trash-bin-cleaner/?attribute_pa_size=1-g" "Mozilla/5.0 (X11; Linux x86_64) AppleWebKit/537.36 (KHTML, like Gecko) Chrome/148.0.0.0 Safari/537.36 Edg/148.0.0.0"
35.169.177.189 - - [17/Aug/2026:06:24:01 -0400] "GET /wp-content/uploads/2023/09/pexels-maarten-van-den-heuvel-4254902-1280x1035.png HTTP/1.1" 200 1781894 "https://www.biotechprocleaners.com/product/trash-bin-cleaner/?attribute_pa_size=1-g" "Mozilla/5.0 (X11; Linux x86_64) AppleWebKit/537.36 (KHTML, like Gecko) Chrome/148.0.0.0 Safari/537.36 Edg/148.0.0.0"
52.44.135.199 - - [17/Aug/2026:06:24:01 -0400] "GET /wp-content/uploads/2025/06/LVEMD1.png HTTP/1.1" 200 2796070 "https://www.biotechprocleaners.com/product/dishwashing-liquid-hard-water/?attribute_pa_size=24kg" "Mozilla/5.0 (Macintosh; Intel Mac OS X 10_15_7) AppleWebKit/537.36 (KHTML, like Gecko) Chrome/148.0.0.0 Safari/537.36"
100.50.142.119 - - [17/Aug/2026:06:24:01 -0400] "GET /wp-content/uploads/2023/05/NDMS1.png HTTP/1.1" 200 3438797 "https://www.biotechprocleaners.com/product/disinfectant-cleaner/?attribute_size=20+L" "Mozilla/5.0 (Macintosh; Intel Mac OS X 10_15_7) AppleWebKit/537.36 (KHTML, like Gecko) Chrome/148.0.0.0 Safari/537.36"
44.199.161.154 - - [17/Aug/2026:06:23:56 -0400] "GET /wp-json/contact-form-7/v1/contact-forms/1081/refill HTTP/1.1" 200 22 "https://www.biotechprocleaners.com/product/trash-bin-cleaner/?attribute_pa_size=1-g" "Mozilla/5.0 (X11; Linux x86_64) AppleWebKit/537.36 (KHTML, like Gecko) Chrome/148.0.0.0 Safari/537.36 Edg/148.0.0.0"
50.19.47.228 - - [17/Aug/2026:06:23:57 -0400] "POST /wp-admin/admin-ajax.php HTTP/1.1" 200 1479 "https://www.biotechprocleaners.com/product/food-desinfectant-degreaser-cleaner/?attribute_size=20+L" "Mozilla/5.0 (X11; Linux x86_64) AppleWebKit/537.36 (KHTML, like Gecko) Chrome/148.0.0.0 Safari/537.36 Edg/148.0.0.0"
100.60.35.16 - - [17/Aug/2026:06:23:57 -0400] "POST /wp-admin/admin-ajax.php HTTP/1.1" 200 36 "https://www.biotechprocleaners.com/product/food-desinfectant-degreaser-cleaner/?attribute_size=20+L" "Mozilla/5.0 (X11; Linux x86_64) AppleWebKit/537.36 (KHTML, like Gecko) Chrome/148.0.0.0 Safari/537.36 Edg/148.0.0.0"
100.60.35.16 - - [17/Aug/2026:06:24:02 -0400] "GET /wp-content/uploads/2023/09/worker-operating-industrial-machine-metal-workshop-320x240.png HTTP/1.1" 200 103134 "https://www.biotechprocleaners.com/product/food-desinfectant-degreaser-cleaner/?attribute_size=20+L" "Mozilla/5.0 (X11; Linux x86_64) AppleWebKit/537.36 (KHTML, like Gecko) Chrome/148.0.0.0 Safari/537.36 Edg/148.0.0.0"
50.19.47.228 - - [17/Aug/2026:06:24:02 -0400] "GET /wp-content/uploads/2023/09/pexels-tom-fisk-3856433-320x240.png HTTP/1.1" 200 149237 "https://www.biotechprocleaners.com/product/food-desinfectant-degreaser-cleaner/?attribute_size=20+L" "Mozilla/5.0 (X11; Linux x86_64) AppleWebKit/537.36 (KHTML, like Gecko) Chrome/148.0.0.0 Safari/537.36 Edg/148.0.0.0"
50.19.47.228 - - [17/Aug/2026:06:24:02 -0400] "GET /wp-content/uploads/2020/10/justus-menke-RSpq9P2vttE-unsplash-320x240.png HTTP/1.1" 200 90651 "https://www.biotechprocleaners.com/product/food-desinfectant-degreaser-cleaner/?attribute_size=20+L" "Mozilla/5.0 (X11; Linux x86_64) AppleWebKit/537.36 (KHTML, like Gecko) Chrome/148.0.0.0 Safari/537.36 Edg/148.0.0.0"
50.19.47.228 - - [17/Aug/2026:06:24:02 -0400] "GET /wp-content/uploads/2023/09/pexels-maarten-van-den-heuvel-4254902-1280x1035.png HTTP/1.1" 200 1781894 "https://www.biotechprocleaners.com/product/food-desinfectant-degreaser-cleaner/?attribute_size=20+L" "Mozilla/5.0 (X11; Linux x86_64) AppleWebKit/537.36 (KHTML, like Gecko) Chrome/148.0.0.0 Safari/537.36 Edg/148.0.0.0"
100.60.35.16 - - [17/Aug/2026:06:24:02 -0400] "GET /wp-content/uploads/2023/09/train-5150747-320x240.png HTTP/1.1" 200 90090 "https://www.biotechprocleaners.com/product/food-desinfectant-degreaser-cleaner/?attribute_size=20+L" "Mozilla/5.0 (X11; Linux x86_64) AppleWebKit/537.36 (KHTML, like Gecko) Chrome/148.0.0.0 Safari/537.36 Edg/148.0.0.0"
50.19.47.228 - - [17/Aug/2026:06:24:02 -0400] "GET /wp-content/uploads/2023/09/tony-yakovlenko-lDxxeAJrWpE-unsplash-1280x1035.png HTTP/1.1" 200 1641408 "https://www.biotechprocleaners.com/product/food-desinfectant-degreaser-cleaner/?attribute_size=20+L" "Mozilla/5.0 (X11; Linux x86_64) AppleWebKit/537.36 (KHTML, like Gecko) Chrome/148.0.0.0 Safari/537.36 Edg/148.0.0.0"
100.60.35.16 - - [17/Aug/2026:06:24:02 -0400] "GET /wp-content/uploads/2023/09/pexels-artem-podrez-5726808-320x240.png HTTP/1.1" 200 105525 "https://www.biotechprocleaners.com/product/food-desinfectant-degreaser-cleaner/?attribute_size=20+L" "Mozilla/5.0 (X11; Linux x86_64) AppleWebKit/537.36 (KHTML, like Gecko) Chrome/148.0.0.0 Safari/537.36 Edg/148.0.0.0"
44.208.210.193 - - [17/Aug/2026:06:24:02 -0400] "GET /wp-content/uploads/2023/09/pexels-pixabay-290275-1-1280x1035.png HTTP/1.1" 200 1927640 "https://www.biotechprocleaners.com/product/food-desinfectant-degreaser-cleaner/?attribute_size=20+L" "Mozilla/5.0 (X11; Linux x86_64) AppleWebKit/537.36 (KHTML, like Gecko) Chrome/148.0.0.0 Safari/537.36 Edg/148.0.0.0"
100.60.35.16 - - [17/Aug/2026:06:24:02 -0400] "GET /wp-content/uploads/2023/09/pexels-pixabay-54581-1-320x240.png HTTP/1.1" 200 118400 "https://www.biotechprocleaners.com/product/food-desinfectant-degreaser-cleaner/?attribute_size=20+L" "Mozilla/5.0 (X11; Linux x86_64) AppleWebKit/537.36 (KHTML, like Gecko) Chrome/148.0.0.0 Safari/537.36 Edg/148.0.0.0"
54.163.142.183 - - [17/Aug/2026:06:23:57 -0400] "GET /wp-json/contact-form-7/v1/contact-forms/1081/feedback/schema HTTP/1.1" 200 447 "https://www.biotechprocleaners.com/product/food-desinfectant-degreaser-cleaner/?attribute_size=20+L" "Mozilla/5.0 (X11; Linux x86_64) AppleWebKit/537.36 (KHTML, like Gecko) Chrome/148.0.0.0 Safari/537.36 Edg/148.0.0.0"
44.208.210.193 - - [17/Aug/2026:06:23:58 -0400] "GET /wp-json/contact-form-7/v1/contact-forms/1081/refill HTTP/1.1" 200 22 "https://www.biotechprocleaners.com/product/food-desinfectant-degreaser-cleaner/?attribute_size=20+L" "Mozilla/5.0 (X11; Linux x86_64) AppleWebKit/537.36 (KHTML, like Gecko) Chrome/148.0.0.0 Safari/537.36 Edg/148.0.0.0"
54.242.225.219 - - [17/Aug/2026:06:24:05 -0400] "GET /wp-content/uploads/2023/08/contact-banner-e1693332327962.png HTTP/1.1" 200 879119 "https://www.biotechprocleaners.com/product/high-performance-surface-degreaser/?attribute_pa_size=750ml" "Mozilla/5.0 (X11; Linux x86_64) AppleWebKit/537.36 (KHTML, like Gecko) Chrome/148.0.0.0 Safari/537.36 Edg/148.0.0.0"
54.166.26.18 - - [17/Aug/2026:06:24:05 -0400] "GET /wp-content/uploads/2023/08/contact-banner-1-e1693332912555.png HTTP/1.1" 200 860863 "https://www.biotechprocleaners.com/product/high-performance-surface-degreaser/?attribute_pa_size=750ml" "Mozilla/5.0 (X11; Linux x86_64) AppleWebKit/537.36 (KHTML, like Gecko) Chrome/148.0.0.0 Safari/537.36 Edg/148.0.0.0"
52.44.135.199 - - [17/Aug/2026:06:24:05 -0400] "GET /wp-content/uploads/2025/06/LVEMD1.png HTTP/1.1" 200 2796070 "https://www.biotechprocleaners.com/product/dishwashing-liquid-hard-water/?attribute_pa_size=24kg" "Mozilla/5.0 (Macintosh; Intel Mac OS X 10_15_7) AppleWebKit/537.36 (KHTML, like Gecko) Chrome/148.0.0.0 Safari/537.36"
100.50.142.119 - - [17/Aug/2026:06:24:06 -0400] "GET /wp-content/uploads/2023/05/NDMS1.png HTTP/1.1" 200 3438797 "https://www.biotechprocleaners.com/product/disinfectant-cleaner/?attribute_size=20+L" "Mozilla/5.0 (Macintosh; Intel Mac OS X 10_15_7) AppleWebKit/537.36 (KHTML, like Gecko) Chrome/148.0.0.0 Safari/537.36"
100.59.151.39 - - [17/Aug/2026:06:24:08 -0400] "GET /wp-content/uploads/2023/08/contact-banner-e1693332327962.png HTTP/1.1" 200 879119 "https://www.biotechprocleaners.com/product/alkhaline-floor-cleaner-degreaser/?attribute_pa_size=1000l" "Mozilla/5.0 (Windows NT 10.0; Win64; x64) AppleWebKit/537.36 (KHTML, like Gecko) Chrome/148.0.0.0 Safari/537.36 Edg/148.0.0.0"
44.205.46.138 - - [17/Aug/2026:06:24:08 -0400] "GET /wp-content/uploads/2023/08/contact-banner-1-e1693332912555.png HTTP/1.1" 200 860863 "https://www.biotechprocleaners.com/product/alkhaline-floor-cleaner-degreaser/?attribute_pa_size=1000l" "Mozilla/5.0 (Windows NT 10.0; Win64; x64) AppleWebKit/537.36 (KHTML, like Gecko) Chrome/148.0.0.0 Safari/537.36 Edg/148.0.0.0"
54.166.26.18 - - [17/Aug/2026:06:24:08 -0400] "GET /wp-content/uploads/2025/06/NDMU1.png HTTP/1.1" 200 2350711 "https://www.biotechprocleaners.com/product/high-performance-surface-degreaser/?attribute_pa_size=750ml" "Mozilla/5.0 (X11; Linux x86_64) AppleWebKit/537.36 (KHTML, like Gecko) Chrome/148.0.0.0 Safari/537.36 Edg/148.0.0.0"
44.199.161.154 - - [17/Aug/2026:06:24:10 -0400] "GET /wp-content/uploads/2023/08/contact-banner-e1693332327962.png HTTP/1.1" 200 879119 "https://www.biotechprocleaners.com/product/trash-bin-cleaner/?attribute_pa_size=1-g" "Mozilla/5.0 (X11; Linux x86_64) AppleWebKit/537.36 (KHTML, like Gecko) Chrome/148.0.0.0 Safari/537.36 Edg/148.0.0.0"
100.59.239.104 - - [17/Aug/2026:06:24:10 -0400] "GET /wp-content/uploads/2023/08/contact-banner-1-e1693332912555.png HTTP/1.1" 200 860863 "https://www.biotechprocleaners.com/product/trash-bin-cleaner/?attribute_pa_size=1-g" "Mozilla/5.0 (X11; Linux x86_64) AppleWebKit/537.36 (KHTML, like Gecko) Chrome/148.0.0.0 Safari/537.36 Edg/148.0.0.0"
184.72.84.154 - - [17/Aug/2026:06:24:08 -0400] "GET /product-category/retail/?surfaces=work-bench HTTP/1.1" 200 40680 "-" "Mozilla/5.0 AppleWebKit/537.36 (KHTML, like Gecko; compatible; Amazonbot/0.1; +https://developer.amazon.com/support/amazonbot) Chrome/119.0.6045.214 Safari/537.36"
44.216.83.157 - - [17/Aug/2026:06:24:11 -0400] "GET /wp-content/uploads/2023/08/contact-banner-e1693332327962.png HTTP/1.1" 200 879119 "https://www.biotechprocleaners.com/product/cleaner-degreaser-hard-floors/?attribute_size=5+L" "Mozilla/5.0 (Windows NT 10.0; Win64; x64) AppleWebKit/537.36 (KHTML, like Gecko) Chrome/148.0.0.0 Safari/537.36 Edg/148.0.0.0"
50.19.47.228 - - [17/Aug/2026:06:24:11 -0400] "GET /wp-content/uploads/2023/08/contact-banner-e1693332327962.png HTTP/1.1" 200 879119 "https://www.biotechprocleaners.com/product/food-desinfectant-degreaser-cleaner/?attribute_size=20+L" "Mozilla/5.0 (X11; Linux x86_64) AppleWebKit/537.36 (KHTML, like Gecko) Chrome/148.0.0.0 Safari/537.36 Edg/148.0.0.0"
44.216.83.157 - - [17/Aug/2026:06:24:11 -0400] "GET /wp-content/uploads/2023/08/contact-banner-1-e1693332912555.png HTTP/1.1" 200 860863 "https://www.biotechprocleaners.com/product/cleaner-degreaser-hard-floors/?attribute_size=5+L" "Mozilla/5.0 (Windows NT 10.0; Win64; x64) AppleWebKit/537.36 (KHTML, like Gecko) Chrome/148.0.0.0 Safari/537.36 Edg/148.0.0.0"
44.208.210.193 - - [17/Aug/2026:06:24:11 -0400] "GET /wp-content/uploads/2023/08/contact-banner-1-e1693332912555.png HTTP/1.1" 200 860863 "https://www.biotechprocleaners.com/product/food-desinfectant-degreaser-cleaner/?attribute_size=20+L" "Mozilla/5.0 (X11; Linux x86_64) AppleWebKit/537.36 (KHTML, like Gecko) Chrome/148.0.0.0 Safari/537.36 Edg/148.0.0.0"
44.205.46.138 - - [17/Aug/2026:06:24:11 -0400] "GET /wp-content/uploads/2024/05/DIA2.png HTTP/1.1" 200 2974221 "https://www.biotechprocleaners.com/product/alkhaline-floor-cleaner-degreaser/?attribute_pa_size=1000l" "Mozilla/5.0 (Windows NT 10.0; Win64; x64) AppleWebKit/537.36 (KHTML, like Gecko) Chrome/148.0.0.0 Safari/537.36 Edg/148.0.0.0"
44.216.83.157 - - [17/Aug/2026:06:24:13 -0400] "GET /wp-content/uploads/2023/05/US-NDSD1.jpg HTTP/1.1" 200 587700 "https://www.biotechprocleaners.com/product/cleaner-degreaser-hard-floors/?attribute_size=5+L" "Mozilla/5.0 (Windows NT 10.0; Win64; x64) AppleWebKit/537.36 (KHTML, like Gecko) Chrome/148.0.0.0 Safari/537.36 Edg/148.0.0.0"
44.217.28.146 - - [17/Aug/2026:06:24:13 -0400] "GET /wp-content/uploads/2025/06/NDMU1.png HTTP/1.1" 200 2350711 "https://www.biotechprocleaners.com/product/high-performance-surface-degreaser/?attribute_pa_size=750ml" "Mozilla/5.0 (X11; Linux x86_64) AppleWebKit/537.36 (KHTML, like Gecko) Chrome/148.0.0.0 Safari/537.36 Edg/148.0.0.0"
69.39.225.240 - - [17/Aug/2026:06:24:14 -0400] "POST /wp-cron.php?doing_wp_cron=1786962254.1290891170501708984375 HTTP/1.1" 200 20 "-" "WordPress/7.0.4; https://www.biotechprocleaners.com"
18.215.112.101 - - [17/Aug/2026:06:24:12 -0400] "GET /surface/handles/?surfaces=medical-equipment HTTP/1.1" 200 47468 "-" "Mozilla/5.0 AppleWebKit/537.36 (KHTML, like Gecko; compatible; Amazonbot/0.1; +https://developer.amazon.com/support/amazonbot) Chrome/119.0.6045.214 Safari/537.36"
44.208.210.193 - - [17/Aug/2026:06:24:14 -0400] "GET /wp-content/uploads/2023/05/NDDA1.png HTTP/1.1" 200 2431706 "https://www.biotechprocleaners.com/product/food-desinfectant-degreaser-cleaner/?attribute_size=20+L" "Mozilla/5.0 (X11; Linux x86_64) AppleWebKit/537.36 (KHTML, like Gecko) Chrome/148.0.0.0 Safari/537.36 Edg/148.0.0.0"
100.59.239.104 - - [17/Aug/2026:06:24:14 -0400] "GET /wp-content/uploads/2025/06/NDCP1.png HTTP/1.1" 200 2874719 "https://www.biotechprocleaners.com/product/trash-bin-cleaner/?attribute_pa_size=1-g" "Mozilla/5.0 (X11; Linux x86_64) AppleWebKit/537.36 (KHTML, like Gecko) Chrome/148.0.0.0 Safari/537.36 Edg/148.0.0.0"
100.55.106.63 - - [17/Aug/2026:06:24:16 -0400] "GET /wp-content/uploads/2024/05/DIA2.png HTTP/1.1" 200 2974221 "https://www.biotechprocleaners.com/product/alkhaline-floor-cleaner-degreaser/?attribute_pa_size=1000l" "Mozilla/5.0 (Windows NT 10.0; Win64; x64) AppleWebKit/537.36 (KHTML, like Gecko) Chrome/148.0.0.0 Safari/537.36 Edg/148.0.0.0"
52.3.155.146 - - [17/Aug/2026:06:24:16 -0400] "GET /product-category/food/?areas=cotton HTTP/1.1" 200 40719 "-" "Mozilla/5.0 AppleWebKit/537.36 (KHTML, like Gecko; compatible; Amazonbot/0.1; +https://developer.amazon.com/support/amazonbot) Chrome/119.0.6045.214 Safari/537.36"
44.216.83.157 - - [17/Aug/2026:06:24:17 -0400] "GET /wp-content/uploads/2023/05/US-NDSD1.jpg HTTP/1.1" 200 587700 "https://www.biotechprocleaners.com/product/cleaner-degreaser-hard-floors/?attribute_size=5+L" "Mozilla/5.0 (Windows NT 10.0; Win64; x64) AppleWebKit/537.36 (KHTML, like Gecko) Chrome/148.0.0.0 Safari/537.36 Edg/148.0.0.0"
44.208.210.193 - - [17/Aug/2026:06:24:19 -0400] "GET /wp-content/uploads/2023/05/NDDA1.png HTTP/1.1" 200 2431706 "https://www.biotechprocleaners.com/product/food-desinfectant-degreaser-cleaner/?attribute_size=20+L" "Mozilla/5.0 (X11; Linux x86_64) AppleWebKit/537.36 (KHTML, like Gecko) Chrome/148.0.0.0 Safari/537.36 Edg/148.0.0.0"
100.59.239.104 - - [17/Aug/2026:06:24:19 -0400] "GET /wp-content/uploads/2025/06/NDCP1.png HTTP/1.1" 200 2874719 "https://www.biotechprocleaners.com/product/trash-bin-cleaner/?attribute_pa_size=1-g" "Mozilla/5.0 (X11; Linux x86_64) AppleWebKit/537.36 (KHTML, like Gecko) Chrome/148.0.0.0 Safari/537.36 Edg/148.0.0.0"
69.39.225.240 - - [17/Aug/2026:06:24:21 -0400] "POST /wp-cron.php?doing_wp_cron=1786962261.5726819038391113281250 HTTP/1.1" 200 20 "-" "WordPress/7.0.4; https://www.biotechprocleaners.com"
184.72.84.154 - - [17/Aug/2026:06:24:20 -0400] "GET /product-category/corporate-and-residential-buildings/?amp&surfaces=covers HTTP/1.1" 200 40802 "-" "Mozilla/5.0 AppleWebKit/537.36 (KHTML, like Gecko; compatible; Amazonbot/0.1; +https://developer.amazon.com/support/amazonbot) Chrome/119.0.6045.214 Safari/537.36"
54.197.178.107 - - [17/Aug/2026:06:24:25 -0400] "GET /product-category/government/?surfaces=toilets HTTP/1.1" 200 47188 "-" "Mozilla/5.0 AppleWebKit/537.36 (KHTML, like Gecko; compatible; Amazonbot/0.1; +https://developer.amazon.com/support/amazonbot) Chrome/119.0.6045.214 Safari/537.36"
54.80.73.122 - - [17/Aug/2026:06:24:28 -0400] "GET /product-category/recreational-convention-centers/?amp&areas=mirrors HTTP/1.1" 200 40725 "-" "Mozilla/5.0 AppleWebKit/537.36 (KHTML, like Gecko; compatible; Amazonbot/0.1; +https://developer.amazon.com/support/amazonbot) Chrome/119.0.6045.214 Safari/537.36"
18.214.124.6 - - [17/Aug/2026:06:24:32 -0400] "GET /area/vehicle-windows/?amp HTTP/1.1" 200 47226 "-" "Mozilla/5.0 AppleWebKit/537.36 (KHTML, like Gecko; compatible; Amazonbot/0.1; +https://developer.amazon.com/support/amazonbot) Chrome/119.0.6045.214 Safari/537.36"
69.39.225.240 - - [17/Aug/2026:06:30:01 -0400] "POST /wp-cron.php?doing_wp_cron=1786962601.8148140907287597656250 HTTP/1.1" 200 20 "-" "WordPress/7.0.4; https://www.biotechprocleaners.com"
98.83.178.66 - - [17/Aug/2026:06:30:00 -0400] "GET /product-category/all-industries/?surfaces=garages HTTP/1.1" 200 40789 "-" "Mozilla/5.0 AppleWebKit/537.36 (KHTML, like Gecko; compatible; Amazonbot/0.1; +https://developer.amazon.com/support/amazonbot) Chrome/119.0.6045.214 Safari/537.36"
57.141.4.19 - - [17/Aug/2026:06:47:15 -0400] "GET /surface/bathroom/ HTTP/1.1" 200 47725 "-" "Mozilla/5.0 (Windows NT 10.0; Win64; x64) AppleWebKit/537.36 (KHTML, like Gecko) Chrome/145.0.0.0 Safari/537.36 (compatible; meta-externalagent/1.1 (+https://developers.facebook.com/docs/sharing/webmasters/crawler))"
52.2.58.41 - - [17/Aug/2026:06:49:20 -0400] "GET /surface/fine-floors/ HTTP/1.1" 200 47422 "-" "Mozilla/5.0 AppleWebKit/537.36 (KHTML, like Gecko; compatible; Amazonbot/0.1; +https://developer.amazon.com/support/amazonbot) Chrome/119.0.6045.214 Safari/537.36"
54.83.56.1 - - [17/Aug/2026:06:49:24 -0400] "GET /product-category/corporate-and-residential-buildings/ HTTP/1.1" 200 48679 "-" "Mozilla/5.0 AppleWebKit/537.36 (KHTML, like Gecko; compatible; Amazonbot/0.1; +https://developer.amazon.com/support/amazonbot) Chrome/119.0.6045.214 Safari/537.36"
69.39.225.240 - - [17/Aug/2026:06:49:29 -0400] "POST /wp-cron.php?doing_wp_cron=1786963769.7849059104919433593750 HTTP/1.1" 200 20 "-" "WordPress/7.0.4; https://www.biotechprocleaners.com"
18.214.124.6 - - [17/Aug/2026:06:49:28 -0400] "GET /surface/seats/?surfaces=electronics HTTP/1.1" 200 47488 "-" "Mozilla/5.0 AppleWebKit/537.36 (KHTML, like Gecko; compatible; Amazonbot/0.1; +https://developer.amazon.com/support/amazonbot) Chrome/119.0.6045.214 Safari/537.36"
18.213.27.222 - - [17/Aug/2026:06:49:32 -0400] "GET /surface/panels/?surfaces=counter-tops HTTP/1.1" 200 47475 "-" "Mozilla/5.0 AppleWebKit/537.36 (KHTML, like Gecko; compatible; Amazonbot/0.1; +https://developer.amazon.com/support/amazonbot) Chrome/119.0.6045.214 Safari/537.36"
3.231.193.38 - - [17/Aug/2026:06:49:36 -0400] "GET /slider-item/logistics-and-transportation/ HTTP/1.1" 200 41275 "-" "Mozilla/5.0 AppleWebKit/537.36 (KHTML, like Gecko; compatible; Amazonbot/0.1; +https://developer.amazon.com/support/amazonbot) Chrome/119.0.6045.214 Safari/537.36"
69.39.225.240 - - [17/Aug/2026:06:49:42 -0400] "POST /wp-cron.php?doing_wp_cron=1786963782.1775848865509033203125 HTTP/1.1" 200 20 "-" "WordPress/7.0.4; https://www.biotechprocleaners.com"
44.205.192.249 - - [17/Aug/2026:06:49:40 -0400] "GET /surface/panels/?areas=doors HTTP/1.1" 200 47388 "-" "Mozilla/5.0 AppleWebKit/537.36 (KHTML, like Gecko; compatible; Amazonbot/0.1; +https://developer.amazon.com/support/amazonbot) Chrome/119.0.6045.214 Safari/537.36"
44.208.193.63 - - [17/Aug/2026:06:49:48 -0400] "GET /shop/?areas=inox HTTP/1.1" 200 47163 "-" "Mozilla/5.0 AppleWebKit/537.36 (KHTML, like Gecko; compatible; Amazonbot/0.1; +https://developer.amazon.com/support/amazonbot) Chrome/119.0.6045.214 Safari/537.36"
54.156.124.2 - - [17/Aug/2026:06:49:52 -0400] "GET /surface/work-tables/?surfaces=trucks HTTP/1.1" 200 47390 "-" "Mozilla/5.0 AppleWebKit/537.36 (KHTML, like Gecko; compatible; Amazonbot/0.1; +https://developer.amazon.com/support/amazonbot) Chrome/119.0.6045.214 Safari/537.36"
52.3.155.146 - - [17/Aug/2026:06:49:56 -0400] "GET /surface/dashboards/?surfaces=plastic-objects HTTP/1.1" 200 47353 "-" "Mozilla/5.0 AppleWebKit/537.36 (KHTML, like Gecko; compatible; Amazonbot/0.1; +https://developer.amazon.com/support/amazonbot) Chrome/119.0.6045.214 Safari/537.36"
69.39.225.240 - - [17/Aug/2026:06:50:49 -0400] "POST /wp-cron.php?doing_wp_cron=1786963849.8679969310760498046875 HTTP/1.1" 200 20 "-" "WordPress/7.0.4; https://www.biotechprocleaners.com"
54.167.39.144 - - [17/Aug/2026:06:50:48 -0400] "GET /wp-json/wc/store/v1/products/cleaner-degreaser-high-performance HTTP/1.1" 200 1662 "-" "Mozilla/5.0 (X11; Linux x86_64) AppleWebKit/537.36 (KHTML, like Gecko) Chrome/150.0.0.0 Safari/537.36"
52.21.216.45 - - [17/Aug/2026:06:50:48 -0400] "GET /wp-json/wc/store/v1/products/trash-bin-cleaner HTTP/1.1" 200 1436 "-" "Mozilla/5.0 (iPhone; CPU iPhone OS 18_7 like Mac OS X) AppleWebKit/605.1.15 (KHTML, like Gecko) Version/27.0 EdgiOS/150.0.0.0 Mobile/15E148 Safari/604.1"
54.82.233.142 - - [17/Aug/2026:06:50:51 -0400] "GET /wp-json/wc/store/v1/products/1959 HTTP/1.1" 200 918 "-" "Mozilla/5.0 (X11; Linux x86_64) AppleWebKit/537.36 (KHTML, like Gecko) Chrome/150.0.0.0 Safari/537.36"
52.44.171.248 - - [17/Aug/2026:06:50:51 -0400] "GET /wp-json/wc/store/v1/products/2627 HTTP/1.1" 200 923 "-" "Mozilla/5.0 (iPhone; CPU iPhone OS 18_7 like Mac OS X) AppleWebKit/605.1.15 (KHTML, like Gecko) Version/27.0 EdgiOS/150.0.0.0 Mobile/15E148 Safari/604.1"
50.19.47.228 - - [17/Aug/2026:06:50:54 -0400] "GET /product/cleaner-degreaser-high-performance/?attribute_size=20+L HTTP/1.1" 200 48616 "-" "Mozilla/5.0 (X11; Linux x86_64) AppleWebKit/537.36 (KHTML, like Gecko) Chrome/148.0.0.0 Safari/537.36"
50.19.47.228 - - [17/Aug/2026:06:50:56 -0400] "GET /wp-content/plugins/woocommerce/assets/client/blocks/wc-blocks.css?ver=wc-10.2.4 HTTP/1.1" 200 2618 "https://www.biotechprocleaners.com/product/cleaner-degreaser-high-performance/?attribute_size=20+L" "Mozilla/5.0 (X11; Linux x86_64) AppleWebKit/537.36 (KHTML, like Gecko) Chrome/148.0.0.0 Safari/537.36"
