209.212.222.52 - - [17/Aug/2026:11:16:39 -0400] "POST /xmlrpc.php HTTP/1.1" 200 403 "-" "Jetpack by WordPress.com"
69.39.225.240 - - [17/Aug/2026:11:16:39 -0400] "GET /product/industrial-degreaser-solvent/ HTTP/1.1" 200 16384 "-" "WP Rocket/Preload Mozilla/5.0 (iPhone; CPU iPhone OS 9_1 like Mac OS X) AppleWebKit/601.1.46 (KHTML, like Gecko) Version/9.0 Mobile/13B143 Safari/601.1"
216.73.217.10 - - [17/Aug/2026:11:16:40 -0400] "GET /robots.txt HTTP/1.1" 200 206 "-" "Mozilla/5.0 AppleWebKit/537.36 (KHTML, like Gecko; compatible; ClaudeBot/1.0; +claudebot@anthropic.com)"
69.39.225.240 - - [17/Aug/2026:11:16:43 -0400] "POST /wp-cron.php?doing_wp_cron=1786979803.5283439159393310546875 HTTP/1.1" 200 20 "-" "WordPress/7.0.4; https://www.biotechprocleaners.com"
216.73.217.10 - - [17/Aug/2026:11:16:42 -0400] "GET /sitemap_index.xml HTTP/1.1" 200 469 "-" "Mozilla/5.0 AppleWebKit/537.36 (KHTML, like Gecko; compatible; ClaudeBot/1.0; +claudebot@anthropic.com)"
209.212.222.52 - - [17/Aug/2026:11:17:00 -0400] "POST /xmlrpc.php HTTP/1.1" 200 403 "-" "WordPress.com; https://wordpress.com"
69.39.225.240 - - [17/Aug/2026:11:17:15 -0400] "POST /wp-cron.php?doing_wp_cron=1786979835.1836531162261962890625 HTTP/1.1" 200 20 "-" "WordPress/7.0.4; https://www.biotechprocleaners.com"
209.212.222.52 - - [17/Aug/2026:11:17:14 -0400] "POST /xmlrpc.php HTTP/1.1" 200 403 "-" "Jetpack by WordPress.com (Jetpack 13.0; WordPress 6.1)"
69.39.225.240 - - [17/Aug/2026:11:17:16 -0400] "GET /our-services/ HTTP/1.1" 200 16384 "-" "WP Rocket/Preload"
69.39.225.240 - - [17/Aug/2026:11:17:17 -0400] "GET /our-services/ HTTP/1.1" 200 16384 "-" "WP Rocket/Preload Mozilla/5.0 (iPhone; CPU iPhone OS 9_1 like Mac OS X) AppleWebKit/601.1.46 (KHTML, like Gecko) Version/9.0 Mobile/13B143 Safari/601.1"
69.39.225.240 - - [17/Aug/2026:11:17:19 -0400] "GET /product/glass-cleaner-shiner/ HTTP/1.1" 200 16384 "-" "WP Rocket/Preload"
69.39.225.240 - - [17/Aug/2026:11:17:20 -0400] "GET /product/glass-cleaner-shiner/ HTTP/1.1" 200 16384 "-" "WP Rocket/Preload Mozilla/5.0 (iPhone; CPU iPhone OS 9_1 like Mac OS X) AppleWebKit/601.1.46 (KHTML, like Gecko) Version/9.0 Mobile/13B143 Safari/601.1"
69.39.225.240 - - [17/Aug/2026:11:17:22 -0400] "GET /type/video/ HTTP/1.1" 200 16384 "-" "WP Rocket/Preload"
69.39.225.240 - - [17/Aug/2026:11:17:23 -0400] "GET /type/video/ HTTP/1.1" 200 16384 "-" "WP Rocket/Preload Mozilla/5.0 (iPhone; CPU iPhone OS 9_1 like Mac OS X) AppleWebKit/601.1.46 (KHTML, like Gecko) Version/9.0 Mobile/13B143 Safari/601.1"
69.39.225.240 - - [17/Aug/2026:11:17:25 -0400] "GET /portfolio-grid-four-columns/ HTTP/1.1" 200 16384 "-" "WP Rocket/Preload"
69.39.225.240 - - [17/Aug/2026:11:17:26 -0400] "GET /portfolio-grid-four-columns/ HTTP/1.1" 200 16384 "-" "WP Rocket/Preload Mozilla/5.0 (iPhone; CPU iPhone OS 9_1 like Mac OS X) AppleWebKit/601.1.46 (KHTML, like Gecko) Version/9.0 Mobile/13B143 Safari/601.1"
69.39.225.240 - - [17/Aug/2026:11:17:28 -0400] "GET /portfolio/hospitality/ HTTP/1.1" 200 16384 "-" "WP Rocket/Preload"
69.39.225.240 - - [17/Aug/2026:11:17:29 -0400] "GET /portfolio/hospitality/ HTTP/1.1" 200 16384 "-" "WP Rocket/Preload Mozilla/5.0 (iPhone; CPU iPhone OS 9_1 like Mac OS X) AppleWebKit/601.1.46 (KHTML, like Gecko) Version/9.0 Mobile/13B143 Safari/601.1"
69.39.225.240 - - [17/Aug/2026:11:17:31 -0400] "GET /portfolio/healthcare/ HTTP/1.1" 200 16384 "-" "WP Rocket/Preload"
69.39.225.240 - - [17/Aug/2026:11:17:32 -0400] "GET /portfolio/healthcare/ HTTP/1.1" 200 16384 "-" "WP Rocket/Preload Mozilla/5.0 (iPhone; CPU iPhone OS 9_1 like Mac OS X) AppleWebKit/601.1.46 (KHTML, like Gecko) Version/9.0 Mobile/13B143 Safari/601.1"
209.212.222.52 - - [17/Aug/2026:11:17:33 -0400] "POST /xmlrpc.php HTTP/1.1" 200 403 "-" "Jetpack by WordPress.com"
69.39.225.240 - - [17/Aug/2026:11:17:34 -0400] "GET /services/faq/ HTTP/1.1" 200 44989 "-" "WP Rocket/Preload"
69.39.225.240 - - [17/Aug/2026:11:17:36 -0400] "GET /services/faq/ HTTP/1.1" 200 16384 "-" "WP Rocket/Preload Mozilla/5.0 (iPhone; CPU iPhone OS 9_1 like Mac OS X) AppleWebKit/601.1.46 (KHTML, like Gecko) Version/9.0 Mobile/13B143 Safari/601.1"
69.39.225.240 - - [17/Aug/2026:11:17:45 -0400] "POST /wp-cron.php?doing_wp_cron=1786979865.2836580276489257812500 HTTP/1.1" 200 20 "-" "WordPress/7.0.4; https://www.biotechprocleaners.com"
209.212.222.52 - - [17/Aug/2026:11:17:44 -0400] "POST /xmlrpc.php HTTP/1.1" 200 403 "-" "Jetpack by WordPress.com"
209.212.222.52 - - [17/Aug/2026:11:17:53 -0400] "POST /xmlrpc.php HTTP/1.1" 200 403 "-" "Jetpack by WordPress.com"
209.212.222.52 - - [17/Aug/2026:11:18:04 -0400] "POST /xmlrpc.php HTTP/1.1" 200 403 "-" "Jetpack/12.1; WordPress/6.2; http://site84451911.com"
69.39.225.240 - - [17/Aug/2026:11:18:27 -0400] "POST /wp-cron.php?doing_wp_cron=1786979907.1524059772491455078125 HTTP/1.1" 200 20 "-" "WordPress/7.0.4; https://www.biotechprocleaners.com"
209.212.222.52 - - [17/Aug/2026:11:18:26 -0400] "POST /xmlrpc.php HTTP/1.1" 200 403 "-" "Jetpack by WordPress.com"
69.39.225.240 - - [17/Aug/2026:11:18:28 -0400] "GET /thank-you-sample/ HTTP/1.1" 200 16384 "-" "WP Rocket/Preload"
69.39.225.240 - - [17/Aug/2026:11:18:29 -0400] "GET /thank-you-sample/ HTTP/1.1" 200 16384 "-" "WP Rocket/Preload Mozilla/5.0 (iPhone; CPU iPhone OS 9_1 like Mac OS X) AppleWebKit/601.1.46 (KHTML, like Gecko) Version/9.0 Mobile/13B143 Safari/601.1"
69.39.225.240 - - [17/Aug/2026:11:18:31 -0400] "GET /portfolio/retail-industry/ HTTP/1.1" 200 16384 "-" "WP Rocket/Preload"
69.39.225.240 - - [17/Aug/2026:11:18:32 -0400] "GET /portfolio/retail-industry/ HTTP/1.1" 200 16384 "-" "WP Rocket/Preload Mozilla/5.0 (iPhone; CPU iPhone OS 9_1 like Mac OS X) AppleWebKit/601.1.46 (KHTML, like Gecko) Version/9.0 Mobile/13B143 Safari/601.1"
69.39.225.240 - - [17/Aug/2026:11:18:34 -0400] "GET /portfolio/logistics-transportation/ HTTP/1.1" 200 16384 "-" "WP Rocket/Preload"
69.39.225.240 - - [17/Aug/2026:11:18:35 -0400] "GET /portfolio/logistics-transportation/ HTTP/1.1" 200 16384 "-" "WP Rocket/Preload Mozilla/5.0 (iPhone; CPU iPhone OS 9_1 like Mac OS X) AppleWebKit/601.1.46 (KHTML, like Gecko) Version/9.0 Mobile/13B143 Safari/601.1"
69.39.225.240 - - [17/Aug/2026:11:18:37 -0400] "GET /portfolio-grid-tree-columns/ HTTP/1.1" 200 41657 "-" "WP Rocket/Preload"
209.212.222.52 - - [17/Aug/2026:11:18:37 -0400] "POST /xmlrpc.php HTTP/1.1" 200 403 "-" "Jetpack by WordPress.com"
69.39.225.240 - - [17/Aug/2026:11:18:39 -0400] "GET /portfolio-grid-tree-columns/ HTTP/1.1" 200 16384 "-" "WP Rocket/Preload Mozilla/5.0 (iPhone; CPU iPhone OS 9_1 like Mac OS X) AppleWebKit/601.1.46 (KHTML, like Gecko) Version/9.0 Mobile/13B143 Safari/601.1"
69.39.225.240 - - [17/Aug/2026:11:18:41 -0400] "GET /type/link/ HTTP/1.1" 200 16384 "-" "WP Rocket/Preload"
69.39.225.240 - - [17/Aug/2026:11:18:42 -0400] "GET /type/link/ HTTP/1.1" 200 16384 "-" "WP Rocket/Preload Mozilla/5.0 (iPhone; CPU iPhone OS 9_1 like Mac OS X) AppleWebKit/601.1.46 (KHTML, like Gecko) Version/9.0 Mobile/13B143 Safari/601.1"
69.39.225.240 - - [17/Aug/2026:11:18:44 -0400] "GET /portfolio/food-industry/ HTTP/1.1" 200 16384 "-" "WP Rocket/Preload"
69.39.225.240 - - [17/Aug/2026:11:18:45 -0400] "GET /portfolio/food-industry/ HTTP/1.1" 200 16384 "-" "WP Rocket/Preload Mozilla/5.0 (iPhone; CPU iPhone OS 9_1 like Mac OS X) AppleWebKit/601.1.46 (KHTML, like Gecko) Version/9.0 Mobile/13B143 Safari/601.1"
69.39.225.240 - - [17/Aug/2026:11:18:47 -0400] "GET /type/quote/ HTTP/1.1" 200 16384 "-" "WP Rocket/Preload"
209.212.222.52 - - [17/Aug/2026:11:18:48 -0400] "POST /xmlrpc.php HTTP/1.1" 200 403 "-" "Jetpack by WordPress.com"
69.39.225.240 - - [17/Aug/2026:11:18:48 -0400] "GET /type/quote/ HTTP/1.1" 200 16384 "-" "WP Rocket/Preload Mozilla/5.0 (iPhone; CPU iPhone OS 9_1 like Mac OS X) AppleWebKit/601.1.46 (KHTML, like Gecko) Version/9.0 Mobile/13B143 Safari/601.1"
69.39.225.240 - - [17/Aug/2026:11:18:59 -0400] "POST /wp-cron.php?doing_wp_cron=1786979939.0584828853607177734375 HTTP/1.1" 200 20 "-" "WordPress/7.0.4; https://www.biotechprocleaners.com"
209.212.222.52 - - [17/Aug/2026:11:18:58 -0400] "POST /xmlrpc.php HTTP/1.1" 200 403 "-" "Jetpack by WordPress.com"
209.212.222.52 - - [17/Aug/2026:11:19:11 -0400] "POST /xmlrpc.php HTTP/1.1" 200 403 "-" "Jetpack/12.1; WordPress/6.1; http://site75177098.com"
69.39.225.240 - - [17/Aug/2026:11:19:20 -0400] "POST /wp-cron.php?doing_wp_cron=1786979960.6020579338073730468750 HTTP/1.1" 200 20 "-" "WordPress/7.0.4; https://www.biotechprocleaners.com"
209.212.222.52 - - [17/Aug/2026:11:19:19 -0400] "POST /xmlrpc.php HTTP/1.1" 200 403 "-" "WordPress.com; https://wordpress.com"
69.39.225.240 - - [17/Aug/2026:11:19:22 -0400] "GET /services/pricing/ HTTP/1.1" 200 16384 "-" "WP Rocket/Preload"
69.39.225.240 - - [17/Aug/2026:11:19:23 -0400] "GET /services/pricing/ HTTP/1.1" 200 16384 "-" "WP Rocket/Preload Mozilla/5.0 (iPhone; CPU iPhone OS 9_1 like Mac OS X) AppleWebKit/601.1.46 (KHTML, like Gecko) Version/9.0 Mobile/13B143 Safari/601.1"
69.39.225.240 - - [17/Aug/2026:11:19:24 -0400] "GET /area/dishwasher/ HTTP/1.1" 200 16384 "-" "WP Rocket/Preload"
69.39.225.240 - - [17/Aug/2026:11:19:26 -0400] "GET /area/dishwasher/ HTTP/1.1" 200 16384 "-" "WP Rocket/Preload Mozilla/5.0 (iPhone; CPU iPhone OS 9_1 like Mac OS X) AppleWebKit/601.1.46 (KHTML, like Gecko) Version/9.0 Mobile/13B143 Safari/601.1"
69.39.225.240 - - [17/Aug/2026:11:19:27 -0400] "GET /2020/10/ HTTP/1.1" 200 16384 "-" "WP Rocket/Preload"
69.39.225.240 - - [17/Aug/2026:11:19:29 -0400] "GET /2020/10/ HTTP/1.1" 200 16384 "-" "WP Rocket/Preload Mozilla/5.0 (iPhone; CPU iPhone OS 9_1 like Mac OS X) AppleWebKit/601.1.46 (KHTML, like Gecko) Version/9.0 Mobile/13B143 Safari/601.1"
209.212.222.52 - - [17/Aug/2026:11:19:30 -0400] "POST /xmlrpc.php HTTP/1.1" 200 403 "-" "Jetpack/12.1; WordPress/6.3; http://site10098253.com"
69.39.225.240 - - [17/Aug/2026:11:19:30 -0400] "GET /portfolio-single/ HTTP/1.1" 200 16384 "-" "WP Rocket/Preload"
69.39.225.240 - - [17/Aug/2026:11:19:32 -0400] "GET /portfolio-single/ HTTP/1.1" 200 16384 "-" "WP Rocket/Preload Mozilla/5.0 (iPhone; CPU iPhone OS 9_1 like Mac OS X) AppleWebKit/601.1.46 (KHTML, like Gecko) Version/9.0 Mobile/13B143 Safari/601.1"
69.39.225.240 - - [17/Aug/2026:11:19:33 -0400] "GET /thank-you-contact/ HTTP/1.1" 200 16384 "-" "WP Rocket/Preload"
69.39.225.240 - - [17/Aug/2026:11:19:35 -0400] "GET /thank-you-contact/ HTTP/1.1" 200 16384 "-" "WP Rocket/Preload Mozilla/5.0 (iPhone; CPU iPhone OS 9_1 like Mac OS X) AppleWebKit/601.1.46 (KHTML, like Gecko) Version/9.0 Mobile/13B143 Safari/601.1"
69.39.225.240 - - [17/Aug/2026:11:19:36 -0400] "GET /type/audio/ HTTP/1.1" 200 16384 "-" "WP Rocket/Preload"
69.39.225.240 - - [17/Aug/2026:11:19:38 -0400] "GET /type/audio/ HTTP/1.1" 200 16384 "-" "WP Rocket/Preload Mozilla/5.0 (iPhone; CPU iPhone OS 9_1 like Mac OS X) AppleWebKit/601.1.46 (KHTML, like Gecko) Version/9.0 Mobile/13B143 Safari/601.1"
69.39.225.240 - - [17/Aug/2026:11:19:45 -0400] "POST /wp-cron.php?doing_wp_cron=1786979984.9970281124114990234375 HTTP/1.1" 200 20 "-" "WordPress/7.0.4; https://www.biotechprocleaners.com"
209.212.222.52 - - [17/Aug/2026:11:19:43 -0400] "POST /xmlrpc.php HTTP/1.1" 200 403 "-" "Jetpack/12.5; WordPress/6.2; http://site79371302.com"
209.212.222.52 - - [17/Aug/2026:11:19:51 -0400] "POST /xmlrpc.php HTTP/1.1" 200 403 "-" "Jetpack/12.5; WordPress/6.3; http://site66718553.com"
209.212.222.52 - - [17/Aug/2026:11:20:01 -0400] "POST /xmlrpc.php HTTP/1.1" 200 403 "-" "Jetpack by WordPress.com"
69.39.225.240 - - [17/Aug/2026:11:20:13 -0400] "POST /wp-cron.php?doing_wp_cron=1786980013.6651880741119384765625 HTTP/1.1" 200 20 "-" "WordPress/7.0.4; https://www.biotechprocleaners.com"
209.212.222.52 - - [17/Aug/2026:11:20:12 -0400] "POST /xmlrpc.php HTTP/1.1" 200 403 "-" "WordPress.com; https://wordpress.com"
209.212.222.52 - - [17/Aug/2026:11:20:23 -0400] "POST /xmlrpc.php HTTP/1.1" 200 403 "-" "Jetpack/12.1; WordPress/6.1; http://site73653728.com"
209.212.222.52 - - [17/Aug/2026:11:20:34 -0400] "POST /xmlrpc.php HTTP/1.1" 200 403 "-" "Jetpack by WordPress.com"
69.39.225.240 - - [17/Aug/2026:11:20:46 -0400] "POST /wp-cron.php?doing_wp_cron=1786980046.0405399799346923828125 HTTP/1.1" 200 20 "-" "WordPress/7.0.4; https://www.biotechprocleaners.com"
209.212.222.52 - - [17/Aug/2026:11:20:44 -0400] "POST /xmlrpc.php HTTP/1.1" 200 403 "-" "WordPress.com; https://wordpress.com"
209.212.222.52 - - [17/Aug/2026:11:20:58 -0400] "POST /xmlrpc.php HTTP/1.1" 200 403 "-" "Jetpack by WordPress.com"
209.212.222.52 - - [17/Aug/2026:11:21:05 -0400] "POST /xmlrpc.php HTTP/1.1" 200 403 "-" "WordPress.com; https://wordpress.com"
69.39.225.240 - - [17/Aug/2026:11:21:17 -0400] "POST /wp-cron.php?doing_wp_cron=1786980077.4653129577636718750000 HTTP/1.1" 200 20 "-" "WordPress/7.0.4; https://www.biotechprocleaners.com"
209.212.222.52 - - [17/Aug/2026:11:21:16 -0400] "POST /xmlrpc.php HTTP/1.1" 200 403 "-" "Jetpack/12.5; WordPress/6.2; http://site87902156.com"
209.212.222.52 - - [17/Aug/2026:11:21:28 -0400] "POST /xmlrpc.php HTTP/1.1" 200 403 "-" "WordPress.com; https://wordpress.com"
209.212.222.52 - - [17/Aug/2026:11:21:38 -0400] "POST /xmlrpc.php HTTP/1.1" 200 403 "-" "Jetpack/13.0; WordPress/6.4; http://site93922750.com"
69.39.225.240 - - [17/Aug/2026:11:21:49 -0400] "POST /wp-cron.php?doing_wp_cron=1786980109.4752199649810791015625 HTTP/1.1" 200 20 "-" "WordPress/7.0.4; https://www.biotechprocleaners.com"
209.212.222.52 - - [17/Aug/2026:11:21:48 -0400] "POST /xmlrpc.php HTTP/1.1" 200 403 "-" "Jetpack/12.5; WordPress/6.1; http://site20179997.com"
209.212.222.52 - - [17/Aug/2026:11:21:59 -0400] "POST /xmlrpc.php HTTP/1.1" 200 403 "-" "WordPress.com; https://wordpress.com"
209.212.222.52 - - [17/Aug/2026:11:22:09 -0400] "POST /xmlrpc.php HTTP/1.1" 200 403 "-" "Jetpack/12.0; WordPress/6.4; http://site57424927.com"
69.39.225.240 - - [17/Aug/2026:11:22:21 -0400] "POST /wp-cron.php?doing_wp_cron=1786980141.6351408958435058593750 HTTP/1.1" 200 20 "-" "WordPress/7.0.4; https://www.biotechprocleaners.com"
209.212.222.52 - - [17/Aug/2026:11:22:20 -0400] "POST /xmlrpc.php HTTP/1.1" 200 403 "-" "Jetpack by WordPress.com"
209.212.222.52 - - [17/Aug/2026:11:22:31 -0400] "POST /xmlrpc.php HTTP/1.1" 200 403 "-" "WordPress.com; https://wordpress.com"
69.39.225.240 - - [17/Aug/2026:11:22:42 -0400] "POST /wp-cron.php?doing_wp_cron=1786980162.7647039890289306640625 HTTP/1.1" 200 20 "-" "WordPress/7.0.4; https://www.biotechprocleaners.com"
209.212.222.52 - - [17/Aug/2026:11:22:41 -0400] "POST /xmlrpc.php HTTP/1.1" 200 403 "-" "WordPress.com; https://wordpress.com"
209.212.222.52 - - [17/Aug/2026:11:22:52 -0400] "POST /xmlrpc.php HTTP/1.1" 200 403 "-" "WordPress.com; https://wordpress.com"
209.212.222.52 - - [17/Aug/2026:11:23:03 -0400] "POST /xmlrpc.php HTTP/1.1" 200 403 "-" "Jetpack by WordPress.com"
69.39.225.240 - - [17/Aug/2026:11:23:26 -0400] "POST /wp-cron.php?doing_wp_cron=1786980205.9054770469665527343750 HTTP/1.1" 200 20 "-" "WordPress/7.0.4; https://www.biotechprocleaners.com"
209.212.222.52 - - [17/Aug/2026:11:23:24 -0400] "POST /xmlrpc.php HTTP/1.1" 200 403 "-" "WordPress.com; https://wordpress.com"
209.212.222.52 - - [17/Aug/2026:11:23:36 -0400] "POST /xmlrpc.php HTTP/1.1" 200 403 "-" "Jetpack by WordPress.com"
69.39.225.240 - - [17/Aug/2026:11:23:47 -0400] "POST /wp-cron.php?doing_wp_cron=1786980227.0356431007385253906250 HTTP/1.1" 200 20 "-" "WordPress/7.0.4; https://www.biotechprocleaners.com"
209.212.222.52 - - [17/Aug/2026:11:23:45 -0400] "POST /xmlrpc.php HTTP/1.1" 200 403 "-" "Jetpack by WordPress.com (Jetpack 12.1; WordPress 6.2)"
93.152.221.59 - - [17/Aug/2026:11:23:51 -0400] "GET / HTTP/1.1" 200 49545 "http://www.biotechprocleaners.com" "Mozilla/5.0 (Macintosh; Intel Mac OS X 10_15_7) AppleWebKit/605.1.15 (KHTML, like Gecko) Version/15.1 Safari/605.1.15"
93.152.221.59 - - [17/Aug/2026:11:23:55 -0400] "GET /wp-content/plugins/woo-product-slider/src/Admin/assets/images/spinner.svg HTTP/1.1" 200 426 "-" "Mozilla/5.0 (Windows NT 10.0; Win64; x64) AppleWebKit/537.36 Chrome/114.0.5735.110 Safari/537.36"
209.212.222.52 - - [17/Aug/2026:11:23:56 -0400] "POST /xmlrpc.php HTTP/1.1" 200 403 "-" "Jetpack by WordPress.com (Jetpack 13.0; WordPress 6.3)"
93.152.221.59 - - [17/Aug/2026:11:23:58 -0400] "GET /wp-includes/js/masonry.min.js?ver=4.2.2 HTTP/1.1" 200 7382 "-" "Mozilla/5.0 (Macintosh; Intel Mac OS X 10_15_7) AppleWebKit/605.1.15 (KHTML, like Gecko) Version/15.1 Safari/605.1.15"
93.152.221.59 - - [17/Aug/2026:11:23:59 -0400] "GET /wp-content/cache/min/1/wp-content/plugins/bold-page-builder/content_elements_misc/js/content_elements.js?ver=1774456999 HTTP/1.1" 200 7213 "-" "Mozilla/5.0 (X11; Linux x86_64) AppleWebKit/537.36 Chrome/113.0.0.0 Safari/537.36"
93.152.221.59 - - [17/Aug/2026:11:24:00 -0400] "GET /wp-content/plugins/woocommerce/assets/js/js-cookie/js.cookie.min.js?ver=2.1.4-wc.10.2.4 HTTP/1.1" 200 833 "-" "Mozilla/5.0 (Windows NT 10.0; Win64; x64) AppleWebKit/537.36 Chrome/114.0.5735.110 Safari/537.36"
93.152.221.59 - - [17/Aug/2026:11:24:01 -0400] "GET /wp-content/cache/min/1/wp-content/plugins/bold-page-builder/content_elements/bt_bb_section/bt_bb_elements.js?ver=1774457000 HTTP/1.1" 200 656 "-" "Mozilla/5.0 (Windows NT 10.0; Win64; x64) AppleWebKit/537.36 Chrome/114.0.5735.110 Safari/537.36"
93.152.221.59 - - [17/Aug/2026:11:24:02 -0400] "GET /wp-content/cache/min/1/wp-content/plugins/bold-timeline-lite/bold-builder-light/bt-bb-light.js?ver=1774456999 HTTP/1.1" 200 465 "-" "Mozilla/5.0 (Windows NT 10.0; Win64; x64) AppleWebKit/537.36 Chrome/114.0.5735.110 Safari/537.36"
93.152.221.59 - - [17/Aug/2026:11:24:05 -0400] "GET /wp-includes/js/jquery/jquery.min.js?ver=3.7.1 HTTP/1.1" 200 30368 "-" "Mozilla/5.0 (X11; Linux x86_64) AppleWebKit/537.36 Chrome/113.0.0.0 Safari/537.36"
93.152.221.59 - - [17/Aug/2026:11:24:07 -0400] "GET /wp-includes/js/jquery/jquery.masonry.min.js?ver=3.1.2b HTTP/1.1" 200 716 "-" "Mozilla/5.0 (Windows NT 10.0; Win64; x64) AppleWebKit/537.36 Chrome/114.0.5735.110 Safari/537.36"
209.212.222.52 - - [17/Aug/2026:11:24:07 -0400] "POST /xmlrpc.php HTTP/1.1" 200 403 "-" "Jetpack by WordPress.com"
93.152.221.59 - - [17/Aug/2026:11:24:08 -0400] "GET /wp-content/cache/min/1/wp-content/plugins/bold-timeline-lite/assets/js/bold-timeline.js?ver=1774456999 HTTP/1.1" 200 1517 "-" "Mozilla/5.0 (Macintosh; Intel Mac OS X 10_15_7) AppleWebKit/605.1.15 (KHTML, like Gecko) Version/15.1 Safari/605.1.15"
93.152.221.59 - - [17/Aug/2026:11:24:09 -0400] "GET /wp-content/uploads/2023/08/contact-banner-1-e1693332912555.png HTTP/1.1" 200 860863 "-" "Mozilla/5.0 (Windows NT 10.0; Win64; x64) AppleWebKit/537.36 Chrome/114.0.5735.110 Safari/537.36"
69.39.225.240 - - [17/Aug/2026:11:24:14 -0400] "POST /wp-cron.php?doing_wp_cron=1786980254.9447081089019775390625 HTTP/1.1" 200 20 "-" "WordPress/7.0.4; https://www.biotechprocleaners.com"
93.152.221.59 - - [17/Aug/2026:11:24:13 -0400] "GET /wp-content/themes/amwerk-child/custom-slider.js?ver=1.0 HTTP/1.1" 200 39514 "-" "Mozilla/5.0 (X11; Linux x86_64) AppleWebKit/537.36 Chrome/113.0.0.0 Safari/537.36"
93.152.221.59 - - [17/Aug/2026:11:24:16 -0400] "GET /wp-content/cache/min/1/wp-content/themes/amwerk/framework/js/misc.js?ver=1774457000 HTTP/1.1" 200 1540 "-" "Mozilla/5.0 (Macintosh; Intel Mac OS X 10_15_7) AppleWebKit/605.1.15 (KHTML, like Gecko) Version/15.1 Safari/605.1.15"
93.152.221.59 - - [17/Aug/2026:11:24:17 -0400] "GET /wp-content/cache/min/1/wp-content/themes/amwerk/js/amwerk.js?ver=1774457000 HTTP/1.1" 200 288 "-" "Mozilla/5.0 (X11; Linux x86_64) AppleWebKit/537.36 Chrome/113.0.0.0 Safari/537.36"
209.212.222.52 - - [17/Aug/2026:11:24:17 -0400] "POST /xmlrpc.php HTTP/1.1" 200 403 "-" "WordPress.com; https://wordpress.com"
93.152.221.59 - - [17/Aug/2026:11:24:19 -0400] "GET /wp-content/cache/min/1/wp-content/themes/amwerk/bold-page-builder/content_elements/bt_bb_floating_element/bt_bb_floating_element.js?ver=1774457000 HTTP/1.1" 200 518 "-" "Mozilla/5.0 (Windows NT 10.0; Win64; x64) AppleWebKit/537.36 Chrome/114.0.5735.110 Safari/537.36"
69.39.225.240 - - [17/Aug/2026:11:24:21 -0400] "POST /wp-cron.php?doing_wp_cron=1786980261.8451490402221679687500 HTTP/1.1" 200 20 "-" "WordPress/7.0.4; https://www.biotechprocleaners.com"
93.152.221.59 - - [17/Aug/2026:11:24:20 -0400] "GET /wp-admin/admin-ajax.php HTTP/1.1" 200 21 "-" "Mozilla/5.0 (X11; Linux x86_64) AppleWebKit/537.36 Chrome/113.0.0.0 Safari/537.36"
93.152.221.59 - - [17/Aug/2026:11:24:24 -0400] "GET /wp-includes/js/imagesloaded.min.js?ver=5.0.0 HTTP/1.1" 200 1803 "-" "Mozilla/5.0 (Windows NT 10.0; Win64; x64) AppleWebKit/537.36 Chrome/114.0.5735.110 Safari/537.36"
93.152.221.59 - - [17/Aug/2026:11:24:26 -0400] "GET /wp-content/plugins/amwerk/js/amwerk.js?ver=7.0.4 HTTP/1.1" 200 2 "-" "Mozilla/5.0 (X11; Linux x86_64) AppleWebKit/537.36 Chrome/113.0.0.0 Safari/537.36"
93.152.221.59 - - [17/Aug/2026:11:24:27 -0400] "GET /wp-content/plugins/bold-page-builder/content_elements_misc/js/jquery.magnific-popup.min.js?ver=5.4.7 HTTP/1.1" 200 7435 "-" "Mozilla/5.0 (Macintosh; Intel Mac OS X 10_15_7) AppleWebKit/605.1.15 (KHTML, like Gecko) Version/15.1 Safari/605.1.15"
93.152.221.59 - - [17/Aug/2026:11:24:28 -0400] "GET /contact/ HTTP/1.1" 200 40992 "-" "Mozilla/5.0 (Macintosh; Intel Mac OS X 10_15_7) AppleWebKit/605.1.15 (KHTML, like Gecko) Version/15.1 Safari/605.1.15"
93.152.221.59 - - [17/Aug/2026:11:24:30 -0400] "GET /wp-content/plugins/bold-page-builder/slick/slick.min.js?ver=5.4.7 HTTP/1.1" 200 10442 "-" "Mozilla/5.0 (Windows NT 10.0; Win64; x64) AppleWebKit/537.36 Chrome/114.0.5735.110 Safari/537.36"
209.212.222.52 - - [17/Aug/2026:11:24:29 -0400] "POST /xmlrpc.php HTTP/1.1" 200 403 "-" "Jetpack by WordPress.com"
93.152.221.59 - - [17/Aug/2026:11:24:31 -0400] "GET /wp-content/plugins/woocommerce/assets/js/jquery-blockui/jquery.blockUI.min.js?ver=2.7.0-wc.10.2.4 HTTP/1.1" 200 3537 "-" "Mozilla/5.0 (X11; Linux x86_64) AppleWebKit/537.36 Chrome/113.0.0.0 Safari/537.36"
77.42.121.201 - - [17/Aug/2026:11:24:33 -0400] "GET /wp-content/uploads/2025/06/NDMU1-600x600.png HTTP/1.1" 200 75900 "-" "Mozilla/5.0 (X11; Ubuntu; Linux x86_64; rv:72.0) Gecko/20100101 Firefox/72.0"
93.152.221.59 - - [17/Aug/2026:11:24:34 -0400] "GET /wp-content/cache/min/1/wp-content/themes/amwerk/bold-page-builder/content_elements/bt_bb_masonry_portfolio_tiles/bt_bb_portfolio_tiles.js?ver=1774457000 HTTP/1.1" 200 1020 "-" "Mozilla/5.0 (Macintosh; Intel Mac OS X 10_15_7) AppleWebKit/605.1.15 (KHTML, like Gecko) Version/15.1 Safari/605.1.15"
93.152.221.59 - - [17/Aug/2026:11:24:35 -0400] "GET /wp-content/plugins/woo-product-slider/src/Frontend/assets/js/scripts.min.js?ver=2.8.8 HTTP/1.1" 200 864 "-" "Mozilla/5.0 (Macintosh; Intel Mac OS X 10_15_7) AppleWebKit/605.1.15 (KHTML, like Gecko) Version/15.1 Safari/605.1.15"
93.152.221.59 - - [17/Aug/2026:11:24:37 -0400] "GET /wp-includes/js/jquery/jquery-migrate.min.js?ver=3.4.1 HTTP/1.1" 200 4872 "-" "Mozilla/5.0 (X11; Linux x86_64) AppleWebKit/537.36 Chrome/113.0.0.0 Safari/537.36"
93.152.221.59 - - [17/Aug/2026:11:24:38 -0400] "GET /wp-content/cache/min/1/wp-content/plugins/contact-form-7/includes/css/styles.css?ver=1774456999 HTTP/1.1" 200 908 "-" "Mozilla/5.0 (Macintosh; Intel Mac OS X 10_15_7) AppleWebKit/605.1.15 (KHTML, like Gecko) Version/15.1 Safari/605.1.15"
209.212.222.52 - - [17/Aug/2026:11:24:39 -0400] "POST /xmlrpc.php HTTP/1.1" 200 403 "-" "Jetpack by WordPress.com"
93.152.221.59 - - [17/Aug/2026:11:24:40 -0400] "GET /wp-includes/js/dist/vendor/wp-polyfill.min.js?ver=3.15.0 HTTP/1.1" 200 11897 "-" "Mozilla/5.0 (Windows NT 10.0; Win64; x64) AppleWebKit/537.36 Chrome/114.0.5735.110 Safari/537.36"
93.152.221.59 - - [17/Aug/2026:11:24:41 -0400] "GET /wp-includes/js/dist/hooks.min.js?ver=7496969728ca0f95732d HTTP/1.1" 200 1829 "-" "Mozilla/5.0 (Windows NT 10.0; Win64; x64) AppleWebKit/537.36 Chrome/114.0.5735.110 Safari/537.36"
93.152.221.59 - - [17/Aug/2026:11:24:42 -0400] "GET /wp-content/cache/min/1/wp-content/plugins/cf7-redirect-thank-you-page/assets/js/redirect_method.js?ver=1774456999 HTTP/1.1" 200 679 "-" "Mozilla/5.0 (Windows NT 10.0; Win64; x64) AppleWebKit/537.36 Chrome/114.0.5735.110 Safari/537.36"
93.152.221.59 - - [17/Aug/2026:11:24:43 -0400] "GET /wp-content/uploads/2023/08/contact-banner-e1693332327962.png HTTP/1.1" 200 879119 "-" "Mozilla/5.0 (Macintosh; Intel Mac OS X 10_15_7) AppleWebKit/605.1.15 (KHTML, like Gecko) Version/15.1 Safari/605.1.15"
93.152.221.59 - - [17/Aug/2026:11:24:48 -0400] "GET /wp-content/cache/min/1/242833184.js?ver=1774456999 HTTP/1.1" 200 536 "-" "Mozilla/5.0 (Windows NT 10.0; Win64; x64) AppleWebKit/537.36 Chrome/114.0.5735.110 Safari/537.36"
209.212.222.52 - - [17/Aug/2026:11:24:49 -0400] "POST /xmlrpc.php HTTP/1.1" 200 403 "-" "Jetpack by WordPress.com (Jetpack 13.0; WordPress 6.1)"
93.152.221.59 - - [17/Aug/2026:11:24:51 -0400] "GET /wp-content/cache/min/1/wp-content/plugins/bt_cost_calculator/cc.main.js?ver=1774456999 HTTP/1.1" 200 4779 "-" "Mozilla/5.0 (Windows NT 10.0; Win64; x64) AppleWebKit/537.36 Chrome/114.0.5735.110 Safari/537.36"
93.152.221.59 - - [17/Aug/2026:11:24:56 -0400] "GET /wp-content/cache/min/1/wp-content/themes/amwerk/framework/js/fancySelect.js?ver=1774456999 HTTP/1.1" 200 1465 "-" "Mozilla/5.0 (Macintosh; Intel Mac OS X 10_15_7) AppleWebKit/605.1.15 (KHTML, like Gecko) Version/15.1 Safari/605.1.15"
93.152.221.59 - - [17/Aug/2026:11:24:57 -0400] "GET /wp-content/plugins/woocommerce/assets/js/frontend/woocommerce.min.js?ver=10.2.4 HTTP/1.1" 200 1474 "-" "Mozilla/5.0 (X11; Linux x86_64) AppleWebKit/537.36 Chrome/113.0.0.0 Safari/537.36"
93.152.221.59 - - [17/Aug/2026:11:24:58 -0400] "GET /wp-content/cache/min/1/wp-content/themes/amwerk-child/js/popup.js?ver=1774456999 HTTP/1.1" 200 271 "-" "Mozilla/5.0 (Macintosh; Intel Mac OS X 10_15_7) AppleWebKit/605.1.15 (KHTML, like Gecko) Version/15.1 Safari/605.1.15"
93.152.221.59 - - [17/Aug/2026:11:24:58 -0400] "GET /wp-content/cache/min/1/wp-content/themes/amwerk/framework/js/header.misc.js?ver=1774456999 HTTP/1.1" 200 2182 "-" "Mozilla/5.0 (Macintosh; Intel Mac OS X 10_15_7) AppleWebKit/605.1.15 (KHTML, like Gecko) Version/15.1 Safari/605.1.15"
93.152.221.59 - - [17/Aug/2026:11:25:00 -0400] "GET /wp-content/plugins/woocommerce/assets/js/sourcebuster/sourcebuster.min.js?ver=10.2.4 HTTP/1.1" 200 4807 "-" "Mozilla/5.0 (Windows NT 10.0; Win64; x64) AppleWebKit/537.36 Chrome/114.0.5735.110 Safari/537.36"
209.212.222.52 - - [17/Aug/2026:11:25:00 -0400] "POST /xmlrpc.php HTTP/1.1" 200 403 "-" "Jetpack/13.0; WordPress/6.3; http://site33633040.com"
93.152.221.59 - - [17/Aug/2026:11:25:02 -0400] "GET /wp-content/plugins/woocommerce/assets/js/frontend/add-to-cart.min.js?ver=10.2.4 HTTP/1.1" 200 1368 "-" "Mozilla/5.0 (Macintosh; Intel Mac OS X 10_15_7) AppleWebKit/605.1.15 (KHTML, like Gecko) Version/15.1 Safari/605.1.15"
93.152.221.59 - - [17/Aug/2026:11:25:05 -0400] "GET /wp-content/cache/min/1/wp-content/plugins/contact-form-7/modules/recaptcha/index.js?ver=1774457000 HTTP/1.1" 200 483 "-" "Mozilla/5.0 (Macintosh; Intel Mac OS X 10_15_7) AppleWebKit/605.1.15 (KHTML, like Gecko) Version/15.1 Safari/605.1.15"
93.152.221.59 - - [17/Aug/2026:11:25:06 -0400] "GET /wp-content/cache/min/1/wp-content/plugins/amwerk/shortcodes/back_to_top/js/back_to_top.js?ver=1774457000 HTTP/1.1" 200 285 "-" "Mozilla/5.0 (X11; Linux x86_64) AppleWebKit/537.36 Chrome/113.0.0.0 Safari/537.36"
93.152.221.59 - - [17/Aug/2026:11:25:08 -0400] "GET /wp-content/cache/min/1/wp-content/plugins/bt_cost_calculator/jquery.dd.js?ver=1774456999 HTTP/1.1" 200 8640 "-" "Mozilla/5.0 (X11; Linux x86_64) AppleWebKit/537.36 Chrome/113.0.0.0 Safari/537.36"
93.152.221.59 - - [17/Aug/2026:11:25:09 -0400] "GET /xmlrpc.php?rsd HTTP/1.1" 200 312 "-" "Mozilla/5.0 (Macintosh; Intel Mac OS X 10_15_7) AppleWebKit/605.1.15 (KHTML, like Gecko) Version/15.1 Safari/605.1.15"
93.152.221.59 - - [17/Aug/2026:11:25:11 -0400] "GET /wp-content/cache/min/1/wp-content/plugins/contact-form-7/includes/js/index.js?ver=1774457000 HTTP/1.1" 200 4264 "-" "Mozilla/5.0 (Macintosh; Intel Mac OS X 10_15_7) AppleWebKit/605.1.15 (KHTML, like Gecko) Version/15.1 Safari/605.1.15"
93.152.221.59 - - [17/Aug/2026:11:25:12 -0400] "GET /wp-content/plugins/woo-product-slider/src/Frontend/assets/js/swiper.min.js?ver=2.8.8 HTTP/1.1" 200 39457 "-" "Mozilla/5.0 (X11; Linux x86_64) AppleWebKit/537.36 Chrome/113.0.0.0 Safari/537.36"
93.152.221.59 - - [17/Aug/2026:11:25:14 -0400] "GET /wp-content/cache/min/1/wp-content/plugins/woo-product-slider/src/Admin/assets/css/fontello.min.css?ver=1774456999 HTTP/1.1" 200 881 "-" "Mozilla/5.0 (Windows NT 10.0; Win64; x64) AppleWebKit/537.36 Chrome/114.0.5735.110 Safari/537.36"
69.39.225.240 - - [17/Aug/2026:11:25:14 -0400] "POST /wp-cron.php?doing_wp_cron=1786980314.9544019699096679687500 HTTP/1.1" 200 20 "-" "WordPress/7.0.4; https://www.biotechprocleaners.com"
209.212.222.52 - - [17/Aug/2026:11:25:14 -0400] "POST /xmlrpc.php HTTP/1.1" 200 403 "-" "Jetpack by WordPress.com (Jetpack 12.0; WordPress 6.1)"
93.152.221.59 - - [17/Aug/2026:11:25:15 -0400] "GET /wp-includes/js/dist/i18n.min.js?ver=781d11515ad3d91786ec HTTP/1.1" 200 2465 "-" "Mozilla/5.0 (Windows NT 10.0; Win64; x64) AppleWebKit/537.36 Chrome/114.0.5735.110 Safari/537.36"
93.152.221.59 - - [17/Aug/2026:11:25:17 -0400] "GET /wp-content/cache/min/1/wp-content/plugins/contact-form-7/includes/swv/js/index.js?ver=1774457000 HTTP/1.1" 200 3502 "-" "Mozilla/5.0 (Windows NT 10.0; Win64; x64) AppleWebKit/537.36 Chrome/114.0.5735.110 Safari/537.36"
93.152.221.59 - - [17/Aug/2026:11:25:19 -0400] "GET /wp-content/plugins/woocommerce/assets/js/frontend/order-attribution.min.js?ver=10.2.4 HTTP/1.1" 200 1128 "-" "Mozilla/5.0 (Macintosh; Intel Mac OS X 10_15_7) AppleWebKit/605.1.15 (KHTML, like Gecko) Version/15.1 Safari/605.1.15"
209.212.222.52 - - [17/Aug/2026:11:25:21 -0400] "POST /xmlrpc.php HTTP/1.1" 200 403 "-" "Jetpack/13.0; WordPress/6.1; http://site81531205.com"
209.212.222.52 - - [17/Aug/2026:11:25:32 -0400] "POST /xmlrpc.php HTTP/1.1" 200 403 "-" "Jetpack by WordPress.com (Jetpack 13.0; WordPress 6.4)"
69.39.225.240 - - [17/Aug/2026:11:25:45 -0400] "POST /wp-cron.php?doing_wp_cron=1786980344.9309439659118652343750 HTTP/1.1" 200 20 "-" "WordPress/7.0.4; https://www.biotechprocleaners.com"
209.212.222.52 - - [17/Aug/2026:11:25:44 -0400] "POST /xmlrpc.php HTTP/1.1" 200 403 "-" "Jetpack by WordPress.com (Jetpack 12.0; WordPress 6.2)"
209.212.222.52 - - [17/Aug/2026:11:25:53 -0400] "POST /xmlrpc.php HTTP/1.1" 200 403 "-" "Jetpack by WordPress.com (Jetpack 12.0; WordPress 6.2)"
209.212.222.52 - - [17/Aug/2026:11:26:04 -0400] "POST /xmlrpc.php HTTP/1.1" 200 403 "-" "WordPress.com; https://wordpress.com"
69.39.225.240 - - [17/Aug/2026:11:26:16 -0400] "POST /wp-cron.php?doing_wp_cron=1786980376.2043020725250244140625 HTTP/1.1" 200 20 "-" "WordPress/7.0.4; https://www.biotechprocleaners.com"
209.212.222.52 - - [17/Aug/2026:11:26:14 -0400] "POST /xmlrpc.php HTTP/1.1" 200 403 "-" "Jetpack by WordPress.com (Jetpack 12.1; WordPress 6.4)"
69.39.225.240 - - [17/Aug/2026:11:28:33 -0400] "POST /wp-cron.php?doing_wp_cron=1786980513.6091940402984619140625 HTTP/1.1" 200 20 "-" "WordPress/7.0.4; https://www.biotechprocleaners.com"
54.39.6.18 - - [17/Aug/2026:11:28:32 -0400] "GET /sitemap_index.xml HTTP/1.1" 200 469 "-" "Mozilla/5.0 (compatible; AhrefsBot/7.0; +http://ahrefs.com/robot/)"
148.113.130.12 - - [17/Aug/2026:11:28:35 -0400] "GET /post-sitemap.xml HTTP/1.1" 200 883 "-" "Mozilla/5.0 (compatible; AhrefsBot/7.0; +http://ahrefs.com/robot/)"
167.114.139.35 - - [17/Aug/2026:11:28:37 -0400] "GET /page-sitemap.xml HTTP/1.1" 200 1498 "-" "Mozilla/5.0 (compatible; AhrefsBot/7.0; +http://ahrefs.com/robot/)"
142.44.225.35 - - [17/Aug/2026:11:28:39 -0400] "GET /product-sitemap.xml HTTP/1.1" 200 1013 "-" "Mozilla/5.0 (compatible; AhrefsBot/7.0; +http://ahrefs.com/robot/)"
69.39.225.240 - - [17/Aug/2026:11:28:43 -0400] "POST /wp-cron.php?doing_wp_cron=1786980523.1370699405670166015625 HTTP/1.1" 200 20 "-" "WordPress/7.0.4; https://www.biotechprocleaners.com"
54.39.136.75 - - [17/Aug/2026:11:28:42 -0400] "GET /portfolio-sitemap.xml HTTP/1.1" 200 795 "-" "Mozilla/5.0 (compatible; AhrefsBot/7.0; +http://ahrefs.com/robot/)"
15.235.98.25 - - [17/Aug/2026:11:28:44 -0400] "GET /slider-item-sitemap.xml HTTP/1.1" 200 710 "-" "Mozilla/5.0 (compatible; AhrefsBot/7.0; +http://ahrefs.com/robot/)"
51.161.65.16 - - [17/Aug/2026:11:28:46 -0400] "GET /category-sitemap.xml HTTP/1.1" 200 463 "-" "Mozilla/5.0 (compatible; AhrefsBot/7.0; +http://ahrefs.com/robot/)"
51.222.95.73 - - [17/Aug/2026:11:28:48 -0400] "GET /post_tag-sitemap.xml HTTP/1.1" 200 483 "-" "Mozilla/5.0 (compatible; AhrefsBot/7.0; +http://ahrefs.com/robot/)"
15.235.27.76 - - [17/Aug/2026:11:28:51 -0400] "GET /product_cat-sitemap.xml HTTP/1.1" 200 537 "-" "Mozilla/5.0 (compatible; AhrefsBot/7.0; +http://ahrefs.com/robot/)"
142.44.220.86 - - [17/Aug/2026:11:28:53 -0400] "GET /surface-sitemap.xml HTTP/1.1" 200 1217 "-" "Mozilla/5.0 (compatible; AhrefsBot/7.0; +http://ahrefs.com/robot/)"
54.39.0.99 - - [17/Aug/2026:11:28:55 -0400] "GET /area-sitemap.xml HTTP/1.1" 200 1089 "-" "Mozilla/5.0 (compatible; AhrefsBot/7.0; +http://ahrefs.com/robot/)"
142.44.233.13 - - [17/Aug/2026:11:28:58 -0400] "GET /removal-sitemap.xml HTTP/1.1" 200 379 "-" "Mozilla/5.0 (compatible; AhrefsBot/7.0; +http://ahrefs.com/robot/)"
142.44.220.10 - - [17/Aug/2026:11:29:00 -0400] "GET /author-sitemap.xml HTTP/1.1" 200 377 "-" "Mozilla/5.0 (compatible; AhrefsBot/7.0; +http://ahrefs.com/robot/)"
69.39.225.240 - - [17/Aug/2026:11:31:46 -0400] "POST /wp-cron.php?doing_wp_cron=1786980705.8757510185241699218750 HTTP/1.1" 200 20 "-" "WordPress/7.0.4; https://www.biotechprocleaners.com"
184.73.195.18 - - [17/Aug/2026:11:31:44 -0400] "GET /surface/workshops/?areas=area1 HTTP/1.1" 200 32369 "-" "Mozilla/5.0 AppleWebKit/537.36 (KHTML, like Gecko; compatible; Amazonbot/0.1; +https://developer.amazon.com/support/amazonbot) Chrome/119.0.6045.214 Safari/537.36"
52.73.142.41 - - [17/Aug/2026:11:31:48 -0400] "GET /surface/workshops/?areas=covers HTTP/1.1" 200 32373 "-" "Mozilla/5.0 AppleWebKit/537.36 (KHTML, like Gecko; compatible; Amazonbot/0.1; +https://developer.amazon.com/support/amazonbot) Chrome/119.0.6045.214 Safari/537.36"
66.249.64.102 - - [17/Aug/2026:11:31:59 -0400] "GET /wp-content/uploads/2024/02/Recreational-Convention-Centers.jpg HTTP/1.1" 200 176455 "-" "Googlebot-Image/1.0"
52.200.58.199 - - [17/Aug/2026:11:32:00 -0400] "GET /surface/workshops/?surfaces=inox HTTP/1.1" 200 32371 "-" "Mozilla/5.0 AppleWebKit/537.36 (KHTML, like Gecko; compatible; Amazonbot/0.1; +https://developer.amazon.com/support/amazonbot) Chrome/119.0.6045.214 Safari/537.36"
35.173.18.61 - - [17/Aug/2026:11:32:06 -0400] "GET /surface/workshops/?areas=mineral-deposits HTTP/1.1" 200 32382 "-" "Mozilla/5.0 AppleWebKit/537.36 (KHTML, like Gecko; compatible; Amazonbot/0.1; +https://developer.amazon.com/support/amazonbot) Chrome/119.0.6045.214 Safari/537.36"
23.23.137.202 - - [17/Aug/2026:11:32:08 -0400] "GET /surface/workshops/?areas=doors HTTP/1.1" 200 32372 "-" "Mozilla/5.0 AppleWebKit/537.36 (KHTML, like Gecko; compatible; Amazonbot/0.1; +https://developer.amazon.com/support/amazonbot) Chrome/119.0.6045.214 Safari/537.36"
69.39.225.240 - - [17/Aug/2026:11:32:13 -0400] "POST /wp-cron.php?doing_wp_cron=1786980733.4522650241851806640625 HTTP/1.1" 200 20 "-" "WordPress/7.0.4; https://www.biotechprocleaners.com"
52.0.218.219 - - [17/Aug/2026:11:32:12 -0400] "GET /surface/workshops/?surfaces=counters HTTP/1.1" 200 32375 "-" "Mozilla/5.0 AppleWebKit/537.36 (KHTML, like Gecko; compatible; Amazonbot/0.1; +https://developer.amazon.com/support/amazonbot) Chrome/119.0.6045.214 Safari/537.36"
69.39.225.240 - - [17/Aug/2026:11:34:21 -0400] "POST /wp-cron.php?doing_wp_cron=1786980861.8215320110321044921875 HTTP/1.1" 200 20 "-" "WordPress/7.0.4; https://www.biotechprocleaners.com"
3.221.222.168 - - [17/Aug/2026:11:34:20 -0400] "GET /surface/kitchen/?amp&surfaces=engines HTTP/1.1" 200 32380 "-" "Mozilla/5.0 AppleWebKit/537.36 (KHTML, like Gecko; compatible; Amazonbot/0.1; +https://developer.amazon.com/support/amazonbot) Chrome/119.0.6045.214 Safari/537.36"
69.39.225.240 - - [17/Aug/2026:11:34:45 -0400] "POST /wp-cron.php?doing_wp_cron=1786980885.5646901130676269531250 HTTP/1.1" 200 20 "-" "WordPress/7.0.4; https://www.biotechprocleaners.com"
54.80.185.200 - - [17/Aug/2026:11:34:44 -0400] "GET /surface/kitchen/?amp&surfaces=parkings HTTP/1.1" 200 32381 "-" "Mozilla/5.0 AppleWebKit/537.36 (KHTML, like Gecko; compatible; Amazonbot/0.1; +https://developer.amazon.com/support/amazonbot) Chrome/119.0.6045.214 Safari/537.36"
98.83.10.183 - - [17/Aug/2026:11:34:48 -0400] "GET /surface/kitchen/?amp&surfaces=trucks HTTP/1.1" 200 32379 "-" "Mozilla/5.0 AppleWebKit/537.36 (KHTML, like Gecko; compatible; Amazonbot/0.1; +https://developer.amazon.com/support/amazonbot) Chrome/119.0.6045.214 Safari/537.36"
69.39.225.240 - - [17/Aug/2026:11:35:53 -0400] "POST /wp-cron.php?doing_wp_cron=1786980953.6482009887695312500000 HTTP/1.1" 200 20 "-" "WordPress/7.0.4; https://www.biotechprocleaners.com"
34.197.28.78 - - [17/Aug/2026:11:35:52 -0400] "GET /surface/medical-equipment/?surfaces=worktops HTTP/1.1" 200 32390 "-" "Mozilla/5.0 AppleWebKit/537.36 (KHTML, like Gecko; compatible; Amazonbot/0.1; +https://developer.amazon.com/support/amazonbot) Chrome/119.0.6045.214 Safari/537.36"
69.39.225.240 - - [17/Aug/2026:11:36:17 -0400] "POST /wp-cron.php?doing_wp_cron=1786980977.5144889354705810546875 HTTP/1.1" 200 20 "-" "WordPress/7.0.4; https://www.biotechprocleaners.com"
100.29.128.75 - - [17/Aug/2026:11:36:16 -0400] "GET /surface/medical-equipment/?surfaces=oven HTTP/1.1" 200 32391 "-" "Mozilla/5.0 AppleWebKit/537.36 (KHTML, like Gecko; compatible; Amazonbot/0.1; +https://developer.amazon.com/support/amazonbot) Chrome/119.0.6045.214 Safari/537.36"
18.205.91.101 - - [17/Aug/2026:11:36:24 -0400] "GET /surface/medical-equipment/?surfaces=clothes HTTP/1.1" 200 32394 "-" "Mozilla/5.0 AppleWebKit/537.36 (KHTML, like Gecko; compatible; Amazonbot/0.1; +https://developer.amazon.com/support/amazonbot) Chrome/119.0.6045.214 Safari/537.36"
69.39.225.240 - - [17/Aug/2026:11:36:43 -0400] "POST /wp-cron.php?doing_wp_cron=1786981003.1003079414367675781250 HTTP/1.1" 200 20 "-" "WordPress/7.0.4; https://www.biotechprocleaners.com"
176.237.231.175 - - [17/Aug/2026:11:36:42 -0400] "POST /xmlrpc.php HTTP/1.1" 200 403 "-" "Mozilla/5.0 (X11; Ubuntu; Linux x86_64; arm64) AppleWebKit/537.36 (KHTML, like Gecko) Edge/99.0.0.0 Safari/537.36"
69.39.225.240 - - [17/Aug/2026:11:37:18 -0400] "POST /wp-cron.php?doing_wp_cron=1786981038.0163969993591308593750 HTTP/1.1" 200 20 "-" "WordPress/7.0.4; https://www.biotechprocleaners.com"
98.83.177.42 - - [17/Aug/2026:11:37:16 -0400] "GET /surface/floors-in-plant/?areas=concrete-floors HTTP/1.1" 200 32402 "-" "Mozilla/5.0 AppleWebKit/537.36 (KHTML, like Gecko; compatible; Amazonbot/0.1; +https://developer.amazon.com/support/amazonbot) Chrome/119.0.6045.214 Safari/537.36"
69.39.225.240 - - [17/Aug/2026:11:38:33 -0400] "POST /wp-cron.php?doing_wp_cron=1786981113.1473569869995117187500 HTTP/1.1" 200 20 "-" "WordPress/7.0.4; https://www.biotechprocleaners.com"
176.237.231.175 - - [17/Aug/2026:11:38:31 -0400] "GET /wp-json/wp/v2/users HTTP/1.1" 200 18854 "-" "Mozilla/4.0 (compatible; Win32; WinHttp.WinHttpRequest.5)"
69.39.225.240 - - [17/Aug/2026:11:38:56 -0400] "POST /wp-cron.php?doing_wp_cron=1786981136.5680730342864990234375 HTTP/1.1" 200 20 "-" "WordPress/7.0.4; https://www.biotechprocleaners.com"
176.237.231.175 - - [17/Aug/2026:11:38:55 -0400] "POST /xmlrpc.php HTTP/1.1" 200 403 "-" "Mozilla/5.0 (Macintosh; Intel Mac OS X 10_15_7; x86) AppleWebKit/537.36 (KHTML, like Gecko) Edge/97.0.0.0 Safari/537.36"
69.39.225.240 - - [17/Aug/2026:11:39:22 -0400] "POST /wp-cron.php?doing_wp_cron=1786981162.8639249801635742187500 HTTP/1.1" 200 20 "-" "WordPress/7.0.4; https://www.biotechprocleaners.com"
176.237.231.175 - - [17/Aug/2026:11:39:21 -0400] "POST /xmlrpc.php HTTP/1.1" 200 403 "-" "Mozilla/5.0 (Windows NT 6.2; arm64) AppleWebKit/537.36 (KHTML, like Gecko) Firefox/88.0.0.0 Safari/537.36"
69.39.225.240 - - [17/Aug/2026:11:39:50 -0400] "POST /wp-cron.php?doing_wp_cron=1786981190.5092360973358154296875 HTTP/1.1" 200 20 "-" "WordPress/7.0.4; https://www.biotechprocleaners.com"
176.237.231.175 - - [17/Aug/2026:11:39:49 -0400] "POST /xmlrpc.php HTTP/1.1" 200 403 "-" "Mozilla/5.0 (Windows NT 6.2; arm64) AppleWebKit/537.36 (KHTML, like Gecko) Opera/74.0.0.0 Safari/537.36"
69.39.225.240 - - [17/Aug/2026:11:40:13 -0400] "POST /wp-cron.php?doing_wp_cron=1786981213.0243759155273437500000 HTTP/1.1" 200 20 "-" "WordPress/7.0.4; https://www.biotechprocleaners.com"
176.237.231.175 - - [17/Aug/2026:11:40:11 -0400] "POST /xmlrpc.php HTTP/1.1" 200 403 "-" "Mozilla/5.0 (Windows NT 6.2; arm64) AppleWebKit/537.36 (KHTML, like Gecko) Edge/83.0.0.0 Safari/537.36"
176.237.231.175 - - [17/Aug/2026:11:40:34 -0400] "POST /xmlrpc.php HTTP/1.1" 200 403 "-" "Mozilla/5.0 (X11; Ubuntu; Linux x86_64; x64) AppleWebKit/537.36 (KHTML, like Gecko) Opera/60.0.0.0 Safari/537.36"
69.39.225.240 - - [17/Aug/2026:11:41:03 -0400] "POST /wp-cron.php?doing_wp_cron=1786981263.8337109088897705078125 HTTP/1.1" 200 20 "-" "WordPress/7.0.4; https://www.biotechprocleaners.com"
176.237.231.175 - - [17/Aug/2026:11:41:02 -0400] "POST /xmlrpc.php HTTP/1.1" 200 403 "-" "Mozilla/5.0 (Linux; Android 10; x64) AppleWebKit/537.36 (KHTML, like Gecko) Edge/94.0.0.0 Safari/537.36"
69.39.225.240 - - [17/Aug/2026:11:41:33 -0400] "POST /wp-cron.php?doing_wp_cron=1786981292.9181060791015625000000 HTTP/1.1" 200 20 "-" "WordPress/7.0.4; https://www.biotechprocleaners.com"
176.237.231.175 - - [17/Aug/2026:11:41:31 -0400] "POST /xmlrpc.php HTTP/1.1" 200 403 "-" "Mozilla/5.0 (Windows NT 6.2; arm64) AppleWebKit/537.36 (KHTML, like Gecko) Safari/12.0.0.0 Safari/537.36"
69.39.225.240 - - [17/Aug/2026:11:41:58 -0400] "POST /wp-cron.php?doing_wp_cron=1786981318.1512720584869384765625 HTTP/1.1" 200 20 "-" "WordPress/7.0.4; https://www.biotechprocleaners.com"
34.205.163.103 - - [17/Aug/2026:11:41:57 -0400] "GET /product-category/all-industries/?amp&surfaces=fabrics HTTP/1.1" 200 40800 "-" "Mozilla/5.0 AppleWebKit/537.36 (KHTML, like Gecko; compatible; Amazonbot/0.1; +https://developer.amazon.com/support/amazonbot) Chrome/119.0.6045.214 Safari/537.36"
35.172.125.172 - - [17/Aug/2026:11:42:01 -0400] "GET /product-category/retail/?amp&surfaces=glass-and-reflective-surfaces HTTP/1.1" 200 47038 "-" "Mozilla/5.0 AppleWebKit/537.36 (KHTML, like Gecko; compatible; Amazonbot/0.1; +https://developer.amazon.com/support/amazonbot) Chrome/119.0.6045.214 Safari/537.36"
176.237.231.175 - - [17/Aug/2026:11:42:02 -0400] "POST /xmlrpc.php HTTP/1.1" 200 403 "-" "Mozilla/5.0 (Windows NT 6.2; arm64) AppleWebKit/537.36 (KHTML, like Gecko) Safari/15.0.0.0 Safari/537.36"
52.22.64.232 - - [17/Aug/2026:11:42:04 -0400] "GET /surface/handles/feed/ HTTP/1.1" 200 1180 "-" "Mozilla/5.0 AppleWebKit/537.36 (KHTML, like Gecko; compatible; Amazonbot/0.1; +https://developer.amazon.com/support/amazonbot) Chrome/119.0.6045.214 Safari/537.36"
3.229.164.203 - - [17/Aug/2026:11:42:08 -0400] "GET /wp-content/uploads/2024/07/2-Logistics-Transportation-320x145.png HTTP/1.1" 200 125596 "-" "Mozilla/5.0 AppleWebKit/537.36 (KHTML, like Gecko; compatible; Amazonbot/0.1; +https://developer.amazon.com/support/amazonbot) Chrome/119.0.6045.214 Safari/537.36"
69.39.225.240 - - [17/Aug/2026:11:42:23 -0400] "POST /wp-cron.php?doing_wp_cron=1786981343.5991630554199218750000 HTTP/1.1" 200 20 "-" "WordPress/7.0.4; https://www.biotechprocleaners.com"
54.152.163.42 - - [17/Aug/2026:11:42:21 -0400] "GET /product-category/all-industries/?surfaces=counters HTTP/1.1" 200 46964 "-" "Mozilla/5.0 AppleWebKit/537.36 (KHTML, like Gecko; compatible; Amazonbot/0.1; +https://developer.amazon.com/support/amazonbot) Chrome/119.0.6045.214 Safari/537.36"
44.205.120.22 - - [17/Aug/2026:11:42:24 -0400] "GET /product-category/all-industries/?amp&surfaces=windows HTTP/1.1" 200 46952 "-" "Mozilla/5.0 AppleWebKit/537.36 (KHTML, like Gecko; compatible; Amazonbot/0.1; +https://developer.amazon.com/support/amazonbot) Chrome/119.0.6045.214 Safari/537.36"
176.237.231.175 - - [17/Aug/2026:11:42:31 -0400] "POST /xmlrpc.php HTTP/1.1" 200 403 "-" "Mozilla/5.0 (X11; Ubuntu; Linux x86_64; arm64) AppleWebKit/537.36 (KHTML, like Gecko) Edge/99.0.0.0 Safari/537.36"
69.39.225.240 - - [17/Aug/2026:11:42:59 -0400] "POST /wp-cron.php?doing_wp_cron=1786981379.2702240943908691406250 HTTP/1.1" 200 20 "-" "WordPress/7.0.4; https://www.biotechprocleaners.com"
176.237.231.175 - - [17/Aug/2026:11:42:58 -0400] "POST /xmlrpc.php HTTP/1.1" 200 403 "-" "Mozilla/5.0 (Windows NT 10.0; x64) AppleWebKit/537.36 (KHTML, like Gecko) Firefox/85.0.0.0 Safari/537.36"
69.39.225.240 - - [17/Aug/2026:11:43:30 -0400] "POST /wp-cron.php?doing_wp_cron=1786981410.8806660175323486328125 HTTP/1.1" 200 20 "-" "WordPress/7.0.4; https://www.biotechprocleaners.com"
176.237.231.175 - - [17/Aug/2026:11:43:29 -0400] "POST /xmlrpc.php HTTP/1.1" 200 403 "-" "Mozilla/5.0 (Windows NT 6.2; x86) AppleWebKit/537.36 (KHTML, like Gecko) Safari/13.0.0.0 Safari/537.36"
3.224.215.150 - - [17/Aug/2026:11:43:33 -0400] "GET /product-category/recreational-convention-centers/?amp&areas=doors HTTP/1.1" 200 40728 "-" "Mozilla/5.0 AppleWebKit/537.36 (KHTML, like Gecko; compatible; Amazonbot/0.1; +https://developer.amazon.com/support/amazonbot) Chrome/119.0.6045.214 Safari/537.36"
69.39.225.240 - - [17/Aug/2026:11:43:57 -0400] "POST /wp-cron.php?doing_wp_cron=1786981437.6609349250793457031250 HTTP/1.1" 200 20 "-" "WordPress/7.0.4; https://www.biotechprocleaners.com"
44.220.2.97 - - [17/Aug/2026:11:43:56 -0400] "GET /product-category/retail/?surfaces=outdoor-furniture HTTP/1.1" 200 46890 "-" "Mozilla/5.0 AppleWebKit/537.36 (KHTML, like Gecko; compatible; Amazonbot/0.1; +https://developer.amazon.com/support/amazonbot) Chrome/119.0.6045.214 Safari/537.36"
176.237.231.175 - - [17/Aug/2026:11:43:58 -0400] "POST /xmlrpc.php HTTP/1.1" 200 403 "-" "Mozilla/5.0 (Linux; Android 10; arm64) AppleWebKit/537.36 (KHTML, like Gecko) Edge/80.0.0.0 Safari/537.36"
44.193.115.232 - - [17/Aug/2026:11:44:00 -0400] "GET /surface/workshops/?amp&surfaces=construction-sites HTTP/1.1" 200 47436 "-" "Mozilla/5.0 AppleWebKit/537.36 (KHTML, like Gecko; compatible; Amazonbot/0.1; +https://developer.amazon.com/support/amazonbot) Chrome/119.0.6045.214 Safari/537.36"
69.39.225.240 - - [17/Aug/2026:11:44:32 -0400] "POST /wp-cron.php?doing_wp_cron=1786981472.7432610988616943359375 HTTP/1.1" 200 20 "-" "WordPress/7.0.4; https://www.biotechprocleaners.com"
176.237.231.175 - - [17/Aug/2026:11:44:31 -0400] "POST /xmlrpc.php HTTP/1.1" 200 403 "-" "Mozilla/5.0 (Windows NT 10.0; arm64) AppleWebKit/537.36 (KHTML, like Gecko) Edge/83.0.0.0 Safari/537.36"
69.39.225.240 - - [17/Aug/2026:11:44:59 -0400] "POST /wp-cron.php?doing_wp_cron=1786981499.0365960597991943359375 HTTP/1.1" 200 20 "-" "WordPress/7.0.4; https://www.biotechprocleaners.com"
176.237.231.175 - - [17/Aug/2026:11:44:57 -0400] "POST /xmlrpc.php HTTP/1.1" 200 403 "-" "Mozilla/5.0 (Windows NT 10.0; x64) AppleWebKit/537.36 (KHTML, like Gecko) Safari/13.0.0.0 Safari/537.36"
69.39.225.240 - - [17/Aug/2026:11:45:27 -0400] "POST /wp-cron.php?doing_wp_cron=1786981527.5530269145965576171875 HTTP/1.1" 200 20 "-" "WordPress/7.0.4; https://www.biotechprocleaners.com"
176.237.231.175 - - [17/Aug/2026:11:45:26 -0400] "POST /xmlrpc.php HTTP/1.1" 200 403 "-" "Mozilla/5.0 (X11; Ubuntu; Linux x86_64; x86) AppleWebKit/537.36 (KHTML, like Gecko) Edge/93.0.0.0 Safari/537.36"
69.39.225.240 - - [17/Aug/2026:11:45:48 -0400] "POST /wp-cron.php?doing_wp_cron=1786981548.6773490905761718750000 HTTP/1.1" 200 20 "-" "WordPress/7.0.4; https://www.biotechprocleaners.com"
176.237.231.175 - - [17/Aug/2026:11:45:47 -0400] "POST /xmlrpc.php HTTP/1.1" 200 403 "-" "Mozilla/5.0 (Windows NT 6.3; x64) AppleWebKit/537.36 (KHTML, like Gecko) Opera/64.0.0.0 Safari/537.36"
69.39.225.240 - - [17/Aug/2026:11:48:03 -0400] "POST /wp-cron.php?doing_wp_cron=1786981683.8214259147644042968750 HTTP/1.1" 200 20 "-" "WordPress/7.0.4; https://www.biotechprocleaners.com"
176.237.231.175 - - [17/Aug/2026:11:48:02 -0400] "POST /xmlrpc.php HTTP/1.1" 200 403 "-" "Mozilla/5.0 (Windows NT 6.3; arm64) AppleWebKit/537.36 (KHTML, like Gecko) Safari/11.0.0.0 Safari/537.36"
69.39.225.240 - - [17/Aug/2026:11:49:12 -0400] "POST /wp-cron.php?doing_wp_cron=1786981751.9528970718383789062500 HTTP/1.1" 200 20 "-" "WordPress/7.0.4; https://www.biotechprocleaners.com"
3.221.222.168 - - [17/Aug/2026:11:49:10 -0400] "GET /product-category/government/?amp&surfaces=bathroom HTTP/1.1" 200 46985 "-" "Mozilla/5.0 AppleWebKit/537.36 (KHTML, like Gecko; compatible; Amazonbot/0.1; +https://developer.amazon.com/support/amazonbot) Chrome/119.0.6045.214 Safari/537.36"
69.39.225.240 - - [17/Aug/2026:11:49:34 -0400] "POST /wp-cron.php?doing_wp_cron=1786981773.9518029689788818359375 HTTP/1.1" 200 20 "-" "WordPress/7.0.4; https://www.biotechprocleaners.com"
3.217.82.254 - - [17/Aug/2026:11:49:32 -0400] "GET /product-category/hospitality/?surfaces=chromes HTTP/1.1" 200 47281 "-" "Mozilla/5.0 AppleWebKit/537.36 (KHTML, like Gecko; compatible; Amazonbot/0.1; +https://developer.amazon.com/support/amazonbot) Chrome/119.0.6045.214 Safari/537.36"
69.39.225.240 - - [17/Aug/2026:11:49:42 -0400] "POST /wp-cron.php?doing_wp_cron=1786981782.8419299125671386718750 HTTP/1.1" 200 20 "-" "WordPress/7.0.4; https://www.biotechprocleaners.com"
18.213.102.186 - - [17/Aug/2026:11:49:41 -0400] "GET /product-category/hospitality/?areas=vinyl-flooring HTTP/1.1" 200 46996 "-" "Mozilla/5.0 AppleWebKit/537.36 (KHTML, like Gecko; compatible; Amazonbot/0.1; +https://developer.amazon.com/support/amazonbot) Chrome/119.0.6045.214 Safari/537.36"
