54.163.142.183 - - [17/Aug/2026:06:23:43 -0400] "POST /wp-admin/admin-ajax.php HTTP/1.1" 200 36 "https://www.biotechprocleaners.com/product/disinfectant-cleaner/?attribute_size=20+L" "Mozilla/5.0 (Macintosh; Intel Mac OS X 10_15_7) AppleWebKit/537.36 (KHTML, like Gecko) Chrome/148.0.0.0 Safari/537.36"
44.216.176.137 - - [17/Aug/2026:06:23:46 -0400] "GET /wp-content/plugins/woocommerce/assets/js/sourcebuster/sourcebuster.min.js?ver=10.2.4 HTTP/1.1" 200 4807 "https://www.biotechprocleaners.com/product/high-performance-surface-degreaser/?attribute_pa_size=750ml" "Mozilla/5.0 (X11; Linux x86_64) AppleWebKit/537.36 (KHTML, like Gecko) Chrome/148.0.0.0 Safari/537.36 Edg/148.0.0.0"
54.163.142.183 - - [17/Aug/2026:06:23:46 -0400] "GET /wp-content/uploads/2023/09/worker-operating-industrial-machine-metal-workshop-320x240.png HTTP/1.1" 200 103134 "https://www.biotechprocleaners.com/product/disinfectant-cleaner/?attribute_size=20+L" "Mozilla/5.0 (Macintosh; Intel Mac OS X 10_15_7) AppleWebKit/537.36 (KHTML, like Gecko) Chrome/148.0.0.0 Safari/537.36"
54.163.142.183 - - [17/Aug/2026:06:23:46 -0400] "GET /wp-content/uploads/2023/09/pexels-tom-fisk-3856433-320x240.png HTTP/1.1" 200 149237 "https://www.biotechprocleaners.com/product/disinfectant-cleaner/?attribute_size=20+L" "Mozilla/5.0 (Macintosh; Intel Mac OS X 10_15_7) AppleWebKit/537.36 (KHTML, like Gecko) Chrome/148.0.0.0 Safari/537.36"
100.60.35.16 - - [17/Aug/2026:06:23:46 -0400] "GET /wp-content/uploads/2020/10/justus-menke-RSpq9P2vttE-unsplash-320x240.png HTTP/1.1" 200 90651 "https://www.biotechprocleaners.com/product/disinfectant-cleaner/?attribute_size=20+L" "Mozilla/5.0 (Macintosh; Intel Mac OS X 10_15_7) AppleWebKit/537.36 (KHTML, like Gecko) Chrome/148.0.0.0 Safari/537.36"
44.216.176.137 - - [17/Aug/2026:06:23:46 -0400] "GET /wp-content/plugins/woocommerce/assets/js/frontend/order-attribution.min.js?ver=10.2.4 HTTP/1.1" 200 1128 "https://www.biotechprocleaners.com/product/high-performance-surface-degreaser/?attribute_pa_size=750ml" "Mozilla/5.0 (X11; Linux x86_64) AppleWebKit/537.36 (KHTML, like Gecko) Chrome/148.0.0.0 Safari/537.36 Edg/148.0.0.0"
100.60.35.16 - - [17/Aug/2026:06:23:46 -0400] "GET /wp-content/uploads/2023/09/pexels-maarten-van-den-heuvel-4254902-1280x1035.png HTTP/1.1" 200 1781894 "https://www.biotechprocleaners.com/product/disinfectant-cleaner/?attribute_size=20+L" "Mozilla/5.0 (Macintosh; Intel Mac OS X 10_15_7) AppleWebKit/537.36 (KHTML, like Gecko) Chrome/148.0.0.0 Safari/537.36"
54.163.142.183 - - [17/Aug/2026:06:23:46 -0400] "GET /wp-content/uploads/2023/09/train-5150747-320x240.png HTTP/1.1" 200 90090 "https://www.biotechprocleaners.com/product/disinfectant-cleaner/?attribute_size=20+L" "Mozilla/5.0 (Macintosh; Intel Mac OS X 10_15_7) AppleWebKit/537.36 (KHTML, like Gecko) Chrome/148.0.0.0 Safari/537.36"
44.216.176.137 - - [17/Aug/2026:06:23:46 -0400] "GET /wp-includes/js/dist/vendor/wp-polyfill.min.js?ver=3.15.0 HTTP/1.1" 200 11897 "https://www.biotechprocleaners.com/product/high-performance-surface-degreaser/?attribute_pa_size=750ml" "Mozilla/5.0 (X11; Linux x86_64) AppleWebKit/537.36 (KHTML, like Gecko) Chrome/148.0.0.0 Safari/537.36 Edg/148.0.0.0"
54.163.142.183 - - [17/Aug/2026:06:23:46 -0400] "GET /wp-content/uploads/2023/09/pexels-artem-podrez-5726808-320x240.png HTTP/1.1" 200 105525 "https://www.biotechprocleaners.com/product/disinfectant-cleaner/?attribute_size=20+L" "Mozilla/5.0 (Macintosh; Intel Mac OS X 10_15_7) AppleWebKit/537.36 (KHTML, like Gecko) Chrome/148.0.0.0 Safari/537.36"
44.216.176.137 - - [17/Aug/2026:06:23:46 -0400] "GET /wp-content/plugins/contact-form-7/modules/recaptcha/index.js?ver=6.1.2 HTTP/1.1" 200 483 "https://www.biotechprocleaners.com/product/high-performance-surface-degreaser/?attribute_pa_size=750ml" "Mozilla/5.0 (X11; Linux x86_64) AppleWebKit/537.36 (KHTML, like Gecko) Chrome/148.0.0.0 Safari/537.36 Edg/148.0.0.0"
3.227.170.148 - - [17/Aug/2026:06:23:46 -0400] "GET /wp-content/uploads/2023/09/pexels-pixabay-290275-1-1280x1035.png HTTP/1.1" 200 1927640 "https://www.biotechprocleaners.com/product/disinfectant-cleaner/?attribute_size=20+L" "Mozilla/5.0 (Macintosh; Intel Mac OS X 10_15_7) AppleWebKit/537.36 (KHTML, like Gecko) Chrome/148.0.0.0 Safari/537.36"
54.163.142.183 - - [17/Aug/2026:06:23:46 -0400] "GET /wp-content/uploads/2023/09/pexels-pixabay-54581-1-320x240.png HTTP/1.1" 200 118400 "https://www.biotechprocleaners.com/product/disinfectant-cleaner/?attribute_size=20+L" "Mozilla/5.0 (Macintosh; Intel Mac OS X 10_15_7) AppleWebKit/537.36 (KHTML, like Gecko) Chrome/148.0.0.0 Safari/537.36"
44.216.176.137 - - [17/Aug/2026:06:23:46 -0400] "GET /wp-includes/js/dist/hooks.min.js?ver=7496969728ca0f95732d HTTP/1.1" 200 1829 "https://www.biotechprocleaners.com/product/high-performance-surface-degreaser/?attribute_pa_size=750ml" "Mozilla/5.0 (X11; Linux x86_64) AppleWebKit/537.36 (KHTML, like Gecko) Chrome/148.0.0.0 Safari/537.36 Edg/148.0.0.0"
44.216.176.137 - - [17/Aug/2026:06:23:46 -0400] "GET /wp-includes/js/dist/i18n.min.js?ver=781d11515ad3d91786ec HTTP/1.1" 200 2465 "https://www.biotechprocleaners.com/product/high-performance-surface-degreaser/?attribute_pa_size=750ml" "Mozilla/5.0 (X11; Linux x86_64) AppleWebKit/537.36 (KHTML, like Gecko) Chrome/148.0.0.0 Safari/537.36 Edg/148.0.0.0"
44.216.176.137 - - [17/Aug/2026:06:23:46 -0400] "GET /wp-content/plugins/contact-form-7/includes/swv/js/index.js?ver=6.1.2 HTTP/1.1" 200 3503 "https://www.biotechprocleaners.com/product/high-performance-surface-degreaser/?attribute_pa_size=750ml" "Mozilla/5.0 (X11; Linux x86_64) AppleWebKit/537.36 (KHTML, like Gecko) Chrome/148.0.0.0 Safari/537.36 Edg/148.0.0.0"
44.216.176.137 - - [17/Aug/2026:06:23:46 -0400] "GET /wp-content/plugins/contact-form-7/includes/js/index.js?ver=6.1.2 HTTP/1.1" 200 4265 "https://www.biotechprocleaners.com/product/high-performance-surface-degreaser/?attribute_pa_size=750ml" "Mozilla/5.0 (X11; Linux x86_64) AppleWebKit/537.36 (KHTML, like Gecko) Chrome/148.0.0.0 Safari/537.36 Edg/148.0.0.0"
44.216.176.137 - - [17/Aug/2026:06:23:46 -0400] "GET /wp-includes/js/underscore.min.js?ver=1.13.8 HTTP/1.1" 200 7372 "https://www.biotechprocleaners.com/product/high-performance-surface-degreaser/?attribute_pa_size=750ml" "Mozilla/5.0 (X11; Linux x86_64) AppleWebKit/537.36 (KHTML, like Gecko) Chrome/148.0.0.0 Safari/537.36 Edg/148.0.0.0"
54.163.142.183 - - [17/Aug/2026:06:23:43 -0400] "GET /wp-json/contact-form-7/v1/contact-forms/1081/feedback/schema HTTP/1.1" 200 447 "https://www.biotechprocleaners.com/product/disinfectant-cleaner/?attribute_size=20+L" "Mozilla/5.0 (Macintosh; Intel Mac OS X 10_15_7) AppleWebKit/537.36 (KHTML, like Gecko) Chrome/148.0.0.0 Safari/537.36"
54.163.142.183 - - [17/Aug/2026:06:23:46 -0400] "GET /wp-content/uploads/2023/09/tony-yakovlenko-lDxxeAJrWpE-unsplash-1280x1035.png HTTP/1.1" 200 1641408 "https://www.biotechprocleaners.com/product/disinfectant-cleaner/?attribute_size=20+L" "Mozilla/5.0 (Macintosh; Intel Mac OS X 10_15_7) AppleWebKit/537.36 (KHTML, like Gecko) Chrome/148.0.0.0 Safari/537.36"
44.216.176.137 - - [17/Aug/2026:06:23:46 -0400] "GET /wp-includes/js/wp-util.min.js?ver=7.0.4 HTTP/1.1" 200 754 "https://www.biotechprocleaners.com/product/high-performance-surface-degreaser/?attribute_pa_size=750ml" "Mozilla/5.0 (X11; Linux x86_64) AppleWebKit/537.36 (KHTML, like Gecko) Chrome/148.0.0.0 Safari/537.36 Edg/148.0.0.0"
44.216.176.137 - - [17/Aug/2026:06:23:46 -0400] "GET /wp-content/plugins/bold-page-builder/content_elements/bt_bb_section/bt_bb_elements.js?ver=5.4.7 HTTP/1.1" 200 824 "https://www.biotechprocleaners.com/product/high-performance-surface-degreaser/?attribute_pa_size=750ml" "Mozilla/5.0 (X11; Linux x86_64) AppleWebKit/537.36 (KHTML, like Gecko) Chrome/148.0.0.0 Safari/537.36 Edg/148.0.0.0"
44.216.176.137 - - [17/Aug/2026:06:23:46 -0400] "GET /wp-includes/js/imagesloaded.min.js?ver=5.0.0 HTTP/1.1" 200 1803 "https://www.biotechprocleaners.com/product/high-performance-surface-degreaser/?attribute_pa_size=750ml" "Mozilla/5.0 (X11; Linux x86_64) AppleWebKit/537.36 (KHTML, like Gecko) Chrome/148.0.0.0 Safari/537.36 Edg/148.0.0.0"
100.62.230.153 - - [17/Aug/2026:06:23:43 -0400] "POST /wp-admin/admin-ajax.php HTTP/1.1" 200 36 "https://www.biotechprocleaners.com/product/dishwashing-liquid-hard-water/?attribute_pa_size=24kg" "Mozilla/5.0 (Macintosh; Intel Mac OS X 10_15_7) AppleWebKit/537.36 (KHTML, like Gecko) Chrome/148.0.0.0 Safari/537.36"
44.216.176.137 - - [17/Aug/2026:06:23:46 -0400] "GET /wp-includes/js/masonry.min.js?ver=4.2.2 HTTP/1.1" 200 7382 "https://www.biotechprocleaners.com/product/high-performance-surface-degreaser/?attribute_pa_size=750ml" "Mozilla/5.0 (X11; Linux x86_64) AppleWebKit/537.36 (KHTML, like Gecko) Chrome/148.0.0.0 Safari/537.36 Edg/148.0.0.0"
44.216.176.137 - - [17/Aug/2026:06:23:46 -0400] "GET /wp-includes/js/jquery/jquery.masonry.min.js?ver=3.1.2b HTTP/1.1" 200 716 "https://www.biotechprocleaners.com/product/high-performance-surface-degreaser/?attribute_pa_size=750ml" "Mozilla/5.0 (X11; Linux x86_64) AppleWebKit/537.36 (KHTML, like Gecko) Chrome/148.0.0.0 Safari/537.36 Edg/148.0.0.0"
44.216.176.137 - - [17/Aug/2026:06:23:46 -0400] "GET /wp-content/themes/amwerk/bold-page-builder/content_elements/bt_bb_masonry_portfolio_tiles/bt_bb_portfolio_tiles.js?ver=7.0.4 HTTP/1.1" 200 1201 "https://www.biotechprocleaners.com/product/high-performance-surface-degreaser/?attribute_pa_size=750ml" "Mozilla/5.0 (X11; Linux x86_64) AppleWebKit/537.36 (KHTML, like Gecko) Chrome/148.0.0.0 Safari/537.36 Edg/148.0.0.0"
44.216.176.137 - - [17/Aug/2026:06:23:46 -0400] "GET /wp-content/plugins/amwerk/shortcodes/back_to_top/js/back_to_top.js?ver=7.0.4 HTTP/1.1" 200 355 "https://www.biotechprocleaners.com/product/high-performance-surface-degreaser/?attribute_pa_size=750ml" "Mozilla/5.0 (X11; Linux x86_64) AppleWebKit/537.36 (KHTML, like Gecko) Chrome/148.0.0.0 Safari/537.36 Edg/148.0.0.0"
44.216.176.137 - - [17/Aug/2026:06:23:46 -0400] "GET /wp-includes/js/dist/dom-ready.min.js?ver=a06281ae5cf5500e9317 HTTP/1.1" 200 473 "https://www.biotechprocleaners.com/product/high-performance-surface-degreaser/?attribute_pa_size=750ml" "Mozilla/5.0 (X11; Linux x86_64) AppleWebKit/537.36 (KHTML, like Gecko) Chrome/148.0.0.0 Safari/537.36 Edg/148.0.0.0"
44.216.176.137 - - [17/Aug/2026:06:23:46 -0400] "GET /wp-content/plugins/woocommerce-payments/dist/frontend-tracks.js?ver=10.0.0 HTTP/1.1" 200 835 "https://www.biotechprocleaners.com/product/high-performance-surface-degreaser/?attribute_pa_size=750ml" "Mozilla/5.0 (X11; Linux x86_64) AppleWebKit/537.36 (KHTML, like Gecko) Chrome/148.0.0.0 Safari/537.36 Edg/148.0.0.0"
100.62.230.153 - - [17/Aug/2026:06:23:43 -0400] "POST /wp-admin/admin-ajax.php HTTP/1.1" 200 1479 "https://www.biotechprocleaners.com/product/dishwashing-liquid-hard-water/?attribute_pa_size=24kg" "Mozilla/5.0 (Macintosh; Intel Mac OS X 10_15_7) AppleWebKit/537.36 (KHTML, like Gecko) Chrome/148.0.0.0 Safari/537.36"
100.62.230.153 - - [17/Aug/2026:06:23:47 -0400] "GET /wp-content/uploads/2023/09/worker-operating-industrial-machine-metal-workshop-320x240.png HTTP/1.1" 200 103134 "https://www.biotechprocleaners.com/product/dishwashing-liquid-hard-water/?attribute_pa_size=24kg" "Mozilla/5.0 (Macintosh; Intel Mac OS X 10_15_7) AppleWebKit/537.36 (KHTML, like Gecko) Chrome/148.0.0.0 Safari/537.36"
52.54.226.47 - - [17/Aug/2026:06:23:47 -0400] "GET /wp-content/uploads/2020/10/justus-menke-RSpq9P2vttE-unsplash-320x240.png HTTP/1.1" 200 90651 "https://www.biotechprocleaners.com/product/dishwashing-liquid-hard-water/?attribute_pa_size=24kg" "Mozilla/5.0 (Macintosh; Intel Mac OS X 10_15_7) AppleWebKit/537.36 (KHTML, like Gecko) Chrome/148.0.0.0 Safari/537.36"
100.62.230.153 - - [17/Aug/2026:06:23:47 -0400] "GET /wp-content/uploads/2023/09/pexels-tom-fisk-3856433-320x240.png HTTP/1.1" 200 149237 "https://www.biotechprocleaners.com/product/dishwashing-liquid-hard-water/?attribute_pa_size=24kg" "Mozilla/5.0 (Macintosh; Intel Mac OS X 10_15_7) AppleWebKit/537.36 (KHTML, like Gecko) Chrome/148.0.0.0 Safari/537.36"
52.54.226.47 - - [17/Aug/2026:06:23:47 -0400] "GET /wp-content/uploads/2023/09/pexels-maarten-van-den-heuvel-4254902-1280x1035.png HTTP/1.1" 200 1781894 "https://www.biotechprocleaners.com/product/dishwashing-liquid-hard-water/?attribute_pa_size=24kg" "Mozilla/5.0 (Macintosh; Intel Mac OS X 10_15_7) AppleWebKit/537.36 (KHTML, like Gecko) Chrome/148.0.0.0 Safari/537.36"
100.62.230.153 - - [17/Aug/2026:06:23:47 -0400] "GET /wp-content/uploads/2023/09/train-5150747-320x240.png HTTP/1.1" 200 90090 "https://www.biotechprocleaners.com/product/dishwashing-liquid-hard-water/?attribute_pa_size=24kg" "Mozilla/5.0 (Macintosh; Intel Mac OS X 10_15_7) AppleWebKit/537.36 (KHTML, like Gecko) Chrome/148.0.0.0 Safari/537.36"
100.62.230.153 - - [17/Aug/2026:06:23:47 -0400] "GET /wp-content/uploads/2023/09/pexels-pixabay-290275-1-1280x1035.png HTTP/1.1" 200 1927640 "https://www.biotechprocleaners.com/product/dishwashing-liquid-hard-water/?attribute_pa_size=24kg" "Mozilla/5.0 (Macintosh; Intel Mac OS X 10_15_7) AppleWebKit/537.36 (KHTML, like Gecko) Chrome/148.0.0.0 Safari/537.36"
100.62.230.153 - - [17/Aug/2026:06:23:47 -0400] "GET /wp-content/uploads/2023/09/pexels-artem-podrez-5726808-320x240.png HTTP/1.1" 200 105525 "https://www.biotechprocleaners.com/product/dishwashing-liquid-hard-water/?attribute_pa_size=24kg" "Mozilla/5.0 (Macintosh; Intel Mac OS X 10_15_7) AppleWebKit/537.36 (KHTML, like Gecko) Chrome/148.0.0.0 Safari/537.36"
100.62.230.153 - - [17/Aug/2026:06:23:47 -0400] "GET /wp-content/uploads/2023/09/tony-yakovlenko-lDxxeAJrWpE-unsplash-1280x1035.png HTTP/1.1" 200 1641408 "https://www.biotechprocleaners.com/product/dishwashing-liquid-hard-water/?attribute_pa_size=24kg" "Mozilla/5.0 (Macintosh; Intel Mac OS X 10_15_7) AppleWebKit/537.36 (KHTML, like Gecko) Chrome/148.0.0.0 Safari/537.36"
100.62.230.153 - - [17/Aug/2026:06:23:47 -0400] "GET /wp-content/uploads/2023/09/pexels-pixabay-54581-1-320x240.png HTTP/1.1" 200 118400 "https://www.biotechprocleaners.com/product/dishwashing-liquid-hard-water/?attribute_pa_size=24kg" "Mozilla/5.0 (Macintosh; Intel Mac OS X 10_15_7) AppleWebKit/537.36 (KHTML, like Gecko) Chrome/148.0.0.0 Safari/537.36"
52.44.135.199 - - [17/Aug/2026:06:23:43 -0400] "GET /wp-json/contact-form-7/v1/contact-forms/1081/feedback/schema HTTP/1.1" 200 447 "https://www.biotechprocleaners.com/product/dishwashing-liquid-hard-water/?attribute_pa_size=24kg" "Mozilla/5.0 (Macintosh; Intel Mac OS X 10_15_7) AppleWebKit/537.36 (KHTML, like Gecko) Chrome/148.0.0.0 Safari/537.36"
44.208.210.193 - - [17/Aug/2026:06:23:43 -0400] "GET /wp-json/contact-form-7/v1/contact-forms/1081/refill HTTP/1.1" 200 22 "https://www.biotechprocleaners.com/product/disinfectant-cleaner/?attribute_size=20+L" "Mozilla/5.0 (Macintosh; Intel Mac OS X 10_15_7) AppleWebKit/537.36 (KHTML, like Gecko) Chrome/148.0.0.0 Safari/537.36"
100.51.62.183 - - [17/Aug/2026:06:23:43 -0400] "GET /product/alkhaline-floor-cleaner-degreaser/?attribute_pa_size=1000l HTTP/1.1" 200 49575 "-" "Mozilla/5.0 (Windows NT 10.0; Win64; x64) AppleWebKit/537.36 (KHTML, like Gecko) Chrome/148.0.0.0 Safari/537.36 Edg/148.0.0.0"
100.51.62.183 - - [17/Aug/2026:06:23:48 -0400] "GET /wp-content/plugins/woocommerce/assets/client/blocks/wc-blocks.css?ver=wc-10.2.4 HTTP/1.1" 200 2618 "https://www.biotechprocleaners.com/product/alkhaline-floor-cleaner-degreaser/?attribute_pa_size=1000l" "Mozilla/5.0 (Windows NT 10.0; Win64; x64) AppleWebKit/537.36 (KHTML, like Gecko) Chrome/148.0.0.0 Safari/537.36 Edg/148.0.0.0"
100.51.62.183 - - [17/Aug/2026:06:23:48 -0400] "GET /wp-content/plugins/amwerk/css/amwerk.css?ver=7.0.4 HTTP/1.1" 200 2 "https://www.biotechprocleaners.com/product/alkhaline-floor-cleaner-degreaser/?attribute_pa_size=1000l" "Mozilla/5.0 (Windows NT 10.0; Win64; x64) AppleWebKit/537.36 (KHTML, like Gecko) Chrome/148.0.0.0 Safari/537.36 Edg/148.0.0.0"
100.63.13.4 - - [17/Aug/2026:06:23:48 -0400] "GET /wp-content/plugins/menu-image/includes/css/menu-image.css?ver=3.13 HTTP/1.1" 200 825 "https://www.biotechprocleaners.com/product/alkhaline-floor-cleaner-degreaser/?attribute_pa_size=1000l" "Mozilla/5.0 (Windows NT 10.0; Win64; x64) AppleWebKit/537.36 (KHTML, like Gecko) Chrome/148.0.0.0 Safari/537.36 Edg/148.0.0.0"
44.205.46.138 - - [17/Aug/2026:06:23:48 -0400] "GET /wp-content/plugins/bold-page-builder/slick/slick.css?ver=5.4.7 HTTP/1.1" 200 569 "https://www.biotechprocleaners.com/product/alkhaline-floor-cleaner-degreaser/?attribute_pa_size=1000l" "Mozilla/5.0 (Windows NT 10.0; Win64; x64) AppleWebKit/537.36 (KHTML, like Gecko) Chrome/148.0.0.0 Safari/537.36 Edg/148.0.0.0"
44.205.46.138 - - [17/Aug/2026:06:23:48 -0400] "GET /wp-content/plugins/bold-timeline-lite/style.css?ver=7.0.4 HTTP/1.1" 200 11859 "https://www.biotechprocleaners.com/product/alkhaline-floor-cleaner-degreaser/?attribute_pa_size=1000l" "Mozilla/5.0 (Windows NT 10.0; Win64; x64) AppleWebKit/537.36 (KHTML, like Gecko) Chrome/148.0.0.0 Safari/537.36 Edg/148.0.0.0"
100.55.106.63 - - [17/Aug/2026:06:23:48 -0400] "GET /wp-content/plugins/bt_cost_calculator/style.min.css?ver=7.0.4 HTTP/1.1" 200 6264 "https://www.biotechprocleaners.com/product/alkhaline-floor-cleaner-degreaser/?attribute_pa_size=1000l" "Mozilla/5.0 (Windows NT 10.0; Win64; x64) AppleWebKit/537.36 (KHTML, like Gecko) Chrome/148.0.0.0 Safari/537.36 Edg/148.0.0.0"
100.59.151.39 - - [17/Aug/2026:06:23:48 -0400] "GET /wp-content/plugins/bold-page-builder/css/front_end/content_elements.crush.css?ver=5.4.7 HTTP/1.1" 200 31261 "https://www.biotechprocleaners.com/product/alkhaline-floor-cleaner-degreaser/?attribute_pa_size=1000l" "Mozilla/5.0 (Windows NT 10.0; Win64; x64) AppleWebKit/537.36 (KHTML, like Gecko) Chrome/148.0.0.0 Safari/537.36 Edg/148.0.0.0"
100.51.62.183 - - [17/Aug/2026:06:23:48 -0400] "GET /wp-includes/css/dashicons.min.css?ver=7.0.4 HTTP/1.1" 200 35721 "https://www.biotechprocleaners.com/product/alkhaline-floor-cleaner-degreaser/?attribute_pa_size=1000l" "Mozilla/5.0 (Windows NT 10.0; Win64; x64) AppleWebKit/537.36 (KHTML, like Gecko) Chrome/148.0.0.0 Safari/537.36 Edg/148.0.0.0"
100.63.13.4 - - [17/Aug/2026:06:23:48 -0400] "GET /wp-content/plugins/woocommerce/assets/css/photoswipe/photoswipe.min.css?ver=10.2.4 HTTP/1.1" 200 997 "https://www.biotechprocleaners.com/product/alkhaline-floor-cleaner-degreaser/?attribute_pa_size=1000l" "Mozilla/5.0 (Windows NT 10.0; Win64; x64) AppleWebKit/537.36 (KHTML, like Gecko) Chrome/148.0.0.0 Safari/537.36 Edg/148.0.0.0"
44.205.46.138 - - [17/Aug/2026:06:23:48 -0400] "GET /wp-content/plugins/woocommerce/assets/css/photoswipe/default-skin/default-skin.min.css?ver=10.2.4 HTTP/1.1" 200 1952 "https://www.biotechprocleaners.com/product/alkhaline-floor-cleaner-degreaser/?attribute_pa_size=1000l" "Mozilla/5.0 (Windows NT 10.0; Win64; x64) AppleWebKit/537.36 (KHTML, like Gecko) Chrome/148.0.0.0 Safari/537.36 Edg/148.0.0.0"
44.205.46.138 - - [17/Aug/2026:06:23:48 -0400] "GET /wp-content/plugins/woocommerce/assets/css/brands.css?ver=10.2.4 HTTP/1.1" 200 684 "https://www.biotechprocleaners.com/product/alkhaline-floor-cleaner-degreaser/?attribute_pa_size=1000l" "Mozilla/5.0 (Windows NT 10.0; Win64; x64) AppleWebKit/537.36 (KHTML, like Gecko) Chrome/148.0.0.0 Safari/537.36 Edg/148.0.0.0"
100.59.151.39 - - [17/Aug/2026:06:23:48 -0400] "GET /wp-content/themes/amwerk-child/style.css?ver=1.0.0 HTTP/1.1" 200 5759 "https://www.biotechprocleaners.com/product/alkhaline-floor-cleaner-degreaser/?attribute_pa_size=1000l" "Mozilla/5.0 (Windows NT 10.0; Win64; x64) AppleWebKit/537.36 (KHTML, like Gecko) Chrome/148.0.0.0 Safari/537.36 Edg/148.0.0.0"
100.63.13.4 - - [17/Aug/2026:06:23:48 -0400] "GET /wp-content/themes/amwerk/framework/css/style.css?ver=7.0.4 HTTP/1.1" 200 149 "https://www.biotechprocleaners.com/product/alkhaline-floor-cleaner-degreaser/?attribute_pa_size=1000l" "Mozilla/5.0 (Windows NT 10.0; Win64; x64) AppleWebKit/537.36 (KHTML, like Gecko) Chrome/148.0.0.0 Safari/537.36 Edg/148.0.0.0"
44.205.46.138 - - [17/Aug/2026:06:23:48 -0400] "GET /wp-includes/js/jquery/jquery.min.js?ver=3.7.1 HTTP/1.1" 200 30368 "https://www.biotechprocleaners.com/product/alkhaline-floor-cleaner-degreaser/?attribute_pa_size=1000l" "Mozilla/5.0 (Windows NT 10.0; Win64; x64) AppleWebKit/537.36 (KHTML, like Gecko) Chrome/148.0.0.0 Safari/537.36 Edg/148.0.0.0"
100.59.151.39 - - [17/Aug/2026:06:23:48 -0400] "GET /wp-content/plugins/amwerk/js/amwerk.js?ver=7.0.4 HTTP/1.1" 200 2 "https://www.biotechprocleaners.com/product/alkhaline-floor-cleaner-degreaser/?attribute_pa_size=1000l" "Mozilla/5.0 (Windows NT 10.0; Win64; x64) AppleWebKit/537.36 (KHTML, like Gecko) Chrome/148.0.0.0 Safari/537.36 Edg/148.0.0.0"
44.205.46.138 - - [17/Aug/2026:06:23:48 -0400] "GET /wp-includes/js/jquery/jquery-migrate.min.js?ver=3.4.1 HTTP/1.1" 200 4872 "https://www.biotechprocleaners.com/product/alkhaline-floor-cleaner-degreaser/?attribute_pa_size=1000l" "Mozilla/5.0 (Windows NT 10.0; Win64; x64) AppleWebKit/537.36 (KHTML, like Gecko) Chrome/148.0.0.0 Safari/537.36 Edg/148.0.0.0"
100.63.13.4 - - [17/Aug/2026:06:23:48 -0400] "GET /wp-content/plugins/bold-page-builder/slick/slick.min.js?ver=5.4.7 HTTP/1.1" 200 10442 "https://www.biotechprocleaners.com/product/alkhaline-floor-cleaner-degreaser/?attribute_pa_size=1000l" "Mozilla/5.0 (Windows NT 10.0; Win64; x64) AppleWebKit/537.36 (KHTML, like Gecko) Chrome/148.0.0.0 Safari/537.36 Edg/148.0.0.0"
100.59.151.39 - - [17/Aug/2026:06:23:48 -0400] "GET /wp-content/plugins/bold-page-builder/content_elements_misc/js/jquery.magnific-popup.min.js?ver=5.4.7 HTTP/1.1" 200 7435 "https://www.biotechprocleaners.com/product/alkhaline-floor-cleaner-degreaser/?attribute_pa_size=1000l" "Mozilla/5.0 (Windows NT 10.0; Win64; x64) AppleWebKit/537.36 (KHTML, like Gecko) Chrome/148.0.0.0 Safari/537.36 Edg/148.0.0.0"
44.205.46.138 - - [17/Aug/2026:06:23:48 -0400] "GET /wp-content/plugins/bold-timeline-lite/assets/js/bold-timeline.js?ver=7.0.4 HTTP/1.1" 200 2279 "https://www.biotechprocleaners.com/product/alkhaline-floor-cleaner-degreaser/?attribute_pa_size=1000l" "Mozilla/5.0 (Windows NT 10.0; Win64; x64) AppleWebKit/537.36 (KHTML, like Gecko) Chrome/148.0.0.0 Safari/537.36 Edg/148.0.0.0"
44.205.46.138 - - [17/Aug/2026:06:23:48 -0400] "GET /wp-content/plugins/bold-page-builder/content_elements_misc/js/content_elements.js?ver=5.4.7 HTTP/1.1" 200 8986 "https://www.biotechprocleaners.com/product/alkhaline-floor-cleaner-degreaser/?attribute_pa_size=1000l" "Mozilla/5.0 (Windows NT 10.0; Win64; x64) AppleWebKit/537.36 (KHTML, like Gecko) Chrome/148.0.0.0 Safari/537.36 Edg/148.0.0.0"
100.63.13.4 - - [17/Aug/2026:06:23:48 -0400] "GET /wp-content/plugins/bold-timeline-lite/bold-builder-light/bt-bb-light.js?ver=7.0.4 HTTP/1.1" 200 553 "https://www.biotechprocleaners.com/product/alkhaline-floor-cleaner-degreaser/?attribute_pa_size=1000l" "Mozilla/5.0 (Windows NT 10.0; Win64; x64) AppleWebKit/537.36 (KHTML, like Gecko) Chrome/148.0.0.0 Safari/537.36 Edg/148.0.0.0"
100.55.106.63 - - [17/Aug/2026:06:23:48 -0400] "GET /wp-content/themes/amwerk/style.css?ver=7.0.4 HTTP/1.1" 200 101092 "https://www.biotechprocleaners.com/product/alkhaline-floor-cleaner-degreaser/?attribute_pa_size=1000l" "Mozilla/5.0 (Windows NT 10.0; Win64; x64) AppleWebKit/537.36 (KHTML, like Gecko) Chrome/148.0.0.0 Safari/537.36 Edg/148.0.0.0"
100.59.151.39 - - [17/Aug/2026:06:23:48 -0400] "GET /wp-content/plugins/bt_cost_calculator/jquery.dd.js?ver=7.0.4 HTTP/1.1" 200 11604 "https://www.biotechprocleaners.com/product/alkhaline-floor-cleaner-degreaser/?attribute_pa_size=1000l" "Mozilla/5.0 (Windows NT 10.0; Win64; x64) AppleWebKit/537.36 (KHTML, like Gecko) Chrome/148.0.0.0 Safari/537.36 Edg/148.0.0.0"
44.205.46.138 - - [17/Aug/2026:06:23:48 -0400] "GET /wp-content/plugins/bt_cost_calculator/cc.main.js?ver=7.0.4 HTTP/1.1" 200 6052 "https://www.biotechprocleaners.com/product/alkhaline-floor-cleaner-degreaser/?attribute_pa_size=1000l" "Mozilla/5.0 (Windows NT 10.0; Win64; x64) AppleWebKit/537.36 (KHTML, like Gecko) Chrome/148.0.0.0 Safari/537.36 Edg/148.0.0.0"
100.63.13.4 - - [17/Aug/2026:06:23:48 -0400] "GET /wp-content/plugins/cf7-redirect-thank-you-page/assets/js/redirect_method.js HTTP/1.1" 200 1175 "https://www.biotechprocleaners.com/product/alkhaline-floor-cleaner-degreaser/?attribute_pa_size=1000l" "Mozilla/5.0 (Windows NT 10.0; Win64; x64) AppleWebKit/537.36 (KHTML, like Gecko) Chrome/148.0.0.0 Safari/537.36 Edg/148.0.0.0"
100.59.151.39 - - [17/Aug/2026:06:23:48 -0400] "GET /wp-content/uploads/2024/03/Superior-Cleaning.png HTTP/1.1" 200 10800 "https://www.biotechprocleaners.com/product/alkhaline-floor-cleaner-degreaser/?attribute_pa_size=1000l" "Mozilla/5.0 (Windows NT 10.0; Win64; x64) AppleWebKit/537.36 (KHTML, like Gecko) Chrome/148.0.0.0 Safari/537.36 Edg/148.0.0.0"
100.55.106.63 - - [17/Aug/2026:06:23:48 -0400] "GET /wp-content/uploads/2024/03/Safe-for-Daily-Use.png HTTP/1.1" 200 12912 "https://www.biotechprocleaners.com/product/alkhaline-floor-cleaner-degreaser/?attribute_pa_size=1000l" "Mozilla/5.0 (Windows NT 10.0; Win64; x64) AppleWebKit/537.36 (KHTML, like Gecko) Chrome/148.0.0.0 Safari/537.36 Edg/148.0.0.0"
44.205.46.138 - - [17/Aug/2026:06:23:48 -0400] "GET /wp-content/uploads/2024/02/Manufacturing-Industries.jpg HTTP/1.1" 200 199205 "https://www.biotechprocleaners.com/product/alkhaline-floor-cleaner-degreaser/?attribute_pa_size=1000l" "Mozilla/5.0 (Windows NT 10.0; Win64; x64) AppleWebKit/537.36 (KHTML, like Gecko) Chrome/148.0.0.0 Safari/537.36 Edg/148.0.0.0"
44.205.46.138 - - [17/Aug/2026:06:23:48 -0400] "GET /wp-content/uploads/2024/03/100-Sustainable.png HTTP/1.1" 200 13308 "https://www.biotechprocleaners.com/product/alkhaline-floor-cleaner-degreaser/?attribute_pa_size=1000l" "Mozilla/5.0 (Windows NT 10.0; Win64; x64) AppleWebKit/537.36 (KHTML, like Gecko) Chrome/148.0.0.0 Safari/537.36 Edg/148.0.0.0"
100.55.106.63 - - [17/Aug/2026:06:23:48 -0400] "GET /wp-content/plugins/contact-form-7/includes/css/styles.css?ver=6.1.2 HTTP/1.1" 200 1031 "https://www.biotechprocleaners.com/product/alkhaline-floor-cleaner-degreaser/?attribute_pa_size=1000l" "Mozilla/5.0 (Windows NT 10.0; Win64; x64) AppleWebKit/537.36 (KHTML, like Gecko) Chrome/148.0.0.0 Safari/537.36 Edg/148.0.0.0"
100.55.106.63 - - [17/Aug/2026:06:23:48 -0400] "GET /wp-content/plugins/amwerk/shortcodes/back_to_top/css/back_to_top.css?ver=7.0.4 HTTP/1.1" 200 346 "https://www.biotechprocleaners.com/product/alkhaline-floor-cleaner-degreaser/?attribute_pa_size=1000l" "Mozilla/5.0 (Windows NT 10.0; Win64; x64) AppleWebKit/537.36 (KHTML, like Gecko) Chrome/148.0.0.0 Safari/537.36 Edg/148.0.0.0"
44.205.46.138 - - [17/Aug/2026:06:23:48 -0400] "GET /wp-content/uploads/2023/12/logo_white.png HTTP/1.1" 200 41658 "https://www.biotechprocleaners.com/product/alkhaline-floor-cleaner-degreaser/?attribute_pa_size=1000l" "Mozilla/5.0 (Windows NT 10.0; Win64; x64) AppleWebKit/537.36 (KHTML, like Gecko) Chrome/148.0.0.0 Safari/537.36 Edg/148.0.0.0"
44.205.46.138 - - [17/Aug/2026:06:23:48 -0400] "GET /wp-content/uploads/2024/03/Logo-StickyNav.png HTTP/1.1" 200 10336 "https://www.biotechprocleaners.com/product/alkhaline-floor-cleaner-degreaser/?attribute_pa_size=1000l" "Mozilla/5.0 (Windows NT 10.0; Win64; x64) AppleWebKit/537.36 (KHTML, like Gecko) Chrome/148.0.0.0 Safari/537.36 Edg/148.0.0.0"
44.205.46.138 - - [17/Aug/2026:06:23:48 -0400] "GET /wp-content/themes/amwerk-child/js/popup.js HTTP/1.1" 200 298 "https://www.biotechprocleaners.com/product/alkhaline-floor-cleaner-degreaser/?attribute_pa_size=1000l" "Mozilla/5.0 (Windows NT 10.0; Win64; x64) AppleWebKit/537.36 (KHTML, like Gecko) Chrome/148.0.0.0 Safari/537.36 Edg/148.0.0.0"
44.205.46.138 - - [17/Aug/2026:06:23:48 -0400] "GET /wp-content/themes/amwerk/framework/js/fancySelect.js?ver=7.0.4 HTTP/1.1" 200 1727 "https://www.biotechprocleaners.com/product/alkhaline-floor-cleaner-degreaser/?attribute_pa_size=1000l" "Mozilla/5.0 (Windows NT 10.0; Win64; x64) AppleWebKit/537.36 (KHTML, like Gecko) Chrome/148.0.0.0 Safari/537.36 Edg/148.0.0.0"
52.5.191.162 - - [17/Aug/2026:06:23:44 -0400] "GET /wp-json/contact-form-7/v1/contact-forms/1081/refill HTTP/1.1" 200 22 "https://www.biotechprocleaners.com/product/dishwashing-liquid-hard-water/?attribute_pa_size=24kg" "Mozilla/5.0 (Macintosh; Intel Mac OS X 10_15_7) AppleWebKit/537.36 (KHTML, like Gecko) Chrome/148.0.0.0 Safari/537.36"
44.205.46.138 - - [17/Aug/2026:06:23:48 -0400] "GET /wp-content/themes/amwerk/framework/js/header.misc.js?ver=7.0.4 HTTP/1.1" 200 2792 "https://www.biotechprocleaners.com/product/alkhaline-floor-cleaner-degreaser/?attribute_pa_size=1000l" "Mozilla/5.0 (Windows NT 10.0; Win64; x64) AppleWebKit/537.36 (KHTML, like Gecko) Chrome/148.0.0.0 Safari/537.36 Edg/148.0.0.0"
44.205.46.138 - - [17/Aug/2026:06:23:48 -0400] "GET /wp-content/themes/amwerk/framework/js/misc.js?ver=7.0.4 HTTP/1.1" 200 1958 "https://www.biotechprocleaners.com/product/alkhaline-floor-cleaner-degreaser/?attribute_pa_size=1000l" "Mozilla/5.0 (Windows NT 10.0; Win64; x64) AppleWebKit/537.36 (KHTML, like Gecko) Chrome/148.0.0.0 Safari/537.36 Edg/148.0.0.0"
44.205.46.138 - - [17/Aug/2026:06:23:48 -0400] "GET /wp-content/themes/amwerk/js/amwerk.js?ver=7.0.4 HTTP/1.1" 200 334 "https://www.biotechprocleaners.com/product/alkhaline-floor-cleaner-degreaser/?attribute_pa_size=1000l" "Mozilla/5.0 (Windows NT 10.0; Win64; x64) AppleWebKit/537.36 (KHTML, like Gecko) Chrome/148.0.0.0 Safari/537.36 Edg/148.0.0.0"
44.205.46.138 - - [17/Aug/2026:06:23:48 -0400] "GET /wp-content/plugins/woocommerce/assets/js/sourcebuster/sourcebuster.min.js?ver=10.2.4 HTTP/1.1" 200 4807 "https://www.biotechprocleaners.com/product/alkhaline-floor-cleaner-degreaser/?attribute_pa_size=1000l" "Mozilla/5.0 (Windows NT 10.0; Win64; x64) AppleWebKit/537.36 (KHTML, like Gecko) Chrome/148.0.0.0 Safari/537.36 Edg/148.0.0.0"
44.205.46.138 - - [17/Aug/2026:06:23:48 -0400] "GET /wp-content/plugins/woocommerce/assets/js/frontend/order-attribution.min.js?ver=10.2.4 HTTP/1.1" 200 1128 "https://www.biotechprocleaners.com/product/alkhaline-floor-cleaner-degreaser/?attribute_pa_size=1000l" "Mozilla/5.0 (Windows NT 10.0; Win64; x64) AppleWebKit/537.36 (KHTML, like Gecko) Chrome/148.0.0.0 Safari/537.36 Edg/148.0.0.0"
44.205.46.138 - - [17/Aug/2026:06:23:49 -0400] "GET /wp-includes/js/dist/vendor/wp-polyfill.min.js?ver=3.15.0 HTTP/1.1" 200 11897 "https://www.biotechprocleaners.com/product/alkhaline-floor-cleaner-degreaser/?attribute_pa_size=1000l" "Mozilla/5.0 (Windows NT 10.0; Win64; x64) AppleWebKit/537.36 (KHTML, like Gecko) Chrome/148.0.0.0 Safari/537.36 Edg/148.0.0.0"
44.205.46.138 - - [17/Aug/2026:06:23:49 -0400] "GET /wp-content/plugins/contact-form-7/modules/recaptcha/index.js?ver=6.1.2 HTTP/1.1" 200 483 "https://www.biotechprocleaners.com/product/alkhaline-floor-cleaner-degreaser/?attribute_pa_size=1000l" "Mozilla/5.0 (Windows NT 10.0; Win64; x64) AppleWebKit/537.36 (KHTML, like Gecko) Chrome/148.0.0.0 Safari/537.36 Edg/148.0.0.0"
44.205.46.138 - - [17/Aug/2026:06:23:49 -0400] "GET /wp-includes/js/dist/hooks.min.js?ver=7496969728ca0f95732d HTTP/1.1" 200 1829 "https://www.biotechprocleaners.com/product/alkhaline-floor-cleaner-degreaser/?attribute_pa_size=1000l" "Mozilla/5.0 (Windows NT 10.0; Win64; x64) AppleWebKit/537.36 (KHTML, like Gecko) Chrome/148.0.0.0 Safari/537.36 Edg/148.0.0.0"
44.205.46.138 - - [17/Aug/2026:06:23:49 -0400] "GET /wp-includes/js/dist/i18n.min.js?ver=781d11515ad3d91786ec HTTP/1.1" 200 2465 "https://www.biotechprocleaners.com/product/alkhaline-floor-cleaner-degreaser/?attribute_pa_size=1000l" "Mozilla/5.0 (Windows NT 10.0; Win64; x64) AppleWebKit/537.36 (KHTML, like Gecko) Chrome/148.0.0.0 Safari/537.36 Edg/148.0.0.0"
44.205.46.138 - - [17/Aug/2026:06:23:49 -0400] "GET /wp-content/plugins/contact-form-7/includes/swv/js/index.js?ver=6.1.2 HTTP/1.1" 200 3503 "https://www.biotechprocleaners.com/product/alkhaline-floor-cleaner-degreaser/?attribute_pa_size=1000l" "Mozilla/5.0 (Windows NT 10.0; Win64; x64) AppleWebKit/537.36 (KHTML, like Gecko) Chrome/148.0.0.0 Safari/537.36 Edg/148.0.0.0"
44.205.46.138 - - [17/Aug/2026:06:23:49 -0400] "GET /wp-content/plugins/contact-form-7/includes/js/index.js?ver=6.1.2 HTTP/1.1" 200 4265 "https://www.biotechprocleaners.com/product/alkhaline-floor-cleaner-degreaser/?attribute_pa_size=1000l" "Mozilla/5.0 (Windows NT 10.0; Win64; x64) AppleWebKit/537.36 (KHTML, like Gecko) Chrome/148.0.0.0 Safari/537.36 Edg/148.0.0.0"
44.205.46.138 - - [17/Aug/2026:06:23:49 -0400] "GET /wp-includes/js/underscore.min.js?ver=1.13.8 HTTP/1.1" 200 7372 "https://www.biotechprocleaners.com/product/alkhaline-floor-cleaner-degreaser/?attribute_pa_size=1000l" "Mozilla/5.0 (Windows NT 10.0; Win64; x64) AppleWebKit/537.36 (KHTML, like Gecko) Chrome/148.0.0.0 Safari/537.36 Edg/148.0.0.0"
44.205.46.138 - - [17/Aug/2026:06:23:49 -0400] "GET /wp-includes/js/wp-util.min.js?ver=7.0.4 HTTP/1.1" 200 754 "https://www.biotechprocleaners.com/product/alkhaline-floor-cleaner-degreaser/?attribute_pa_size=1000l" "Mozilla/5.0 (Windows NT 10.0; Win64; x64) AppleWebKit/537.36 (KHTML, like Gecko) Chrome/148.0.0.0 Safari/537.36 Edg/148.0.0.0"
44.205.46.138 - - [17/Aug/2026:06:23:49 -0400] "GET /wp-content/plugins/bold-page-builder/content_elements/bt_bb_section/bt_bb_elements.js?ver=5.4.7 HTTP/1.1" 200 824 "https://www.biotechprocleaners.com/product/alkhaline-floor-cleaner-degreaser/?attribute_pa_size=1000l" "Mozilla/5.0 (Windows NT 10.0; Win64; x64) AppleWebKit/537.36 (KHTML, like Gecko) Chrome/148.0.0.0 Safari/537.36 Edg/148.0.0.0"
44.205.46.138 - - [17/Aug/2026:06:23:49 -0400] "GET /wp-includes/js/imagesloaded.min.js?ver=5.0.0 HTTP/1.1" 200 1803 "https://www.biotechprocleaners.com/product/alkhaline-floor-cleaner-degreaser/?attribute_pa_size=1000l" "Mozilla/5.0 (Windows NT 10.0; Win64; x64) AppleWebKit/537.36 (KHTML, like Gecko) Chrome/148.0.0.0 Safari/537.36 Edg/148.0.0.0"
44.205.46.138 - - [17/Aug/2026:06:23:49 -0400] "GET /wp-includes/js/masonry.min.js?ver=4.2.2 HTTP/1.1" 200 7382 "https://www.biotechprocleaners.com/product/alkhaline-floor-cleaner-degreaser/?attribute_pa_size=1000l" "Mozilla/5.0 (Windows NT 10.0; Win64; x64) AppleWebKit/537.36 (KHTML, like Gecko) Chrome/148.0.0.0 Safari/537.36 Edg/148.0.0.0"
54.242.225.219 - - [17/Aug/2026:06:23:44 -0400] "GET /product/cleaner-degreaser-hard-floors/?attribute_size=5+L HTTP/1.1" 200 49534 "-" "Mozilla/5.0 (Windows NT 10.0; Win64; x64) AppleWebKit/537.36 (KHTML, like Gecko) Chrome/148.0.0.0 Safari/537.36 Edg/148.0.0.0"
44.205.46.138 - - [17/Aug/2026:06:23:49 -0400] "GET /wp-includes/js/jquery/jquery.masonry.min.js?ver=3.1.2b HTTP/1.1" 200 716 "https://www.biotechprocleaners.com/product/alkhaline-floor-cleaner-degreaser/?attribute_pa_size=1000l" "Mozilla/5.0 (Windows NT 10.0; Win64; x64) AppleWebKit/537.36 (KHTML, like Gecko) Chrome/148.0.0.0 Safari/537.36 Edg/148.0.0.0"
44.205.46.138 - - [17/Aug/2026:06:23:49 -0400] "GET /wp-content/themes/amwerk/bold-page-builder/content_elements/bt_bb_masonry_portfolio_tiles/bt_bb_portfolio_tiles.js?ver=7.0.4 HTTP/1.1" 200 1201 "https://www.biotechprocleaners.com/product/alkhaline-floor-cleaner-degreaser/?attribute_pa_size=1000l" "Mozilla/5.0 (Windows NT 10.0; Win64; x64) AppleWebKit/537.36 (KHTML, like Gecko) Chrome/148.0.0.0 Safari/537.36 Edg/148.0.0.0"
44.205.46.138 - - [17/Aug/2026:06:23:49 -0400] "GET /wp-content/plugins/amwerk/shortcodes/back_to_top/js/back_to_top.js?ver=7.0.4 HTTP/1.1" 200 355 "https://www.biotechprocleaners.com/product/alkhaline-floor-cleaner-degreaser/?attribute_pa_size=1000l" "Mozilla/5.0 (Windows NT 10.0; Win64; x64) AppleWebKit/537.36 (KHTML, like Gecko) Chrome/148.0.0.0 Safari/537.36 Edg/148.0.0.0"
54.242.225.219 - - [17/Aug/2026:06:23:49 -0400] "GET /wp-content/plugins/woocommerce/assets/client/blocks/wc-blocks.css?ver=wc-10.2.4 HTTP/1.1" 200 2618 "https://www.biotechprocleaners.com/product/cleaner-degreaser-hard-floors/?attribute_size=5+L" "Mozilla/5.0 (Windows NT 10.0; Win64; x64) AppleWebKit/537.36 (KHTML, like Gecko) Chrome/148.0.0.0 Safari/537.36 Edg/148.0.0.0"
44.205.46.138 - - [17/Aug/2026:06:23:49 -0400] "GET /wp-includes/js/dist/dom-ready.min.js?ver=a06281ae5cf5500e9317 HTTP/1.1" 200 473 "https://www.biotechprocleaners.com/product/alkhaline-floor-cleaner-degreaser/?attribute_pa_size=1000l" "Mozilla/5.0 (Windows NT 10.0; Win64; x64) AppleWebKit/537.36 (KHTML, like Gecko) Chrome/148.0.0.0 Safari/537.36 Edg/148.0.0.0"
54.242.225.219 - - [17/Aug/2026:06:23:49 -0400] "GET /wp-content/plugins/amwerk/css/amwerk.css?ver=7.0.4 HTTP/1.1" 200 2 "https://www.biotechprocleaners.com/product/cleaner-degreaser-hard-floors/?attribute_size=5+L" "Mozilla/5.0 (Windows NT 10.0; Win64; x64) AppleWebKit/537.36 (KHTML, like Gecko) Chrome/148.0.0.0 Safari/537.36 Edg/148.0.0.0"
44.205.46.138 - - [17/Aug/2026:06:23:49 -0400] "GET /wp-content/plugins/woocommerce-payments/dist/frontend-tracks.js?ver=10.0.0 HTTP/1.1" 200 835 "https://www.biotechprocleaners.com/product/alkhaline-floor-cleaner-degreaser/?attribute_pa_size=1000l" "Mozilla/5.0 (Windows NT 10.0; Win64; x64) AppleWebKit/537.36 (KHTML, like Gecko) Chrome/148.0.0.0 Safari/537.36 Edg/148.0.0.0"
34.198.184.71 - - [17/Aug/2026:06:23:49 -0400] "GET /wp-content/plugins/bold-page-builder/slick/slick.css?ver=5.4.7 HTTP/1.1" 200 569 "https://www.biotechprocleaners.com/product/cleaner-degreaser-hard-floors/?attribute_size=5+L" "Mozilla/5.0 (Windows NT 10.0; Win64; x64) AppleWebKit/537.36 (KHTML, like Gecko) Chrome/148.0.0.0 Safari/537.36 Edg/148.0.0.0"
34.198.184.71 - - [17/Aug/2026:06:23:49 -0400] "GET /wp-content/plugins/bt_cost_calculator/style.min.css?ver=7.0.4 HTTP/1.1" 200 6264 "https://www.biotechprocleaners.com/product/cleaner-degreaser-hard-floors/?attribute_size=5+L" "Mozilla/5.0 (Windows NT 10.0; Win64; x64) AppleWebKit/537.36 (KHTML, like Gecko) Chrome/148.0.0.0 Safari/537.36 Edg/148.0.0.0"
54.166.26.18 - - [17/Aug/2026:06:23:49 -0400] "GET /wp-content/plugins/menu-image/includes/css/menu-image.css?ver=3.13 HTTP/1.1" 200 825 "https://www.biotechprocleaners.com/product/cleaner-degreaser-hard-floors/?attribute_size=5+L" "Mozilla/5.0 (Windows NT 10.0; Win64; x64) AppleWebKit/537.36 (KHTML, like Gecko) Chrome/148.0.0.0 Safari/537.36 Edg/148.0.0.0"
54.242.225.219 - - [17/Aug/2026:06:23:49 -0400] "GET /wp-includes/css/dashicons.min.css?ver=7.0.4 HTTP/1.1" 200 35721 "https://www.biotechprocleaners.com/product/cleaner-degreaser-hard-floors/?attribute_size=5+L" "Mozilla/5.0 (Windows NT 10.0; Win64; x64) AppleWebKit/537.36 (KHTML, like Gecko) Chrome/148.0.0.0 Safari/537.36 Edg/148.0.0.0"
3.213.93.233 - - [17/Aug/2026:06:23:49 -0400] "GET /wp-content/plugins/bold-timeline-lite/style.css?ver=7.0.4 HTTP/1.1" 200 11859 "https://www.biotechprocleaners.com/product/cleaner-degreaser-hard-floors/?attribute_size=5+L" "Mozilla/5.0 (Windows NT 10.0; Win64; x64) AppleWebKit/537.36 (KHTML, like Gecko) Chrome/148.0.0.0 Safari/537.36 Edg/148.0.0.0"
44.217.28.146 - - [17/Aug/2026:06:23:49 -0400] "GET /wp-content/plugins/bold-page-builder/css/front_end/content_elements.crush.css?ver=5.4.7 HTTP/1.1" 200 31261 "https://www.biotechprocleaners.com/product/cleaner-degreaser-hard-floors/?attribute_size=5+L" "Mozilla/5.0 (Windows NT 10.0; Win64; x64) AppleWebKit/537.36 (KHTML, like Gecko) Chrome/148.0.0.0 Safari/537.36 Edg/148.0.0.0"
34.198.184.71 - - [17/Aug/2026:06:23:49 -0400] "GET /wp-content/plugins/woocommerce/assets/css/photoswipe/photoswipe.min.css?ver=10.2.4 HTTP/1.1" 200 997 "https://www.biotechprocleaners.com/product/cleaner-degreaser-hard-floors/?attribute_size=5+L" "Mozilla/5.0 (Windows NT 10.0; Win64; x64) AppleWebKit/537.36 (KHTML, like Gecko) Chrome/148.0.0.0 Safari/537.36 Edg/148.0.0.0"
34.198.184.71 - - [17/Aug/2026:06:23:49 -0400] "GET /wp-content/plugins/woocommerce/assets/css/photoswipe/default-skin/default-skin.min.css?ver=10.2.4 HTTP/1.1" 200 1952 "https://www.biotechprocleaners.com/product/cleaner-degreaser-hard-floors/?attribute_size=5+L" "Mozilla/5.0 (Windows NT 10.0; Win64; x64) AppleWebKit/537.36 (KHTML, like Gecko) Chrome/148.0.0.0 Safari/537.36 Edg/148.0.0.0"
54.242.225.219 - - [17/Aug/2026:06:23:49 -0400] "GET /wp-content/plugins/woocommerce/assets/css/brands.css?ver=10.2.4 HTTP/1.1" 200 684 "https://www.biotechprocleaners.com/product/cleaner-degreaser-hard-floors/?attribute_size=5+L" "Mozilla/5.0 (Windows NT 10.0; Win64; x64) AppleWebKit/537.36 (KHTML, like Gecko) Chrome/148.0.0.0 Safari/537.36 Edg/148.0.0.0"
54.166.26.18 - - [17/Aug/2026:06:23:49 -0400] "GET /wp-content/themes/amwerk-child/style.css?ver=1.0.0 HTTP/1.1" 200 5759 "https://www.biotechprocleaners.com/product/cleaner-degreaser-hard-floors/?attribute_size=5+L" "Mozilla/5.0 (Windows NT 10.0; Win64; x64) AppleWebKit/537.36 (KHTML, like Gecko) Chrome/148.0.0.0 Safari/537.36 Edg/148.0.0.0"
44.217.28.146 - - [17/Aug/2026:06:23:49 -0400] "GET /wp-content/themes/amwerk/framework/css/style.css?ver=7.0.4 HTTP/1.1" 200 149 "https://www.biotechprocleaners.com/product/cleaner-degreaser-hard-floors/?attribute_size=5+L" "Mozilla/5.0 (Windows NT 10.0; Win64; x64) AppleWebKit/537.36 (KHTML, like Gecko) Chrome/148.0.0.0 Safari/537.36 Edg/148.0.0.0"
34.198.184.71 - - [17/Aug/2026:06:23:49 -0400] "GET /wp-includes/js/jquery/jquery.min.js?ver=3.7.1 HTTP/1.1" 200 30368 "https://www.biotechprocleaners.com/product/cleaner-degreaser-hard-floors/?attribute_size=5+L" "Mozilla/5.0 (Windows NT 10.0; Win64; x64) AppleWebKit/537.36 (KHTML, like Gecko) Chrome/148.0.0.0 Safari/537.36 Edg/148.0.0.0"
54.242.225.219 - - [17/Aug/2026:06:23:49 -0400] "GET /wp-includes/js/jquery/jquery-migrate.min.js?ver=3.4.1 HTTP/1.1" 200 4872 "https://www.biotechprocleaners.com/product/cleaner-degreaser-hard-floors/?attribute_size=5+L" "Mozilla/5.0 (Windows NT 10.0; Win64; x64) AppleWebKit/537.36 (KHTML, like Gecko) Chrome/148.0.0.0 Safari/537.36 Edg/148.0.0.0"
54.166.26.18 - - [17/Aug/2026:06:23:49 -0400] "GET /wp-content/plugins/amwerk/js/amwerk.js?ver=7.0.4 HTTP/1.1" 200 2 "https://www.biotechprocleaners.com/product/cleaner-degreaser-hard-floors/?attribute_size=5+L" "Mozilla/5.0 (Windows NT 10.0; Win64; x64) AppleWebKit/537.36 (KHTML, like Gecko) Chrome/148.0.0.0 Safari/537.36 Edg/148.0.0.0"
44.217.28.146 - - [17/Aug/2026:06:23:49 -0400] "GET /wp-content/plugins/bold-page-builder/slick/slick.min.js?ver=5.4.7 HTTP/1.1" 200 10442 "https://www.biotechprocleaners.com/product/cleaner-degreaser-hard-floors/?attribute_size=5+L" "Mozilla/5.0 (Windows NT 10.0; Win64; x64) AppleWebKit/537.36 (KHTML, like Gecko) Chrome/148.0.0.0 Safari/537.36 Edg/148.0.0.0"
54.242.225.219 - - [17/Aug/2026:06:23:49 -0400] "GET /wp-content/plugins/bold-page-builder/content_elements_misc/js/jquery.magnific-popup.min.js?ver=5.4.7 HTTP/1.1" 200 7435 "https://www.biotechprocleaners.com/product/cleaner-degreaser-hard-floors/?attribute_size=5+L" "Mozilla/5.0 (Windows NT 10.0; Win64; x64) AppleWebKit/537.36 (KHTML, like Gecko) Chrome/148.0.0.0 Safari/537.36 Edg/148.0.0.0"
3.213.93.233 - - [17/Aug/2026:06:23:49 -0400] "GET /wp-content/themes/amwerk/style.css?ver=7.0.4 HTTP/1.1" 200 101092 "https://www.biotechprocleaners.com/product/cleaner-degreaser-hard-floors/?attribute_size=5+L" "Mozilla/5.0 (Windows NT 10.0; Win64; x64) AppleWebKit/537.36 (KHTML, like Gecko) Chrome/148.0.0.0 Safari/537.36 Edg/148.0.0.0"
54.166.26.18 - - [17/Aug/2026:06:23:49 -0400] "GET /wp-content/plugins/bold-page-builder/content_elements_misc/js/content_elements.js?ver=5.4.7 HTTP/1.1" 200 8986 "https://www.biotechprocleaners.com/product/cleaner-degreaser-hard-floors/?attribute_size=5+L" "Mozilla/5.0 (Windows NT 10.0; Win64; x64) AppleWebKit/537.36 (KHTML, like Gecko) Chrome/148.0.0.0 Safari/537.36 Edg/148.0.0.0"
44.217.28.146 - - [17/Aug/2026:06:23:49 -0400] "GET /wp-content/plugins/bold-timeline-lite/bold-builder-light/bt-bb-light.js?ver=7.0.4 HTTP/1.1" 200 553 "https://www.biotechprocleaners.com/product/cleaner-degreaser-hard-floors/?attribute_size=5+L" "Mozilla/5.0 (Windows NT 10.0; Win64; x64) AppleWebKit/537.36 (KHTML, like Gecko) Chrome/148.0.0.0 Safari/537.36 Edg/148.0.0.0"
34.198.184.71 - - [17/Aug/2026:06:23:49 -0400] "GET /wp-content/plugins/bold-timeline-lite/assets/js/bold-timeline.js?ver=7.0.4 HTTP/1.1" 200 2279 "https://www.biotechprocleaners.com/product/cleaner-degreaser-hard-floors/?attribute_size=5+L" "Mozilla/5.0 (Windows NT 10.0; Win64; x64) AppleWebKit/537.36 (KHTML, like Gecko) Chrome/148.0.0.0 Safari/537.36 Edg/148.0.0.0"
54.242.225.219 - - [17/Aug/2026:06:23:49 -0400] "GET /wp-content/plugins/bt_cost_calculator/jquery.dd.js?ver=7.0.4 HTTP/1.1" 200 11604 "https://www.biotechprocleaners.com/product/cleaner-degreaser-hard-floors/?attribute_size=5+L" "Mozilla/5.0 (Windows NT 10.0; Win64; x64) AppleWebKit/537.36 (KHTML, like Gecko) Chrome/148.0.0.0 Safari/537.36 Edg/148.0.0.0"
44.217.28.146 - - [17/Aug/2026:06:23:49 -0400] "GET /wp-content/plugins/cf7-redirect-thank-you-page/assets/js/redirect_method.js HTTP/1.1" 200 1175 "https://www.biotechprocleaners.com/product/cleaner-degreaser-hard-floors/?attribute_size=5+L" "Mozilla/5.0 (Windows NT 10.0; Win64; x64) AppleWebKit/537.36 (KHTML, like Gecko) Chrome/148.0.0.0 Safari/537.36 Edg/148.0.0.0"
3.213.93.233 - - [17/Aug/2026:06:23:49 -0400] "GET /wp-content/plugins/bt_cost_calculator/cc.main.js?ver=7.0.4 HTTP/1.1" 200 6052 "https://www.biotechprocleaners.com/product/cleaner-degreaser-hard-floors/?attribute_size=5+L" "Mozilla/5.0 (Windows NT 10.0; Win64; x64) AppleWebKit/537.36 (KHTML, like Gecko) Chrome/148.0.0.0 Safari/537.36 Edg/148.0.0.0"
54.166.26.18 - - [17/Aug/2026:06:23:49 -0400] "GET /wp-content/uploads/2024/03/Superior-Cleaning.png HTTP/1.1" 200 10800 "https://www.biotechprocleaners.com/product/cleaner-degreaser-hard-floors/?attribute_size=5+L" "Mozilla/5.0 (Windows NT 10.0; Win64; x64) AppleWebKit/537.36 (KHTML, like Gecko) Chrome/148.0.0.0 Safari/537.36 Edg/148.0.0.0"
54.242.225.219 - - [17/Aug/2026:06:23:49 -0400] "GET /wp-content/uploads/2024/03/Safe-for-Daily-Use.png HTTP/1.1" 200 12912 "https://www.biotechprocleaners.com/product/cleaner-degreaser-hard-floors/?attribute_size=5+L" "Mozilla/5.0 (Windows NT 10.0; Win64; x64) AppleWebKit/537.36 (KHTML, like Gecko) Chrome/148.0.0.0 Safari/537.36 Edg/148.0.0.0"
34.198.184.71 - - [17/Aug/2026:06:23:49 -0400] "GET /wp-content/uploads/2024/02/Manufacturing-Industries.jpg HTTP/1.1" 200 199205 "https://www.biotechprocleaners.com/product/cleaner-degreaser-hard-floors/?attribute_size=5+L" "Mozilla/5.0 (Windows NT 10.0; Win64; x64) AppleWebKit/537.36 (KHTML, like Gecko) Chrome/148.0.0.0 Safari/537.36 Edg/148.0.0.0"
54.166.26.18 - - [17/Aug/2026:06:23:49 -0400] "GET /wp-content/plugins/contact-form-7/includes/css/styles.css?ver=6.1.2 HTTP/1.1" 200 1031 "https://www.biotechprocleaners.com/product/cleaner-degreaser-hard-floors/?attribute_size=5+L" "Mozilla/5.0 (Windows NT 10.0; Win64; x64) AppleWebKit/537.36 (KHTML, like Gecko) Chrome/148.0.0.0 Safari/537.36 Edg/148.0.0.0"
34.198.184.71 - - [17/Aug/2026:06:23:49 -0400] "GET /wp-content/uploads/2024/03/100-Sustainable.png HTTP/1.1" 200 13308 "https://www.biotechprocleaners.com/product/cleaner-degreaser-hard-floors/?attribute_size=5+L" "Mozilla/5.0 (Windows NT 10.0; Win64; x64) AppleWebKit/537.36 (KHTML, like Gecko) Chrome/148.0.0.0 Safari/537.36 Edg/148.0.0.0"
54.166.26.18 - - [17/Aug/2026:06:23:49 -0400] "GET /wp-content/plugins/amwerk/shortcodes/back_to_top/css/back_to_top.css?ver=7.0.4 HTTP/1.1" 200 346 "https://www.biotechprocleaners.com/product/cleaner-degreaser-hard-floors/?attribute_size=5+L" "Mozilla/5.0 (Windows NT 10.0; Win64; x64) AppleWebKit/537.36 (KHTML, like Gecko) Chrome/148.0.0.0 Safari/537.36 Edg/148.0.0.0"
34.198.184.71 - - [17/Aug/2026:06:23:49 -0400] "GET /wp-content/uploads/2023/12/logo_white.png HTTP/1.1" 200 41658 "https://www.biotechprocleaners.com/product/cleaner-degreaser-hard-floors/?attribute_size=5+L" "Mozilla/5.0 (Windows NT 10.0; Win64; x64) AppleWebKit/537.36 (KHTML, like Gecko) Chrome/148.0.0.0 Safari/537.36 Edg/148.0.0.0"
100.29.182.182 - - [17/Aug/2026:06:23:45 -0400] "GET /wp-content/themes/amwerk-child/custom-slider.css?ver=7.0.4 HTTP/1.1" 200 39518 "https://www.biotechprocleaners.com/product/high-performance-surface-degreaser/?attribute_pa_size=750ml" "Mozilla/5.0 (X11; Linux x86_64) AppleWebKit/537.36 (KHTML, like Gecko) Chrome/148.0.0.0 Safari/537.36 Edg/148.0.0.0"
34.198.184.71 - - [17/Aug/2026:06:23:49 -0400] "GET /wp-content/uploads/2024/03/Logo-StickyNav.png HTTP/1.1" 200 10336 "https://www.biotechprocleaners.com/product/cleaner-degreaser-hard-floors/?attribute_size=5+L" "Mozilla/5.0 (Windows NT 10.0; Win64; x64) AppleWebKit/537.36 (KHTML, like Gecko) Chrome/148.0.0.0 Safari/537.36 Edg/148.0.0.0"
44.216.176.137 - - [17/Aug/2026:06:23:49 -0400] "GET /wp-content/plugins/woocommerce/assets/js/jquery-blockui/jquery.blockUI.min.js?ver=2.7.0-wc.10.2.4 HTTP/1.1" 200 3537 "https://www.biotechprocleaners.com/product/high-performance-surface-degreaser/?attribute_pa_size=750ml" "Mozilla/5.0 (X11; Linux x86_64) AppleWebKit/537.36 (KHTML, like Gecko) Chrome/148.0.0.0 Safari/537.36 Edg/148.0.0.0"
34.198.184.71 - - [17/Aug/2026:06:23:49 -0400] "GET /wp-content/themes/amwerk-child/js/popup.js HTTP/1.1" 200 298 "https://www.biotechprocleaners.com/product/cleaner-degreaser-hard-floors/?attribute_size=5+L" "Mozilla/5.0 (Windows NT 10.0; Win64; x64) AppleWebKit/537.36 (KHTML, like Gecko) Chrome/148.0.0.0 Safari/537.36 Edg/148.0.0.0"
34.198.184.71 - - [17/Aug/2026:06:23:49 -0400] "GET /wp-content/themes/amwerk/framework/js/fancySelect.js?ver=7.0.4 HTTP/1.1" 200 1727 "https://www.biotechprocleaners.com/product/cleaner-degreaser-hard-floors/?attribute_size=5+L" "Mozilla/5.0 (Windows NT 10.0; Win64; x64) AppleWebKit/537.36 (KHTML, like Gecko) Chrome/148.0.0.0 Safari/537.36 Edg/148.0.0.0"
