27.34.69.219 - - [16/Aug/2026:10:32:31 -0400] "POST /xmlrpc.php HTTP/1.1" 200 403 "-" "Jetpack by WordPress.com"
69.39.225.240 - - [16/Aug/2026:10:32:41 -0400] "POST /wp-cron.php?doing_wp_cron=1786890761.5950660705566406250000 HTTP/1.1" 200 20 "-" "WordPress/7.0.4; https://www.biotechprocleaners.com"
34.234.197.175 - - [16/Aug/2026:10:32:40 -0400] "GET /product-category/government/?areas=sheets HTTP/1.1" 200 46969 "-" "Mozilla/5.0 AppleWebKit/537.36 (KHTML, like Gecko; compatible; Amazonbot/0.1; +https://developer.amazon.com/support/amazonbot) Chrome/119.0.6045.214 Safari/537.36"
27.34.69.219 - - [16/Aug/2026:10:32:43 -0400] "POST /xmlrpc.php HTTP/1.1" 200 403 "-" "Jetpack by WordPress.com"
23.21.228.180 - - [16/Aug/2026:10:32:46 -0400] "GET /shop/?areas=more-aggressive HTTP/1.1" 200 40797 "-" "Mozilla/5.0 AppleWebKit/537.36 (KHTML, like Gecko; compatible; Amazonbot/0.1; +https://developer.amazon.com/support/amazonbot) Chrome/119.0.6045.214 Safari/537.36"
34.231.156.59 - - [16/Aug/2026:10:32:52 -0400] "GET /product-category/government/?surfaces=desks HTTP/1.1" 200 47068 "-" "Mozilla/5.0 AppleWebKit/537.36 (KHTML, like Gecko; compatible; Amazonbot/0.1; +https://developer.amazon.com/support/amazonbot) Chrome/119.0.6045.214 Safari/537.36"
27.34.69.219 - - [16/Aug/2026:10:32:54 -0400] "POST /xmlrpc.php HTTP/1.1" 200 403 "-" "WordPress.com; https://wordpress.com"
27.34.69.219 - - [16/Aug/2026:10:33:05 -0400] "POST /xmlrpc.php HTTP/1.1" 200 403 "-" "WordPress.com; https://wordpress.com"
69.39.225.240 - - [16/Aug/2026:10:33:17 -0400] "POST /wp-cron.php?doing_wp_cron=1786890796.9031419754028320312500 HTTP/1.1" 200 20 "-" "WordPress/7.0.4; https://www.biotechprocleaners.com"
27.34.69.219 - - [16/Aug/2026:10:33:15 -0400] "POST /xmlrpc.php HTTP/1.1" 200 403 "-" "Jetpack by WordPress.com"
27.34.69.219 - - [16/Aug/2026:10:33:27 -0400] "POST /xmlrpc.php HTTP/1.1" 200 403 "-" "Jetpack by WordPress.com"
51.161.65.181 - - [16/Aug/2026:10:33:37 -0400] "GET /sitemap_index.xml HTTP/1.1" 200 469 "-" "Mozilla/5.0 (compatible; AhrefsBot/7.0; +http://ahrefs.com/robot/)"
27.34.69.219 - - [16/Aug/2026:10:33:38 -0400] "POST /xmlrpc.php HTTP/1.1" 200 403 "-" "WordPress.com; https://wordpress.com"
54.39.210.130 - - [16/Aug/2026:10:33:39 -0400] "GET /post-sitemap.xml HTTP/1.1" 200 883 "-" "Mozilla/5.0 (compatible; AhrefsBot/7.0; +http://ahrefs.com/robot/)"
69.39.225.240 - - [16/Aug/2026:10:33:43 -0400] "POST /wp-cron.php?doing_wp_cron=1786890823.1817169189453125000000 HTTP/1.1" 200 20 "-" "WordPress/7.0.4; https://www.biotechprocleaners.com"
15.235.98.167 - - [16/Aug/2026:10:33:42 -0400] "GET /page-sitemap.xml HTTP/1.1" 200 1498 "-" "Mozilla/5.0 (compatible; AhrefsBot/7.0; +http://ahrefs.com/robot/)"
54.39.89.16 - - [16/Aug/2026:10:33:44 -0400] "GET /product-sitemap.xml HTTP/1.1" 200 1013 "-" "Mozilla/5.0 (compatible; AhrefsBot/7.0; +http://ahrefs.com/robot/)"
51.222.168.146 - - [16/Aug/2026:10:33:46 -0400] "GET /portfolio-sitemap.xml HTTP/1.1" 200 795 "-" "Mozilla/5.0 (compatible; AhrefsBot/7.0; +http://ahrefs.com/robot/)"
15.235.27.125 - - [16/Aug/2026:10:33:49 -0400] "GET /slider-item-sitemap.xml HTTP/1.1" 200 710 "-" "Mozilla/5.0 (compatible; AhrefsBot/7.0; +http://ahrefs.com/robot/)"
27.34.69.219 - - [16/Aug/2026:10:33:49 -0400] "POST /xmlrpc.php HTTP/1.1" 200 403 "-" "WordPress.com; https://wordpress.com"
142.44.220.238 - - [16/Aug/2026:10:33:51 -0400] "GET /category-sitemap.xml HTTP/1.1" 200 463 "-" "Mozilla/5.0 (compatible; AhrefsBot/7.0; +http://ahrefs.com/robot/)"
54.39.210.128 - - [16/Aug/2026:10:33:53 -0400] "GET /post_tag-sitemap.xml HTTP/1.1" 200 483 "-" "Mozilla/5.0 (compatible; AhrefsBot/7.0; +http://ahrefs.com/robot/)"
142.44.225.193 - - [16/Aug/2026:10:33:55 -0400] "GET /product_cat-sitemap.xml HTTP/1.1" 200 537 "-" "Mozilla/5.0 (compatible; AhrefsBot/7.0; +http://ahrefs.com/robot/)"
54.39.210.145 - - [16/Aug/2026:10:33:57 -0400] "GET /surface-sitemap.xml HTTP/1.1" 200 1217 "-" "Mozilla/5.0 (compatible; AhrefsBot/7.0; +http://ahrefs.com/robot/)"
142.44.220.201 - - [16/Aug/2026:10:34:00 -0400] "GET /area-sitemap.xml HTTP/1.1" 200 1089 "-" "Mozilla/5.0 (compatible; AhrefsBot/7.0; +http://ahrefs.com/robot/)"
27.34.69.219 - - [16/Aug/2026:10:34:00 -0400] "POST /xmlrpc.php HTTP/1.1" 200 403 "-" "Jetpack by WordPress.com (Jetpack 13.0; WordPress 6.2)"
15.235.27.200 - - [16/Aug/2026:10:34:02 -0400] "GET /removal-sitemap.xml HTTP/1.1" 200 379 "-" "Mozilla/5.0 (compatible; AhrefsBot/7.0; +http://ahrefs.com/robot/)"
142.44.228.3 - - [16/Aug/2026:10:34:04 -0400] "GET /author-sitemap.xml HTTP/1.1" 200 377 "-" "Mozilla/5.0 (compatible; AhrefsBot/7.0; +http://ahrefs.com/robot/)"
27.34.69.219 - - [16/Aug/2026:10:34:11 -0400] "POST /xmlrpc.php HTTP/1.1" 200 403 "-" "Jetpack/13.0; WordPress/6.3; http://site73651454.com"
69.39.225.240 - - [16/Aug/2026:10:34:23 -0400] "POST /wp-cron.php?doing_wp_cron=1786890863.6597781181335449218750 HTTP/1.1" 200 20 "-" "WordPress/7.0.4; https://www.biotechprocleaners.com"
27.34.69.219 - - [16/Aug/2026:10:34:22 -0400] "POST /xmlrpc.php HTTP/1.1" 200 403 "-" "Jetpack by WordPress.com (Jetpack 13.0; WordPress 6.1)"
27.34.69.219 - - [16/Aug/2026:10:34:33 -0400] "POST /xmlrpc.php HTTP/1.1" 200 403 "-" "WordPress.com; https://wordpress.com"
69.39.225.240 - - [16/Aug/2026:10:34:45 -0400] "POST /wp-cron.php?doing_wp_cron=1786890885.5774419307708740234375 HTTP/1.1" 200 20 "-" "WordPress/7.0.4; https://www.biotechprocleaners.com"
27.34.69.219 - - [16/Aug/2026:10:34:44 -0400] "POST /xmlrpc.php HTTP/1.1" 200 403 "-" "WordPress.com; https://wordpress.com"
27.34.69.219 - - [16/Aug/2026:10:34:55 -0400] "POST /xmlrpc.php HTTP/1.1" 200 403 "-" "Jetpack by WordPress.com (Jetpack 12.1; WordPress 6.4)"
27.34.69.219 - - [16/Aug/2026:10:35:06 -0400] "POST /xmlrpc.php HTTP/1.1" 200 403 "-" "WordPress.com; https://wordpress.com"
69.39.225.240 - - [16/Aug/2026:10:35:19 -0400] "POST /wp-cron.php?doing_wp_cron=1786890919.1818649768829345703125 HTTP/1.1" 200 20 "-" "WordPress/7.0.4; https://www.biotechprocleaners.com"
27.34.69.219 - - [16/Aug/2026:10:35:18 -0400] "POST /xmlrpc.php HTTP/1.1" 200 403 "-" "Jetpack by WordPress.com"
27.34.69.219 - - [16/Aug/2026:10:35:29 -0400] "POST /xmlrpc.php HTTP/1.1" 200 403 "-" "Jetpack by WordPress.com (Jetpack 12.0; WordPress 6.2)"
69.39.225.240 - - [16/Aug/2026:10:35:41 -0400] "POST /wp-cron.php?doing_wp_cron=1786890941.2629370689392089843750 HTTP/1.1" 200 20 "-" "WordPress/7.0.4; https://www.biotechprocleaners.com"
27.34.69.219 - - [16/Aug/2026:10:35:40 -0400] "POST /xmlrpc.php HTTP/1.1" 200 403 "-" "WordPress.com; https://wordpress.com"
27.34.69.219 - - [16/Aug/2026:10:35:51 -0400] "POST /xmlrpc.php HTTP/1.1" 200 403 "-" "Jetpack by WordPress.com (Jetpack 12.5; WordPress 6.3)"
27.34.69.219 - - [16/Aug/2026:10:36:02 -0400] "POST /xmlrpc.php HTTP/1.1" 200 403 "-" "Jetpack by WordPress.com"
69.39.225.240 - - [16/Aug/2026:10:36:14 -0400] "POST /wp-cron.php?doing_wp_cron=1786890974.2148880958557128906250 HTTP/1.1" 200 20 "-" "WordPress/7.0.4; https://www.biotechprocleaners.com"
27.34.69.219 - - [16/Aug/2026:10:36:13 -0400] "POST /xmlrpc.php HTTP/1.1" 200 403 "-" "Jetpack/13.0; WordPress/6.3; http://site95605138.com"
27.34.69.219 - - [16/Aug/2026:10:36:24 -0400] "POST /xmlrpc.php HTTP/1.1" 200 403 "-" "Jetpack/12.0; WordPress/6.2; http://site69566072.com"
27.34.69.219 - - [16/Aug/2026:10:36:36 -0400] "POST /xmlrpc.php HTTP/1.1" 200 403 "-" "Jetpack by WordPress.com"
69.39.225.240 - - [16/Aug/2026:10:36:47 -0400] "POST /wp-cron.php?doing_wp_cron=1786891007.4700620174407958984375 HTTP/1.1" 200 20 "-" "WordPress/7.0.4; https://www.biotechprocleaners.com"
27.34.69.219 - - [16/Aug/2026:10:36:46 -0400] "POST /xmlrpc.php HTTP/1.1" 200 403 "-" "Jetpack by WordPress.com (Jetpack 12.1; WordPress 6.4)"
27.34.69.219 - - [16/Aug/2026:10:36:57 -0400] "POST /xmlrpc.php HTTP/1.1" 200 403 "-" "Jetpack/12.5; WordPress/6.4; http://site39562023.com"
27.34.69.219 - - [16/Aug/2026:10:37:08 -0400] "POST /xmlrpc.php HTTP/1.1" 200 403 "-" "Jetpack by WordPress.com (Jetpack 12.1; WordPress 6.3)"
69.39.225.240 - - [16/Aug/2026:10:37:20 -0400] "POST /wp-cron.php?doing_wp_cron=1786891040.8309500217437744140625 HTTP/1.1" 200 20 "-" "WordPress/7.0.4; https://www.biotechprocleaners.com"
27.34.69.219 - - [16/Aug/2026:10:37:19 -0400] "POST /xmlrpc.php HTTP/1.1" 200 403 "-" "Jetpack by WordPress.com"
27.34.69.219 - - [16/Aug/2026:10:37:30 -0400] "POST /xmlrpc.php HTTP/1.1" 200 403 "-" "Jetpack/12.1; WordPress/6.3; http://site54538627.com"
69.39.225.240 - - [16/Aug/2026:10:37:43 -0400] "POST /wp-cron.php?doing_wp_cron=1786891063.1944820880889892578125 HTTP/1.1" 200 20 "-" "WordPress/7.0.4; https://www.biotechprocleaners.com"
27.34.69.219 - - [16/Aug/2026:10:37:42 -0400] "POST /xmlrpc.php HTTP/1.1" 200 403 "-" "WordPress.com; https://wordpress.com"
69.39.225.240 - - [16/Aug/2026:10:37:54 -0400] "POST /wp-cron.php?doing_wp_cron=1786891074.1996428966522216796875 HTTP/1.1" 200 20 "-" "WordPress/7.0.4; https://www.biotechprocleaners.com"
27.34.69.219 - - [16/Aug/2026:10:37:53 -0400] "POST /xmlrpc.php HTTP/1.1" 200 403 "-" "Jetpack/12.0; WordPress/6.4; http://site75190382.com"
27.34.69.219 - - [16/Aug/2026:10:38:04 -0400] "POST /xmlrpc.php HTTP/1.1" 200 403 "-" "Jetpack by WordPress.com"
69.39.225.240 - - [16/Aug/2026:10:38:16 -0400] "POST /wp-cron.php?doing_wp_cron=1786891096.0966429710388183593750 HTTP/1.1" 200 20 "-" "WordPress/7.0.4; https://www.biotechprocleaners.com"
27.34.69.219 - - [16/Aug/2026:10:38:15 -0400] "POST /xmlrpc.php HTTP/1.1" 200 403 "-" "Jetpack by WordPress.com (Jetpack 12.1; WordPress 6.4)"
27.34.69.219 - - [16/Aug/2026:10:38:26 -0400] "POST /xmlrpc.php HTTP/1.1" 200 403 "-" "WordPress.com; https://wordpress.com"
27.34.69.219 - - [16/Aug/2026:10:38:37 -0400] "POST /xmlrpc.php HTTP/1.1" 200 403 "-" "Jetpack/13.0; WordPress/6.2; http://site11079827.com"
69.39.225.240 - - [16/Aug/2026:10:38:49 -0400] "POST /wp-cron.php?doing_wp_cron=1786891128.9296491146087646484375 HTTP/1.1" 200 20 "-" "WordPress/7.0.4; https://www.biotechprocleaners.com"
27.34.69.219 - - [16/Aug/2026:10:38:47 -0400] "POST /xmlrpc.php HTTP/1.1" 200 403 "-" "WordPress.com; https://wordpress.com"
27.34.69.219 - - [16/Aug/2026:10:38:58 -0400] "POST /xmlrpc.php HTTP/1.1" 200 403 "-" "Jetpack by WordPress.com (Jetpack 12.0; WordPress 6.3)"
27.34.69.219 - - [16/Aug/2026:10:39:09 -0400] "POST /xmlrpc.php HTTP/1.1" 200 403 "-" "WordPress.com; https://wordpress.com"
69.39.225.240 - - [16/Aug/2026:10:39:22 -0400] "POST /wp-cron.php?doing_wp_cron=1786891162.2907528877258300781250 HTTP/1.1" 200 20 "-" "WordPress/7.0.4; https://www.biotechprocleaners.com"
27.34.69.219 - - [16/Aug/2026:10:39:21 -0400] "POST /xmlrpc.php HTTP/1.1" 200 403 "-" "Jetpack/12.5; WordPress/6.3; http://site36675426.com"
27.34.69.219 - - [16/Aug/2026:10:39:32 -0400] "POST /xmlrpc.php HTTP/1.1" 200 403 "-" "Jetpack by WordPress.com (Jetpack 13.0; WordPress 6.2)"
69.39.225.240 - - [16/Aug/2026:10:39:44 -0400] "POST /wp-cron.php?doing_wp_cron=1786891184.2268300056457519531250 HTTP/1.1" 200 20 "-" "WordPress/7.0.4; https://www.biotechprocleaners.com"
27.34.69.219 - - [16/Aug/2026:10:39:43 -0400] "POST /xmlrpc.php HTTP/1.1" 200 403 "-" "Jetpack by WordPress.com (Jetpack 13.0; WordPress 6.1)"
27.34.69.219 - - [16/Aug/2026:10:39:54 -0400] "POST /xmlrpc.php HTTP/1.1" 200 403 "-" "Jetpack/12.0; WordPress/6.4; http://site53473012.com"
27.34.69.219 - - [16/Aug/2026:10:40:05 -0400] "POST /xmlrpc.php HTTP/1.1" 200 403 "-" "Jetpack/12.1; WordPress/6.2; http://site10098721.com"
69.39.225.240 - - [16/Aug/2026:10:40:17 -0400] "POST /wp-cron.php?doing_wp_cron=1786891217.6535749435424804687500 HTTP/1.1" 200 20 "-" "WordPress/7.0.4; https://www.biotechprocleaners.com"
27.34.69.219 - - [16/Aug/2026:10:40:16 -0400] "POST /xmlrpc.php HTTP/1.1" 200 403 "-" "Jetpack by WordPress.com (Jetpack 13.0; WordPress 6.4)"
27.34.69.219 - - [16/Aug/2026:10:40:27 -0400] "POST /xmlrpc.php HTTP/1.1" 200 403 "-" "Jetpack by WordPress.com (Jetpack 13.0; WordPress 6.2)"
27.34.69.219 - - [16/Aug/2026:10:40:38 -0400] "POST /xmlrpc.php HTTP/1.1" 200 403 "-" "WordPress.com; https://wordpress.com"
69.39.225.240 - - [16/Aug/2026:10:40:51 -0400] "POST /wp-cron.php?doing_wp_cron=1786891251.1151080131530761718750 HTTP/1.1" 200 20 "-" "WordPress/7.0.4; https://www.biotechprocleaners.com"
27.34.69.219 - - [16/Aug/2026:10:40:50 -0400] "POST /xmlrpc.php HTTP/1.1" 200 403 "-" "Jetpack by WordPress.com (Jetpack 12.0; WordPress 6.4)"
27.34.69.219 - - [16/Aug/2026:10:41:01 -0400] "POST /xmlrpc.php HTTP/1.1" 200 403 "-" "WordPress.com; https://wordpress.com"
69.39.225.240 - - [16/Aug/2026:10:41:13 -0400] "POST /wp-cron.php?doing_wp_cron=1786891273.2751240730285644531250 HTTP/1.1" 200 20 "-" "WordPress/7.0.4; https://www.biotechprocleaners.com"
27.34.69.219 - - [16/Aug/2026:10:41:12 -0400] "POST /xmlrpc.php HTTP/1.1" 200 403 "-" "Jetpack by WordPress.com (Jetpack 12.5; WordPress 6.4)"
27.34.69.219 - - [16/Aug/2026:10:41:23 -0400] "POST /xmlrpc.php HTTP/1.1" 200 403 "-" "Jetpack by WordPress.com"
27.34.69.219 - - [16/Aug/2026:10:41:34 -0400] "POST /xmlrpc.php HTTP/1.1" 200 403 "-" "Jetpack/13.0; WordPress/6.1; http://site29781705.com"
69.39.225.240 - - [16/Aug/2026:10:41:46 -0400] "POST /wp-cron.php?doing_wp_cron=1786891306.3195021152496337890625 HTTP/1.1" 200 20 "-" "WordPress/7.0.4; https://www.biotechprocleaners.com"
27.34.69.219 - - [16/Aug/2026:10:41:45 -0400] "POST /xmlrpc.php HTTP/1.1" 200 403 "-" "Jetpack by WordPress.com"
27.34.69.219 - - [16/Aug/2026:10:41:56 -0400] "POST /xmlrpc.php HTTP/1.1" 200 403 "-" "Jetpack/12.0; WordPress/6.2; http://site66534850.com"
27.34.69.219 - - [16/Aug/2026:10:42:07 -0400] "POST /xmlrpc.php HTTP/1.1" 200 403 "-" "WordPress.com; https://wordpress.com"
69.39.225.240 - - [16/Aug/2026:10:42:19 -0400] "POST /wp-cron.php?doing_wp_cron=1786891339.5623500347137451171875 HTTP/1.1" 200 20 "-" "WordPress/7.0.4; https://www.biotechprocleaners.com"
27.34.69.219 - - [16/Aug/2026:10:42:18 -0400] "POST /xmlrpc.php HTTP/1.1" 200 403 "-" "Jetpack by WordPress.com (Jetpack 12.0; WordPress 6.1)"
27.34.69.219 - - [16/Aug/2026:10:42:29 -0400] "POST /xmlrpc.php HTTP/1.1" 200 403 "-" "Jetpack by WordPress.com (Jetpack 12.5; WordPress 6.1)"
69.39.225.240 - - [16/Aug/2026:10:42:41 -0400] "POST /wp-cron.php?doing_wp_cron=1786891361.5515210628509521484375 HTTP/1.1" 200 20 "-" "WordPress/7.0.4; https://www.biotechprocleaners.com"
27.34.69.219 - - [16/Aug/2026:10:42:40 -0400] "POST /xmlrpc.php HTTP/1.1" 200 403 "-" "Jetpack/12.5; WordPress/6.1; http://site17946589.com"
27.34.69.219 - - [16/Aug/2026:10:42:51 -0400] "POST /xmlrpc.php HTTP/1.1" 200 403 "-" "WordPress.com; https://wordpress.com"
27.34.69.219 - - [16/Aug/2026:10:43:02 -0400] "POST /xmlrpc.php HTTP/1.1" 200 403 "-" "Jetpack by WordPress.com (Jetpack 13.0; WordPress 6.4)"
69.39.225.240 - - [16/Aug/2026:10:43:14 -0400] "POST /wp-cron.php?doing_wp_cron=1786891394.8425009250640869140625 HTTP/1.1" 200 20 "-" "WordPress/7.0.4; https://www.biotechprocleaners.com"
27.34.69.219 - - [16/Aug/2026:10:43:13 -0400] "POST /xmlrpc.php HTTP/1.1" 200 403 "-" "Jetpack/12.5; WordPress/6.1; http://site63188781.com"
27.34.69.219 - - [16/Aug/2026:10:43:24 -0400] "POST /xmlrpc.php HTTP/1.1" 200 403 "-" "WordPress.com; https://wordpress.com"
27.34.69.219 - - [16/Aug/2026:10:43:35 -0400] "POST /xmlrpc.php HTTP/1.1" 200 403 "-" "WordPress.com; https://wordpress.com"
69.39.225.240 - - [16/Aug/2026:10:43:48 -0400] "POST /wp-cron.php?doing_wp_cron=1786891427.8187799453735351562500 HTTP/1.1" 200 20 "-" "WordPress/7.0.4; https://www.biotechprocleaners.com"
27.34.69.219 - - [16/Aug/2026:10:43:46 -0400] "POST /xmlrpc.php HTTP/1.1" 200 403 "-" "WordPress.com; https://wordpress.com"
27.34.69.219 - - [16/Aug/2026:10:43:57 -0400] "POST /xmlrpc.php HTTP/1.1" 200 403 "-" "Jetpack by WordPress.com"
27.34.69.219 - - [16/Aug/2026:10:44:09 -0400] "POST /xmlrpc.php HTTP/1.1" 200 403 "-" "Jetpack by WordPress.com"
69.39.225.240 - - [16/Aug/2026:10:44:20 -0400] "POST /wp-cron.php?doing_wp_cron=1786891460.8656349182128906250000 HTTP/1.1" 200 20 "-" "WordPress/7.0.4; https://www.biotechprocleaners.com"
27.34.69.219 - - [16/Aug/2026:10:44:19 -0400] "POST /xmlrpc.php HTTP/1.1" 200 403 "-" "WordPress.com; https://wordpress.com"
69.39.225.240 - - [16/Aug/2026:10:44:31 -0400] "POST /wp-cron.php?doing_wp_cron=1786891471.7868340015411376953125 HTTP/1.1" 200 20 "-" "WordPress/7.0.4; https://www.biotechprocleaners.com"
27.34.69.219 - - [16/Aug/2026:10:44:30 -0400] "POST /xmlrpc.php HTTP/1.1" 200 403 "-" "Jetpack by WordPress.com (Jetpack 12.5; WordPress 6.2)"
69.39.225.240 - - [16/Aug/2026:10:44:42 -0400] "POST /wp-cron.php?doing_wp_cron=1786891482.9784419536590576171875 HTTP/1.1" 200 20 "-" "WordPress/7.0.4; https://www.biotechprocleaners.com"
27.34.69.219 - - [16/Aug/2026:10:44:42 -0400] "POST /xmlrpc.php HTTP/1.1" 200 403 "-" "Jetpack by WordPress.com"
27.34.69.219 - - [16/Aug/2026:10:44:53 -0400] "POST /xmlrpc.php HTTP/1.1" 200 403 "-" "Jetpack by WordPress.com"
27.34.69.219 - - [16/Aug/2026:10:45:04 -0400] "POST /xmlrpc.php HTTP/1.1" 200 403 "-" "Jetpack by WordPress.com"
69.39.225.240 - - [16/Aug/2026:10:45:16 -0400] "POST /wp-cron.php?doing_wp_cron=1786891516.2194039821624755859375 HTTP/1.1" 200 20 "-" "WordPress/7.0.4; https://www.biotechprocleaners.com"
27.34.69.219 - - [16/Aug/2026:10:45:15 -0400] "POST /xmlrpc.php HTTP/1.1" 200 403 "-" "Jetpack by WordPress.com"
66.249.64.104 - - [16/Aug/2026:10:46:13 -0400] "GET /product/disinfectant-cleaner/ HTTP/1.1" 200 50541 "-" "Mozilla/5.0 (compatible; Googlebot/2.1; +http://www.google.com/bot.html)"
69.39.225.240 - - [16/Aug/2026:10:48:29 -0400] "POST /wp-cron.php?doing_wp_cron=1786891709.3973801136016845703125 HTTP/1.1" 200 20 "-" "WordPress/7.0.4; https://www.biotechprocleaners.com"
34.194.233.48 - - [16/Aug/2026:10:48:28 -0400] "GET /surface/desks/?surfaces=kitchen-sink HTTP/1.1" 200 32377 "-" "Mozilla/5.0 AppleWebKit/537.36 (KHTML, like Gecko; compatible; Amazonbot/0.1; +https://developer.amazon.com/support/amazonbot) Chrome/119.0.6045.214 Safari/537.36"
69.39.225.240 - - [16/Aug/2026:10:48:57 -0400] "POST /wp-cron.php?doing_wp_cron=1786891737.7656860351562500000000 HTTP/1.1" 200 20 "-" "WordPress/7.0.4; https://www.biotechprocleaners.com"
52.21.62.139 - - [16/Aug/2026:10:48:56 -0400] "GET /surface/inox/?surfaces=garages HTTP/1.1" 200 32368 "-" "Mozilla/5.0 AppleWebKit/537.36 (KHTML, like Gecko; compatible; Amazonbot/0.1; +https://developer.amazon.com/support/amazonbot) Chrome/119.0.6045.214 Safari/537.36"
44.213.202.136 - - [16/Aug/2026:10:49:01 -0400] "GET /area/vehicle-windows/?amp&surfaces=painted-floors HTTP/1.1" 200 32400 "-" "Mozilla/5.0 AppleWebKit/537.36 (KHTML, like Gecko; compatible; Amazonbot/0.1; +https://developer.amazon.com/support/amazonbot) Chrome/119.0.6045.214 Safari/537.36"
52.3.127.170 - - [16/Aug/2026:10:49:08 -0400] "GET /area/vehicle-windows/?amp&surfaces=equipments HTTP/1.1" 200 32393 "-" "Mozilla/5.0 AppleWebKit/537.36 (KHTML, like Gecko; compatible; Amazonbot/0.1; +https://developer.amazon.com/support/amazonbot) Chrome/119.0.6045.214 Safari/537.36"
69.39.225.240 - - [16/Aug/2026:10:49:13 -0400] "POST /wp-cron.php?doing_wp_cron=1786891753.5020790100097656250000 HTTP/1.1" 200 20 "-" "WordPress/7.0.4; https://www.biotechprocleaners.com"
54.225.181.161 - - [16/Aug/2026:10:49:12 -0400] "GET /surface/scuff-marks/?areas=tires-marks HTTP/1.1" 200 32391 "-" "Mozilla/5.0 AppleWebKit/537.36 (KHTML, like Gecko; compatible; Amazonbot/0.1; +https://developer.amazon.com/support/amazonbot) Chrome/119.0.6045.214 Safari/537.36"
23.21.175.228 - - [16/Aug/2026:10:49:16 -0400] "GET /surface/tiles/?amp&surfaces=dashboards HTTP/1.1" 200 32376 "-" "Mozilla/5.0 AppleWebKit/537.36 (KHTML, like Gecko; compatible; Amazonbot/0.1; +https://developer.amazon.com/support/amazonbot) Chrome/119.0.6045.214 Safari/537.36"
69.39.225.240 - - [16/Aug/2026:10:49:30 -0400] "POST /wp-cron.php?doing_wp_cron=1786891770.2043130397796630859375 HTTP/1.1" 200 20 "-" "WordPress/7.0.4; https://www.biotechprocleaners.com"
98.84.184.80 - - [16/Aug/2026:10:49:28 -0400] "GET /surface/scuff-marks/?surfaces=buildings HTTP/1.1" 200 32386 "-" "Mozilla/5.0 AppleWebKit/537.36 (KHTML, like Gecko; compatible; Amazonbot/0.1; +https://developer.amazon.com/support/amazonbot) Chrome/119.0.6045.214 Safari/537.36"
52.203.65.83 - - [16/Aug/2026:10:49:32 -0400] "GET /surface/scuff-marks/?areas=sinks HTTP/1.1" 200 32385 "-" "Mozilla/5.0 AppleWebKit/537.36 (KHTML, like Gecko; compatible; Amazonbot/0.1; +https://developer.amazon.com/support/amazonbot) Chrome/119.0.6045.214 Safari/537.36"
98.83.72.38 - - [16/Aug/2026:10:49:36 -0400] "GET /surface/scuff-marks/?areas=concrete-floors HTTP/1.1" 200 32398 "-" "Mozilla/5.0 AppleWebKit/537.36 (KHTML, like Gecko; compatible; Amazonbot/0.1; +https://developer.amazon.com/support/amazonbot) Chrome/119.0.6045.214 Safari/537.36"
69.39.225.240 - - [16/Aug/2026:10:49:46 -0400] "POST /wp-cron.php?doing_wp_cron=1786891785.9875669479370117187500 HTTP/1.1" 200 20 "-" "WordPress/7.0.4; https://www.biotechprocleaners.com"
3.224.205.25 - - [16/Aug/2026:10:49:44 -0400] "GET /surface/scuff-marks/?surfaces=trucks HTTP/1.1" 200 32386 "-" "Mozilla/5.0 AppleWebKit/537.36 (KHTML, like Gecko; compatible; Amazonbot/0.1; +https://developer.amazon.com/support/amazonbot) Chrome/119.0.6045.214 Safari/537.36"
3.231.193.38 - - [16/Aug/2026:10:49:48 -0400] "GET /surface/scuff-marks/?surfaces=aluminum HTTP/1.1" 200 32390 "-" "Mozilla/5.0 AppleWebKit/537.36 (KHTML, like Gecko; compatible; Amazonbot/0.1; +https://developer.amazon.com/support/amazonbot) Chrome/119.0.6045.214 Safari/537.36"
34.230.124.21 - - [16/Aug/2026:10:49:52 -0400] "GET /surface/scuff-marks/?surfaces=toilets HTTP/1.1" 200 32387 "-" "Mozilla/5.0 AppleWebKit/537.36 (KHTML, like Gecko; compatible; Amazonbot/0.1; +https://developer.amazon.com/support/amazonbot) Chrome/119.0.6045.214 Safari/537.36"
57.141.4.41 - - [16/Aug/2026:10:50:00 -0400] "GET /area/reflective-surfaces/ HTTP/1.1" 200 47838 "-" "Mozilla/5.0 (Macintosh; Intel Mac OS X 10_15_7) AppleWebKit/537.36 (KHTML, like Gecko) Chrome/145.0.0.0 Safari/537.36 (compatible; meta-externalagent/1.1 (+https://developers.facebook.com/docs/sharing/webmasters/crawler))"
69.39.225.240 - - [16/Aug/2026:10:50:25 -0400] "POST /wp-cron.php?doing_wp_cron=1786891825.4559400081634521484375 HTTP/1.1" 200 20 "-" "WordPress/7.0.4; https://www.biotechprocleaners.com"
23.21.250.48 - - [16/Aug/2026:10:50:24 -0400] "GET /surface/tiles/?areas=daily-floors HTTP/1.1" 200 32371 "-" "Mozilla/5.0 AppleWebKit/537.36 (KHTML, like Gecko; compatible; Amazonbot/0.1; +https://developer.amazon.com/support/amazonbot) Chrome/119.0.6045.214 Safari/537.36"
50.16.216.166 - - [16/Aug/2026:10:50:32 -0400] "GET /surface/tiles/?areas=storage-sheds HTTP/1.1" 200 32376 "-" "Mozilla/5.0 AppleWebKit/537.36 (KHTML, like Gecko; compatible; Amazonbot/0.1; +https://developer.amazon.com/support/amazonbot) Chrome/119.0.6045.214 Safari/537.36"
69.39.225.240 - - [16/Aug/2026:10:51:05 -0400] "POST /wp-cron.php?doing_wp_cron=1786891865.5498371124267578125000 HTTP/1.1" 200 20 "-" "WordPress/7.0.4; https://www.biotechprocleaners.com"
34.194.226.74 - - [16/Aug/2026:10:51:04 -0400] "GET /surface/kitchen/?areas=area1 HTTP/1.1" 200 32367 "-" "Mozilla/5.0 AppleWebKit/537.36 (KHTML, like Gecko; compatible; Amazonbot/0.1; +https://developer.amazon.com/support/amazonbot) Chrome/119.0.6045.214 Safari/537.36"
69.39.225.240 - - [16/Aug/2026:10:51:29 -0400] "POST /wp-cron.php?doing_wp_cron=1786891889.5614790916442871093750 HTTP/1.1" 200 20 "-" "WordPress/7.0.4; https://www.biotechprocleaners.com"
44.220.2.97 - - [16/Aug/2026:10:51:28 -0400] "GET /surface/tiles/?amp&surfaces=fabrics HTTP/1.1" 200 32374 "-" "Mozilla/5.0 AppleWebKit/537.36 (KHTML, like Gecko; compatible; Amazonbot/0.1; +https://developer.amazon.com/support/amazonbot) Chrome/119.0.6045.214 Safari/537.36"
69.39.225.240 - - [16/Aug/2026:10:51:30 -0400] "GET /area/mud/ HTTP/1.1" 200 48290 "-" "WP Rocket/Preload"
69.39.225.240 - - [16/Aug/2026:10:51:32 -0400] "GET /area/mud/ HTTP/1.1" 200 16384 "-" "WP Rocket/Preload Mozilla/5.0 (iPhone; CPU iPhone OS 9_1 like Mac OS X) AppleWebKit/601.1.46 (KHTML, like Gecko) Version/9.0 Mobile/13B143 Safari/601.1"
69.39.225.240 - - [16/Aug/2026:10:51:34 -0400] "GET /news/ HTTP/1.1" 200 16384 "-" "WP Rocket/Preload"
69.39.225.240 - - [16/Aug/2026:10:51:35 -0400] "GET /news/ HTTP/1.1" 200 16384 "-" "WP Rocket/Preload Mozilla/5.0 (iPhone; CPU iPhone OS 9_1 like Mac OS X) AppleWebKit/601.1.46 (KHTML, like Gecko) Version/9.0 Mobile/13B143 Safari/601.1"
69.39.225.240 - - [16/Aug/2026:10:51:37 -0400] "GET /2020/06/11/amwerk-builds-for-aero-industry/ HTTP/1.1" 200 16384 "-" "WP Rocket/Preload"
69.39.225.240 - - [16/Aug/2026:10:51:38 -0400] "GET /2020/06/11/amwerk-builds-for-aero-industry/ HTTP/1.1" 200 16384 "-" "WP Rocket/Preload Mozilla/5.0 (iPhone; CPU iPhone OS 9_1 like Mac OS X) AppleWebKit/601.1.46 (KHTML, like Gecko) Version/9.0 Mobile/13B143 Safari/601.1"
69.39.225.240 - - [16/Aug/2026:10:51:40 -0400] "GET /2020/06/21/optimistic-about-regional-development/ HTTP/1.1" 200 16384 "-" "WP Rocket/Preload"
69.39.225.240 - - [16/Aug/2026:10:51:41 -0400] "GET /2020/06/21/optimistic-about-regional-development/ HTTP/1.1" 200 16384 "-" "WP Rocket/Preload Mozilla/5.0 (iPhone; CPU iPhone OS 9_1 like Mac OS X) AppleWebKit/601.1.46 (KHTML, like Gecko) Version/9.0 Mobile/13B143 Safari/601.1"
69.39.225.240 - - [16/Aug/2026:10:51:43 -0400] "GET /2020/07/03/clarence-wesley-assigned-to-lead-main-projects/ HTTP/1.1" 200 16384 "-" "WP Rocket/Preload"
18.213.240.226 - - [16/Aug/2026:10:51:44 -0400] "GET /surface/kitchen/?areas=grease-residues HTTP/1.1" 200 32380 "-" "Mozilla/5.0 AppleWebKit/537.36 (KHTML, like Gecko; compatible; Amazonbot/0.1; +https://developer.amazon.com/support/amazonbot) Chrome/119.0.6045.214 Safari/537.36"
69.39.225.240 - - [16/Aug/2026:10:51:44 -0400] "GET /2020/07/03/clarence-wesley-assigned-to-lead-main-projects/ HTTP/1.1" 200 16384 "-" "WP Rocket/Preload Mozilla/5.0 (iPhone; CPU iPhone OS 9_1 like Mac OS X) AppleWebKit/601.1.46 (KHTML, like Gecko) Version/9.0 Mobile/13B143 Safari/601.1"
69.39.225.240 - - [16/Aug/2026:10:51:50 -0400] "POST /wp-cron.php?doing_wp_cron=1786891910.0741078853607177734375 HTTP/1.1" 200 20 "-" "WordPress/7.0.4; https://www.biotechprocleaners.com"
52.7.33.248 - - [16/Aug/2026:10:51:49 -0400] "GET /surface/kitchen/?areas=rust-stains HTTP/1.1" 200 32376 "-" "Mozilla/5.0 AppleWebKit/537.36 (KHTML, like Gecko; compatible; Amazonbot/0.1; +https://developer.amazon.com/support/amazonbot) Chrome/119.0.6045.214 Safari/537.36"
54.209.100.30 - - [16/Aug/2026:10:51:53 -0400] "GET /surface/tiles/?areas=soap-scum HTTP/1.1" 200 32372 "-" "Mozilla/5.0 AppleWebKit/537.36 (KHTML, like Gecko; compatible; Amazonbot/0.1; +https://developer.amazon.com/support/amazonbot) Chrome/119.0.6045.214 Safari/537.36"
98.82.63.147 - - [16/Aug/2026:10:51:56 -0400] "GET /surface/tiles/?amp&surfaces=truck-loads HTTP/1.1" 200 32383 "-" "Mozilla/5.0 AppleWebKit/537.36 (KHTML, like Gecko; compatible; Amazonbot/0.1; +https://developer.amazon.com/support/amazonbot) Chrome/119.0.6045.214 Safari/537.36"
34.235.239.240 - - [16/Aug/2026:10:52:08 -0400] "GET /surface/counters/?areas=hardwood-floors HTTP/1.1" 200 32384 "-" "Mozilla/5.0 AppleWebKit/537.36 (KHTML, like Gecko; compatible; Amazonbot/0.1; +https://developer.amazon.com/support/amazonbot) Chrome/119.0.6045.214 Safari/537.36"
69.39.225.240 - - [16/Aug/2026:10:52:17 -0400] "POST /wp-cron.php?doing_wp_cron=1786891937.3815190792083740234375 HTTP/1.1" 200 20 "-" "WordPress/7.0.4; https://www.biotechprocleaners.com"
18.211.148.239 - - [16/Aug/2026:10:52:16 -0400] "GET /surface/tiles/?amp&surfaces=plastic-kitchenware HTTP/1.1" 200 32387 "-" "Mozilla/5.0 AppleWebKit/537.36 (KHTML, like Gecko; compatible; Amazonbot/0.1; +https://developer.amazon.com/support/amazonbot) Chrome/119.0.6045.214 Safari/537.36"
69.39.225.240 - - [16/Aug/2026:10:52:18 -0400] "GET /2020/07/17/a-new-industry-venture-launched/ HTTP/1.1" 200 16384 "-" "WP Rocket/Preload"
69.39.225.240 - - [16/Aug/2026:10:52:19 -0400] "GET /2020/07/17/a-new-industry-venture-launched/ HTTP/1.1" 200 16384 "-" "WP Rocket/Preload Mozilla/5.0 (iPhone; CPU iPhone OS 9_1 like Mac OS X) AppleWebKit/601.1.46 (KHTML, like Gecko) Version/9.0 Mobile/13B143 Safari/601.1"
69.39.225.240 - - [16/Aug/2026:10:52:21 -0400] "GET /2020/07/22/competing-in-a-new-industry-branch/ HTTP/1.1" 200 16384 "-" "WP Rocket/Preload"
69.39.225.240 - - [16/Aug/2026:10:52:22 -0400] "GET /2020/07/22/competing-in-a-new-industry-branch/ HTTP/1.1" 200 16384 "-" "WP Rocket/Preload Mozilla/5.0 (iPhone; CPU iPhone OS 9_1 like Mac OS X) AppleWebKit/601.1.46 (KHTML, like Gecko) Version/9.0 Mobile/13B143 Safari/601.1"
69.39.225.240 - - [16/Aug/2026:10:52:24 -0400] "GET /2020/08/09/why-worlds-biggest-investors-choose-amwerk/ HTTP/1.1" 200 16384 "-" "WP Rocket/Preload"
69.39.225.240 - - [16/Aug/2026:10:52:25 -0400] "GET /2020/08/09/why-worlds-biggest-investors-choose-amwerk/ HTTP/1.1" 200 16384 "-" "WP Rocket/Preload Mozilla/5.0 (iPhone; CPU iPhone OS 9_1 like Mac OS X) AppleWebKit/601.1.46 (KHTML, like Gecko) Version/9.0 Mobile/13B143 Safari/601.1"
69.39.225.240 - - [16/Aug/2026:10:52:27 -0400] "GET /2020/08/21/amwerk-applies-for-studen-learning-project/ HTTP/1.1" 200 16384 "-" "WP Rocket/Preload"
69.39.225.240 - - [16/Aug/2026:10:52:28 -0400] "GET /2020/08/21/amwerk-applies-for-studen-learning-project/ HTTP/1.1" 200 16384 "-" "WP Rocket/Preload Mozilla/5.0 (iPhone; CPU iPhone OS 9_1 like Mac OS X) AppleWebKit/601.1.46 (KHTML, like Gecko) Version/9.0 Mobile/13B143 Safari/601.1"
69.39.225.240 - - [16/Aug/2026:10:52:30 -0400] "GET /2020/09/04/creating-aero-products-from-cnc-machines/ HTTP/1.1" 200 16384 "-" "WP Rocket/Preload"
69.39.225.240 - - [16/Aug/2026:10:52:31 -0400] "GET /2020/09/04/creating-aero-products-from-cnc-machines/ HTTP/1.1" 200 16384 "-" "WP Rocket/Preload Mozilla/5.0 (iPhone; CPU iPhone OS 9_1 like Mac OS X) AppleWebKit/601.1.46 (KHTML, like Gecko) Version/9.0 Mobile/13B143 Safari/601.1"
69.39.225.240 - - [16/Aug/2026:10:52:33 -0400] "GET /2020/09/17/amwerk-volunteer-for-local-charity/ HTTP/1.1" 200 45207 "-" "WP Rocket/Preload"
69.39.225.240 - - [16/Aug/2026:10:52:34 -0400] "GET /2020/09/17/amwerk-volunteer-for-local-charity/ HTTP/1.1" 200 16384 "-" "WP Rocket/Preload Mozilla/5.0 (iPhone; CPU iPhone OS 9_1 like Mac OS X) AppleWebKit/601.1.46 (KHTML, like Gecko) Version/9.0 Mobile/13B143 Safari/601.1"
69.39.225.240 - - [16/Aug/2026:10:52:36 -0400] "GET /2020/09/26/travis-kirkpatrick-appointed-eu-ceo/ HTTP/1.1" 200 16384 "-" "WP Rocket/Preload"
69.39.225.240 - - [16/Aug/2026:10:52:37 -0400] "GET /2020/09/26/travis-kirkpatrick-appointed-eu-ceo/ HTTP/1.1" 200 16384 "-" "WP Rocket/Preload Mozilla/5.0 (iPhone; CPU iPhone OS 9_1 like Mac OS X) AppleWebKit/601.1.46 (KHTML, like Gecko) Version/9.0 Mobile/13B143 Safari/601.1"
69.39.225.240 - - [16/Aug/2026:10:52:51 -0400] "POST /wp-cron.php?doing_wp_cron=1786891971.2979550361633300781250 HTTP/1.1" 200 20 "-" "WordPress/7.0.4; https://www.biotechprocleaners.com"
143.244.161.13 - - [16/Aug/2026:10:52:50 -0400] "POST / HTTP/1.1" 200 49434 "-" "Mozilla/5.0 (X11; Linux x86_64) AppleWebKit/537.36 (KHTML, like Gecko) Chrome/81.0.4044.129 Safari/537.36"
143.244.161.13 - - [16/Aug/2026:10:52:54 -0400] "GET / HTTP/1.1" 200 20 "-" "Mozilla/5.0 (X11; Linux x86_64) AppleWebKit/537.36 (KHTML, like Gecko) Chrome/81.0.4044.129 Safari/537.36"
44.195.50.71 - - [16/Aug/2026:10:53:00 -0400] "GET /surface/counters/?areas=cotton HTTP/1.1" 200 32370 "-" "Mozilla/5.0 AppleWebKit/537.36 (KHTML, like Gecko; compatible; Amazonbot/0.1; +https://developer.amazon.com/support/amazonbot) Chrome/119.0.6045.214 Safari/537.36"
216.73.216.255 - - [16/Aug/2026:10:53:11 -0400] "GET /robots.txt HTTP/1.1" 200 206 "-" "Mozilla/5.0 AppleWebKit/537.36 (KHTML, like Gecko; compatible; ClaudeBot/1.0; +claudebot@anthropic.com)"
69.39.225.240 - - [16/Aug/2026:10:53:13 -0400] "POST /wp-cron.php?doing_wp_cron=1786891993.1482419967651367187500 HTTP/1.1" 200 20 "-" "WordPress/7.0.4; https://www.biotechprocleaners.com"
216.73.216.255 - - [16/Aug/2026:10:53:12 -0400] "GET /?p=1060 HTTP/1.1" 200 20 "-" "Mozilla/5.0 AppleWebKit/537.36 (KHTML, like Gecko; compatible; ClaudeBot/1.0; +claudebot@anthropic.com)"
216.73.216.255 - - [16/Aug/2026:10:53:13 -0400] "GET /footer-03/ HTTP/1.1" 200 40915 "https://www.biotechprocleaners.com/?p=1060" "Mozilla/5.0 AppleWebKit/537.36 (KHTML, like Gecko; compatible; ClaudeBot/1.0; +claudebot@anthropic.com)"
69.39.225.240 - - [16/Aug/2026:10:53:14 -0400] "GET /2020/10/02/amwerk-named-industry-leader/ HTTP/1.1" 200 16384 "-" "WP Rocket/Preload"
69.39.225.240 - - [16/Aug/2026:10:53:15 -0400] "GET /2020/10/02/amwerk-named-industry-leader/ HTTP/1.1" 200 16384 "-" "WP Rocket/Preload Mozilla/5.0 (iPhone; CPU iPhone OS 9_1 like Mac OS X) AppleWebKit/601.1.46 (KHTML, like Gecko) Version/9.0 Mobile/13B143 Safari/601.1"
69.39.225.240 - - [16/Aug/2026:10:53:17 -0400] "GET /2022/05/11/hello-world/ HTTP/1.1" 200 16384 "-" "WP Rocket/Preload"
69.39.225.240 - - [16/Aug/2026:10:53:18 -0400] "GET /2022/05/11/hello-world/ HTTP/1.1" 200 16384 "-" "WP Rocket/Preload Mozilla/5.0 (iPhone; CPU iPhone OS 9_1 like Mac OS X) AppleWebKit/601.1.46 (KHTML, like Gecko) Version/9.0 Mobile/13B143 Safari/601.1"
69.39.225.240 - - [16/Aug/2026:10:53:20 -0400] "GET /category/announcements/ HTTP/1.1" 200 16384 "-" "WP Rocket/Preload"
69.39.225.240 - - [16/Aug/2026:10:53:21 -0400] "GET /category/announcements/ HTTP/1.1" 200 16384 "-" "WP Rocket/Preload Mozilla/5.0 (iPhone; CPU iPhone OS 9_1 like Mac OS X) AppleWebKit/601.1.46 (KHTML, like Gecko) Version/9.0 Mobile/13B143 Safari/601.1"
69.39.225.240 - - [16/Aug/2026:10:53:23 -0400] "GET /category/community/ HTTP/1.1" 200 16384 "-" "WP Rocket/Preload"
69.39.225.240 - - [16/Aug/2026:10:53:24 -0400] "GET /category/community/ HTTP/1.1" 200 16384 "-" "WP Rocket/Preload Mozilla/5.0 (iPhone; CPU iPhone OS 9_1 like Mac OS X) AppleWebKit/601.1.46 (KHTML, like Gecko) Version/9.0 Mobile/13B143 Safari/601.1"
69.39.225.240 - - [16/Aug/2026:10:53:26 -0400] "GET /category/construction/ HTTP/1.1" 200 16384 "-" "WP Rocket/Preload"
69.39.225.240 - - [16/Aug/2026:10:53:27 -0400] "GET /category/construction/ HTTP/1.1" 200 16384 "-" "WP Rocket/Preload Mozilla/5.0 (iPhone; CPU iPhone OS 9_1 like Mac OS X) AppleWebKit/601.1.46 (KHTML, like Gecko) Version/9.0 Mobile/13B143 Safari/601.1"
69.39.225.240 - - [16/Aug/2026:10:53:29 -0400] "GET /category/news/ HTTP/1.1" 200 16384 "-" "WP Rocket/Preload"
69.39.225.240 - - [16/Aug/2026:10:53:30 -0400] "GET /category/news/ HTTP/1.1" 200 16384 "-" "WP Rocket/Preload Mozilla/5.0 (iPhone; CPU iPhone OS 9_1 like Mac OS X) AppleWebKit/601.1.46 (KHTML, like Gecko) Version/9.0 Mobile/13B143 Safari/601.1"
69.39.225.240 - - [16/Aug/2026:10:53:32 -0400] "GET /category/projects/ HTTP/1.1" 200 16384 "-" "WP Rocket/Preload"
69.39.225.240 - - [16/Aug/2026:10:53:33 -0400] "GET /category/projects/ HTTP/1.1" 200 16384 "-" "WP Rocket/Preload Mozilla/5.0 (iPhone; CPU iPhone OS 9_1 like Mac OS X) AppleWebKit/601.1.46 (KHTML, like Gecko) Version/9.0 Mobile/13B143 Safari/601.1"
69.39.225.240 - - [16/Aug/2026:10:56:19 -0400] "POST /wp-cron.php?doing_wp_cron=1786892178.9245998859405517578125 HTTP/1.1" 200 20 "-" "WordPress/7.0.4; https://www.biotechprocleaners.com"
54.84.26.52 - - [16/Aug/2026:10:56:17 -0400] "GET /robots.txt HTTP/1.1" 200 401 "-" "Java/17.0.20"
69.39.225.240 - - [16/Aug/2026:10:56:20 -0400] "GET /category/uncategorized/ HTTP/1.1" 200 42893 "-" "WP Rocket/Preload"
52.21.102.215 - - [16/Aug/2026:10:56:20 -0400] "GET /wp-json/wc/store/v1/products/rinsing-aid HTTP/1.1" 200 1536 "-" "Mozilla/5.0 (Windows NT 10.0; Win64; x64) AppleWebKit/537.36 (KHTML, like Gecko) Chrome/150.0.0.0 Safari/537.36"
69.39.225.240 - - [16/Aug/2026:10:56:21 -0400] "GET /category/uncategorized/ HTTP/1.1" 200 42327 "-" "WP Rocket/Preload Mozilla/5.0 (iPhone; CPU iPhone OS 9_1 like Mac OS X) AppleWebKit/601.1.46 (KHTML, like Gecko) Version/9.0 Mobile/13B143 Safari/601.1"
69.39.225.240 - - [16/Aug/2026:10:56:22 -0400] "GET /tag/hr/ HTTP/1.1" 200 43093 "-" "WP Rocket/Preload"
52.21.102.215 - - [16/Aug/2026:10:56:22 -0400] "GET /wp-json/wc/store/v1/products/2619 HTTP/1.1" 200 913 "-" "Mozilla/5.0 (Windows NT 10.0; Win64; x64) AppleWebKit/537.36 (KHTML, like Gecko) Chrome/150.0.0.0 Safari/537.36"
69.39.225.240 - - [16/Aug/2026:10:56:23 -0400] "GET /tag/hr/ HTTP/1.1" 200 16384 "-" "WP Rocket/Preload Mozilla/5.0 (iPhone; CPU iPhone OS 9_1 like Mac OS X) AppleWebKit/601.1.46 (KHTML, like Gecko) Version/9.0 Mobile/13B143 Safari/601.1"
69.39.225.240 - - [16/Aug/2026:10:56:24 -0400] "GET /tag/news/ HTTP/1.1" 200 16384 "-" "WP Rocket/Preload"
69.39.225.240 - - [16/Aug/2026:10:56:26 -0400] "GET /tag/news/ HTTP/1.1" 200 16384 "-" "WP Rocket/Preload Mozilla/5.0 (iPhone; CPU iPhone OS 9_1 like Mac OS X) AppleWebKit/601.1.46 (KHTML, like Gecko) Version/9.0 Mobile/13B143 Safari/601.1"
100.60.35.16 - - [16/Aug/2026:10:56:26 -0400] "GET /product/rinsing-aid/?attribute_pa_size=1000l HTTP/1.1" 200 49242 "-" "Mozilla/5.0 (Macintosh; Intel Mac OS X 10_15_7) AppleWebKit/537.36 (KHTML, like Gecko) Chrome/148.0.0.0 Safari/537.36"
100.60.35.16 - - [16/Aug/2026:10:56:27 -0400] "GET /wp-content/plugins/woocommerce/assets/client/blocks/wc-blocks.css?ver=wc-10.2.4 HTTP/1.1" 200 2618 "https://www.biotechprocleaners.com/product/rinsing-aid/?attribute_pa_size=1000l" "Mozilla/5.0 (Macintosh; Intel Mac OS X 10_15_7) AppleWebKit/537.36 (KHTML, like Gecko) Chrome/148.0.0.0 Safari/537.36"
100.60.35.16 - - [16/Aug/2026:10:56:27 -0400] "GET /wp-content/plugins/amwerk/css/amwerk.css?ver=7.0.4 HTTP/1.1" 200 2 "https://www.biotechprocleaners.com/product/rinsing-aid/?attribute_pa_size=1000l" "Mozilla/5.0 (Macintosh; Intel Mac OS X 10_15_7) AppleWebKit/537.36 (KHTML, like Gecko) Chrome/148.0.0.0 Safari/537.36"
100.28.188.130 - - [16/Aug/2026:10:56:27 -0400] "GET /wp-content/plugins/bold-page-builder/slick/slick.css?ver=5.4.7 HTTP/1.1" 200 569 "https://www.biotechprocleaners.com/product/rinsing-aid/?attribute_pa_size=1000l" "Mozilla/5.0 (Macintosh; Intel Mac OS X 10_15_7) AppleWebKit/537.36 (KHTML, like Gecko) Chrome/148.0.0.0 Safari/537.36"
54.163.142.183 - - [16/Aug/2026:10:56:27 -0400] "GET /wp-content/plugins/bold-page-builder/css/front_end/content_elements.crush.css?ver=5.4.7 HTTP/1.1" 200 31261 "https://www.biotechprocleaners.com/product/rinsing-aid/?attribute_pa_size=1000l" "Mozilla/5.0 (Macintosh; Intel Mac OS X 10_15_7) AppleWebKit/537.36 (KHTML, like Gecko) Chrome/148.0.0.0 Safari/537.36"
50.19.47.228 - - [16/Aug/2026:10:56:27 -0400] "GET /wp-content/plugins/bt_cost_calculator/style.min.css?ver=7.0.4 HTTP/1.1" 200 6264 "https://www.biotechprocleaners.com/product/rinsing-aid/?attribute_pa_size=1000l" "Mozilla/5.0 (Macintosh; Intel Mac OS X 10_15_7) AppleWebKit/537.36 (KHTML, like Gecko) Chrome/148.0.0.0 Safari/537.36"
50.19.47.228 - - [16/Aug/2026:10:56:27 -0400] "GET /wp-content/plugins/bold-timeline-lite/style.css?ver=7.0.4 HTTP/1.1" 200 11859 "https://www.biotechprocleaners.com/product/rinsing-aid/?attribute_pa_size=1000l" "Mozilla/5.0 (Macintosh; Intel Mac OS X 10_15_7) AppleWebKit/537.36 (KHTML, like Gecko) Chrome/148.0.0.0 Safari/537.36"
100.60.35.16 - - [16/Aug/2026:10:56:27 -0400] "GET /wp-content/plugins/menu-image/includes/css/menu-image.css?ver=3.13 HTTP/1.1" 200 825 "https://www.biotechprocleaners.com/product/rinsing-aid/?attribute_pa_size=1000l" "Mozilla/5.0 (Macintosh; Intel Mac OS X 10_15_7) AppleWebKit/537.36 (KHTML, like Gecko) Chrome/148.0.0.0 Safari/537.36"
50.19.47.228 - - [16/Aug/2026:10:56:27 -0400] "GET /wp-includes/css/dashicons.min.css?ver=7.0.4 HTTP/1.1" 200 35721 "https://www.biotechprocleaners.com/product/rinsing-aid/?attribute_pa_size=1000l" "Mozilla/5.0 (Macintosh; Intel Mac OS X 10_15_7) AppleWebKit/537.36 (KHTML, like Gecko) Chrome/148.0.0.0 Safari/537.36"
100.28.188.130 - - [16/Aug/2026:10:56:27 -0400] "GET /wp-content/plugins/woocommerce/assets/css/photoswipe/photoswipe.min.css?ver=10.2.4 HTTP/1.1" 200 997 "https://www.biotechprocleaners.com/product/rinsing-aid/?attribute_pa_size=1000l" "Mozilla/5.0 (Macintosh; Intel Mac OS X 10_15_7) AppleWebKit/537.36 (KHTML, like Gecko) Chrome/148.0.0.0 Safari/537.36"
50.19.47.228 - - [16/Aug/2026:10:56:27 -0400] "GET /wp-content/plugins/woocommerce/assets/css/photoswipe/default-skin/default-skin.min.css?ver=10.2.4 HTTP/1.1" 200 1952 "https://www.biotechprocleaners.com/product/rinsing-aid/?attribute_pa_size=1000l" "Mozilla/5.0 (Macintosh; Intel Mac OS X 10_15_7) AppleWebKit/537.36 (KHTML, like Gecko) Chrome/148.0.0.0 Safari/537.36"
100.60.35.16 - - [16/Aug/2026:10:56:27 -0400] "GET /wp-content/plugins/woocommerce/assets/css/brands.css?ver=10.2.4 HTTP/1.1" 200 684 "https://www.biotechprocleaners.com/product/rinsing-aid/?attribute_pa_size=1000l" "Mozilla/5.0 (Macintosh; Intel Mac OS X 10_15_7) AppleWebKit/537.36 (KHTML, like Gecko) Chrome/148.0.0.0 Safari/537.36"
54.163.142.183 - - [16/Aug/2026:10:56:27 -0400] "GET /wp-content/themes/amwerk-child/style.css?ver=1.0.0 HTTP/1.1" 200 5759 "https://www.biotechprocleaners.com/product/rinsing-aid/?attribute_pa_size=1000l" "Mozilla/5.0 (Macintosh; Intel Mac OS X 10_15_7) AppleWebKit/537.36 (KHTML, like Gecko) Chrome/148.0.0.0 Safari/537.36"
50.19.47.228 - - [16/Aug/2026:10:56:27 -0400] "GET /wp-content/themes/amwerk/framework/css/style.css?ver=7.0.4 HTTP/1.1" 200 149 "https://www.biotechprocleaners.com/product/rinsing-aid/?attribute_pa_size=1000l" "Mozilla/5.0 (Macintosh; Intel Mac OS X 10_15_7) AppleWebKit/537.36 (KHTML, like Gecko) Chrome/148.0.0.0 Safari/537.36"
50.19.47.228 - - [16/Aug/2026:10:56:27 -0400] "GET /wp-includes/js/jquery/jquery.min.js?ver=3.7.1 HTTP/1.1" 200 30368 "https://www.biotechprocleaners.com/product/rinsing-aid/?attribute_pa_size=1000l" "Mozilla/5.0 (Macintosh; Intel Mac OS X 10_15_7) AppleWebKit/537.36 (KHTML, like Gecko) Chrome/148.0.0.0 Safari/537.36"
54.163.142.183 - - [16/Aug/2026:10:56:27 -0400] "GET /wp-content/plugins/amwerk/js/amwerk.js?ver=7.0.4 HTTP/1.1" 200 2 "https://www.biotechprocleaners.com/product/rinsing-aid/?attribute_pa_size=1000l" "Mozilla/5.0 (Macintosh; Intel Mac OS X 10_15_7) AppleWebKit/537.36 (KHTML, like Gecko) Chrome/148.0.0.0 Safari/537.36"
100.60.35.16 - - [16/Aug/2026:10:56:27 -0400] "GET /wp-includes/js/jquery/jquery-migrate.min.js?ver=3.4.1 HTTP/1.1" 200 4872 "https://www.biotechprocleaners.com/product/rinsing-aid/?attribute_pa_size=1000l" "Mozilla/5.0 (Macintosh; Intel Mac OS X 10_15_7) AppleWebKit/537.36 (KHTML, like Gecko) Chrome/148.0.0.0 Safari/537.36"
50.19.47.228 - - [16/Aug/2026:10:56:27 -0400] "GET /wp-content/themes/amwerk/style.css?ver=7.0.4 HTTP/1.1" 200 101092 "https://www.biotechprocleaners.com/product/rinsing-aid/?attribute_pa_size=1000l" "Mozilla/5.0 (Macintosh; Intel Mac OS X 10_15_7) AppleWebKit/537.36 (KHTML, like Gecko) Chrome/148.0.0.0 Safari/537.36"
50.19.47.228 - - [16/Aug/2026:10:56:27 -0400] "GET /wp-content/plugins/bold-page-builder/slick/slick.min.js?ver=5.4.7 HTTP/1.1" 200 10442 "https://www.biotechprocleaners.com/product/rinsing-aid/?attribute_pa_size=1000l" "Mozilla/5.0 (Macintosh; Intel Mac OS X 10_15_7) AppleWebKit/537.36 (KHTML, like Gecko) Chrome/148.0.0.0 Safari/537.36"
54.163.142.183 - - [16/Aug/2026:10:56:27 -0400] "GET /wp-content/plugins/bold-page-builder/content_elements_misc/js/jquery.magnific-popup.min.js?ver=5.4.7 HTTP/1.1" 200 7435 "https://www.biotechprocleaners.com/product/rinsing-aid/?attribute_pa_size=1000l" "Mozilla/5.0 (Macintosh; Intel Mac OS X 10_15_7) AppleWebKit/537.36 (KHTML, like Gecko) Chrome/148.0.0.0 Safari/537.36"
50.19.47.228 - - [16/Aug/2026:10:56:27 -0400] "GET /wp-content/plugins/bold-timeline-lite/assets/js/bold-timeline.js?ver=7.0.4 HTTP/1.1" 200 2279 "https://www.biotechprocleaners.com/product/rinsing-aid/?attribute_pa_size=1000l" "Mozilla/5.0 (Macintosh; Intel Mac OS X 10_15_7) AppleWebKit/537.36 (KHTML, like Gecko) Chrome/148.0.0.0 Safari/537.36"
100.60.35.16 - - [16/Aug/2026:10:56:27 -0400] "GET /wp-content/plugins/bold-page-builder/content_elements_misc/js/content_elements.js?ver=5.4.7 HTTP/1.1" 200 8986 "https://www.biotechprocleaners.com/product/rinsing-aid/?attribute_pa_size=1000l" "Mozilla/5.0 (Macintosh; Intel Mac OS X 10_15_7) AppleWebKit/537.36 (KHTML, like Gecko) Chrome/148.0.0.0 Safari/537.36"
50.19.47.228 - - [16/Aug/2026:10:56:27 -0400] "GET /wp-content/plugins/bold-timeline-lite/bold-builder-light/bt-bb-light.js?ver=7.0.4 HTTP/1.1" 200 553 "https://www.biotechprocleaners.com/product/rinsing-aid/?attribute_pa_size=1000l" "Mozilla/5.0 (Macintosh; Intel Mac OS X 10_15_7) AppleWebKit/537.36 (KHTML, like Gecko) Chrome/148.0.0.0 Safari/537.36"
50.19.47.228 - - [16/Aug/2026:10:56:27 -0400] "GET /wp-content/plugins/cf7-redirect-thank-you-page/assets/js/redirect_method.js HTTP/1.1" 200 1175 "https://www.biotechprocleaners.com/product/rinsing-aid/?attribute_pa_size=1000l" "Mozilla/5.0 (Macintosh; Intel Mac OS X 10_15_7) AppleWebKit/537.36 (KHTML, like Gecko) Chrome/148.0.0.0 Safari/537.36"
54.163.142.183 - - [16/Aug/2026:10:56:27 -0400] "GET /wp-content/plugins/bt_cost_calculator/cc.main.js?ver=7.0.4 HTTP/1.1" 200 6052 "https://www.biotechprocleaners.com/product/rinsing-aid/?attribute_pa_size=1000l" "Mozilla/5.0 (Macintosh; Intel Mac OS X 10_15_7) AppleWebKit/537.36 (KHTML, like Gecko) Chrome/148.0.0.0 Safari/537.36"
50.19.47.228 - - [16/Aug/2026:10:56:27 -0400] "GET /wp-content/plugins/bt_cost_calculator/jquery.dd.js?ver=7.0.4 HTTP/1.1" 200 11604 "https://www.biotechprocleaners.com/product/rinsing-aid/?attribute_pa_size=1000l" "Mozilla/5.0 (Macintosh; Intel Mac OS X 10_15_7) AppleWebKit/537.36 (KHTML, like Gecko) Chrome/148.0.0.0 Safari/537.36"
50.19.47.228 - - [16/Aug/2026:10:56:27 -0400] "GET /wp-content/uploads/2024/03/Superior-Cleaning.png HTTP/1.1" 200 10800 "https://www.biotechprocleaners.com/product/rinsing-aid/?attribute_pa_size=1000l" "Mozilla/5.0 (Macintosh; Intel Mac OS X 10_15_7) AppleWebKit/537.36 (KHTML, like Gecko) Chrome/148.0.0.0 Safari/537.36"
100.60.35.16 - - [16/Aug/2026:10:56:27 -0400] "GET /wp-content/uploads/2024/02/Manufacturing-Industries.jpg HTTP/1.1" 200 199205 "https://www.biotechprocleaners.com/product/rinsing-aid/?attribute_pa_size=1000l" "Mozilla/5.0 (Macintosh; Intel Mac OS X 10_15_7) AppleWebKit/537.36 (KHTML, like Gecko) Chrome/148.0.0.0 Safari/537.36"
50.19.47.228 - - [16/Aug/2026:10:56:27 -0400] "GET /wp-content/uploads/2024/03/Safe-for-Daily-Use.png HTTP/1.1" 200 12912 "https://www.biotechprocleaners.com/product/rinsing-aid/?attribute_pa_size=1000l" "Mozilla/5.0 (Macintosh; Intel Mac OS X 10_15_7) AppleWebKit/537.36 (KHTML, like Gecko) Chrome/148.0.0.0 Safari/537.36"
100.60.35.16 - - [16/Aug/2026:10:56:27 -0400] "GET /wp-content/uploads/2024/03/100-Sustainable.png HTTP/1.1" 200 13308 "https://www.biotechprocleaners.com/product/rinsing-aid/?attribute_pa_size=1000l" "Mozilla/5.0 (Macintosh; Intel Mac OS X 10_15_7) AppleWebKit/537.36 (KHTML, like Gecko) Chrome/148.0.0.0 Safari/537.36"
50.19.47.228 - - [16/Aug/2026:10:56:27 -0400] "GET /wp-content/plugins/contact-form-7/includes/css/styles.css?ver=6.1.2 HTTP/1.1" 200 1031 "https://www.biotechprocleaners.com/product/rinsing-aid/?attribute_pa_size=1000l" "Mozilla/5.0 (Macintosh; Intel Mac OS X 10_15_7) AppleWebKit/537.36 (KHTML, like Gecko) Chrome/148.0.0.0 Safari/537.36"
50.19.47.228 - - [16/Aug/2026:10:56:27 -0400] "GET /wp-content/plugins/amwerk/shortcodes/back_to_top/css/back_to_top.css?ver=7.0.4 HTTP/1.1" 200 346 "https://www.biotechprocleaners.com/product/rinsing-aid/?attribute_pa_size=1000l" "Mozilla/5.0 (Macintosh; Intel Mac OS X 10_15_7) AppleWebKit/537.36 (KHTML, like Gecko) Chrome/148.0.0.0 Safari/537.36"
100.60.35.16 - - [16/Aug/2026:10:56:27 -0400] "GET /wp-content/uploads/2023/12/logo_white.png HTTP/1.1" 200 41658 "https://www.biotechprocleaners.com/product/rinsing-aid/?attribute_pa_size=1000l" "Mozilla/5.0 (Macintosh; Intel Mac OS X 10_15_7) AppleWebKit/537.36 (KHTML, like Gecko) Chrome/148.0.0.0 Safari/537.36"
50.19.47.228 - - [16/Aug/2026:10:56:27 -0400] "GET /wp-content/uploads/2024/03/Logo-StickyNav.png HTTP/1.1" 200 10336 "https://www.biotechprocleaners.com/product/rinsing-aid/?attribute_pa_size=1000l" "Mozilla/5.0 (Macintosh; Intel Mac OS X 10_15_7) AppleWebKit/537.36 (KHTML, like Gecko) Chrome/148.0.0.0 Safari/537.36"
50.19.47.228 - - [16/Aug/2026:10:56:27 -0400] "GET /wp-content/themes/amwerk-child/js/popup.js HTTP/1.1" 200 298 "https://www.biotechprocleaners.com/product/rinsing-aid/?attribute_pa_size=1000l" "Mozilla/5.0 (Macintosh; Intel Mac OS X 10_15_7) AppleWebKit/537.36 (KHTML, like Gecko) Chrome/148.0.0.0 Safari/537.36"
100.60.35.16 - - [16/Aug/2026:10:56:28 -0400] "GET /wp-content/themes/amwerk/framework/js/fancySelect.js?ver=7.0.4 HTTP/1.1" 200 1727 "https://www.biotechprocleaners.com/product/rinsing-aid/?attribute_pa_size=1000l" "Mozilla/5.0 (Macintosh; Intel Mac OS X 10_15_7) AppleWebKit/537.36 (KHTML, like Gecko) Chrome/148.0.0.0 Safari/537.36"
100.60.35.16 - - [16/Aug/2026:10:56:28 -0400] "GET /wp-content/themes/amwerk/framework/js/header.misc.js?ver=7.0.4 HTTP/1.1" 200 2792 "https://www.biotechprocleaners.com/product/rinsing-aid/?attribute_pa_size=1000l" "Mozilla/5.0 (Macintosh; Intel Mac OS X 10_15_7) AppleWebKit/537.36 (KHTML, like Gecko) Chrome/148.0.0.0 Safari/537.36"
100.60.35.16 - - [16/Aug/2026:10:56:28 -0400] "GET /wp-content/themes/amwerk/framework/js/misc.js?ver=7.0.4 HTTP/1.1" 200 1958 "https://www.biotechprocleaners.com/product/rinsing-aid/?attribute_pa_size=1000l" "Mozilla/5.0 (Macintosh; Intel Mac OS X 10_15_7) AppleWebKit/537.36 (KHTML, like Gecko) Chrome/148.0.0.0 Safari/537.36"
100.60.35.16 - - [16/Aug/2026:10:56:28 -0400] "GET /wp-content/themes/amwerk/js/amwerk.js?ver=7.0.4 HTTP/1.1" 200 334 "https://www.biotechprocleaners.com/product/rinsing-aid/?attribute_pa_size=1000l" "Mozilla/5.0 (Macintosh; Intel Mac OS X 10_15_7) AppleWebKit/537.36 (KHTML, like Gecko) Chrome/148.0.0.0 Safari/537.36"
