3.227.170.148 - - [17/Aug/2026:06:50:56 -0400] "GET /wp-content/themes/amwerk-child/custom-slider.js?ver=1.0 HTTP/1.1" 200 39516 "https://www.biotechprocleaners.com/product/cleaner-degreaser-high-performance/?attribute_size=20+L" "Mozilla/5.0 (X11; Linux x86_64) AppleWebKit/537.36 (KHTML, like Gecko) Chrome/148.0.0.0 Safari/537.36"
100.28.188.130 - - [17/Aug/2026:06:50:58 -0400] "GET /wp-content/uploads/2024/02/Healthcare-Industry.jpg HTTP/1.1" 200 90794 "https://www.biotechprocleaners.com/product/cleaner-degreaser-high-performance/?attribute_size=20+L" "Mozilla/5.0 (X11; Linux x86_64) AppleWebKit/537.36 (KHTML, like Gecko) Chrome/148.0.0.0 Safari/537.36"
100.28.188.130 - - [17/Aug/2026:06:50:58 -0400] "GET /wp-content/uploads/2024/02/Healthcare-Industry.jpg HTTP/1.1" 200 90794 "https://www.biotechprocleaners.com/product/trash-bin-cleaner/?attribute_pa_size=220-l" "Mozilla/5.0 (X11; Linux x86_64) AppleWebKit/537.36 (KHTML, like Gecko) Chrome/148.0.0.0 Safari/537.36 Edg/148.0.0.0"
3.227.170.148 - - [17/Aug/2026:06:50:58 -0400] "GET /wp-content/themes/amwerk/fonts/Amwerk/Amwerk.woff HTTP/1.1" 200 100552 "https://www.biotechprocleaners.com/product/cleaner-degreaser-high-performance/?attribute_size=20+L" "Mozilla/5.0 (X11; Linux x86_64) AppleWebKit/537.36 (KHTML, like Gecko) Chrome/148.0.0.0 Safari/537.36"
50.19.47.228 - - [17/Aug/2026:06:50:58 -0400] "GET /wp-content/uploads/2024/02/Retail-Industry.jpg HTTP/1.1" 200 152861 "https://www.biotechprocleaners.com/product/trash-bin-cleaner/?attribute_pa_size=220-l" "Mozilla/5.0 (X11; Linux x86_64) AppleWebKit/537.36 (KHTML, like Gecko) Chrome/148.0.0.0 Safari/537.36 Edg/148.0.0.0"
44.208.210.193 - - [17/Aug/2026:06:50:58 -0400] "GET /wp-content/themes/amwerk/fonts/Icon7Stroke/Icon7Stroke.woff HTTP/1.1" 200 28526 "https://www.biotechprocleaners.com/product/trash-bin-cleaner/?attribute_pa_size=220-l" "Mozilla/5.0 (X11; Linux x86_64) AppleWebKit/537.36 (KHTML, like Gecko) Chrome/148.0.0.0 Safari/537.36 Edg/148.0.0.0"
100.28.188.130 - - [17/Aug/2026:06:50:58 -0400] "GET /wp-content/themes/amwerk/fonts/Charts/Charts.woff HTTP/1.1" 200 18429 "https://www.biotechprocleaners.com/product/trash-bin-cleaner/?attribute_pa_size=220-l" "Mozilla/5.0 (X11; Linux x86_64) AppleWebKit/537.36 (KHTML, like Gecko) Chrome/148.0.0.0 Safari/537.36 Edg/148.0.0.0"
3.227.170.148 - - [17/Aug/2026:06:50:58 -0400] "GET /wp-content/uploads/2024/02/btp-Item-page-top-banner.jpg HTTP/1.1" 200 799173 "https://www.biotechprocleaners.com/product/trash-bin-cleaner/?attribute_pa_size=220-l" "Mozilla/5.0 (X11; Linux x86_64) AppleWebKit/537.36 (KHTML, like Gecko) Chrome/148.0.0.0 Safari/537.36 Edg/148.0.0.0"
50.19.47.228 - - [17/Aug/2026:06:50:58 -0400] "GET /wp-content/themes/amwerk/fonts/Werkmann/Werkmann.woff HTTP/1.1" 200 75952 "https://www.biotechprocleaners.com/product/cleaner-degreaser-high-performance/?attribute_size=20+L" "Mozilla/5.0 (X11; Linux x86_64) AppleWebKit/537.36 (KHTML, like Gecko) Chrome/148.0.0.0 Safari/537.36"
100.60.35.16 - - [17/Aug/2026:06:50:58 -0400] "GET /wp-content/uploads/2024/02/Retail-Industry.jpg HTTP/1.1" 200 152861 "https://www.biotechprocleaners.com/product/cleaner-degreaser-high-performance/?attribute_size=20+L" "Mozilla/5.0 (X11; Linux x86_64) AppleWebKit/537.36 (KHTML, like Gecko) Chrome/148.0.0.0 Safari/537.36"
100.28.188.130 - - [17/Aug/2026:06:50:58 -0400] "GET /wp-content/uploads/2024/06/down-arrow.png HTTP/1.1" 200 2054 "https://www.biotechprocleaners.com/wp-content/themes/amwerk-child/style.css?ver=1.0.0" "Mozilla/5.0 (X11; Linux x86_64) AppleWebKit/537.36 (KHTML, like Gecko) Chrome/148.0.0.0 Safari/537.36"
3.227.170.148 - - [17/Aug/2026:06:50:58 -0400] "GET /wp-content/uploads/2025/07/footer-logo-new.png HTTP/1.1" 200 41190 "https://www.biotechprocleaners.com/product/cleaner-degreaser-high-performance/?attribute_size=20+L" "Mozilla/5.0 (X11; Linux x86_64) AppleWebKit/537.36 (KHTML, like Gecko) Chrome/148.0.0.0 Safari/537.36"
44.208.210.193 - - [17/Aug/2026:06:50:58 -0400] "GET /wp-content/themes/amwerk/fonts/FontAwesome5Solid/FontAwesome5Solid.woff HTTP/1.1" 200 104027 "https://www.biotechprocleaners.com/product/trash-bin-cleaner/?attribute_pa_size=220-l" "Mozilla/5.0 (X11; Linux x86_64) AppleWebKit/537.36 (KHTML, like Gecko) Chrome/148.0.0.0 Safari/537.36 Edg/148.0.0.0"
54.163.142.183 - - [17/Aug/2026:06:50:58 -0400] "GET /wp-content/themes/amwerk-child/images/file-icon.png HTTP/1.1" 200 514 "https://www.biotechprocleaners.com/product/cleaner-degreaser-high-performance/?attribute_size=20+L" "Mozilla/5.0 (X11; Linux x86_64) AppleWebKit/537.36 (KHTML, like Gecko) Chrome/148.0.0.0 Safari/537.36"
3.227.170.148 - - [17/Aug/2026:06:50:58 -0400] "GET /wp-content/uploads/2024/02/Government-Public-Sector.jpg HTTP/1.1" 200 157637 "https://www.biotechprocleaners.com/product/cleaner-degreaser-high-performance/?attribute_size=20+L" "Mozilla/5.0 (X11; Linux x86_64) AppleWebKit/537.36 (KHTML, like Gecko) Chrome/148.0.0.0 Safari/537.36"
44.208.210.193 - - [17/Aug/2026:06:50:58 -0400] "GET /wp-content/themes/amwerk/fonts/FontAwesome/FontAwesome.woff HTTP/1.1" 200 97913 "https://www.biotechprocleaners.com/product/trash-bin-cleaner/?attribute_pa_size=220-l" "Mozilla/5.0 (X11; Linux x86_64) AppleWebKit/537.36 (KHTML, like Gecko) Chrome/148.0.0.0 Safari/537.36 Edg/148.0.0.0"
100.28.188.130 - - [17/Aug/2026:06:50:58 -0400] "GET /wp-content/themes/amwerk/fonts/Amwerk/Amwerk.woff HTTP/1.1" 200 100552 "https://www.biotechprocleaners.com/product/trash-bin-cleaner/?attribute_pa_size=220-l" "Mozilla/5.0 (X11; Linux x86_64) AppleWebKit/537.36 (KHTML, like Gecko) Chrome/148.0.0.0 Safari/537.36 Edg/148.0.0.0"
50.19.47.228 - - [17/Aug/2026:06:50:58 -0400] "GET /wp-content/themes/amwerk/fonts/Werkmann/Werkmann.woff HTTP/1.1" 200 75952 "https://www.biotechprocleaners.com/product/trash-bin-cleaner/?attribute_pa_size=220-l" "Mozilla/5.0 (X11; Linux x86_64) AppleWebKit/537.36 (KHTML, like Gecko) Chrome/148.0.0.0 Safari/537.36 Edg/148.0.0.0"
50.19.47.228 - - [17/Aug/2026:06:50:58 -0400] "GET /wp-content/plugins/woocommerce/assets/js/frontend/add-to-cart-variation.min.js?ver=10.2.4 HTTP/1.1" 200 3940 "https://www.biotechprocleaners.com/product/cleaner-degreaser-high-performance/?attribute_size=20+L" "Mozilla/5.0 (X11; Linux x86_64) AppleWebKit/537.36 (KHTML, like Gecko) Chrome/148.0.0.0 Safari/537.36"
3.227.170.148 - - [17/Aug/2026:06:50:58 -0400] "GET /wp-content/plugins/bold-page-builder/img/blank.gif HTTP/1.1" 200 1095 "https://www.biotechprocleaners.com/product/cleaner-degreaser-high-performance/?attribute_size=20+L" "Mozilla/5.0 (X11; Linux x86_64) AppleWebKit/537.36 (KHTML, like Gecko) Chrome/148.0.0.0 Safari/537.36"
54.163.142.183 - - [17/Aug/2026:06:50:58 -0400] "GET /wp-content/uploads/2023/05/US-ND1-450x450.jpg HTTP/1.1" 200 30692 "https://www.biotechprocleaners.com/product/cleaner-degreaser-high-performance/?attribute_size=20+L" "Mozilla/5.0 (X11; Linux x86_64) AppleWebKit/537.36 (KHTML, like Gecko) Chrome/148.0.0.0 Safari/537.36"
100.60.35.16 - - [17/Aug/2026:06:50:58 -0400] "GET /wp-content/themes/amwerk/print.css?ver=7.0.4 HTTP/1.1" 200 1145 "https://www.biotechprocleaners.com/product/cleaner-degreaser-high-performance/?attribute_size=20+L" "Mozilla/5.0 (X11; Linux x86_64) AppleWebKit/537.36 (KHTML, like Gecko) Chrome/148.0.0.0 Safari/537.36"
44.208.210.193 - - [17/Aug/2026:06:50:58 -0400] "GET /wp-content/uploads/2024/02/Government-Public-Sector.jpg HTTP/1.1" 200 157637 "https://www.biotechprocleaners.com/product/trash-bin-cleaner/?attribute_pa_size=220-l" "Mozilla/5.0 (X11; Linux x86_64) AppleWebKit/537.36 (KHTML, like Gecko) Chrome/148.0.0.0 Safari/537.36 Edg/148.0.0.0"
44.208.210.193 - - [17/Aug/2026:06:50:58 -0400] "GET /wp-content/uploads/2024/06/down-arrow.png HTTP/1.1" 200 2054 "https://www.biotechprocleaners.com/wp-content/themes/amwerk-child/style.css?ver=1.0.0" "Mozilla/5.0 (X11; Linux x86_64) AppleWebKit/537.36 (KHTML, like Gecko) Chrome/148.0.0.0 Safari/537.36 Edg/148.0.0.0"
50.19.47.228 - - [17/Aug/2026:06:50:58 -0400] "GET /wp-content/themes/amwerk-child/images/file-icon.png HTTP/1.1" 200 514 "https://www.biotechprocleaners.com/product/trash-bin-cleaner/?attribute_pa_size=220-l" "Mozilla/5.0 (X11; Linux x86_64) AppleWebKit/537.36 (KHTML, like Gecko) Chrome/148.0.0.0 Safari/537.36 Edg/148.0.0.0"
100.28.188.130 - - [17/Aug/2026:06:50:58 -0400] "GET /wp-content/uploads/2025/07/footer-logo-new.png HTTP/1.1" 200 41190 "https://www.biotechprocleaners.com/product/trash-bin-cleaner/?attribute_pa_size=220-l" "Mozilla/5.0 (X11; Linux x86_64) AppleWebKit/537.36 (KHTML, like Gecko) Chrome/148.0.0.0 Safari/537.36 Edg/148.0.0.0"
3.227.170.148 - - [17/Aug/2026:06:50:58 -0400] "GET /wp-content/plugins/woocommerce/assets/js/frontend/add-to-cart-variation.min.js?ver=10.2.4 HTTP/1.1" 200 3940 "https://www.biotechprocleaners.com/product/trash-bin-cleaner/?attribute_pa_size=220-l" "Mozilla/5.0 (X11; Linux x86_64) AppleWebKit/537.36 (KHTML, like Gecko) Chrome/148.0.0.0 Safari/537.36 Edg/148.0.0.0"
100.28.188.130 - - [17/Aug/2026:06:50:58 -0400] "GET /wp-content/uploads/2025/06/NDCP1-450x450.png HTTP/1.1" 200 40273 "https://www.biotechprocleaners.com/product/trash-bin-cleaner/?attribute_pa_size=220-l" "Mozilla/5.0 (X11; Linux x86_64) AppleWebKit/537.36 (KHTML, like Gecko) Chrome/148.0.0.0 Safari/537.36 Edg/148.0.0.0"
3.227.170.148 - - [17/Aug/2026:06:50:58 -0400] "GET /wp-content/plugins/bold-page-builder/img/blank.gif HTTP/1.1" 200 1095 "https://www.biotechprocleaners.com/product/trash-bin-cleaner/?attribute_pa_size=220-l" "Mozilla/5.0 (X11; Linux x86_64) AppleWebKit/537.36 (KHTML, like Gecko) Chrome/148.0.0.0 Safari/537.36 Edg/148.0.0.0"
44.208.210.193 - - [17/Aug/2026:06:50:58 -0400] "GET /wp-content/themes/amwerk/print.css?ver=7.0.4 HTTP/1.1" 200 1145 "https://www.biotechprocleaners.com/product/trash-bin-cleaner/?attribute_pa_size=220-l" "Mozilla/5.0 (X11; Linux x86_64) AppleWebKit/537.36 (KHTML, like Gecko) Chrome/148.0.0.0 Safari/537.36 Edg/148.0.0.0"
52.54.249.162 - - [17/Aug/2026:06:50:56 -0400] "GET /wp-content/themes/amwerk-child/custom-slider.js?ver=1.0 HTTP/1.1" 200 39518 "https://www.biotechprocleaners.com/product/trash-bin-cleaner/?attribute_pa_size=220-l" "Mozilla/5.0 (X11; Linux x86_64) AppleWebKit/537.36 (KHTML, like Gecko) Chrome/148.0.0.0 Safari/537.36 Edg/148.0.0.0"
3.227.170.148 - - [17/Aug/2026:06:50:58 -0400] "GET /wp-content/uploads/2023/05/US-ND1-600x600.jpg HTTP/1.1" 200 45458 "https://www.biotechprocleaners.com/product/cleaner-degreaser-high-performance/?attribute_size=20+L" "Mozilla/5.0 (X11; Linux x86_64) AppleWebKit/537.36 (KHTML, like Gecko) Chrome/148.0.0.0 Safari/537.36"
100.28.188.130 - - [17/Aug/2026:06:50:58 -0400] "GET /wp-content/uploads/2025/06/NDCP1-600x600.png HTTP/1.1" 200 60886 "https://www.biotechprocleaners.com/product/trash-bin-cleaner/?attribute_pa_size=220-l" "Mozilla/5.0 (X11; Linux x86_64) AppleWebKit/537.36 (KHTML, like Gecko) Chrome/148.0.0.0 Safari/537.36 Edg/148.0.0.0"
100.28.188.130 - - [17/Aug/2026:06:50:59 -0400] "GET /wp-content/uploads/2024/02/cropped-BTP-Favicon-32x32.png HTTP/1.1" 200 2150 "https://www.biotechprocleaners.com/product/cleaner-degreaser-high-performance/?attribute_size=20+L" "Mozilla/5.0 (X11; Linux x86_64) AppleWebKit/537.36 (KHTML, like Gecko) Chrome/148.0.0.0 Safari/537.36"
3.227.170.148 - - [17/Aug/2026:06:50:59 -0400] "GET /wp-content/uploads/2023/05/US-ND1.jpg HTTP/1.1" 200 415181 "https://www.biotechprocleaners.com/product/cleaner-degreaser-high-performance/?attribute_size=20+L" "Mozilla/5.0 (X11; Linux x86_64) AppleWebKit/537.36 (KHTML, like Gecko) Chrome/148.0.0.0 Safari/537.36"
44.208.210.193 - - [17/Aug/2026:06:50:59 -0400] "GET /wp-content/uploads/2024/02/cropped-BTP-Favicon-32x32.png HTTP/1.1" 200 2150 "https://www.biotechprocleaners.com/product/trash-bin-cleaner/?attribute_pa_size=220-l" "Mozilla/5.0 (X11; Linux x86_64) AppleWebKit/537.36 (KHTML, like Gecko) Chrome/148.0.0.0 Safari/537.36 Edg/148.0.0.0"
100.28.188.130 - - [17/Aug/2026:06:50:59 -0400] "GET /wp-content/uploads/2025/06/NDCP1.png HTTP/1.1" 200 2874719 "https://www.biotechprocleaners.com/product/trash-bin-cleaner/?attribute_pa_size=220-l" "Mozilla/5.0 (X11; Linux x86_64) AppleWebKit/537.36 (KHTML, like Gecko) Chrome/148.0.0.0 Safari/537.36 Edg/148.0.0.0"
100.60.35.16 - - [17/Aug/2026:06:50:58 -0400] "GET /wp-json/contact-form-7/v1/contact-forms/1081/feedback/schema HTTP/1.1" 200 447 "https://www.biotechprocleaners.com/product/cleaner-degreaser-high-performance/?attribute_size=20+L" "Mozilla/5.0 (X11; Linux x86_64) AppleWebKit/537.36 (KHTML, like Gecko) Chrome/148.0.0.0 Safari/537.36"
52.54.249.162 - - [17/Aug/2026:06:50:58 -0400] "POST /wp-admin/admin-ajax.php HTTP/1.1" 200 36 "https://www.biotechprocleaners.com/product/trash-bin-cleaner/?attribute_pa_size=220-l" "Mozilla/5.0 (X11; Linux x86_64) AppleWebKit/537.36 (KHTML, like Gecko) Chrome/148.0.0.0 Safari/537.36 Edg/148.0.0.0"
3.227.170.148 - - [17/Aug/2026:06:50:58 -0400] "POST /wp-admin/admin-ajax.php HTTP/1.1" 200 1479 "https://www.biotechprocleaners.com/product/trash-bin-cleaner/?attribute_pa_size=220-l" "Mozilla/5.0 (X11; Linux x86_64) AppleWebKit/537.36 (KHTML, like Gecko) Chrome/148.0.0.0 Safari/537.36 Edg/148.0.0.0"
50.19.47.228 - - [17/Aug/2026:06:50:58 -0400] "POST /wp-admin/admin-ajax.php HTTP/1.1" 200 1479 "https://www.biotechprocleaners.com/product/cleaner-degreaser-high-performance/?attribute_size=20+L" "Mozilla/5.0 (X11; Linux x86_64) AppleWebKit/537.36 (KHTML, like Gecko) Chrome/148.0.0.0 Safari/537.36"
3.227.170.148 - - [17/Aug/2026:06:51:02 -0400] "GET /wp-content/uploads/2023/09/worker-operating-industrial-machine-metal-workshop-320x240.png HTTP/1.1" 200 103134 "https://www.biotechprocleaners.com/product/trash-bin-cleaner/?attribute_pa_size=220-l" "Mozilla/5.0 (X11; Linux x86_64) AppleWebKit/537.36 (KHTML, like Gecko) Chrome/148.0.0.0 Safari/537.36 Edg/148.0.0.0"
50.19.47.228 - - [17/Aug/2026:06:51:02 -0400] "GET /wp-content/uploads/2023/09/worker-operating-industrial-machine-metal-workshop-320x240.png HTTP/1.1" 200 103134 "https://www.biotechprocleaners.com/product/cleaner-degreaser-high-performance/?attribute_size=20+L" "Mozilla/5.0 (X11; Linux x86_64) AppleWebKit/537.36 (KHTML, like Gecko) Chrome/148.0.0.0 Safari/537.36"
100.28.188.130 - - [17/Aug/2026:06:51:02 -0400] "GET /wp-content/uploads/2020/10/justus-menke-RSpq9P2vttE-unsplash-320x240.png HTTP/1.1" 200 90651 "https://www.biotechprocleaners.com/product/trash-bin-cleaner/?attribute_pa_size=220-l" "Mozilla/5.0 (X11; Linux x86_64) AppleWebKit/537.36 (KHTML, like Gecko) Chrome/148.0.0.0 Safari/537.36 Edg/148.0.0.0"
100.60.35.16 - - [17/Aug/2026:06:51:02 -0400] "GET /wp-content/uploads/2023/09/pexels-tom-fisk-3856433-320x240.png HTTP/1.1" 200 149237 "https://www.biotechprocleaners.com/product/cleaner-degreaser-high-performance/?attribute_size=20+L" "Mozilla/5.0 (X11; Linux x86_64) AppleWebKit/537.36 (KHTML, like Gecko) Chrome/148.0.0.0 Safari/537.36"
3.227.170.148 - - [17/Aug/2026:06:51:02 -0400] "GET /wp-content/uploads/2020/10/justus-menke-RSpq9P2vttE-unsplash-320x240.png HTTP/1.1" 200 90651 "https://www.biotechprocleaners.com/product/cleaner-degreaser-high-performance/?attribute_size=20+L" "Mozilla/5.0 (X11; Linux x86_64) AppleWebKit/537.36 (KHTML, like Gecko) Chrome/148.0.0.0 Safari/537.36"
52.54.249.162 - - [17/Aug/2026:06:51:02 -0400] "GET /wp-content/uploads/2023/09/pexels-tom-fisk-3856433-320x240.png HTTP/1.1" 200 149237 "https://www.biotechprocleaners.com/product/trash-bin-cleaner/?attribute_pa_size=220-l" "Mozilla/5.0 (X11; Linux x86_64) AppleWebKit/537.36 (KHTML, like Gecko) Chrome/148.0.0.0 Safari/537.36 Edg/148.0.0.0"
100.28.188.130 - - [17/Aug/2026:06:51:02 -0400] "GET /wp-content/uploads/2023/09/pexels-maarten-van-den-heuvel-4254902-1280x1035.png HTTP/1.1" 200 1781894 "https://www.biotechprocleaners.com/product/trash-bin-cleaner/?attribute_pa_size=220-l" "Mozilla/5.0 (X11; Linux x86_64) AppleWebKit/537.36 (KHTML, like Gecko) Chrome/148.0.0.0 Safari/537.36 Edg/148.0.0.0"
54.163.142.183 - - [17/Aug/2026:06:50:58 -0400] "POST /wp-admin/admin-ajax.php HTTP/1.1" 200 36 "https://www.biotechprocleaners.com/product/cleaner-degreaser-high-performance/?attribute_size=20+L" "Mozilla/5.0 (X11; Linux x86_64) AppleWebKit/537.36 (KHTML, like Gecko) Chrome/148.0.0.0 Safari/537.36"
3.227.170.148 - - [17/Aug/2026:06:51:02 -0400] "GET /wp-content/uploads/2023/09/train-5150747-320x240.png HTTP/1.1" 200 90090 "https://www.biotechprocleaners.com/product/trash-bin-cleaner/?attribute_pa_size=220-l" "Mozilla/5.0 (X11; Linux x86_64) AppleWebKit/537.36 (KHTML, like Gecko) Chrome/148.0.0.0 Safari/537.36 Edg/148.0.0.0"
100.28.188.130 - - [17/Aug/2026:06:51:02 -0400] "GET /wp-content/uploads/2023/09/pexels-pixabay-290275-1-1280x1035.png HTTP/1.1" 200 1927640 "https://www.biotechprocleaners.com/product/cleaner-degreaser-high-performance/?attribute_size=20+L" "Mozilla/5.0 (X11; Linux x86_64) AppleWebKit/537.36 (KHTML, like Gecko) Chrome/148.0.0.0 Safari/537.36"
54.163.142.183 - - [17/Aug/2026:06:51:02 -0400] "GET /wp-content/uploads/2023/09/train-5150747-320x240.png HTTP/1.1" 200 90090 "https://www.biotechprocleaners.com/product/cleaner-degreaser-high-performance/?attribute_size=20+L" "Mozilla/5.0 (X11; Linux x86_64) AppleWebKit/537.36 (KHTML, like Gecko) Chrome/148.0.0.0 Safari/537.36"
3.227.170.148 - - [17/Aug/2026:06:51:02 -0400] "GET /wp-content/uploads/2023/09/pexels-maarten-van-den-heuvel-4254902-1280x1035.png HTTP/1.1" 200 1781894 "https://www.biotechprocleaners.com/product/cleaner-degreaser-high-performance/?attribute_size=20+L" "Mozilla/5.0 (X11; Linux x86_64) AppleWebKit/537.36 (KHTML, like Gecko) Chrome/148.0.0.0 Safari/537.36"
44.208.210.193 - - [17/Aug/2026:06:50:58 -0400] "GET /wp-json/contact-form-7/v1/contact-forms/1081/feedback/schema HTTP/1.1" 200 447 "https://www.biotechprocleaners.com/product/trash-bin-cleaner/?attribute_pa_size=220-l" "Mozilla/5.0 (X11; Linux x86_64) AppleWebKit/537.36 (KHTML, like Gecko) Chrome/148.0.0.0 Safari/537.36 Edg/148.0.0.0"
100.60.35.16 - - [17/Aug/2026:06:51:02 -0400] "GET /wp-content/uploads/2023/09/pexels-artem-podrez-5726808-320x240.png HTTP/1.1" 200 105525 "https://www.biotechprocleaners.com/product/cleaner-degreaser-high-performance/?attribute_size=20+L" "Mozilla/5.0 (X11; Linux x86_64) AppleWebKit/537.36 (KHTML, like Gecko) Chrome/148.0.0.0 Safari/537.36"
44.208.210.193 - - [17/Aug/2026:06:51:02 -0400] "GET /wp-content/uploads/2023/09/pexels-pixabay-290275-1-1280x1035.png HTTP/1.1" 200 1927640 "https://www.biotechprocleaners.com/product/trash-bin-cleaner/?attribute_pa_size=220-l" "Mozilla/5.0 (X11; Linux x86_64) AppleWebKit/537.36 (KHTML, like Gecko) Chrome/148.0.0.0 Safari/537.36 Edg/148.0.0.0"
52.54.249.162 - - [17/Aug/2026:06:51:02 -0400] "GET /wp-content/uploads/2023/09/tony-yakovlenko-lDxxeAJrWpE-unsplash-1280x1035.png HTTP/1.1" 200 1641408 "https://www.biotechprocleaners.com/product/trash-bin-cleaner/?attribute_pa_size=220-l" "Mozilla/5.0 (X11; Linux x86_64) AppleWebKit/537.36 (KHTML, like Gecko) Chrome/148.0.0.0 Safari/537.36 Edg/148.0.0.0"
3.227.170.148 - - [17/Aug/2026:06:51:02 -0400] "GET /wp-content/uploads/2023/09/pexels-artem-podrez-5726808-320x240.png HTTP/1.1" 200 105525 "https://www.biotechprocleaners.com/product/trash-bin-cleaner/?attribute_pa_size=220-l" "Mozilla/5.0 (X11; Linux x86_64) AppleWebKit/537.36 (KHTML, like Gecko) Chrome/148.0.0.0 Safari/537.36 Edg/148.0.0.0"
44.208.210.193 - - [17/Aug/2026:06:51:02 -0400] "GET /wp-content/uploads/2023/09/pexels-pixabay-54581-1-320x240.png HTTP/1.1" 200 118400 "https://www.biotechprocleaners.com/product/trash-bin-cleaner/?attribute_pa_size=220-l" "Mozilla/5.0 (X11; Linux x86_64) AppleWebKit/537.36 (KHTML, like Gecko) Chrome/148.0.0.0 Safari/537.36 Edg/148.0.0.0"
50.19.47.228 - - [17/Aug/2026:06:51:02 -0400] "GET /wp-content/uploads/2023/09/tony-yakovlenko-lDxxeAJrWpE-unsplash-1280x1035.png HTTP/1.1" 200 1641408 "https://www.biotechprocleaners.com/product/cleaner-degreaser-high-performance/?attribute_size=20+L" "Mozilla/5.0 (X11; Linux x86_64) AppleWebKit/537.36 (KHTML, like Gecko) Chrome/148.0.0.0 Safari/537.36"
100.60.35.16 - - [17/Aug/2026:06:51:02 -0400] "GET /wp-content/uploads/2023/09/pexels-pixabay-54581-1-320x240.png HTTP/1.1" 200 118400 "https://www.biotechprocleaners.com/product/cleaner-degreaser-high-performance/?attribute_size=20+L" "Mozilla/5.0 (X11; Linux x86_64) AppleWebKit/537.36 (KHTML, like Gecko) Chrome/148.0.0.0 Safari/537.36"
50.19.47.228 - - [17/Aug/2026:06:50:59 -0400] "GET /wp-json/contact-form-7/v1/contact-forms/1081/refill HTTP/1.1" 200 22 "https://www.biotechprocleaners.com/product/trash-bin-cleaner/?attribute_pa_size=220-l" "Mozilla/5.0 (X11; Linux x86_64) AppleWebKit/537.36 (KHTML, like Gecko) Chrome/148.0.0.0 Safari/537.36 Edg/148.0.0.0"
3.227.170.148 - - [17/Aug/2026:06:50:59 -0400] "GET /wp-json/contact-form-7/v1/contact-forms/1081/refill HTTP/1.1" 200 22 "https://www.biotechprocleaners.com/product/cleaner-degreaser-high-performance/?attribute_size=20+L" "Mozilla/5.0 (X11; Linux x86_64) AppleWebKit/537.36 (KHTML, like Gecko) Chrome/148.0.0.0 Safari/537.36"
69.39.225.240 - - [17/Aug/2026:06:51:04 -0400] "GET /surface/scuff-marks/ HTTP/1.1" 200 47590 "-" "WP Rocket/Preload"
69.39.225.240 - - [17/Aug/2026:06:51:04 -0400] "GET /surface/scuff-marks/ HTTP/1.1" 200 16384 "-" "WP Rocket/Preload Mozilla/5.0 (iPhone; CPU iPhone OS 9_1 like Mac OS X) AppleWebKit/601.1.46 (KHTML, like Gecko) Version/9.0 Mobile/13B143 Safari/601.1"
69.39.225.240 - - [17/Aug/2026:06:51:06 -0400] "GET /surface/seats/ HTTP/1.1" 200 16384 "-" "WP Rocket/Preload"
69.39.225.240 - - [17/Aug/2026:06:51:07 -0400] "GET /surface/seats/ HTTP/1.1" 200 16384 "-" "WP Rocket/Preload Mozilla/5.0 (iPhone; CPU iPhone OS 9_1 like Mac OS X) AppleWebKit/601.1.46 (KHTML, like Gecko) Version/9.0 Mobile/13B143 Safari/601.1"
69.39.225.240 - - [17/Aug/2026:06:51:09 -0400] "GET /surface/sinks/ HTTP/1.1" 200 16384 "-" "WP Rocket/Preload"
100.50.142.119 - - [17/Aug/2026:06:51:11 -0400] "GET /wp-content/uploads/2023/08/contact-banner-e1693332327962.png HTTP/1.1" 200 879119 "https://www.biotechprocleaners.com/product/cleaner-degreaser-high-performance/?attribute_size=20+L" "Mozilla/5.0 (X11; Linux x86_64) AppleWebKit/537.36 (KHTML, like Gecko) Chrome/148.0.0.0 Safari/537.36"
100.60.35.16 - - [17/Aug/2026:06:51:11 -0400] "GET /wp-content/uploads/2023/08/contact-banner-1-e1693332912555.png HTTP/1.1" 200 860863 "https://www.biotechprocleaners.com/product/cleaner-degreaser-high-performance/?attribute_size=20+L" "Mozilla/5.0 (X11; Linux x86_64) AppleWebKit/537.36 (KHTML, like Gecko) Chrome/148.0.0.0 Safari/537.36"
69.39.225.240 - - [17/Aug/2026:06:51:10 -0400] "GET /surface/sinks/ HTTP/1.1" 200 16384 "-" "WP Rocket/Preload Mozilla/5.0 (iPhone; CPU iPhone OS 9_1 like Mac OS X) AppleWebKit/601.1.46 (KHTML, like Gecko) Version/9.0 Mobile/13B143 Safari/601.1"
100.50.142.119 - - [17/Aug/2026:06:51:12 -0400] "GET /wp-content/uploads/2023/08/contact-banner-e1693332327962.png HTTP/1.1" 200 879119 "https://www.biotechprocleaners.com/product/trash-bin-cleaner/?attribute_pa_size=220-l" "Mozilla/5.0 (X11; Linux x86_64) AppleWebKit/537.36 (KHTML, like Gecko) Chrome/148.0.0.0 Safari/537.36 Edg/148.0.0.0"
100.50.142.119 - - [17/Aug/2026:06:51:12 -0400] "GET /wp-content/uploads/2023/08/contact-banner-1-e1693332912555.png HTTP/1.1" 200 860863 "https://www.biotechprocleaners.com/product/trash-bin-cleaner/?attribute_pa_size=220-l" "Mozilla/5.0 (X11; Linux x86_64) AppleWebKit/537.36 (KHTML, like Gecko) Chrome/148.0.0.0 Safari/537.36 Edg/148.0.0.0"
69.39.225.240 - - [17/Aug/2026:06:51:12 -0400] "GET /surface/stones/ HTTP/1.1" 200 16384 "-" "WP Rocket/Preload"
69.39.225.240 - - [17/Aug/2026:06:51:13 -0400] "POST /wp-cron.php?doing_wp_cron=1786963873.3355450630187988281250 HTTP/1.1" 200 20 "-" "WordPress/7.0.4; https://www.biotechprocleaners.com"
100.60.35.16 - - [17/Aug/2026:06:51:13 -0400] "GET /wp-content/uploads/2023/05/US-ND1.jpg HTTP/1.1" 200 415181 "https://www.biotechprocleaners.com/product/cleaner-degreaser-high-performance/?attribute_size=20+L" "Mozilla/5.0 (X11; Linux x86_64) AppleWebKit/537.36 (KHTML, like Gecko) Chrome/148.0.0.0 Safari/537.36"
69.39.225.240 - - [17/Aug/2026:06:51:13 -0400] "GET /surface/stones/ HTTP/1.1" 200 16384 "-" "WP Rocket/Preload Mozilla/5.0 (iPhone; CPU iPhone OS 9_1 like Mac OS X) AppleWebKit/601.1.46 (KHTML, like Gecko) Version/9.0 Mobile/13B143 Safari/601.1"
100.50.142.119 - - [17/Aug/2026:06:51:15 -0400] "GET /wp-content/uploads/2025/06/NDCP1.png HTTP/1.1" 200 2874719 "https://www.biotechprocleaners.com/product/trash-bin-cleaner/?attribute_pa_size=220-l" "Mozilla/5.0 (X11; Linux x86_64) AppleWebKit/537.36 (KHTML, like Gecko) Chrome/148.0.0.0 Safari/537.36 Edg/148.0.0.0"
69.39.225.240 - - [17/Aug/2026:06:51:15 -0400] "GET /surface/truck-loads/ HTTP/1.1" 200 16384 "-" "WP Rocket/Preload"
69.39.225.240 - - [17/Aug/2026:06:51:16 -0400] "GET /surface/truck-loads/ HTTP/1.1" 200 16384 "-" "WP Rocket/Preload Mozilla/5.0 (iPhone; CPU iPhone OS 9_1 like Mac OS X) AppleWebKit/601.1.46 (KHTML, like Gecko) Version/9.0 Mobile/13B143 Safari/601.1"
100.60.35.16 - - [17/Aug/2026:06:51:18 -0400] "GET /wp-content/uploads/2023/05/US-ND1.jpg HTTP/1.1" 200 415181 "https://www.biotechprocleaners.com/product/cleaner-degreaser-high-performance/?attribute_size=20+L" "Mozilla/5.0 (X11; Linux x86_64) AppleWebKit/537.36 (KHTML, like Gecko) Chrome/148.0.0.0 Safari/537.36"
100.50.142.119 - - [17/Aug/2026:06:51:20 -0400] "GET /wp-content/uploads/2025/06/NDCP1.png HTTP/1.1" 200 2874719 "https://www.biotechprocleaners.com/product/trash-bin-cleaner/?attribute_pa_size=220-l" "Mozilla/5.0 (X11; Linux x86_64) AppleWebKit/537.36 (KHTML, like Gecko) Chrome/148.0.0.0 Safari/537.36 Edg/148.0.0.0"
69.39.225.240 - - [17/Aug/2026:06:51:01 -0400] "POST /wp-admin/admin-ajax.php?action=as_async_request_queue_runner&nonce=54b64edebd HTTP/1.1" 200 20 "-" "WordPress/7.0.4; https://www.biotechprocleaners.com"
69.39.225.240 - - [17/Aug/2026:06:51:49 -0400] "POST /wp-cron.php?doing_wp_cron=1786963909.6105680465698242187500 HTTP/1.1" 200 20 "-" "WordPress/7.0.4; https://www.biotechprocleaners.com"
69.30.203.226 - - [17/Aug/2026:06:51:48 -0400] "GET / HTTP/1.1" 200 20 "-" "Mozilla/5.0 (Windows NT 10.0; Win64; x64) AppleWebKit/537.36 (KHTML, like Gecko) Chrome/126.0.0.0 Safari/537.36"
69.30.203.226 - - [17/Aug/2026:06:51:51 -0400] "GET / HTTP/1.1" 200 49542 "-" "Mozilla/5.0 (Windows NT 10.0; Win64; x64) AppleWebKit/537.36 (KHTML, like Gecko) Chrome/126.0.0.0 Safari/537.36"
69.30.203.226 - - [17/Aug/2026:06:51:52 -0400] "GET /wp-json/wc/store/products?per_page=1 HTTP/1.1" 200 1502 "-" "Mozilla/5.0 (Windows NT 10.0; Win64; x64) AppleWebKit/537.36 (KHTML, like Gecko) Chrome/126.0.0.0 Safari/537.36"
69.30.203.226 - - [17/Aug/2026:06:51:53 -0400] "GET /wp-json/wc/store/products/categories?per_page=100 HTTP/1.1" 200 788 "-" "Mozilla/5.0 (Windows NT 10.0; Win64; x64) AppleWebKit/537.36 (KHTML, like Gecko) Chrome/126.0.0.0 Safari/537.36"
69.39.225.240 - - [17/Aug/2026:06:53:52 -0400] "POST /wp-cron.php?doing_wp_cron=1786964032.8313488960266113281250 HTTP/1.1" 200 20 "-" "WordPress/7.0.4; https://www.biotechprocleaners.com"
3.211.222.164 - - [17/Aug/2026:06:53:51 -0400] "GET /wp-json/wc/store/v1/products/trash-bin-cleaner HTTP/1.1" 200 1436 "-" "Mozilla/5.0 (iPhone; CPU iPhone OS 18_7 like Mac OS X) AppleWebKit/605.1.15 (KHTML, like Gecko) CriOS/150.0.0.0 Mobile/15E148 Safari/604.1"
34.193.247.131 - - [17/Aug/2026:06:53:52 -0400] "GET /wp-json/wc/store/v1/products/dishwashing-liquid-hard-water HTTP/1.1" 200 1612 "-" "Mozilla/5.0 (Windows NT 10.0; Win64; x64) AppleWebKit/537.36 (KHTML, like Gecko) Chrome/150.0.0.0 Safari/537.36 Edg/150.0.0.0"
54.146.177.114 - - [17/Aug/2026:06:53:52 -0400] "GET /wp-json/wc/store/v1/products/alkhaline-floor-cleaner-degreaser HTTP/1.1" 200 1528 "-" "Mozilla/5.0 (Linux; Android 10; K) AppleWebKit/537.36 (KHTML, like Gecko) Chrome/150.0.0.0 Mobile Safari/537.36"
3.232.20.145 - - [17/Aug/2026:06:53:53 -0400] "GET /wp-json/wc/store/v1/products/plastic-cleaner-ravisher HTTP/1.1" 200 1628 "-" "Mozilla/5.0 (Linux; Android 10; K) AppleWebKit/537.36 (KHTML, like Gecko) Chrome/150.0.0.0 Mobile Safari/537.36 EdgA/150.0.0.0"
3.211.222.164 - - [17/Aug/2026:06:53:54 -0400] "GET /wp-json/wc/store/v1/products/2628 HTTP/1.1" 200 918 "-" "Mozilla/5.0 (iPhone; CPU iPhone OS 18_7 like Mac OS X) AppleWebKit/605.1.15 (KHTML, like Gecko) CriOS/150.0.0.0 Mobile/15E148 Safari/604.1"
32.197.11.55 - - [17/Aug/2026:06:53:54 -0400] "GET /wp-json/wc/store/v1/products/2615 HTTP/1.1" 200 948 "-" "Mozilla/5.0 (Windows NT 10.0; Win64; x64) AppleWebKit/537.36 (KHTML, like Gecko) Chrome/150.0.0.0 Safari/537.36 Edg/150.0.0.0"
100.24.181.10 - - [17/Aug/2026:06:53:54 -0400] "GET /wp-json/wc/store/v1/products/2596 HTTP/1.1" 200 932 "-" "Mozilla/5.0 (Linux; Android 10; K) AppleWebKit/537.36 (KHTML, like Gecko) Chrome/150.0.0.0 Mobile Safari/537.36"
69.39.225.240 - - [17/Aug/2026:06:53:54 -0400] "GET /surface/trucks/ HTTP/1.1" 200 48322 "-" "WP Rocket/Preload"
54.225.206.139 - - [17/Aug/2026:06:53:54 -0400] "GET /wp-json/wc/store/v1/products/disinfectant-cleaner HTTP/1.1" 200 1743 "-" "Mozilla/5.0 (Macintosh; Intel Mac OS X 10_15_7) AppleWebKit/537.36 (KHTML, like Gecko) Chrome/150.0.0.0 Safari/537.36"
52.71.26.44 - - [17/Aug/2026:06:53:55 -0400] "GET /wp-json/wc/store/v1/products/1989 HTTP/1.1" 200 931 "-" "Mozilla/5.0 (Linux; Android 10; K) AppleWebKit/537.36 (KHTML, like Gecko) Chrome/150.0.0.0 Mobile Safari/537.36 EdgA/150.0.0.0"
32.193.28.85 - - [17/Aug/2026:06:53:55 -0400] "GET /wp-json/wc/store/v1/products/industrial-degreaser-solvent HTTP/1.1" 200 1577 "-" "Mozilla/5.0 (Macintosh; Intel Mac OS X 10_15_7) AppleWebKit/537.36 (KHTML, like Gecko) Chrome/150.0.0.0 Safari/537.36"
54.227.81.89 - - [17/Aug/2026:06:53:55 -0400] "GET /wp-json/wc/store/v1/products/dishwashing-liquid-hard-water HTTP/1.1" 200 1612 "-" "Mozilla/5.0 (iPhone; CPU iPhone OS 18_7 like Mac OS X) AppleWebKit/605.1.15 (KHTML, like Gecko) CriOS/150.0.0.0 Mobile/15E148 Safari/604.1"
3.81.183.37 - - [17/Aug/2026:06:53:56 -0400] "GET /wp-json/wc/store/v1/products/enzymatic-sanitary-cleaner HTTP/1.1" 200 1614 "-" "Mozilla/5.0 (iPhone; CPU iPhone OS 18_7 like Mac OS X) AppleWebKit/605.1.15 (KHTML, like Gecko) Version/27.0 EdgiOS/150.0.0.0 Mobile/15E148 Safari/604.1"
3.87.84.102 - - [17/Aug/2026:06:53:56 -0400] "GET /wp-json/wc/store/v1/products/high-performance-surface-degreaser HTTP/1.1" 200 1453 "-" "Mozilla/5.0 (Macintosh; Intel Mac OS X 10_15_7) AppleWebKit/537.36 (KHTML, like Gecko) Chrome/150.0.0.0 Safari/537.36 Edg/150.0.0.0"
69.39.225.240 - - [17/Aug/2026:06:53:57 -0400] "GET /surface/trucks/ HTTP/1.1" 200 16384 "-" "WP Rocket/Preload Mozilla/5.0 (iPhone; CPU iPhone OS 9_1 like Mac OS X) AppleWebKit/601.1.46 (KHTML, like Gecko) Version/9.0 Mobile/13B143 Safari/601.1"
100.51.62.183 - - [17/Aug/2026:06:53:57 -0400] "GET /product/trash-bin-cleaner/?attribute_pa_size=1-g HTTP/1.1" 200 49336 "-" "Mozilla/5.0 (Macintosh; Intel Mac OS X 10_15_7) AppleWebKit/537.36 (KHTML, like Gecko) Chrome/148.0.0.0 Safari/537.36 Edg/148.0.0.0"
100.51.62.183 - - [17/Aug/2026:06:53:59 -0400] "GET /wp-content/plugins/woocommerce/assets/client/blocks/wc-blocks.css?ver=wc-10.2.4 HTTP/1.1" 200 2618 "https://www.biotechprocleaners.com/product/trash-bin-cleaner/?attribute_pa_size=1-g" "Mozilla/5.0 (Macintosh; Intel Mac OS X 10_15_7) AppleWebKit/537.36 (KHTML, like Gecko) Chrome/148.0.0.0 Safari/537.36 Edg/148.0.0.0"
35.169.119.98 - - [17/Aug/2026:06:53:58 -0400] "GET /wp-json/wc/store/v1/products/1998 HTTP/1.1" 200 916 "-" "Mozilla/5.0 (Macintosh; Intel Mac OS X 10_15_7) AppleWebKit/537.36 (KHTML, like Gecko) Chrome/150.0.0.0 Safari/537.36"
100.51.62.183 - - [17/Aug/2026:06:53:59 -0400] "GET /wp-content/plugins/amwerk/css/amwerk.css?ver=7.0.4 HTTP/1.1" 200 2 "https://www.biotechprocleaners.com/product/trash-bin-cleaner/?attribute_pa_size=1-g" "Mozilla/5.0 (Macintosh; Intel Mac OS X 10_15_7) AppleWebKit/537.36 (KHTML, like Gecko) Chrome/148.0.0.0 Safari/537.36 Edg/148.0.0.0"
100.55.106.63 - - [17/Aug/2026:06:53:59 -0400] "GET /wp-content/plugins/bold-page-builder/slick/slick.css?ver=5.4.7 HTTP/1.1" 200 569 "https://www.biotechprocleaners.com/product/trash-bin-cleaner/?attribute_pa_size=1-g" "Mozilla/5.0 (Macintosh; Intel Mac OS X 10_15_7) AppleWebKit/537.36 (KHTML, like Gecko) Chrome/148.0.0.0 Safari/537.36 Edg/148.0.0.0"
98.88.165.218 - - [17/Aug/2026:06:53:59 -0400] "GET /wp-content/plugins/bt_cost_calculator/style.min.css?ver=7.0.4 HTTP/1.1" 200 6264 "https://www.biotechprocleaners.com/product/trash-bin-cleaner/?attribute_pa_size=1-g" "Mozilla/5.0 (Macintosh; Intel Mac OS X 10_15_7) AppleWebKit/537.36 (KHTML, like Gecko) Chrome/148.0.0.0 Safari/537.36 Edg/148.0.0.0"
3.224.159.85 - - [17/Aug/2026:06:53:59 -0400] "GET /wp-content/plugins/bold-page-builder/css/front_end/content_elements.crush.css?ver=5.4.7 HTTP/1.1" 200 31261 "https://www.biotechprocleaners.com/product/trash-bin-cleaner/?attribute_pa_size=1-g" "Mozilla/5.0 (Macintosh; Intel Mac OS X 10_15_7) AppleWebKit/537.36 (KHTML, like Gecko) Chrome/148.0.0.0 Safari/537.36 Edg/148.0.0.0"
100.59.151.39 - - [17/Aug/2026:06:53:59 -0400] "GET /wp-content/plugins/bold-timeline-lite/style.css?ver=7.0.4 HTTP/1.1" 200 11859 "https://www.biotechprocleaners.com/product/trash-bin-cleaner/?attribute_pa_size=1-g" "Mozilla/5.0 (Macintosh; Intel Mac OS X 10_15_7) AppleWebKit/537.36 (KHTML, like Gecko) Chrome/148.0.0.0 Safari/537.36 Edg/148.0.0.0"
100.51.62.183 - - [17/Aug/2026:06:53:59 -0400] "GET /wp-content/plugins/menu-image/includes/css/menu-image.css?ver=3.13 HTTP/1.1" 200 825 "https://www.biotechprocleaners.com/product/trash-bin-cleaner/?attribute_pa_size=1-g" "Mozilla/5.0 (Macintosh; Intel Mac OS X 10_15_7) AppleWebKit/537.36 (KHTML, like Gecko) Chrome/148.0.0.0 Safari/537.36 Edg/148.0.0.0"
100.59.151.39 - - [17/Aug/2026:06:53:59 -0400] "GET /wp-includes/css/dashicons.min.css?ver=7.0.4 HTTP/1.1" 200 35721 "https://www.biotechprocleaners.com/product/trash-bin-cleaner/?attribute_pa_size=1-g" "Mozilla/5.0 (Macintosh; Intel Mac OS X 10_15_7) AppleWebKit/537.36 (KHTML, like Gecko) Chrome/148.0.0.0 Safari/537.36 Edg/148.0.0.0"
100.55.106.63 - - [17/Aug/2026:06:53:59 -0400] "GET /wp-content/plugins/woocommerce/assets/css/photoswipe/photoswipe.min.css?ver=10.2.4 HTTP/1.1" 200 997 "https://www.biotechprocleaners.com/product/trash-bin-cleaner/?attribute_pa_size=1-g" "Mozilla/5.0 (Macintosh; Intel Mac OS X 10_15_7) AppleWebKit/537.36 (KHTML, like Gecko) Chrome/148.0.0.0 Safari/537.36 Edg/148.0.0.0"
98.88.165.218 - - [17/Aug/2026:06:53:59 -0400] "GET /wp-content/plugins/woocommerce/assets/css/photoswipe/default-skin/default-skin.min.css?ver=10.2.4 HTTP/1.1" 200 1952 "https://www.biotechprocleaners.com/product/trash-bin-cleaner/?attribute_pa_size=1-g" "Mozilla/5.0 (Macintosh; Intel Mac OS X 10_15_7) AppleWebKit/537.36 (KHTML, like Gecko) Chrome/148.0.0.0 Safari/537.36 Edg/148.0.0.0"
100.59.151.39 - - [17/Aug/2026:06:53:59 -0400] "GET /wp-content/plugins/woocommerce/assets/css/brands.css?ver=10.2.4 HTTP/1.1" 200 684 "https://www.biotechprocleaners.com/product/trash-bin-cleaner/?attribute_pa_size=1-g" "Mozilla/5.0 (Macintosh; Intel Mac OS X 10_15_7) AppleWebKit/537.36 (KHTML, like Gecko) Chrome/148.0.0.0 Safari/537.36 Edg/148.0.0.0"
3.224.159.85 - - [17/Aug/2026:06:53:59 -0400] "GET /wp-content/themes/amwerk-child/style.css?ver=1.0.0 HTTP/1.1" 200 5759 "https://www.biotechprocleaners.com/product/trash-bin-cleaner/?attribute_pa_size=1-g" "Mozilla/5.0 (Macintosh; Intel Mac OS X 10_15_7) AppleWebKit/537.36 (KHTML, like Gecko) Chrome/148.0.0.0 Safari/537.36 Edg/148.0.0.0"
100.59.151.39 - - [17/Aug/2026:06:53:59 -0400] "GET /wp-content/themes/amwerk/framework/css/style.css?ver=7.0.4 HTTP/1.1" 200 149 "https://www.biotechprocleaners.com/product/trash-bin-cleaner/?attribute_pa_size=1-g" "Mozilla/5.0 (Macintosh; Intel Mac OS X 10_15_7) AppleWebKit/537.36 (KHTML, like Gecko) Chrome/148.0.0.0 Safari/537.36 Edg/148.0.0.0"
100.51.62.183 - - [17/Aug/2026:06:53:59 -0400] "GET /wp-content/themes/amwerk/style.css?ver=7.0.4 HTTP/1.1" 200 101092 "https://www.biotechprocleaners.com/product/trash-bin-cleaner/?attribute_pa_size=1-g" "Mozilla/5.0 (Macintosh; Intel Mac OS X 10_15_7) AppleWebKit/537.36 (KHTML, like Gecko) Chrome/148.0.0.0 Safari/537.36 Edg/148.0.0.0"
100.59.151.39 - - [17/Aug/2026:06:53:59 -0400] "GET /wp-includes/js/jquery/jquery-migrate.min.js?ver=3.4.1 HTTP/1.1" 200 4872 "https://www.biotechprocleaners.com/product/trash-bin-cleaner/?attribute_pa_size=1-g" "Mozilla/5.0 (Macintosh; Intel Mac OS X 10_15_7) AppleWebKit/537.36 (KHTML, like Gecko) Chrome/148.0.0.0 Safari/537.36 Edg/148.0.0.0"
98.88.165.218 - - [17/Aug/2026:06:53:59 -0400] "GET /wp-includes/js/jquery/jquery.min.js?ver=3.7.1 HTTP/1.1" 200 30368 "https://www.biotechprocleaners.com/product/trash-bin-cleaner/?attribute_pa_size=1-g" "Mozilla/5.0 (Macintosh; Intel Mac OS X 10_15_7) AppleWebKit/537.36 (KHTML, like Gecko) Chrome/148.0.0.0 Safari/537.36 Edg/148.0.0.0"
3.224.159.85 - - [17/Aug/2026:06:53:59 -0400] "GET /wp-content/plugins/amwerk/js/amwerk.js?ver=7.0.4 HTTP/1.1" 200 2 "https://www.biotechprocleaners.com/product/trash-bin-cleaner/?attribute_pa_size=1-g" "Mozilla/5.0 (Macintosh; Intel Mac OS X 10_15_7) AppleWebKit/537.36 (KHTML, like Gecko) Chrome/148.0.0.0 Safari/537.36 Edg/148.0.0.0"
100.59.151.39 - - [17/Aug/2026:06:53:59 -0400] "GET /wp-content/plugins/bold-page-builder/slick/slick.min.js?ver=5.4.7 HTTP/1.1" 200 10442 "https://www.biotechprocleaners.com/product/trash-bin-cleaner/?attribute_pa_size=1-g" "Mozilla/5.0 (Macintosh; Intel Mac OS X 10_15_7) AppleWebKit/537.36 (KHTML, like Gecko) Chrome/148.0.0.0 Safari/537.36 Edg/148.0.0.0"
100.59.151.39 - - [17/Aug/2026:06:53:59 -0400] "GET /wp-content/plugins/bold-page-builder/content_elements_misc/js/jquery.magnific-popup.min.js?ver=5.4.7 HTTP/1.1" 200 7435 "https://www.biotechprocleaners.com/product/trash-bin-cleaner/?attribute_pa_size=1-g" "Mozilla/5.0 (Macintosh; Intel Mac OS X 10_15_7) AppleWebKit/537.36 (KHTML, like Gecko) Chrome/148.0.0.0 Safari/537.36 Edg/148.0.0.0"
3.224.159.85 - - [17/Aug/2026:06:53:59 -0400] "GET /wp-content/plugins/bold-timeline-lite/assets/js/bold-timeline.js?ver=7.0.4 HTTP/1.1" 200 2279 "https://www.biotechprocleaners.com/product/trash-bin-cleaner/?attribute_pa_size=1-g" "Mozilla/5.0 (Macintosh; Intel Mac OS X 10_15_7) AppleWebKit/537.36 (KHTML, like Gecko) Chrome/148.0.0.0 Safari/537.36 Edg/148.0.0.0"
100.51.62.183 - - [17/Aug/2026:06:53:59 -0400] "GET /wp-content/plugins/bold-page-builder/content_elements_misc/js/content_elements.js?ver=5.4.7 HTTP/1.1" 200 8986 "https://www.biotechprocleaners.com/product/trash-bin-cleaner/?attribute_pa_size=1-g" "Mozilla/5.0 (Macintosh; Intel Mac OS X 10_15_7) AppleWebKit/537.36 (KHTML, like Gecko) Chrome/148.0.0.0 Safari/537.36 Edg/148.0.0.0"
98.88.165.218 - - [17/Aug/2026:06:53:59 -0400] "GET /wp-content/plugins/bold-timeline-lite/bold-builder-light/bt-bb-light.js?ver=7.0.4 HTTP/1.1" 200 553 "https://www.biotechprocleaners.com/product/trash-bin-cleaner/?attribute_pa_size=1-g" "Mozilla/5.0 (Macintosh; Intel Mac OS X 10_15_7) AppleWebKit/537.36 (KHTML, like Gecko) Chrome/148.0.0.0 Safari/537.36 Edg/148.0.0.0"
100.59.151.39 - - [17/Aug/2026:06:53:59 -0400] "GET /wp-content/plugins/bt_cost_calculator/cc.main.js?ver=7.0.4 HTTP/1.1" 200 6052 "https://www.biotechprocleaners.com/product/trash-bin-cleaner/?attribute_pa_size=1-g" "Mozilla/5.0 (Macintosh; Intel Mac OS X 10_15_7) AppleWebKit/537.36 (KHTML, like Gecko) Chrome/148.0.0.0 Safari/537.36 Edg/148.0.0.0"
100.59.151.39 - - [17/Aug/2026:06:53:59 -0400] "GET /wp-content/plugins/bt_cost_calculator/jquery.dd.js?ver=7.0.4 HTTP/1.1" 200 11604 "https://www.biotechprocleaners.com/product/trash-bin-cleaner/?attribute_pa_size=1-g" "Mozilla/5.0 (Macintosh; Intel Mac OS X 10_15_7) AppleWebKit/537.36 (KHTML, like Gecko) Chrome/148.0.0.0 Safari/537.36 Edg/148.0.0.0"
3.224.159.85 - - [17/Aug/2026:06:53:59 -0400] "GET /wp-content/plugins/cf7-redirect-thank-you-page/assets/js/redirect_method.js HTTP/1.1" 200 1175 "https://www.biotechprocleaners.com/product/trash-bin-cleaner/?attribute_pa_size=1-g" "Mozilla/5.0 (Macintosh; Intel Mac OS X 10_15_7) AppleWebKit/537.36 (KHTML, like Gecko) Chrome/148.0.0.0 Safari/537.36 Edg/148.0.0.0"
100.51.62.183 - - [17/Aug/2026:06:53:59 -0400] "GET /wp-content/uploads/2024/02/Manufacturing-Industries.jpg HTTP/1.1" 200 199205 "https://www.biotechprocleaners.com/product/trash-bin-cleaner/?attribute_pa_size=1-g" "Mozilla/5.0 (Macintosh; Intel Mac OS X 10_15_7) AppleWebKit/537.36 (KHTML, like Gecko) Chrome/148.0.0.0 Safari/537.36 Edg/148.0.0.0"
98.88.165.218 - - [17/Aug/2026:06:53:59 -0400] "GET /wp-content/uploads/2024/03/Superior-Cleaning.png HTTP/1.1" 200 10800 "https://www.biotechprocleaners.com/product/trash-bin-cleaner/?attribute_pa_size=1-g" "Mozilla/5.0 (Macintosh; Intel Mac OS X 10_15_7) AppleWebKit/537.36 (KHTML, like Gecko) Chrome/148.0.0.0 Safari/537.36 Edg/148.0.0.0"
100.59.151.39 - - [17/Aug/2026:06:53:59 -0400] "GET /wp-content/uploads/2024/03/Safe-for-Daily-Use.png HTTP/1.1" 200 12912 "https://www.biotechprocleaners.com/product/trash-bin-cleaner/?attribute_pa_size=1-g" "Mozilla/5.0 (Macintosh; Intel Mac OS X 10_15_7) AppleWebKit/537.36 (KHTML, like Gecko) Chrome/148.0.0.0 Safari/537.36 Edg/148.0.0.0"
100.59.151.39 - - [17/Aug/2026:06:53:59 -0400] "GET /wp-content/uploads/2024/03/100-Sustainable.png HTTP/1.1" 200 13308 "https://www.biotechprocleaners.com/product/trash-bin-cleaner/?attribute_pa_size=1-g" "Mozilla/5.0 (Macintosh; Intel Mac OS X 10_15_7) AppleWebKit/537.36 (KHTML, like Gecko) Chrome/148.0.0.0 Safari/537.36 Edg/148.0.0.0"
98.88.165.218 - - [17/Aug/2026:06:53:59 -0400] "GET /wp-content/plugins/contact-form-7/includes/css/styles.css?ver=6.1.2 HTTP/1.1" 200 1031 "https://www.biotechprocleaners.com/product/trash-bin-cleaner/?attribute_pa_size=1-g" "Mozilla/5.0 (Macintosh; Intel Mac OS X 10_15_7) AppleWebKit/537.36 (KHTML, like Gecko) Chrome/148.0.0.0 Safari/537.36 Edg/148.0.0.0"
98.88.165.218 - - [17/Aug/2026:06:53:59 -0400] "GET /wp-content/plugins/amwerk/shortcodes/back_to_top/css/back_to_top.css?ver=7.0.4 HTTP/1.1" 200 346 "https://www.biotechprocleaners.com/product/trash-bin-cleaner/?attribute_pa_size=1-g" "Mozilla/5.0 (Macintosh; Intel Mac OS X 10_15_7) AppleWebKit/537.36 (KHTML, like Gecko) Chrome/148.0.0.0 Safari/537.36 Edg/148.0.0.0"
100.59.151.39 - - [17/Aug/2026:06:53:59 -0400] "GET /wp-content/uploads/2023/12/logo_white.png HTTP/1.1" 200 41658 "https://www.biotechprocleaners.com/product/trash-bin-cleaner/?attribute_pa_size=1-g" "Mozilla/5.0 (Macintosh; Intel Mac OS X 10_15_7) AppleWebKit/537.36 (KHTML, like Gecko) Chrome/148.0.0.0 Safari/537.36 Edg/148.0.0.0"
100.59.151.39 - - [17/Aug/2026:06:53:59 -0400] "GET /wp-content/uploads/2024/03/Logo-StickyNav.png HTTP/1.1" 200 10336 "https://www.biotechprocleaners.com/product/trash-bin-cleaner/?attribute_pa_size=1-g" "Mozilla/5.0 (Macintosh; Intel Mac OS X 10_15_7) AppleWebKit/537.36 (KHTML, like Gecko) Chrome/148.0.0.0 Safari/537.36 Edg/148.0.0.0"
100.59.151.39 - - [17/Aug/2026:06:53:59 -0400] "GET /wp-content/themes/amwerk-child/js/popup.js HTTP/1.1" 200 298 "https://www.biotechprocleaners.com/product/trash-bin-cleaner/?attribute_pa_size=1-g" "Mozilla/5.0 (Macintosh; Intel Mac OS X 10_15_7) AppleWebKit/537.36 (KHTML, like Gecko) Chrome/148.0.0.0 Safari/537.36 Edg/148.0.0.0"
100.59.151.39 - - [17/Aug/2026:06:53:59 -0400] "GET /wp-content/themes/amwerk/framework/js/fancySelect.js?ver=7.0.4 HTTP/1.1" 200 1727 "https://www.biotechprocleaners.com/product/trash-bin-cleaner/?attribute_pa_size=1-g" "Mozilla/5.0 (Macintosh; Intel Mac OS X 10_15_7) AppleWebKit/537.36 (KHTML, like Gecko) Chrome/148.0.0.0 Safari/537.36 Edg/148.0.0.0"
100.59.151.39 - - [17/Aug/2026:06:53:59 -0400] "GET /wp-content/themes/amwerk/framework/js/header.misc.js?ver=7.0.4 HTTP/1.1" 200 2792 "https://www.biotechprocleaners.com/product/trash-bin-cleaner/?attribute_pa_size=1-g" "Mozilla/5.0 (Macintosh; Intel Mac OS X 10_15_7) AppleWebKit/537.36 (KHTML, like Gecko) Chrome/148.0.0.0 Safari/537.36 Edg/148.0.0.0"
100.59.151.39 - - [17/Aug/2026:06:53:59 -0400] "GET /wp-content/themes/amwerk/framework/js/misc.js?ver=7.0.4 HTTP/1.1" 200 1958 "https://www.biotechprocleaners.com/product/trash-bin-cleaner/?attribute_pa_size=1-g" "Mozilla/5.0 (Macintosh; Intel Mac OS X 10_15_7) AppleWebKit/537.36 (KHTML, like Gecko) Chrome/148.0.0.0 Safari/537.36 Edg/148.0.0.0"
100.59.151.39 - - [17/Aug/2026:06:53:59 -0400] "GET /wp-content/themes/amwerk/js/amwerk.js?ver=7.0.4 HTTP/1.1" 200 334 "https://www.biotechprocleaners.com/product/trash-bin-cleaner/?attribute_pa_size=1-g" "Mozilla/5.0 (Macintosh; Intel Mac OS X 10_15_7) AppleWebKit/537.36 (KHTML, like Gecko) Chrome/148.0.0.0 Safari/537.36 Edg/148.0.0.0"
100.59.151.39 - - [17/Aug/2026:06:53:59 -0400] "GET /wp-content/plugins/woocommerce/assets/js/sourcebuster/sourcebuster.min.js?ver=10.2.4 HTTP/1.1" 200 4807 "https://www.biotechprocleaners.com/product/trash-bin-cleaner/?attribute_pa_size=1-g" "Mozilla/5.0 (Macintosh; Intel Mac OS X 10_15_7) AppleWebKit/537.36 (KHTML, like Gecko) Chrome/148.0.0.0 Safari/537.36 Edg/148.0.0.0"
100.59.151.39 - - [17/Aug/2026:06:53:59 -0400] "GET /wp-content/plugins/woocommerce/assets/js/frontend/order-attribution.min.js?ver=10.2.4 HTTP/1.1" 200 1128 "https://www.biotechprocleaners.com/product/trash-bin-cleaner/?attribute_pa_size=1-g" "Mozilla/5.0 (Macintosh; Intel Mac OS X 10_15_7) AppleWebKit/537.36 (KHTML, like Gecko) Chrome/148.0.0.0 Safari/537.36 Edg/148.0.0.0"
32.193.136.126 - - [17/Aug/2026:06:53:58 -0400] "GET /wp-json/wc/store/v1/products/1965 HTTP/1.1" 200 933 "-" "Mozilla/5.0 (Macintosh; Intel Mac OS X 10_15_7) AppleWebKit/537.36 (KHTML, like Gecko) Chrome/150.0.0.0 Safari/537.36"
100.59.151.39 - - [17/Aug/2026:06:53:59 -0400] "GET /wp-includes/js/dist/vendor/wp-polyfill.min.js?ver=3.15.0 HTTP/1.1" 200 11897 "https://www.biotechprocleaners.com/product/trash-bin-cleaner/?attribute_pa_size=1-g" "Mozilla/5.0 (Macintosh; Intel Mac OS X 10_15_7) AppleWebKit/537.36 (KHTML, like Gecko) Chrome/148.0.0.0 Safari/537.36 Edg/148.0.0.0"
100.59.151.39 - - [17/Aug/2026:06:53:59 -0400] "GET /wp-content/plugins/contact-form-7/modules/recaptcha/index.js?ver=6.1.2 HTTP/1.1" 200 483 "https://www.biotechprocleaners.com/product/trash-bin-cleaner/?attribute_pa_size=1-g" "Mozilla/5.0 (Macintosh; Intel Mac OS X 10_15_7) AppleWebKit/537.36 (KHTML, like Gecko) Chrome/148.0.0.0 Safari/537.36 Edg/148.0.0.0"
100.59.151.39 - - [17/Aug/2026:06:53:59 -0400] "GET /wp-includes/js/dist/hooks.min.js?ver=7496969728ca0f95732d HTTP/1.1" 200 1829 "https://www.biotechprocleaners.com/product/trash-bin-cleaner/?attribute_pa_size=1-g" "Mozilla/5.0 (Macintosh; Intel Mac OS X 10_15_7) AppleWebKit/537.36 (KHTML, like Gecko) Chrome/148.0.0.0 Safari/537.36 Edg/148.0.0.0"
100.59.151.39 - - [17/Aug/2026:06:54:00 -0400] "GET /wp-includes/js/dist/i18n.min.js?ver=781d11515ad3d91786ec HTTP/1.1" 200 2465 "https://www.biotechprocleaners.com/product/trash-bin-cleaner/?attribute_pa_size=1-g" "Mozilla/5.0 (Macintosh; Intel Mac OS X 10_15_7) AppleWebKit/537.36 (KHTML, like Gecko) Chrome/148.0.0.0 Safari/537.36 Edg/148.0.0.0"
32.196.178.62 - - [17/Aug/2026:06:53:58 -0400] "GET /wp-json/wc/store/v1/products/2617 HTTP/1.1" 200 951 "-" "Mozilla/5.0 (iPhone; CPU iPhone OS 18_7 like Mac OS X) AppleWebKit/605.1.15 (KHTML, like Gecko) CriOS/150.0.0.0 Mobile/15E148 Safari/604.1"
100.59.151.39 - - [17/Aug/2026:06:54:00 -0400] "GET /wp-content/plugins/contact-form-7/includes/swv/js/index.js?ver=6.1.2 HTTP/1.1" 200 3503 "https://www.biotechprocleaners.com/product/trash-bin-cleaner/?attribute_pa_size=1-g" "Mozilla/5.0 (Macintosh; Intel Mac OS X 10_15_7) AppleWebKit/537.36 (KHTML, like Gecko) Chrome/148.0.0.0 Safari/537.36 Edg/148.0.0.0"
100.59.151.39 - - [17/Aug/2026:06:54:00 -0400] "GET /wp-content/plugins/contact-form-7/includes/js/index.js?ver=6.1.2 HTTP/1.1" 200 4265 "https://www.biotechprocleaners.com/product/trash-bin-cleaner/?attribute_pa_size=1-g" "Mozilla/5.0 (Macintosh; Intel Mac OS X 10_15_7) AppleWebKit/537.36 (KHTML, like Gecko) Chrome/148.0.0.0 Safari/537.36 Edg/148.0.0.0"
100.59.151.39 - - [17/Aug/2026:06:54:00 -0400] "GET /wp-includes/js/underscore.min.js?ver=1.13.8 HTTP/1.1" 200 7372 "https://www.biotechprocleaners.com/product/trash-bin-cleaner/?attribute_pa_size=1-g" "Mozilla/5.0 (Macintosh; Intel Mac OS X 10_15_7) AppleWebKit/537.36 (KHTML, like Gecko) Chrome/148.0.0.0 Safari/537.36 Edg/148.0.0.0"
100.59.151.39 - - [17/Aug/2026:06:54:00 -0400] "GET /wp-includes/js/wp-util.min.js?ver=7.0.4 HTTP/1.1" 200 754 "https://www.biotechprocleaners.com/product/trash-bin-cleaner/?attribute_pa_size=1-g" "Mozilla/5.0 (Macintosh; Intel Mac OS X 10_15_7) AppleWebKit/537.36 (KHTML, like Gecko) Chrome/148.0.0.0 Safari/537.36 Edg/148.0.0.0"
100.59.151.39 - - [17/Aug/2026:06:54:00 -0400] "GET /wp-content/plugins/bold-page-builder/content_elements/bt_bb_section/bt_bb_elements.js?ver=5.4.7 HTTP/1.1" 200 824 "https://www.biotechprocleaners.com/product/trash-bin-cleaner/?attribute_pa_size=1-g" "Mozilla/5.0 (Macintosh; Intel Mac OS X 10_15_7) AppleWebKit/537.36 (KHTML, like Gecko) Chrome/148.0.0.0 Safari/537.36 Edg/148.0.0.0"
100.59.151.39 - - [17/Aug/2026:06:54:00 -0400] "GET /wp-includes/js/imagesloaded.min.js?ver=5.0.0 HTTP/1.1" 200 1803 "https://www.biotechprocleaners.com/product/trash-bin-cleaner/?attribute_pa_size=1-g" "Mozilla/5.0 (Macintosh; Intel Mac OS X 10_15_7) AppleWebKit/537.36 (KHTML, like Gecko) Chrome/148.0.0.0 Safari/537.36 Edg/148.0.0.0"
52.23.110.244 - - [17/Aug/2026:06:53:58 -0400] "GET /wp-json/wc/store/v1/products/2648 HTTP/1.1" 200 929 "-" "Mozilla/5.0 (iPhone; CPU iPhone OS 18_7 like Mac OS X) AppleWebKit/605.1.15 (KHTML, like Gecko) Version/27.0 EdgiOS/150.0.0.0 Mobile/15E148 Safari/604.1"
