50.19.47.228 - - [17/Aug/2026:06:50:56 -0400] "GET /wp-content/plugins/amwerk/css/amwerk.css?ver=7.0.4 HTTP/1.1" 200 2 "https://www.biotechprocleaners.com/product/cleaner-degreaser-high-performance/?attribute_size=20+L" "Mozilla/5.0 (X11; Linux x86_64) AppleWebKit/537.36 (KHTML, like Gecko) Chrome/148.0.0.0 Safari/537.36"
50.19.47.228 - - [17/Aug/2026:06:50:56 -0400] "GET /wp-content/plugins/bold-page-builder/slick/slick.css?ver=5.4.7 HTTP/1.1" 200 569 "https://www.biotechprocleaners.com/product/cleaner-degreaser-high-performance/?attribute_size=20+L" "Mozilla/5.0 (X11; Linux x86_64) AppleWebKit/537.36 (KHTML, like Gecko) Chrome/148.0.0.0 Safari/537.36"
50.19.47.228 - - [17/Aug/2026:06:50:56 -0400] "GET /wp-content/plugins/bold-page-builder/css/front_end/content_elements.crush.css?ver=5.4.7 HTTP/1.1" 200 31261 "https://www.biotechprocleaners.com/product/cleaner-degreaser-high-performance/?attribute_size=20+L" "Mozilla/5.0 (X11; Linux x86_64) AppleWebKit/537.36 (KHTML, like Gecko) Chrome/148.0.0.0 Safari/537.36"
100.28.188.130 - - [17/Aug/2026:06:50:56 -0400] "GET /wp-content/plugins/bt_cost_calculator/style.min.css?ver=7.0.4 HTTP/1.1" 200 6264 "https://www.biotechprocleaners.com/product/cleaner-degreaser-high-performance/?attribute_size=20+L" "Mozilla/5.0 (X11; Linux x86_64) AppleWebKit/537.36 (KHTML, like Gecko) Chrome/148.0.0.0 Safari/537.36"
3.227.170.148 - - [17/Aug/2026:06:50:56 -0400] "GET /wp-content/plugins/bold-timeline-lite/style.css?ver=7.0.4 HTTP/1.1" 200 11859 "https://www.biotechprocleaners.com/product/cleaner-degreaser-high-performance/?attribute_size=20+L" "Mozilla/5.0 (X11; Linux x86_64) AppleWebKit/537.36 (KHTML, like Gecko) Chrome/148.0.0.0 Safari/537.36"
3.227.170.148 - - [17/Aug/2026:06:50:56 -0400] "GET /wp-content/plugins/menu-image/includes/css/menu-image.css?ver=3.13 HTTP/1.1" 200 825 "https://www.biotechprocleaners.com/product/cleaner-degreaser-high-performance/?attribute_size=20+L" "Mozilla/5.0 (X11; Linux x86_64) AppleWebKit/537.36 (KHTML, like Gecko) Chrome/148.0.0.0 Safari/537.36"
50.19.47.228 - - [17/Aug/2026:06:50:54 -0400] "GET /product/trash-bin-cleaner/?attribute_pa_size=220-l HTTP/1.1" 200 49338 "-" "Mozilla/5.0 (X11; Linux x86_64) AppleWebKit/537.36 (KHTML, like Gecko) Chrome/148.0.0.0 Safari/537.36 Edg/148.0.0.0"
50.19.47.228 - - [17/Aug/2026:06:50:56 -0400] "GET /wp-includes/css/dashicons.min.css?ver=7.0.4 HTTP/1.1" 200 35721 "https://www.biotechprocleaners.com/product/cleaner-degreaser-high-performance/?attribute_size=20+L" "Mozilla/5.0 (X11; Linux x86_64) AppleWebKit/537.36 (KHTML, like Gecko) Chrome/148.0.0.0 Safari/537.36"
100.28.188.130 - - [17/Aug/2026:06:50:56 -0400] "GET /wp-content/plugins/woocommerce/assets/css/photoswipe/photoswipe.min.css?ver=10.2.4 HTTP/1.1" 200 997 "https://www.biotechprocleaners.com/product/cleaner-degreaser-high-performance/?attribute_size=20+L" "Mozilla/5.0 (X11; Linux x86_64) AppleWebKit/537.36 (KHTML, like Gecko) Chrome/148.0.0.0 Safari/537.36"
3.227.170.148 - - [17/Aug/2026:06:50:56 -0400] "GET /wp-content/plugins/woocommerce/assets/css/brands.css?ver=10.2.4 HTTP/1.1" 200 684 "https://www.biotechprocleaners.com/product/cleaner-degreaser-high-performance/?attribute_size=20+L" "Mozilla/5.0 (X11; Linux x86_64) AppleWebKit/537.36 (KHTML, like Gecko) Chrome/148.0.0.0 Safari/537.36"
100.60.35.16 - - [17/Aug/2026:06:50:56 -0400] "GET /wp-content/plugins/woocommerce/assets/css/photoswipe/default-skin/default-skin.min.css?ver=10.2.4 HTTP/1.1" 200 1952 "https://www.biotechprocleaners.com/product/cleaner-degreaser-high-performance/?attribute_size=20+L" "Mozilla/5.0 (X11; Linux x86_64) AppleWebKit/537.36 (KHTML, like Gecko) Chrome/148.0.0.0 Safari/537.36"
50.19.47.228 - - [17/Aug/2026:06:50:56 -0400] "GET /wp-content/themes/amwerk-child/style.css?ver=1.0.0 HTTP/1.1" 200 5759 "https://www.biotechprocleaners.com/product/cleaner-degreaser-high-performance/?attribute_size=20+L" "Mozilla/5.0 (X11; Linux x86_64) AppleWebKit/537.36 (KHTML, like Gecko) Chrome/148.0.0.0 Safari/537.36"
100.28.188.130 - - [17/Aug/2026:06:50:56 -0400] "GET /wp-content/themes/amwerk/framework/css/style.css?ver=7.0.4 HTTP/1.1" 200 149 "https://www.biotechprocleaners.com/product/cleaner-degreaser-high-performance/?attribute_size=20+L" "Mozilla/5.0 (X11; Linux x86_64) AppleWebKit/537.36 (KHTML, like Gecko) Chrome/148.0.0.0 Safari/537.36"
3.227.170.148 - - [17/Aug/2026:06:50:56 -0400] "GET /wp-content/themes/amwerk/style.css?ver=7.0.4 HTTP/1.1" 200 101092 "https://www.biotechprocleaners.com/product/cleaner-degreaser-high-performance/?attribute_size=20+L" "Mozilla/5.0 (X11; Linux x86_64) AppleWebKit/537.36 (KHTML, like Gecko) Chrome/148.0.0.0 Safari/537.36"
50.19.47.228 - - [17/Aug/2026:06:50:56 -0400] "GET /wp-content/plugins/woocommerce/assets/client/blocks/wc-blocks.css?ver=wc-10.2.4 HTTP/1.1" 200 2618 "https://www.biotechprocleaners.com/product/trash-bin-cleaner/?attribute_pa_size=220-l" "Mozilla/5.0 (X11; Linux x86_64) AppleWebKit/537.36 (KHTML, like Gecko) Chrome/148.0.0.0 Safari/537.36 Edg/148.0.0.0"
3.227.170.148 - - [17/Aug/2026:06:50:56 -0400] "GET /wp-includes/js/jquery/jquery.min.js?ver=3.7.1 HTTP/1.1" 200 30368 "https://www.biotechprocleaners.com/product/cleaner-degreaser-high-performance/?attribute_size=20+L" "Mozilla/5.0 (X11; Linux x86_64) AppleWebKit/537.36 (KHTML, like Gecko) Chrome/148.0.0.0 Safari/537.36"
100.60.35.16 - - [17/Aug/2026:06:50:56 -0400] "GET /wp-includes/js/jquery/jquery-migrate.min.js?ver=3.4.1 HTTP/1.1" 200 4872 "https://www.biotechprocleaners.com/product/cleaner-degreaser-high-performance/?attribute_size=20+L" "Mozilla/5.0 (X11; Linux x86_64) AppleWebKit/537.36 (KHTML, like Gecko) Chrome/148.0.0.0 Safari/537.36"
50.19.47.228 - - [17/Aug/2026:06:50:56 -0400] "GET /wp-content/plugins/amwerk/js/amwerk.js?ver=7.0.4 HTTP/1.1" 200 2 "https://www.biotechprocleaners.com/product/cleaner-degreaser-high-performance/?attribute_size=20+L" "Mozilla/5.0 (X11; Linux x86_64) AppleWebKit/537.36 (KHTML, like Gecko) Chrome/148.0.0.0 Safari/537.36"
100.28.188.130 - - [17/Aug/2026:06:50:56 -0400] "GET /wp-content/plugins/bold-page-builder/slick/slick.min.js?ver=5.4.7 HTTP/1.1" 200 10442 "https://www.biotechprocleaners.com/product/cleaner-degreaser-high-performance/?attribute_size=20+L" "Mozilla/5.0 (X11; Linux x86_64) AppleWebKit/537.36 (KHTML, like Gecko) Chrome/148.0.0.0 Safari/537.36"
50.19.47.228 - - [17/Aug/2026:06:50:56 -0400] "GET /wp-content/plugins/amwerk/css/amwerk.css?ver=7.0.4 HTTP/1.1" 200 2 "https://www.biotechprocleaners.com/product/trash-bin-cleaner/?attribute_pa_size=220-l" "Mozilla/5.0 (X11; Linux x86_64) AppleWebKit/537.36 (KHTML, like Gecko) Chrome/148.0.0.0 Safari/537.36 Edg/148.0.0.0"
100.28.188.130 - - [17/Aug/2026:06:50:56 -0400] "GET /wp-content/plugins/bold-timeline-lite/assets/js/bold-timeline.js?ver=7.0.4 HTTP/1.1" 200 2279 "https://www.biotechprocleaners.com/product/cleaner-degreaser-high-performance/?attribute_size=20+L" "Mozilla/5.0 (X11; Linux x86_64) AppleWebKit/537.36 (KHTML, like Gecko) Chrome/148.0.0.0 Safari/537.36"
100.60.35.16 - - [17/Aug/2026:06:50:56 -0400] "GET /wp-content/plugins/bold-page-builder/content_elements_misc/js/jquery.magnific-popup.min.js?ver=5.4.7 HTTP/1.1" 200 7435 "https://www.biotechprocleaners.com/product/cleaner-degreaser-high-performance/?attribute_size=20+L" "Mozilla/5.0 (X11; Linux x86_64) AppleWebKit/537.36 (KHTML, like Gecko) Chrome/148.0.0.0 Safari/537.36"
50.19.47.228 - - [17/Aug/2026:06:50:56 -0400] "GET /wp-content/plugins/bold-page-builder/content_elements_misc/js/content_elements.js?ver=5.4.7 HTTP/1.1" 200 8986 "https://www.biotechprocleaners.com/product/cleaner-degreaser-high-performance/?attribute_size=20+L" "Mozilla/5.0 (X11; Linux x86_64) AppleWebKit/537.36 (KHTML, like Gecko) Chrome/148.0.0.0 Safari/537.36"
3.227.170.148 - - [17/Aug/2026:06:50:56 -0400] "GET /wp-content/plugins/bold-timeline-lite/bold-builder-light/bt-bb-light.js?ver=7.0.4 HTTP/1.1" 200 553 "https://www.biotechprocleaners.com/product/cleaner-degreaser-high-performance/?attribute_size=20+L" "Mozilla/5.0 (X11; Linux x86_64) AppleWebKit/537.36 (KHTML, like Gecko) Chrome/148.0.0.0 Safari/537.36"
100.28.188.130 - - [17/Aug/2026:06:50:56 -0400] "GET /wp-content/plugins/bold-page-builder/css/front_end/content_elements.crush.css?ver=5.4.7 HTTP/1.1" 200 31261 "https://www.biotechprocleaners.com/product/trash-bin-cleaner/?attribute_pa_size=220-l" "Mozilla/5.0 (X11; Linux x86_64) AppleWebKit/537.36 (KHTML, like Gecko) Chrome/148.0.0.0 Safari/537.36 Edg/148.0.0.0"
3.227.170.148 - - [17/Aug/2026:06:50:56 -0400] "GET /wp-content/plugins/bt_cost_calculator/jquery.dd.js?ver=7.0.4 HTTP/1.1" 200 11604 "https://www.biotechprocleaners.com/product/cleaner-degreaser-high-performance/?attribute_size=20+L" "Mozilla/5.0 (X11; Linux x86_64) AppleWebKit/537.36 (KHTML, like Gecko) Chrome/148.0.0.0 Safari/537.36"
52.54.249.162 - - [17/Aug/2026:06:50:56 -0400] "GET /wp-content/plugins/bold-page-builder/slick/slick.css?ver=5.4.7 HTTP/1.1" 200 569 "https://www.biotechprocleaners.com/product/trash-bin-cleaner/?attribute_pa_size=220-l" "Mozilla/5.0 (X11; Linux x86_64) AppleWebKit/537.36 (KHTML, like Gecko) Chrome/148.0.0.0 Safari/537.36 Edg/148.0.0.0"
44.208.210.193 - - [17/Aug/2026:06:50:56 -0400] "GET /wp-content/plugins/bt_cost_calculator/style.min.css?ver=7.0.4 HTTP/1.1" 200 6264 "https://www.biotechprocleaners.com/product/trash-bin-cleaner/?attribute_pa_size=220-l" "Mozilla/5.0 (X11; Linux x86_64) AppleWebKit/537.36 (KHTML, like Gecko) Chrome/148.0.0.0 Safari/537.36 Edg/148.0.0.0"
44.208.210.193 - - [17/Aug/2026:06:50:56 -0400] "GET /wp-content/plugins/bold-timeline-lite/style.css?ver=7.0.4 HTTP/1.1" 200 11859 "https://www.biotechprocleaners.com/product/trash-bin-cleaner/?attribute_pa_size=220-l" "Mozilla/5.0 (X11; Linux x86_64) AppleWebKit/537.36 (KHTML, like Gecko) Chrome/148.0.0.0 Safari/537.36 Edg/148.0.0.0"
50.19.47.228 - - [17/Aug/2026:06:50:56 -0400] "GET /wp-includes/css/dashicons.min.css?ver=7.0.4 HTTP/1.1" 200 35721 "https://www.biotechprocleaners.com/product/trash-bin-cleaner/?attribute_pa_size=220-l" "Mozilla/5.0 (X11; Linux x86_64) AppleWebKit/537.36 (KHTML, like Gecko) Chrome/148.0.0.0 Safari/537.36 Edg/148.0.0.0"
44.208.210.193 - - [17/Aug/2026:06:50:56 -0400] "GET /wp-content/plugins/menu-image/includes/css/menu-image.css?ver=3.13 HTTP/1.1" 200 825 "https://www.biotechprocleaners.com/product/trash-bin-cleaner/?attribute_pa_size=220-l" "Mozilla/5.0 (X11; Linux x86_64) AppleWebKit/537.36 (KHTML, like Gecko) Chrome/148.0.0.0 Safari/537.36 Edg/148.0.0.0"
100.28.188.130 - - [17/Aug/2026:06:50:56 -0400] "GET /wp-content/plugins/bt_cost_calculator/cc.main.js?ver=7.0.4 HTTP/1.1" 200 6052 "https://www.biotechprocleaners.com/product/cleaner-degreaser-high-performance/?attribute_size=20+L" "Mozilla/5.0 (X11; Linux x86_64) AppleWebKit/537.36 (KHTML, like Gecko) Chrome/148.0.0.0 Safari/537.36"
50.19.47.228 - - [17/Aug/2026:06:50:56 -0400] "GET /wp-content/plugins/cf7-redirect-thank-you-page/assets/js/redirect_method.js HTTP/1.1" 200 1175 "https://www.biotechprocleaners.com/product/cleaner-degreaser-high-performance/?attribute_size=20+L" "Mozilla/5.0 (X11; Linux x86_64) AppleWebKit/537.36 (KHTML, like Gecko) Chrome/148.0.0.0 Safari/537.36"
100.60.35.16 - - [17/Aug/2026:06:50:56 -0400] "GET /wp-content/uploads/2024/03/Safe-for-Daily-Use.png HTTP/1.1" 200 12912 "https://www.biotechprocleaners.com/product/cleaner-degreaser-high-performance/?attribute_size=20+L" "Mozilla/5.0 (X11; Linux x86_64) AppleWebKit/537.36 (KHTML, like Gecko) Chrome/148.0.0.0 Safari/537.36"
3.227.170.148 - - [17/Aug/2026:06:50:56 -0400] "GET /wp-content/uploads/2024/03/Superior-Cleaning.png HTTP/1.1" 200 10800 "https://www.biotechprocleaners.com/product/cleaner-degreaser-high-performance/?attribute_size=20+L" "Mozilla/5.0 (X11; Linux x86_64) AppleWebKit/537.36 (KHTML, like Gecko) Chrome/148.0.0.0 Safari/537.36"
52.54.249.162 - - [17/Aug/2026:06:50:56 -0400] "GET /wp-content/plugins/woocommerce/assets/css/photoswipe/photoswipe.min.css?ver=10.2.4 HTTP/1.1" 200 997 "https://www.biotechprocleaners.com/product/trash-bin-cleaner/?attribute_pa_size=220-l" "Mozilla/5.0 (X11; Linux x86_64) AppleWebKit/537.36 (KHTML, like Gecko) Chrome/148.0.0.0 Safari/537.36 Edg/148.0.0.0"
100.28.188.130 - - [17/Aug/2026:06:50:56 -0400] "GET /wp-content/plugins/woocommerce/assets/css/brands.css?ver=10.2.4 HTTP/1.1" 200 684 "https://www.biotechprocleaners.com/product/trash-bin-cleaner/?attribute_pa_size=220-l" "Mozilla/5.0 (X11; Linux x86_64) AppleWebKit/537.36 (KHTML, like Gecko) Chrome/148.0.0.0 Safari/537.36 Edg/148.0.0.0"
44.208.210.193 - - [17/Aug/2026:06:50:56 -0400] "GET /wp-content/plugins/woocommerce/assets/css/photoswipe/default-skin/default-skin.min.css?ver=10.2.4 HTTP/1.1" 200 1952 "https://www.biotechprocleaners.com/product/trash-bin-cleaner/?attribute_pa_size=220-l" "Mozilla/5.0 (X11; Linux x86_64) AppleWebKit/537.36 (KHTML, like Gecko) Chrome/148.0.0.0 Safari/537.36 Edg/148.0.0.0"
50.19.47.228 - - [17/Aug/2026:06:50:56 -0400] "GET /wp-content/themes/amwerk-child/style.css?ver=1.0.0 HTTP/1.1" 200 5759 "https://www.biotechprocleaners.com/product/trash-bin-cleaner/?attribute_pa_size=220-l" "Mozilla/5.0 (X11; Linux x86_64) AppleWebKit/537.36 (KHTML, like Gecko) Chrome/148.0.0.0 Safari/537.36 Edg/148.0.0.0"
3.227.170.148 - - [17/Aug/2026:06:50:56 -0400] "GET /wp-content/uploads/2024/02/Manufacturing-Industries.jpg HTTP/1.1" 200 199205 "https://www.biotechprocleaners.com/product/cleaner-degreaser-high-performance/?attribute_size=20+L" "Mozilla/5.0 (X11; Linux x86_64) AppleWebKit/537.36 (KHTML, like Gecko) Chrome/148.0.0.0 Safari/537.36"
52.54.249.162 - - [17/Aug/2026:06:50:56 -0400] "GET /wp-content/themes/amwerk/framework/css/style.css?ver=7.0.4 HTTP/1.1" 200 149 "https://www.biotechprocleaners.com/product/trash-bin-cleaner/?attribute_pa_size=220-l" "Mozilla/5.0 (X11; Linux x86_64) AppleWebKit/537.36 (KHTML, like Gecko) Chrome/148.0.0.0 Safari/537.36 Edg/148.0.0.0"
44.208.210.193 - - [17/Aug/2026:06:50:56 -0400] "GET /wp-content/themes/amwerk/style.css?ver=7.0.4 HTTP/1.1" 200 101092 "https://www.biotechprocleaners.com/product/trash-bin-cleaner/?attribute_pa_size=220-l" "Mozilla/5.0 (X11; Linux x86_64) AppleWebKit/537.36 (KHTML, like Gecko) Chrome/148.0.0.0 Safari/537.36 Edg/148.0.0.0"
100.28.188.130 - - [17/Aug/2026:06:50:56 -0400] "GET /wp-includes/js/jquery/jquery.min.js?ver=3.7.1 HTTP/1.1" 200 30368 "https://www.biotechprocleaners.com/product/trash-bin-cleaner/?attribute_pa_size=220-l" "Mozilla/5.0 (X11; Linux x86_64) AppleWebKit/537.36 (KHTML, like Gecko) Chrome/148.0.0.0 Safari/537.36 Edg/148.0.0.0"
3.227.170.148 - - [17/Aug/2026:06:50:56 -0400] "GET /wp-content/uploads/2024/03/100-Sustainable.png HTTP/1.1" 200 13308 "https://www.biotechprocleaners.com/product/cleaner-degreaser-high-performance/?attribute_size=20+L" "Mozilla/5.0 (X11; Linux x86_64) AppleWebKit/537.36 (KHTML, like Gecko) Chrome/148.0.0.0 Safari/537.36"
50.19.47.228 - - [17/Aug/2026:06:50:56 -0400] "GET /wp-content/plugins/amwerk/js/amwerk.js?ver=7.0.4 HTTP/1.1" 200 2 "https://www.biotechprocleaners.com/product/trash-bin-cleaner/?attribute_pa_size=220-l" "Mozilla/5.0 (X11; Linux x86_64) AppleWebKit/537.36 (KHTML, like Gecko) Chrome/148.0.0.0 Safari/537.36 Edg/148.0.0.0"
44.208.210.193 - - [17/Aug/2026:06:50:56 -0400] "GET /wp-includes/js/jquery/jquery-migrate.min.js?ver=3.4.1 HTTP/1.1" 200 4872 "https://www.biotechprocleaners.com/product/trash-bin-cleaner/?attribute_pa_size=220-l" "Mozilla/5.0 (X11; Linux x86_64) AppleWebKit/537.36 (KHTML, like Gecko) Chrome/148.0.0.0 Safari/537.36 Edg/148.0.0.0"
100.60.35.16 - - [17/Aug/2026:06:50:56 -0400] "GET /wp-content/plugins/contact-form-7/includes/css/styles.css?ver=6.1.2 HTTP/1.1" 200 1031 "https://www.biotechprocleaners.com/product/cleaner-degreaser-high-performance/?attribute_size=20+L" "Mozilla/5.0 (X11; Linux x86_64) AppleWebKit/537.36 (KHTML, like Gecko) Chrome/148.0.0.0 Safari/537.36"
52.54.249.162 - - [17/Aug/2026:06:50:56 -0400] "GET /wp-content/plugins/bold-page-builder/slick/slick.min.js?ver=5.4.7 HTTP/1.1" 200 10442 "https://www.biotechprocleaners.com/product/trash-bin-cleaner/?attribute_pa_size=220-l" "Mozilla/5.0 (X11; Linux x86_64) AppleWebKit/537.36 (KHTML, like Gecko) Chrome/148.0.0.0 Safari/537.36 Edg/148.0.0.0"
100.28.188.130 - - [17/Aug/2026:06:50:56 -0400] "GET /wp-content/plugins/bold-page-builder/content_elements_misc/js/jquery.magnific-popup.min.js?ver=5.4.7 HTTP/1.1" 200 7435 "https://www.biotechprocleaners.com/product/trash-bin-cleaner/?attribute_pa_size=220-l" "Mozilla/5.0 (X11; Linux x86_64) AppleWebKit/537.36 (KHTML, like Gecko) Chrome/148.0.0.0 Safari/537.36 Edg/148.0.0.0"
100.60.35.16 - - [17/Aug/2026:06:50:56 -0400] "GET /wp-content/plugins/amwerk/shortcodes/back_to_top/css/back_to_top.css?ver=7.0.4 HTTP/1.1" 200 346 "https://www.biotechprocleaners.com/product/cleaner-degreaser-high-performance/?attribute_size=20+L" "Mozilla/5.0 (X11; Linux x86_64) AppleWebKit/537.36 (KHTML, like Gecko) Chrome/148.0.0.0 Safari/537.36"
50.19.47.228 - - [17/Aug/2026:06:50:56 -0400] "GET /wp-content/plugins/bold-timeline-lite/assets/js/bold-timeline.js?ver=7.0.4 HTTP/1.1" 200 2279 "https://www.biotechprocleaners.com/product/trash-bin-cleaner/?attribute_pa_size=220-l" "Mozilla/5.0 (X11; Linux x86_64) AppleWebKit/537.36 (KHTML, like Gecko) Chrome/148.0.0.0 Safari/537.36 Edg/148.0.0.0"
3.227.170.148 - - [17/Aug/2026:06:50:56 -0400] "GET /wp-content/uploads/2023/12/logo_white.png HTTP/1.1" 200 41658 "https://www.biotechprocleaners.com/product/cleaner-degreaser-high-performance/?attribute_size=20+L" "Mozilla/5.0 (X11; Linux x86_64) AppleWebKit/537.36 (KHTML, like Gecko) Chrome/148.0.0.0 Safari/537.36"
44.208.210.193 - - [17/Aug/2026:06:50:56 -0400] "GET /wp-content/plugins/bold-page-builder/content_elements_misc/js/content_elements.js?ver=5.4.7 HTTP/1.1" 200 8986 "https://www.biotechprocleaners.com/product/trash-bin-cleaner/?attribute_pa_size=220-l" "Mozilla/5.0 (X11; Linux x86_64) AppleWebKit/537.36 (KHTML, like Gecko) Chrome/148.0.0.0 Safari/537.36 Edg/148.0.0.0"
44.208.210.193 - - [17/Aug/2026:06:50:56 -0400] "GET /wp-content/plugins/bold-timeline-lite/bold-builder-light/bt-bb-light.js?ver=7.0.4 HTTP/1.1" 200 553 "https://www.biotechprocleaners.com/product/trash-bin-cleaner/?attribute_pa_size=220-l" "Mozilla/5.0 (X11; Linux x86_64) AppleWebKit/537.36 (KHTML, like Gecko) Chrome/148.0.0.0 Safari/537.36 Edg/148.0.0.0"
52.54.249.162 - - [17/Aug/2026:06:50:56 -0400] "GET /wp-content/plugins/bt_cost_calculator/jquery.dd.js?ver=7.0.4 HTTP/1.1" 200 11604 "https://www.biotechprocleaners.com/product/trash-bin-cleaner/?attribute_pa_size=220-l" "Mozilla/5.0 (X11; Linux x86_64) AppleWebKit/537.36 (KHTML, like Gecko) Chrome/148.0.0.0 Safari/537.36 Edg/148.0.0.0"
100.28.188.130 - - [17/Aug/2026:06:50:56 -0400] "GET /wp-content/plugins/bt_cost_calculator/cc.main.js?ver=7.0.4 HTTP/1.1" 200 6052 "https://www.biotechprocleaners.com/product/trash-bin-cleaner/?attribute_pa_size=220-l" "Mozilla/5.0 (X11; Linux x86_64) AppleWebKit/537.36 (KHTML, like Gecko) Chrome/148.0.0.0 Safari/537.36 Edg/148.0.0.0"
100.60.35.16 - - [17/Aug/2026:06:50:56 -0400] "GET /wp-content/uploads/2024/03/Logo-StickyNav.png HTTP/1.1" 200 10336 "https://www.biotechprocleaners.com/product/cleaner-degreaser-high-performance/?attribute_size=20+L" "Mozilla/5.0 (X11; Linux x86_64) AppleWebKit/537.36 (KHTML, like Gecko) Chrome/148.0.0.0 Safari/537.36"
50.19.47.228 - - [17/Aug/2026:06:50:56 -0400] "GET /wp-content/plugins/cf7-redirect-thank-you-page/assets/js/redirect_method.js HTTP/1.1" 200 1175 "https://www.biotechprocleaners.com/product/trash-bin-cleaner/?attribute_pa_size=220-l" "Mozilla/5.0 (X11; Linux x86_64) AppleWebKit/537.36 (KHTML, like Gecko) Chrome/148.0.0.0 Safari/537.36 Edg/148.0.0.0"
100.28.188.130 - - [17/Aug/2026:06:50:56 -0400] "GET /wp-content/uploads/2024/03/Superior-Cleaning.png HTTP/1.1" 200 10800 "https://www.biotechprocleaners.com/product/trash-bin-cleaner/?attribute_pa_size=220-l" "Mozilla/5.0 (X11; Linux x86_64) AppleWebKit/537.36 (KHTML, like Gecko) Chrome/148.0.0.0 Safari/537.36 Edg/148.0.0.0"
52.54.249.162 - - [17/Aug/2026:06:50:56 -0400] "GET /wp-content/uploads/2024/03/Safe-for-Daily-Use.png HTTP/1.1" 200 12912 "https://www.biotechprocleaners.com/product/trash-bin-cleaner/?attribute_pa_size=220-l" "Mozilla/5.0 (X11; Linux x86_64) AppleWebKit/537.36 (KHTML, like Gecko) Chrome/148.0.0.0 Safari/537.36 Edg/148.0.0.0"
100.60.35.16 - - [17/Aug/2026:06:50:56 -0400] "GET /wp-content/themes/amwerk-child/js/popup.js HTTP/1.1" 200 298 "https://www.biotechprocleaners.com/product/cleaner-degreaser-high-performance/?attribute_size=20+L" "Mozilla/5.0 (X11; Linux x86_64) AppleWebKit/537.36 (KHTML, like Gecko) Chrome/148.0.0.0 Safari/537.36"
44.208.210.193 - - [17/Aug/2026:06:50:56 -0400] "GET /wp-content/uploads/2024/02/Manufacturing-Industries.jpg HTTP/1.1" 200 199205 "https://www.biotechprocleaners.com/product/trash-bin-cleaner/?attribute_pa_size=220-l" "Mozilla/5.0 (X11; Linux x86_64) AppleWebKit/537.36 (KHTML, like Gecko) Chrome/148.0.0.0 Safari/537.36 Edg/148.0.0.0"
52.54.249.162 - - [17/Aug/2026:06:50:56 -0400] "GET /wp-content/uploads/2024/03/100-Sustainable.png HTTP/1.1" 200 13308 "https://www.biotechprocleaners.com/product/trash-bin-cleaner/?attribute_pa_size=220-l" "Mozilla/5.0 (X11; Linux x86_64) AppleWebKit/537.36 (KHTML, like Gecko) Chrome/148.0.0.0 Safari/537.36 Edg/148.0.0.0"
100.28.188.130 - - [17/Aug/2026:06:50:56 -0400] "GET /wp-content/plugins/contact-form-7/includes/css/styles.css?ver=6.1.2 HTTP/1.1" 200 1031 "https://www.biotechprocleaners.com/product/trash-bin-cleaner/?attribute_pa_size=220-l" "Mozilla/5.0 (X11; Linux x86_64) AppleWebKit/537.36 (KHTML, like Gecko) Chrome/148.0.0.0 Safari/537.36 Edg/148.0.0.0"
100.60.35.16 - - [17/Aug/2026:06:50:56 -0400] "GET /wp-content/themes/amwerk/framework/js/fancySelect.js?ver=7.0.4 HTTP/1.1" 200 1727 "https://www.biotechprocleaners.com/product/cleaner-degreaser-high-performance/?attribute_size=20+L" "Mozilla/5.0 (X11; Linux x86_64) AppleWebKit/537.36 (KHTML, like Gecko) Chrome/148.0.0.0 Safari/537.36"
100.28.188.130 - - [17/Aug/2026:06:50:56 -0400] "GET /wp-content/plugins/amwerk/shortcodes/back_to_top/css/back_to_top.css?ver=7.0.4 HTTP/1.1" 200 346 "https://www.biotechprocleaners.com/product/trash-bin-cleaner/?attribute_pa_size=220-l" "Mozilla/5.0 (X11; Linux x86_64) AppleWebKit/537.36 (KHTML, like Gecko) Chrome/148.0.0.0 Safari/537.36 Edg/148.0.0.0"
52.54.249.162 - - [17/Aug/2026:06:50:56 -0400] "GET /wp-content/uploads/2023/12/logo_white.png HTTP/1.1" 200 41658 "https://www.biotechprocleaners.com/product/trash-bin-cleaner/?attribute_pa_size=220-l" "Mozilla/5.0 (X11; Linux x86_64) AppleWebKit/537.36 (KHTML, like Gecko) Chrome/148.0.0.0 Safari/537.36 Edg/148.0.0.0"
100.60.35.16 - - [17/Aug/2026:06:50:56 -0400] "GET /wp-content/themes/amwerk/framework/js/header.misc.js?ver=7.0.4 HTTP/1.1" 200 2792 "https://www.biotechprocleaners.com/product/cleaner-degreaser-high-performance/?attribute_size=20+L" "Mozilla/5.0 (X11; Linux x86_64) AppleWebKit/537.36 (KHTML, like Gecko) Chrome/148.0.0.0 Safari/537.36"
100.28.188.130 - - [17/Aug/2026:06:50:56 -0400] "GET /wp-content/uploads/2024/03/Logo-StickyNav.png HTTP/1.1" 200 10336 "https://www.biotechprocleaners.com/product/trash-bin-cleaner/?attribute_pa_size=220-l" "Mozilla/5.0 (X11; Linux x86_64) AppleWebKit/537.36 (KHTML, like Gecko) Chrome/148.0.0.0 Safari/537.36 Edg/148.0.0.0"
100.60.35.16 - - [17/Aug/2026:06:50:56 -0400] "GET /wp-content/themes/amwerk/framework/js/misc.js?ver=7.0.4 HTTP/1.1" 200 1958 "https://www.biotechprocleaners.com/product/cleaner-degreaser-high-performance/?attribute_size=20+L" "Mozilla/5.0 (X11; Linux x86_64) AppleWebKit/537.36 (KHTML, like Gecko) Chrome/148.0.0.0 Safari/537.36"
100.28.188.130 - - [17/Aug/2026:06:50:56 -0400] "GET /wp-content/themes/amwerk-child/js/popup.js HTTP/1.1" 200 298 "https://www.biotechprocleaners.com/product/trash-bin-cleaner/?attribute_pa_size=220-l" "Mozilla/5.0 (X11; Linux x86_64) AppleWebKit/537.36 (KHTML, like Gecko) Chrome/148.0.0.0 Safari/537.36 Edg/148.0.0.0"
100.60.35.16 - - [17/Aug/2026:06:50:56 -0400] "GET /wp-content/themes/amwerk/js/amwerk.js?ver=7.0.4 HTTP/1.1" 200 334 "https://www.biotechprocleaners.com/product/cleaner-degreaser-high-performance/?attribute_size=20+L" "Mozilla/5.0 (X11; Linux x86_64) AppleWebKit/537.36 (KHTML, like Gecko) Chrome/148.0.0.0 Safari/537.36"
100.28.188.130 - - [17/Aug/2026:06:50:56 -0400] "GET /wp-content/themes/amwerk/framework/js/fancySelect.js?ver=7.0.4 HTTP/1.1" 200 1727 "https://www.biotechprocleaners.com/product/trash-bin-cleaner/?attribute_pa_size=220-l" "Mozilla/5.0 (X11; Linux x86_64) AppleWebKit/537.36 (KHTML, like Gecko) Chrome/148.0.0.0 Safari/537.36 Edg/148.0.0.0"
100.28.188.130 - - [17/Aug/2026:06:50:56 -0400] "GET /wp-content/themes/amwerk/framework/js/header.misc.js?ver=7.0.4 HTTP/1.1" 200 2792 "https://www.biotechprocleaners.com/product/trash-bin-cleaner/?attribute_pa_size=220-l" "Mozilla/5.0 (X11; Linux x86_64) AppleWebKit/537.36 (KHTML, like Gecko) Chrome/148.0.0.0 Safari/537.36 Edg/148.0.0.0"
100.60.35.16 - - [17/Aug/2026:06:50:56 -0400] "GET /wp-content/plugins/woocommerce/assets/js/sourcebuster/sourcebuster.min.js?ver=10.2.4 HTTP/1.1" 200 4807 "https://www.biotechprocleaners.com/product/cleaner-degreaser-high-performance/?attribute_size=20+L" "Mozilla/5.0 (X11; Linux x86_64) AppleWebKit/537.36 (KHTML, like Gecko) Chrome/148.0.0.0 Safari/537.36"
100.28.188.130 - - [17/Aug/2026:06:50:56 -0400] "GET /wp-content/themes/amwerk/framework/js/misc.js?ver=7.0.4 HTTP/1.1" 200 1958 "https://www.biotechprocleaners.com/product/trash-bin-cleaner/?attribute_pa_size=220-l" "Mozilla/5.0 (X11; Linux x86_64) AppleWebKit/537.36 (KHTML, like Gecko) Chrome/148.0.0.0 Safari/537.36 Edg/148.0.0.0"
100.60.35.16 - - [17/Aug/2026:06:50:56 -0400] "GET /wp-content/plugins/woocommerce/assets/js/frontend/order-attribution.min.js?ver=10.2.4 HTTP/1.1" 200 1128 "https://www.biotechprocleaners.com/product/cleaner-degreaser-high-performance/?attribute_size=20+L" "Mozilla/5.0 (X11; Linux x86_64) AppleWebKit/537.36 (KHTML, like Gecko) Chrome/148.0.0.0 Safari/537.36"
100.28.188.130 - - [17/Aug/2026:06:50:56 -0400] "GET /wp-content/themes/amwerk/js/amwerk.js?ver=7.0.4 HTTP/1.1" 200 334 "https://www.biotechprocleaners.com/product/trash-bin-cleaner/?attribute_pa_size=220-l" "Mozilla/5.0 (X11; Linux x86_64) AppleWebKit/537.36 (KHTML, like Gecko) Chrome/148.0.0.0 Safari/537.36 Edg/148.0.0.0"
100.28.188.130 - - [17/Aug/2026:06:50:56 -0400] "GET /wp-content/plugins/woocommerce/assets/js/sourcebuster/sourcebuster.min.js?ver=10.2.4 HTTP/1.1" 200 4807 "https://www.biotechprocleaners.com/product/trash-bin-cleaner/?attribute_pa_size=220-l" "Mozilla/5.0 (X11; Linux x86_64) AppleWebKit/537.36 (KHTML, like Gecko) Chrome/148.0.0.0 Safari/537.36 Edg/148.0.0.0"
100.28.188.130 - - [17/Aug/2026:06:50:56 -0400] "GET /wp-content/plugins/woocommerce/assets/js/frontend/order-attribution.min.js?ver=10.2.4 HTTP/1.1" 200 1128 "https://www.biotechprocleaners.com/product/trash-bin-cleaner/?attribute_pa_size=220-l" "Mozilla/5.0 (X11; Linux x86_64) AppleWebKit/537.36 (KHTML, like Gecko) Chrome/148.0.0.0 Safari/537.36 Edg/148.0.0.0"
100.60.35.16 - - [17/Aug/2026:06:50:56 -0400] "GET /wp-includes/js/dist/vendor/wp-polyfill.min.js?ver=3.15.0 HTTP/1.1" 200 11897 "https://www.biotechprocleaners.com/product/cleaner-degreaser-high-performance/?attribute_size=20+L" "Mozilla/5.0 (X11; Linux x86_64) AppleWebKit/537.36 (KHTML, like Gecko) Chrome/148.0.0.0 Safari/537.36"
100.60.35.16 - - [17/Aug/2026:06:50:56 -0400] "GET /wp-content/plugins/contact-form-7/modules/recaptcha/index.js?ver=6.1.2 HTTP/1.1" 200 483 "https://www.biotechprocleaners.com/product/cleaner-degreaser-high-performance/?attribute_size=20+L" "Mozilla/5.0 (X11; Linux x86_64) AppleWebKit/537.36 (KHTML, like Gecko) Chrome/148.0.0.0 Safari/537.36"
100.60.35.16 - - [17/Aug/2026:06:50:56 -0400] "GET /wp-includes/js/dist/hooks.min.js?ver=7496969728ca0f95732d HTTP/1.1" 200 1829 "https://www.biotechprocleaners.com/product/cleaner-degreaser-high-performance/?attribute_size=20+L" "Mozilla/5.0 (X11; Linux x86_64) AppleWebKit/537.36 (KHTML, like Gecko) Chrome/148.0.0.0 Safari/537.36"
100.28.188.130 - - [17/Aug/2026:06:50:57 -0400] "GET /wp-includes/js/dist/vendor/wp-polyfill.min.js?ver=3.15.0 HTTP/1.1" 200 11897 "https://www.biotechprocleaners.com/product/trash-bin-cleaner/?attribute_pa_size=220-l" "Mozilla/5.0 (X11; Linux x86_64) AppleWebKit/537.36 (KHTML, like Gecko) Chrome/148.0.0.0 Safari/537.36 Edg/148.0.0.0"
100.60.35.16 - - [17/Aug/2026:06:50:57 -0400] "GET /wp-includes/js/dist/i18n.min.js?ver=781d11515ad3d91786ec HTTP/1.1" 200 2465 "https://www.biotechprocleaners.com/product/cleaner-degreaser-high-performance/?attribute_size=20+L" "Mozilla/5.0 (X11; Linux x86_64) AppleWebKit/537.36 (KHTML, like Gecko) Chrome/148.0.0.0 Safari/537.36"
100.28.188.130 - - [17/Aug/2026:06:50:57 -0400] "GET /wp-content/plugins/contact-form-7/modules/recaptcha/index.js?ver=6.1.2 HTTP/1.1" 200 483 "https://www.biotechprocleaners.com/product/trash-bin-cleaner/?attribute_pa_size=220-l" "Mozilla/5.0 (X11; Linux x86_64) AppleWebKit/537.36 (KHTML, like Gecko) Chrome/148.0.0.0 Safari/537.36 Edg/148.0.0.0"
100.60.35.16 - - [17/Aug/2026:06:50:57 -0400] "GET /wp-content/plugins/contact-form-7/includes/swv/js/index.js?ver=6.1.2 HTTP/1.1" 200 3503 "https://www.biotechprocleaners.com/product/cleaner-degreaser-high-performance/?attribute_size=20+L" "Mozilla/5.0 (X11; Linux x86_64) AppleWebKit/537.36 (KHTML, like Gecko) Chrome/148.0.0.0 Safari/537.36"
100.28.188.130 - - [17/Aug/2026:06:50:57 -0400] "GET /wp-includes/js/dist/hooks.min.js?ver=7496969728ca0f95732d HTTP/1.1" 200 1829 "https://www.biotechprocleaners.com/product/trash-bin-cleaner/?attribute_pa_size=220-l" "Mozilla/5.0 (X11; Linux x86_64) AppleWebKit/537.36 (KHTML, like Gecko) Chrome/148.0.0.0 Safari/537.36 Edg/148.0.0.0"
100.60.35.16 - - [17/Aug/2026:06:50:57 -0400] "GET /wp-content/plugins/contact-form-7/includes/js/index.js?ver=6.1.2 HTTP/1.1" 200 4265 "https://www.biotechprocleaners.com/product/cleaner-degreaser-high-performance/?attribute_size=20+L" "Mozilla/5.0 (X11; Linux x86_64) AppleWebKit/537.36 (KHTML, like Gecko) Chrome/148.0.0.0 Safari/537.36"
100.28.188.130 - - [17/Aug/2026:06:50:57 -0400] "GET /wp-includes/js/dist/i18n.min.js?ver=781d11515ad3d91786ec HTTP/1.1" 200 2465 "https://www.biotechprocleaners.com/product/trash-bin-cleaner/?attribute_pa_size=220-l" "Mozilla/5.0 (X11; Linux x86_64) AppleWebKit/537.36 (KHTML, like Gecko) Chrome/148.0.0.0 Safari/537.36 Edg/148.0.0.0"
100.60.35.16 - - [17/Aug/2026:06:50:57 -0400] "GET /wp-includes/js/underscore.min.js?ver=1.13.8 HTTP/1.1" 200 7372 "https://www.biotechprocleaners.com/product/cleaner-degreaser-high-performance/?attribute_size=20+L" "Mozilla/5.0 (X11; Linux x86_64) AppleWebKit/537.36 (KHTML, like Gecko) Chrome/148.0.0.0 Safari/537.36"
100.28.188.130 - - [17/Aug/2026:06:50:57 -0400] "GET /wp-content/plugins/contact-form-7/includes/swv/js/index.js?ver=6.1.2 HTTP/1.1" 200 3503 "https://www.biotechprocleaners.com/product/trash-bin-cleaner/?attribute_pa_size=220-l" "Mozilla/5.0 (X11; Linux x86_64) AppleWebKit/537.36 (KHTML, like Gecko) Chrome/148.0.0.0 Safari/537.36 Edg/148.0.0.0"
100.60.35.16 - - [17/Aug/2026:06:50:57 -0400] "GET /wp-includes/js/wp-util.min.js?ver=7.0.4 HTTP/1.1" 200 754 "https://www.biotechprocleaners.com/product/cleaner-degreaser-high-performance/?attribute_size=20+L" "Mozilla/5.0 (X11; Linux x86_64) AppleWebKit/537.36 (KHTML, like Gecko) Chrome/148.0.0.0 Safari/537.36"
100.28.188.130 - - [17/Aug/2026:06:50:57 -0400] "GET /wp-content/plugins/contact-form-7/includes/js/index.js?ver=6.1.2 HTTP/1.1" 200 4265 "https://www.biotechprocleaners.com/product/trash-bin-cleaner/?attribute_pa_size=220-l" "Mozilla/5.0 (X11; Linux x86_64) AppleWebKit/537.36 (KHTML, like Gecko) Chrome/148.0.0.0 Safari/537.36 Edg/148.0.0.0"
100.60.35.16 - - [17/Aug/2026:06:50:57 -0400] "GET /wp-content/plugins/bold-page-builder/content_elements/bt_bb_section/bt_bb_elements.js?ver=5.4.7 HTTP/1.1" 200 824 "https://www.biotechprocleaners.com/product/cleaner-degreaser-high-performance/?attribute_size=20+L" "Mozilla/5.0 (X11; Linux x86_64) AppleWebKit/537.36 (KHTML, like Gecko) Chrome/148.0.0.0 Safari/537.36"
100.60.35.16 - - [17/Aug/2026:06:50:57 -0400] "GET /wp-includes/js/imagesloaded.min.js?ver=5.0.0 HTTP/1.1" 200 1803 "https://www.biotechprocleaners.com/product/cleaner-degreaser-high-performance/?attribute_size=20+L" "Mozilla/5.0 (X11; Linux x86_64) AppleWebKit/537.36 (KHTML, like Gecko) Chrome/148.0.0.0 Safari/537.36"
100.60.35.16 - - [17/Aug/2026:06:50:57 -0400] "GET /wp-includes/js/masonry.min.js?ver=4.2.2 HTTP/1.1" 200 7382 "https://www.biotechprocleaners.com/product/cleaner-degreaser-high-performance/?attribute_size=20+L" "Mozilla/5.0 (X11; Linux x86_64) AppleWebKit/537.36 (KHTML, like Gecko) Chrome/148.0.0.0 Safari/537.36"
100.28.188.130 - - [17/Aug/2026:06:50:57 -0400] "GET /wp-includes/js/underscore.min.js?ver=1.13.8 HTTP/1.1" 200 7372 "https://www.biotechprocleaners.com/product/trash-bin-cleaner/?attribute_pa_size=220-l" "Mozilla/5.0 (X11; Linux x86_64) AppleWebKit/537.36 (KHTML, like Gecko) Chrome/148.0.0.0 Safari/537.36 Edg/148.0.0.0"
100.60.35.16 - - [17/Aug/2026:06:50:57 -0400] "GET /wp-includes/js/jquery/jquery.masonry.min.js?ver=3.1.2b HTTP/1.1" 200 716 "https://www.biotechprocleaners.com/product/cleaner-degreaser-high-performance/?attribute_size=20+L" "Mozilla/5.0 (X11; Linux x86_64) AppleWebKit/537.36 (KHTML, like Gecko) Chrome/148.0.0.0 Safari/537.36"
100.28.188.130 - - [17/Aug/2026:06:50:57 -0400] "GET /wp-includes/js/wp-util.min.js?ver=7.0.4 HTTP/1.1" 200 754 "https://www.biotechprocleaners.com/product/trash-bin-cleaner/?attribute_pa_size=220-l" "Mozilla/5.0 (X11; Linux x86_64) AppleWebKit/537.36 (KHTML, like Gecko) Chrome/148.0.0.0 Safari/537.36 Edg/148.0.0.0"
100.28.188.130 - - [17/Aug/2026:06:50:57 -0400] "GET /wp-content/plugins/bold-page-builder/content_elements/bt_bb_section/bt_bb_elements.js?ver=5.4.7 HTTP/1.1" 200 824 "https://www.biotechprocleaners.com/product/trash-bin-cleaner/?attribute_pa_size=220-l" "Mozilla/5.0 (X11; Linux x86_64) AppleWebKit/537.36 (KHTML, like Gecko) Chrome/148.0.0.0 Safari/537.36 Edg/148.0.0.0"
100.60.35.16 - - [17/Aug/2026:06:50:57 -0400] "GET /wp-content/themes/amwerk/bold-page-builder/content_elements/bt_bb_masonry_portfolio_tiles/bt_bb_portfolio_tiles.js?ver=7.0.4 HTTP/1.1" 200 1201 "https://www.biotechprocleaners.com/product/cleaner-degreaser-high-performance/?attribute_size=20+L" "Mozilla/5.0 (X11; Linux x86_64) AppleWebKit/537.36 (KHTML, like Gecko) Chrome/148.0.0.0 Safari/537.36"
100.28.188.130 - - [17/Aug/2026:06:50:57 -0400] "GET /wp-includes/js/imagesloaded.min.js?ver=5.0.0 HTTP/1.1" 200 1803 "https://www.biotechprocleaners.com/product/trash-bin-cleaner/?attribute_pa_size=220-l" "Mozilla/5.0 (X11; Linux x86_64) AppleWebKit/537.36 (KHTML, like Gecko) Chrome/148.0.0.0 Safari/537.36 Edg/148.0.0.0"
100.60.35.16 - - [17/Aug/2026:06:50:57 -0400] "GET /wp-content/plugins/amwerk/shortcodes/back_to_top/js/back_to_top.js?ver=7.0.4 HTTP/1.1" 200 355 "https://www.biotechprocleaners.com/product/cleaner-degreaser-high-performance/?attribute_size=20+L" "Mozilla/5.0 (X11; Linux x86_64) AppleWebKit/537.36 (KHTML, like Gecko) Chrome/148.0.0.0 Safari/537.36"
100.28.188.130 - - [17/Aug/2026:06:50:57 -0400] "GET /wp-includes/js/masonry.min.js?ver=4.2.2 HTTP/1.1" 200 7382 "https://www.biotechprocleaners.com/product/trash-bin-cleaner/?attribute_pa_size=220-l" "Mozilla/5.0 (X11; Linux x86_64) AppleWebKit/537.36 (KHTML, like Gecko) Chrome/148.0.0.0 Safari/537.36 Edg/148.0.0.0"
100.60.35.16 - - [17/Aug/2026:06:50:57 -0400] "GET /wp-includes/js/dist/dom-ready.min.js?ver=a06281ae5cf5500e9317 HTTP/1.1" 200 473 "https://www.biotechprocleaners.com/product/cleaner-degreaser-high-performance/?attribute_size=20+L" "Mozilla/5.0 (X11; Linux x86_64) AppleWebKit/537.36 (KHTML, like Gecko) Chrome/148.0.0.0 Safari/537.36"
100.28.188.130 - - [17/Aug/2026:06:50:57 -0400] "GET /wp-includes/js/jquery/jquery.masonry.min.js?ver=3.1.2b HTTP/1.1" 200 716 "https://www.biotechprocleaners.com/product/trash-bin-cleaner/?attribute_pa_size=220-l" "Mozilla/5.0 (X11; Linux x86_64) AppleWebKit/537.36 (KHTML, like Gecko) Chrome/148.0.0.0 Safari/537.36 Edg/148.0.0.0"
100.60.35.16 - - [17/Aug/2026:06:50:57 -0400] "GET /wp-content/plugins/woocommerce-payments/dist/frontend-tracks.js?ver=10.0.0 HTTP/1.1" 200 835 "https://www.biotechprocleaners.com/product/cleaner-degreaser-high-performance/?attribute_size=20+L" "Mozilla/5.0 (X11; Linux x86_64) AppleWebKit/537.36 (KHTML, like Gecko) Chrome/148.0.0.0 Safari/537.36"
100.28.188.130 - - [17/Aug/2026:06:50:57 -0400] "GET /wp-content/themes/amwerk/bold-page-builder/content_elements/bt_bb_masonry_portfolio_tiles/bt_bb_portfolio_tiles.js?ver=7.0.4 HTTP/1.1" 200 1201 "https://www.biotechprocleaners.com/product/trash-bin-cleaner/?attribute_pa_size=220-l" "Mozilla/5.0 (X11; Linux x86_64) AppleWebKit/537.36 (KHTML, like Gecko) Chrome/148.0.0.0 Safari/537.36 Edg/148.0.0.0"
100.28.188.130 - - [17/Aug/2026:06:50:57 -0400] "GET /wp-content/plugins/amwerk/shortcodes/back_to_top/js/back_to_top.js?ver=7.0.4 HTTP/1.1" 200 355 "https://www.biotechprocleaners.com/product/trash-bin-cleaner/?attribute_pa_size=220-l" "Mozilla/5.0 (X11; Linux x86_64) AppleWebKit/537.36 (KHTML, like Gecko) Chrome/148.0.0.0 Safari/537.36 Edg/148.0.0.0"
100.28.188.130 - - [17/Aug/2026:06:50:57 -0400] "GET /wp-includes/js/dist/dom-ready.min.js?ver=a06281ae5cf5500e9317 HTTP/1.1" 200 473 "https://www.biotechprocleaners.com/product/trash-bin-cleaner/?attribute_pa_size=220-l" "Mozilla/5.0 (X11; Linux x86_64) AppleWebKit/537.36 (KHTML, like Gecko) Chrome/148.0.0.0 Safari/537.36 Edg/148.0.0.0"
100.28.188.130 - - [17/Aug/2026:06:50:57 -0400] "GET /wp-content/plugins/woocommerce-payments/dist/frontend-tracks.js?ver=10.0.0 HTTP/1.1" 200 835 "https://www.biotechprocleaners.com/product/trash-bin-cleaner/?attribute_pa_size=220-l" "Mozilla/5.0 (X11; Linux x86_64) AppleWebKit/537.36 (KHTML, like Gecko) Chrome/148.0.0.0 Safari/537.36 Edg/148.0.0.0"
50.19.47.228 - - [17/Aug/2026:06:50:56 -0400] "GET /wp-content/themes/amwerk-child/custom-slider.css?ver=7.0.4 HTTP/1.1" 200 39519 "https://www.biotechprocleaners.com/product/cleaner-degreaser-high-performance/?attribute_size=20+L" "Mozilla/5.0 (X11; Linux x86_64) AppleWebKit/537.36 (KHTML, like Gecko) Chrome/148.0.0.0 Safari/537.36"
100.60.35.16 - - [17/Aug/2026:06:50:57 -0400] "GET /wp-content/plugins/woocommerce/assets/js/jquery-blockui/jquery.blockUI.min.js?ver=2.7.0-wc.10.2.4 HTTP/1.1" 200 3537 "https://www.biotechprocleaners.com/product/cleaner-degreaser-high-performance/?attribute_size=20+L" "Mozilla/5.0 (X11; Linux x86_64) AppleWebKit/537.36 (KHTML, like Gecko) Chrome/148.0.0.0 Safari/537.36"
100.28.188.130 - - [17/Aug/2026:06:50:57 -0400] "GET /wp-content/plugins/woocommerce/assets/js/photoswipe/photoswipe-ui-default.min.js?ver=4.1.1-wc.10.2.4 HTTP/1.1" 200 3674 "https://www.biotechprocleaners.com/product/cleaner-degreaser-high-performance/?attribute_size=20+L" "Mozilla/5.0 (X11; Linux x86_64) AppleWebKit/537.36 (KHTML, like Gecko) Chrome/148.0.0.0 Safari/537.36"
100.60.35.16 - - [17/Aug/2026:06:50:57 -0400] "GET /wp-content/plugins/woocommerce/assets/js/frontend/add-to-cart.min.js?ver=10.2.4 HTTP/1.1" 200 1368 "https://www.biotechprocleaners.com/product/cleaner-degreaser-high-performance/?attribute_size=20+L" "Mozilla/5.0 (X11; Linux x86_64) AppleWebKit/537.36 (KHTML, like Gecko) Chrome/148.0.0.0 Safari/537.36"
3.227.170.148 - - [17/Aug/2026:06:50:57 -0400] "GET /wp-content/plugins/woocommerce/assets/js/zoom/jquery.zoom.min.js?ver=1.7.21-wc.10.2.4 HTTP/1.1" 200 1192 "https://www.biotechprocleaners.com/product/cleaner-degreaser-high-performance/?attribute_size=20+L" "Mozilla/5.0 (X11; Linux x86_64) AppleWebKit/537.36 (KHTML, like Gecko) Chrome/148.0.0.0 Safari/537.36"
50.19.47.228 - - [17/Aug/2026:06:50:57 -0400] "GET /wp-content/plugins/woocommerce/assets/js/photoswipe/photoswipe.min.js?ver=4.1.1-wc.10.2.4 HTTP/1.1" 200 12042 "https://www.biotechprocleaners.com/product/cleaner-degreaser-high-performance/?attribute_size=20+L" "Mozilla/5.0 (X11; Linux x86_64) AppleWebKit/537.36 (KHTML, like Gecko) Chrome/148.0.0.0 Safari/537.36"
44.208.210.193 - - [17/Aug/2026:06:50:56 -0400] "GET /wp-content/themes/amwerk-child/custom-slider.css?ver=7.0.4 HTTP/1.1" 200 39517 "https://www.biotechprocleaners.com/product/trash-bin-cleaner/?attribute_pa_size=220-l" "Mozilla/5.0 (X11; Linux x86_64) AppleWebKit/537.36 (KHTML, like Gecko) Chrome/148.0.0.0 Safari/537.36 Edg/148.0.0.0"
100.28.188.130 - - [17/Aug/2026:06:50:58 -0400] "GET /wp-content/plugins/woocommerce/assets/js/frontend/single-product.min.js?ver=10.2.4 HTTP/1.1" 200 2917 "https://www.biotechprocleaners.com/product/cleaner-degreaser-high-performance/?attribute_size=20+L" "Mozilla/5.0 (X11; Linux x86_64) AppleWebKit/537.36 (KHTML, like Gecko) Chrome/148.0.0.0 Safari/537.36"
100.28.188.130 - - [17/Aug/2026:06:50:58 -0400] "GET /wp-content/plugins/woocommerce/assets/js/jquery-blockui/jquery.blockUI.min.js?ver=2.7.0-wc.10.2.4 HTTP/1.1" 200 3537 "https://www.biotechprocleaners.com/product/trash-bin-cleaner/?attribute_pa_size=220-l" "Mozilla/5.0 (X11; Linux x86_64) AppleWebKit/537.36 (KHTML, like Gecko) Chrome/148.0.0.0 Safari/537.36 Edg/148.0.0.0"
3.227.170.148 - - [17/Aug/2026:06:50:58 -0400] "GET /wp-content/plugins/woocommerce/assets/js/js-cookie/js.cookie.min.js?ver=2.1.4-wc.10.2.4 HTTP/1.1" 200 833 "https://www.biotechprocleaners.com/product/cleaner-degreaser-high-performance/?attribute_size=20+L" "Mozilla/5.0 (X11; Linux x86_64) AppleWebKit/537.36 (KHTML, like Gecko) Chrome/148.0.0.0 Safari/537.36"
50.19.47.228 - - [17/Aug/2026:06:50:58 -0400] "GET /wp-content/plugins/woocommerce/assets/js/frontend/woocommerce.min.js?ver=10.2.4 HTTP/1.1" 200 1474 "https://www.biotechprocleaners.com/product/cleaner-degreaser-high-performance/?attribute_size=20+L" "Mozilla/5.0 (X11; Linux x86_64) AppleWebKit/537.36 (KHTML, like Gecko) Chrome/148.0.0.0 Safari/537.36"
54.163.142.183 - - [17/Aug/2026:06:50:58 -0400] "GET /wp-content/uploads/2024/02/Food-Industry.jpg HTTP/1.1" 200 68418 "https://www.biotechprocleaners.com/product/cleaner-degreaser-high-performance/?attribute_size=20+L" "Mozilla/5.0 (X11; Linux x86_64) AppleWebKit/537.36 (KHTML, like Gecko) Chrome/148.0.0.0 Safari/537.36"
100.28.188.130 - - [17/Aug/2026:06:50:58 -0400] "GET /wp-content/uploads/2024/02/Corporate-Residential-Buildings.jpg HTTP/1.1" 200 107754 "https://www.biotechprocleaners.com/product/cleaner-degreaser-high-performance/?attribute_size=20+L" "Mozilla/5.0 (X11; Linux x86_64) AppleWebKit/537.36 (KHTML, like Gecko) Chrome/148.0.0.0 Safari/537.36"
3.227.170.148 - - [17/Aug/2026:06:50:58 -0400] "GET /wp-content/uploads/2024/02/Hospitality-Industry.jpg HTTP/1.1" 200 84885 "https://www.biotechprocleaners.com/product/cleaner-degreaser-high-performance/?attribute_size=20+L" "Mozilla/5.0 (X11; Linux x86_64) AppleWebKit/537.36 (KHTML, like Gecko) Chrome/148.0.0.0 Safari/537.36"
100.28.188.130 - - [17/Aug/2026:06:50:58 -0400] "GET /wp-content/plugins/woocommerce/assets/js/frontend/add-to-cart.min.js?ver=10.2.4 HTTP/1.1" 200 1368 "https://www.biotechprocleaners.com/product/trash-bin-cleaner/?attribute_pa_size=220-l" "Mozilla/5.0 (X11; Linux x86_64) AppleWebKit/537.36 (KHTML, like Gecko) Chrome/148.0.0.0 Safari/537.36 Edg/148.0.0.0"
100.60.35.16 - - [17/Aug/2026:06:50:58 -0400] "GET /wp-content/uploads/2024/02/Logistics-Transportation.jpg HTTP/1.1" 200 219251 "https://www.biotechprocleaners.com/product/cleaner-degreaser-high-performance/?attribute_size=20+L" "Mozilla/5.0 (X11; Linux x86_64) AppleWebKit/537.36 (KHTML, like Gecko) Chrome/148.0.0.0 Safari/537.36"
50.19.47.228 - - [17/Aug/2026:06:50:58 -0400] "GET /wp-content/uploads/2024/02/Recreational-Convention-Centers.jpg HTTP/1.1" 200 176455 "https://www.biotechprocleaners.com/product/cleaner-degreaser-high-performance/?attribute_size=20+L" "Mozilla/5.0 (X11; Linux x86_64) AppleWebKit/537.36 (KHTML, like Gecko) Chrome/148.0.0.0 Safari/537.36"
44.208.210.193 - - [17/Aug/2026:06:50:58 -0400] "GET /wp-content/plugins/woocommerce/assets/js/zoom/jquery.zoom.min.js?ver=1.7.21-wc.10.2.4 HTTP/1.1" 200 1192 "https://www.biotechprocleaners.com/product/trash-bin-cleaner/?attribute_pa_size=220-l" "Mozilla/5.0 (X11; Linux x86_64) AppleWebKit/537.36 (KHTML, like Gecko) Chrome/148.0.0.0 Safari/537.36 Edg/148.0.0.0"
50.19.47.228 - - [17/Aug/2026:06:50:58 -0400] "GET /wp-content/plugins/woocommerce/assets/js/photoswipe/photoswipe.min.js?ver=4.1.1-wc.10.2.4 HTTP/1.1" 200 12042 "https://www.biotechprocleaners.com/product/trash-bin-cleaner/?attribute_pa_size=220-l" "Mozilla/5.0 (X11; Linux x86_64) AppleWebKit/537.36 (KHTML, like Gecko) Chrome/148.0.0.0 Safari/537.36 Edg/148.0.0.0"
44.208.210.193 - - [17/Aug/2026:06:50:58 -0400] "GET /wp-content/plugins/woocommerce/assets/js/photoswipe/photoswipe-ui-default.min.js?ver=4.1.1-wc.10.2.4 HTTP/1.1" 200 3674 "https://www.biotechprocleaners.com/product/trash-bin-cleaner/?attribute_pa_size=220-l" "Mozilla/5.0 (X11; Linux x86_64) AppleWebKit/537.36 (KHTML, like Gecko) Chrome/148.0.0.0 Safari/537.36 Edg/148.0.0.0"
100.28.188.130 - - [17/Aug/2026:06:50:58 -0400] "GET /wp-content/themes/amwerk/fonts/FontAwesome/FontAwesome.woff HTTP/1.1" 200 97913 "https://www.biotechprocleaners.com/product/cleaner-degreaser-high-performance/?attribute_size=20+L" "Mozilla/5.0 (X11; Linux x86_64) AppleWebKit/537.36 (KHTML, like Gecko) Chrome/148.0.0.0 Safari/537.36"
100.28.188.130 - - [17/Aug/2026:06:50:58 -0400] "GET /wp-content/plugins/woocommerce/assets/js/frontend/single-product.min.js?ver=10.2.4 HTTP/1.1" 200 2917 "https://www.biotechprocleaners.com/product/trash-bin-cleaner/?attribute_pa_size=220-l" "Mozilla/5.0 (X11; Linux x86_64) AppleWebKit/537.36 (KHTML, like Gecko) Chrome/148.0.0.0 Safari/537.36 Edg/148.0.0.0"
44.208.210.193 - - [17/Aug/2026:06:50:58 -0400] "GET /wp-content/plugins/woocommerce/assets/js/js-cookie/js.cookie.min.js?ver=2.1.4-wc.10.2.4 HTTP/1.1" 200 833 "https://www.biotechprocleaners.com/product/trash-bin-cleaner/?attribute_pa_size=220-l" "Mozilla/5.0 (X11; Linux x86_64) AppleWebKit/537.36 (KHTML, like Gecko) Chrome/148.0.0.0 Safari/537.36 Edg/148.0.0.0"
44.208.210.193 - - [17/Aug/2026:06:50:58 -0400] "GET /wp-content/plugins/woocommerce/assets/js/frontend/woocommerce.min.js?ver=10.2.4 HTTP/1.1" 200 1474 "https://www.biotechprocleaners.com/product/trash-bin-cleaner/?attribute_pa_size=220-l" "Mozilla/5.0 (X11; Linux x86_64) AppleWebKit/537.36 (KHTML, like Gecko) Chrome/148.0.0.0 Safari/537.36 Edg/148.0.0.0"
3.227.170.148 - - [17/Aug/2026:06:50:58 -0400] "GET /wp-content/uploads/2024/02/Food-Industry.jpg HTTP/1.1" 200 68418 "https://www.biotechprocleaners.com/product/trash-bin-cleaner/?attribute_pa_size=220-l" "Mozilla/5.0 (X11; Linux x86_64) AppleWebKit/537.36 (KHTML, like Gecko) Chrome/148.0.0.0 Safari/537.36 Edg/148.0.0.0"
54.163.142.183 - - [17/Aug/2026:06:50:58 -0400] "GET /wp-content/uploads/2024/02/btp-Item-page-top-banner.jpg HTTP/1.1" 200 799173 "https://www.biotechprocleaners.com/product/cleaner-degreaser-high-performance/?attribute_size=20+L" "Mozilla/5.0 (X11; Linux x86_64) AppleWebKit/537.36 (KHTML, like Gecko) Chrome/148.0.0.0 Safari/537.36"
3.227.170.148 - - [17/Aug/2026:06:50:58 -0400] "GET /wp-content/themes/amwerk/fonts/Icon7Stroke/Icon7Stroke.woff HTTP/1.1" 200 28526 "https://www.biotechprocleaners.com/product/cleaner-degreaser-high-performance/?attribute_size=20+L" "Mozilla/5.0 (X11; Linux x86_64) AppleWebKit/537.36 (KHTML, like Gecko) Chrome/148.0.0.0 Safari/537.36"
50.19.47.228 - - [17/Aug/2026:06:50:58 -0400] "GET /wp-content/uploads/2024/02/Logistics-Transportation.jpg HTTP/1.1" 200 219251 "https://www.biotechprocleaners.com/product/trash-bin-cleaner/?attribute_pa_size=220-l" "Mozilla/5.0 (X11; Linux x86_64) AppleWebKit/537.36 (KHTML, like Gecko) Chrome/148.0.0.0 Safari/537.36 Edg/148.0.0.0"
100.28.188.130 - - [17/Aug/2026:06:50:58 -0400] "GET /wp-content/uploads/2024/02/Corporate-Residential-Buildings.jpg HTTP/1.1" 200 107754 "https://www.biotechprocleaners.com/product/trash-bin-cleaner/?attribute_pa_size=220-l" "Mozilla/5.0 (X11; Linux x86_64) AppleWebKit/537.36 (KHTML, like Gecko) Chrome/148.0.0.0 Safari/537.36 Edg/148.0.0.0"
44.208.210.193 - - [17/Aug/2026:06:50:58 -0400] "GET /wp-content/uploads/2024/02/Recreational-Convention-Centers.jpg HTTP/1.1" 200 176455 "https://www.biotechprocleaners.com/product/trash-bin-cleaner/?attribute_pa_size=220-l" "Mozilla/5.0 (X11; Linux x86_64) AppleWebKit/537.36 (KHTML, like Gecko) Chrome/148.0.0.0 Safari/537.36 Edg/148.0.0.0"
44.208.210.193 - - [17/Aug/2026:06:50:58 -0400] "GET /wp-content/uploads/2024/02/Hospitality-Industry.jpg HTTP/1.1" 200 84885 "https://www.biotechprocleaners.com/product/trash-bin-cleaner/?attribute_pa_size=220-l" "Mozilla/5.0 (X11; Linux x86_64) AppleWebKit/537.36 (KHTML, like Gecko) Chrome/148.0.0.0 Safari/537.36 Edg/148.0.0.0"
50.19.47.228 - - [17/Aug/2026:06:50:58 -0400] "GET /wp-content/themes/amwerk/fonts/Charts/Charts.woff HTTP/1.1" 200 18429 "https://www.biotechprocleaners.com/product/cleaner-degreaser-high-performance/?attribute_size=20+L" "Mozilla/5.0 (X11; Linux x86_64) AppleWebKit/537.36 (KHTML, like Gecko) Chrome/148.0.0.0 Safari/537.36"
100.60.35.16 - - [17/Aug/2026:06:50:58 -0400] "GET /wp-content/themes/amwerk/fonts/FontAwesome5Solid/FontAwesome5Solid.woff HTTP/1.1" 200 104027 "https://www.biotechprocleaners.com/product/cleaner-degreaser-high-performance/?attribute_size=20+L" "Mozilla/5.0 (X11; Linux x86_64) AppleWebKit/537.36 (KHTML, like Gecko) Chrome/148.0.0.0 Safari/537.36"
