69.39.225.240 - - [17/Aug/2026:01:07:45 -0400] "GET /news/news-tiles-six-columns/ HTTP/1.1" 200 16384 "-" "WP Rocket/Preload Mozilla/5.0 (iPhone; CPU iPhone OS 9_1 like Mac OS X) AppleWebKit/601.1.46 (KHTML, like Gecko) Version/9.0 Mobile/13B143 Safari/601.1"
69.39.225.240 - - [17/Aug/2026:01:07:46 -0400] "GET /about-us/location/ HTTP/1.1" 200 16384 "-" "WP Rocket/Preload"
69.39.225.240 - - [17/Aug/2026:01:07:48 -0400] "GET /about-us/location/ HTTP/1.1" 200 16384 "-" "WP Rocket/Preload Mozilla/5.0 (iPhone; CPU iPhone OS 9_1 like Mac OS X) AppleWebKit/601.1.46 (KHTML, like Gecko) Version/9.0 Mobile/13B143 Safari/601.1"
69.39.225.240 - - [17/Aug/2026:01:07:49 -0400] "GET /2022/05/ HTTP/1.1" 200 16384 "-" "WP Rocket/Preload"
69.39.225.240 - - [17/Aug/2026:01:07:51 -0400] "GET /2022/05/ HTTP/1.1" 200 16384 "-" "WP Rocket/Preload Mozilla/5.0 (iPhone; CPU iPhone OS 9_1 like Mac OS X) AppleWebKit/601.1.46 (KHTML, like Gecko) Version/9.0 Mobile/13B143 Safari/601.1"
69.39.225.240 - - [17/Aug/2026:01:07:52 -0400] "GET /2020/08/ HTTP/1.1" 200 16384 "-" "WP Rocket/Preload"
69.39.225.240 - - [17/Aug/2026:01:07:54 -0400] "GET /2020/08/ HTTP/1.1" 200 16384 "-" "WP Rocket/Preload Mozilla/5.0 (iPhone; CPU iPhone OS 9_1 like Mac OS X) AppleWebKit/601.1.46 (KHTML, like Gecko) Version/9.0 Mobile/13B143 Safari/601.1"
69.39.225.240 - - [17/Aug/2026:01:07:55 -0400] "GET /portfolio_category/production/ HTTP/1.1" 200 16384 "-" "WP Rocket/Preload"
69.39.225.240 - - [17/Aug/2026:01:07:57 -0400] "GET /portfolio_category/production/ HTTP/1.1" 200 16384 "-" "WP Rocket/Preload Mozilla/5.0 (iPhone; CPU iPhone OS 9_1 like Mac OS X) AppleWebKit/601.1.46 (KHTML, like Gecko) Version/9.0 Mobile/13B143 Safari/601.1"
69.39.225.240 - - [17/Aug/2026:01:07:58 -0400] "GET /portfolio_category/tools/ HTTP/1.1" 200 16384 "-" "WP Rocket/Preload"
69.39.225.240 - - [17/Aug/2026:01:08:00 -0400] "GET /portfolio_category/tools/ HTTP/1.1" 200 16384 "-" "WP Rocket/Preload Mozilla/5.0 (iPhone; CPU iPhone OS 9_1 like Mac OS X) AppleWebKit/601.1.46 (KHTML, like Gecko) Version/9.0 Mobile/13B143 Safari/601.1"
69.39.225.240 - - [17/Aug/2026:01:08:42 -0400] "POST /wp-cron.php?doing_wp_cron=1786943322.4614679813385009765625 HTTP/1.1" 200 20 "-" "WordPress/7.0.4; https://www.biotechprocleaners.com"
23.20.178.124 - - [17/Aug/2026:01:08:40 -0400] "GET /product-category/recreational-convention-centers/?surfaces=plastic-kitchenware HTTP/1.1" 200 46900 "-" "Mozilla/5.0 AppleWebKit/537.36 (KHTML, like Gecko; compatible; Amazonbot/0.1; +https://developer.amazon.com/support/amazonbot) Chrome/119.0.6045.214 Safari/537.36"
69.39.225.240 - - [17/Aug/2026:01:08:44 -0400] "GET /portfolio_category/manufacture/ HTTP/1.1" 200 41816 "-" "WP Rocket/Preload"
69.39.225.240 - - [17/Aug/2026:01:08:46 -0400] "GET /portfolio_category/manufacture/ HTTP/1.1" 200 16384 "-" "WP Rocket/Preload Mozilla/5.0 (iPhone; CPU iPhone OS 9_1 like Mac OS X) AppleWebKit/601.1.46 (KHTML, like Gecko) Version/9.0 Mobile/13B143 Safari/601.1"
69.39.225.240 - - [17/Aug/2026:01:08:48 -0400] "GET /2020/07/ HTTP/1.1" 200 16384 "-" "WP Rocket/Preload"
69.39.225.240 - - [17/Aug/2026:01:08:49 -0400] "GET /2020/07/ HTTP/1.1" 200 16384 "-" "WP Rocket/Preload Mozilla/5.0 (iPhone; CPU iPhone OS 9_1 like Mac OS X) AppleWebKit/601.1.46 (KHTML, like Gecko) Version/9.0 Mobile/13B143 Safari/601.1"
69.39.225.240 - - [17/Aug/2026:01:08:51 -0400] "GET /portfolio_category/construction/ HTTP/1.1" 200 16384 "-" "WP Rocket/Preload"
69.39.225.240 - - [17/Aug/2026:01:08:52 -0400] "GET /portfolio_category/construction/ HTTP/1.1" 200 41266 "-" "WP Rocket/Preload Mozilla/5.0 (iPhone; CPU iPhone OS 9_1 like Mac OS X) AppleWebKit/601.1.46 (KHTML, like Gecko) Version/9.0 Mobile/13B143 Safari/601.1"
69.39.225.240 - - [17/Aug/2026:01:08:53 -0400] "GET /area/glass/ HTTP/1.1" 200 16384 "-" "WP Rocket/Preload"
69.39.225.240 - - [17/Aug/2026:01:08:54 -0400] "GET /area/glass/ HTTP/1.1" 200 16384 "-" "WP Rocket/Preload Mozilla/5.0 (iPhone; CPU iPhone OS 9_1 like Mac OS X) AppleWebKit/601.1.46 (KHTML, like Gecko) Version/9.0 Mobile/13B143 Safari/601.1"
69.39.225.240 - - [17/Aug/2026:01:08:56 -0400] "GET /area/dishwsaher/ HTTP/1.1" 200 16384 "-" "WP Rocket/Preload"
69.39.225.240 - - [17/Aug/2026:01:08:57 -0400] "GET /area/dishwsaher/ HTTP/1.1" 200 16384 "-" "WP Rocket/Preload Mozilla/5.0 (iPhone; CPU iPhone OS 9_1 like Mac OS X) AppleWebKit/601.1.46 (KHTML, like Gecko) Version/9.0 Mobile/13B143 Safari/601.1"
69.39.225.240 - - [17/Aug/2026:01:08:59 -0400] "GET /area/all-fabrics/ HTTP/1.1" 200 16384 "-" "WP Rocket/Preload"
69.39.225.240 - - [17/Aug/2026:01:09:00 -0400] "GET /area/all-fabrics/ HTTP/1.1" 200 16384 "-" "WP Rocket/Preload Mozilla/5.0 (iPhone; CPU iPhone OS 9_1 like Mac OS X) AppleWebKit/601.1.46 (KHTML, like Gecko) Version/9.0 Mobile/13B143 Safari/601.1"
69.39.225.240 - - [17/Aug/2026:01:09:02 -0400] "GET /area/covers/ HTTP/1.1" 200 16384 "-" "WP Rocket/Preload"
69.39.225.240 - - [17/Aug/2026:01:09:03 -0400] "GET /area/covers/ HTTP/1.1" 200 16384 "-" "WP Rocket/Preload Mozilla/5.0 (iPhone; CPU iPhone OS 9_1 like Mac OS X) AppleWebKit/601.1.46 (KHTML, like Gecko) Version/9.0 Mobile/13B143 Safari/601.1"
69.39.225.240 - - [17/Aug/2026:01:10:39 -0400] "POST /wp-cron.php?doing_wp_cron=1786943439.1145648956298828125000 HTTP/1.1" 200 20 "-" "WordPress/7.0.4; https://www.biotechprocleaners.com"
18.207.89.138 - - [17/Aug/2026:01:10:37 -0400] "GET /product-category/manufacturing-industries/?surfaces=furniture HTTP/1.1" 200 46873 "-" "Mozilla/5.0 AppleWebKit/537.36 (KHTML, like Gecko; compatible; Amazonbot/0.1; +https://developer.amazon.com/support/amazonbot) Chrome/119.0.6045.214 Safari/537.36"
69.39.225.240 - - [17/Aug/2026:01:10:40 -0400] "GET /area/synthetic-textiles/ HTTP/1.1" 200 48253 "-" "WP Rocket/Preload"
69.39.225.240 - - [17/Aug/2026:01:10:42 -0400] "GET /area/synthetic-textiles/ HTTP/1.1" 200 16384 "-" "WP Rocket/Preload Mozilla/5.0 (iPhone; CPU iPhone OS 9_1 like Mac OS X) AppleWebKit/601.1.46 (KHTML, like Gecko) Version/9.0 Mobile/13B143 Safari/601.1"
69.39.225.240 - - [17/Aug/2026:01:10:44 -0400] "GET /area/textiles/ HTTP/1.1" 200 16384 "-" "WP Rocket/Preload"
69.39.225.240 - - [17/Aug/2026:01:10:45 -0400] "GET /area/textiles/ HTTP/1.1" 200 16384 "-" "WP Rocket/Preload Mozilla/5.0 (iPhone; CPU iPhone OS 9_1 like Mac OS X) AppleWebKit/601.1.46 (KHTML, like Gecko) Version/9.0 Mobile/13B143 Safari/601.1"
69.39.225.240 - - [17/Aug/2026:01:10:47 -0400] "GET /area/limescales/ HTTP/1.1" 200 16384 "-" "WP Rocket/Preload"
69.39.225.240 - - [17/Aug/2026:01:10:48 -0400] "GET /area/limescales/ HTTP/1.1" 200 16384 "-" "WP Rocket/Preload Mozilla/5.0 (iPhone; CPU iPhone OS 9_1 like Mac OS X) AppleWebKit/601.1.46 (KHTML, like Gecko) Version/9.0 Mobile/13B143 Safari/601.1"
69.39.225.240 - - [17/Aug/2026:01:10:50 -0400] "GET /area/mineral-deposits/ HTTP/1.1" 200 16384 "-" "WP Rocket/Preload"
69.39.225.240 - - [17/Aug/2026:01:10:51 -0400] "GET /area/mineral-deposits/ HTTP/1.1" 200 16384 "-" "WP Rocket/Preload Mozilla/5.0 (iPhone; CPU iPhone OS 9_1 like Mac OS X) AppleWebKit/601.1.46 (KHTML, like Gecko) Version/9.0 Mobile/13B143 Safari/601.1"
69.39.225.240 - - [17/Aug/2026:01:10:53 -0400] "GET /area/soap-scum/ HTTP/1.1" 200 16384 "-" "WP Rocket/Preload"
69.39.225.240 - - [17/Aug/2026:01:10:54 -0400] "GET /area/soap-scum/ HTTP/1.1" 200 16384 "-" "WP Rocket/Preload Mozilla/5.0 (iPhone; CPU iPhone OS 9_1 like Mac OS X) AppleWebKit/601.1.46 (KHTML, like Gecko) Version/9.0 Mobile/13B143 Safari/601.1"
69.39.225.240 - - [17/Aug/2026:01:10:56 -0400] "GET /area/grease-residues/ HTTP/1.1" 200 16384 "-" "WP Rocket/Preload"
69.39.225.240 - - [17/Aug/2026:01:10:57 -0400] "GET /area/grease-residues/ HTTP/1.1" 200 16384 "-" "WP Rocket/Preload Mozilla/5.0 (iPhone; CPU iPhone OS 9_1 like Mac OS X) AppleWebKit/601.1.46 (KHTML, like Gecko) Version/9.0 Mobile/13B143 Safari/601.1"
69.39.225.240 - - [17/Aug/2026:01:10:59 -0400] "GET /product/fragranced-floor-cleaner/ HTTP/1.1" 200 46856 "-" "WP Rocket/Preload"
69.39.225.240 - - [17/Aug/2026:01:10:59 -0400] "GET /product/fragranced-floor-cleaner/ HTTP/1.1" 200 16384 "-" "WP Rocket/Preload Mozilla/5.0 (iPhone; CPU iPhone OS 9_1 like Mac OS X) AppleWebKit/601.1.46 (KHTML, like Gecko) Version/9.0 Mobile/13B143 Safari/601.1"
54.167.32.123 - - [17/Aug/2026:01:11:04 -0400] "GET /product-category/recreational-convention-centers/?areas=natural-stones HTTP/1.1" 200 40727 "-" "Mozilla/5.0 AppleWebKit/537.36 (KHTML, like Gecko; compatible; Amazonbot/0.1; +https://developer.amazon.com/support/amazonbot) Chrome/119.0.6045.214 Safari/537.36"
69.39.225.240 - - [17/Aug/2026:01:11:17 -0400] "POST /wp-cron.php?doing_wp_cron=1786943477.4367680549621582031250 HTTP/1.1" 200 20 "-" "WordPress/7.0.4; https://www.biotechprocleaners.com"
98.83.177.42 - - [17/Aug/2026:01:11:16 -0400] "GET /product-category/healthcare/?amp&surfaces=plastic-panels HTTP/1.1" 200 46963 "-" "Mozilla/5.0 AppleWebKit/537.36 (KHTML, like Gecko; compatible; Amazonbot/0.1; +https://developer.amazon.com/support/amazonbot) Chrome/119.0.6045.214 Safari/537.36"
69.39.225.240 - - [17/Aug/2026:01:11:18 -0400] "GET / HTTP/1.1" 200 49542 "-" "WP Rocket/Preload"
69.39.225.240 - - [17/Aug/2026:01:11:19 -0400] "GET / HTTP/1.1" 200 16384 "-" "WP Rocket/Preload Mozilla/5.0 (iPhone; CPU iPhone OS 9_1 like Mac OS X) AppleWebKit/601.1.46 (KHTML, like Gecko) Version/9.0 Mobile/13B143 Safari/601.1"
34.194.95.99 - - [17/Aug/2026:01:11:20 -0400] "GET /wp-json/wp/v2/product_cat/53 HTTP/1.1" 200 1602 "-" "Mozilla/5.0 AppleWebKit/537.36 (KHTML, like Gecko; compatible; Amazonbot/0.1; +https://developer.amazon.com/support/amazonbot) Chrome/119.0.6045.214 Safari/537.36"
184.72.95.195 - - [17/Aug/2026:01:12:40 -0400] "GET /wp-content/uploads/2024/08/7-Government-Public-Sector-36x16.png HTTP/1.1" 200 1687 "-" "Mozilla/5.0 AppleWebKit/537.36 (KHTML, like Gecko; compatible; Amazonbot/0.1; +https://developer.amazon.com/support/amazonbot) Chrome/119.0.6045.214 Safari/537.36"
69.39.225.240 - - [17/Aug/2026:01:13:00 -0400] "POST /wp-cron.php?doing_wp_cron=1786943580.6254389286041259765625 HTTP/1.1" 200 20 "-" "WordPress/7.0.4; https://www.biotechprocleaners.com"
54.225.148.123 - - [17/Aug/2026:01:12:59 -0400] "GET /surface/counter-tops/?amp&surfaces=tiles HTTP/1.1" 200 47772 "-" "Mozilla/5.0 AppleWebKit/537.36 (KHTML, like Gecko; compatible; Amazonbot/0.1; +https://developer.amazon.com/support/amazonbot) Chrome/119.0.6045.214 Safari/537.36"
69.39.225.240 - - [17/Aug/2026:01:23:05 -0400] "POST /wp-cron.php?doing_wp_cron=1786944185.8288710117340087890625 HTTP/1.1" 200 20 "-" "WordPress/7.0.4; https://www.biotechprocleaners.com"
44.223.232.55 - - [17/Aug/2026:01:23:04 -0400] "GET /area/hardwood-floors/?areas=porcelain-tiles HTTP/1.1" 200 47454 "-" "Mozilla/5.0 AppleWebKit/537.36 (KHTML, like Gecko; compatible; Amazonbot/0.1; +https://developer.amazon.com/support/amazonbot) Chrome/119.0.6045.214 Safari/537.36"
52.203.65.83 - - [17/Aug/2026:01:23:09 -0400] "GET /area/all-fabrics/?areas=sheets HTTP/1.1" 200 47353 "-" "Mozilla/5.0 AppleWebKit/537.36 (KHTML, like Gecko; compatible; Amazonbot/0.1; +https://developer.amazon.com/support/amazonbot) Chrome/119.0.6045.214 Safari/537.36"
69.39.225.240 - - [17/Aug/2026:01:23:13 -0400] "POST /wp-cron.php?doing_wp_cron=1786944193.6499700546264648437500 HTTP/1.1" 200 20 "-" "WordPress/7.0.4; https://www.biotechprocleaners.com"
34.227.156.153 - - [17/Aug/2026:01:23:12 -0400] "GET /surface/worktops/?surfaces=counter-tops HTTP/1.1" 200 47385 "-" "Mozilla/5.0 AppleWebKit/537.36 (KHTML, like Gecko; compatible; Amazonbot/0.1; +https://developer.amazon.com/support/amazonbot) Chrome/119.0.6045.214 Safari/537.36"
52.200.142.199 - - [17/Aug/2026:01:23:16 -0400] "GET /product-category/government/?surfaces=panels HTTP/1.1" 200 47115 "-" "Mozilla/5.0 AppleWebKit/537.36 (KHTML, like Gecko; compatible; Amazonbot/0.1; +https://developer.amazon.com/support/amazonbot) Chrome/119.0.6045.214 Safari/537.36"
114.119.132.163 - - [17/Aug/2026:01:26:01 -0400] "GET /surface/concrete/ HTTP/1.1" 200 47861 "https://www.biotechprocleaners.com/surface/concrete/" "Mozilla/5.0 (Linux; Android 7.0;) AppleWebKit/537.36 (HTML, like Gecko) Mobile Safari/537.36 (compatible; PetalBot;+https://webmaster.petalsearch.com/site/petalbot)"
47.254.47.156 - - [17/Aug/2026:01:28:03 -0400] "GET / HTTP/1.1" 200 49538 "http://www.biotechprocleaners.com" "Mozilla/5.0 (iPhone; CPU iPhone OS 13_2_3 like Mac OS X) AppleWebKit/605.1.15 (KHTML, like Gecko) Version/13.0.3 Mobile/15E148 Safari/604.1"
69.39.225.240 - - [17/Aug/2026:01:30:35 -0400] "POST /wp-cron.php?doing_wp_cron=1786944635.1328909397125244140625 HTTP/1.1" 200 20 "-" "WordPress/7.0.4; https://www.biotechprocleaners.com"
173.252.82.47 - - [17/Aug/2026:01:30:33 -0400] "GET /robots.txt HTTP/1.1" 200 206 "-" "facebookexternalhit/1.1 (+http://www.facebook.com/externalhit_uatext.php)"
57.141.4.73 - - [17/Aug/2026:01:30:38 -0400] "GET /area/covers/ HTTP/1.1" 200 47566 "-" "Mozilla/5.0 (Macintosh; Intel Mac OS X 10_15_7) AppleWebKit/537.36 (KHTML, like Gecko) Chrome/145.0.0.0 Safari/537.36 (compatible; meta-externalagent/1.1 (+https://developers.facebook.com/docs/sharing/webmasters/crawler))"
69.39.225.240 - - [17/Aug/2026:01:33:53 -0400] "POST /wp-cron.php?doing_wp_cron=1786944833.6550669670104980468750 HTTP/1.1" 200 20 "-" "WordPress/7.0.4; https://www.biotechprocleaners.com"
34.195.16.23 - - [17/Aug/2026:01:33:52 -0400] "GET /robots.txt HTTP/1.1" 200 206 "-" "Mozilla/5.0 (Macintosh; Intel Mac OS X 10_10_1) AppleWebKit/600.2.5 (KHTML, like Gecko) Version/8.0.2 Safari/600.2.5 (Gort)"
69.39.225.240 - - [17/Aug/2026:01:37:15 -0400] "POST /wp-cron.php?doing_wp_cron=1786945035.1239459514617919921875 HTTP/1.1" 200 20 "-" "WordPress/7.0.4; https://www.biotechprocleaners.com"
52.44.229.124 - - [17/Aug/2026:01:37:13 -0400] "GET /surface/workshops/?areas=windows-glass HTTP/1.1" 200 32379 "-" "Mozilla/5.0 AppleWebKit/537.36 (KHTML, like Gecko; compatible; Amazonbot/0.1; +https://developer.amazon.com/support/amazonbot) Chrome/119.0.6045.214 Safari/537.36"
184.72.84.154 - - [17/Aug/2026:01:37:28 -0400] "GET /surface/workshops/?areas=soap-scum HTTP/1.1" 200 32378 "-" "Mozilla/5.0 AppleWebKit/537.36 (KHTML, like Gecko; compatible; Amazonbot/0.1; +https://developer.amazon.com/support/amazonbot) Chrome/119.0.6045.214 Safari/537.36"
54.197.114.76 - - [17/Aug/2026:01:37:32 -0400] "GET /surface/workshops/?surfaces=nicotine HTTP/1.1" 200 32374 "-" "Mozilla/5.0 AppleWebKit/537.36 (KHTML, like Gecko; compatible; Amazonbot/0.1; +https://developer.amazon.com/support/amazonbot) Chrome/119.0.6045.214 Safari/537.36"
3.93.98.99 - - [17/Aug/2026:01:37:36 -0400] "GET /surface/workshops/?areas=synthetic-textiles HTTP/1.1" 200 32385 "-" "Mozilla/5.0 AppleWebKit/537.36 (KHTML, like Gecko; compatible; Amazonbot/0.1; +https://developer.amazon.com/support/amazonbot) Chrome/119.0.6045.214 Safari/537.36"
69.39.225.240 - - [17/Aug/2026:01:37:41 -0400] "POST /wp-cron.php?doing_wp_cron=1786945061.4118969440460205078125 HTTP/1.1" 200 20 "-" "WordPress/7.0.4; https://www.biotechprocleaners.com"
3.213.106.226 - - [17/Aug/2026:01:37:40 -0400] "GET /surface/workshops/?surfaces=chromes HTTP/1.1" 200 32373 "-" "Mozilla/5.0 AppleWebKit/537.36 (KHTML, like Gecko; compatible; Amazonbot/0.1; +https://developer.amazon.com/support/amazonbot) Chrome/119.0.6045.214 Safari/537.36"
69.39.225.240 - - [17/Aug/2026:01:38:41 -0400] "POST /wp-cron.php?doing_wp_cron=1786945121.5015270709991455078125 HTTP/1.1" 200 20 "-" "WordPress/7.0.4; https://www.biotechprocleaners.com"
34.192.125.239 - - [17/Aug/2026:01:38:40 -0400] "GET /surface/kitchen/?amp&surfaces=painted-surfaces HTTP/1.1" 200 32385 "-" "Mozilla/5.0 AppleWebKit/537.36 (KHTML, like Gecko; compatible; Amazonbot/0.1; +https://developer.amazon.com/support/amazonbot) Chrome/119.0.6045.214 Safari/537.36"
69.39.225.240 - - [17/Aug/2026:01:39:45 -0400] "POST /wp-cron.php?doing_wp_cron=1786945185.5926980972290039062500 HTTP/1.1" 200 20 "-" "WordPress/7.0.4; https://www.biotechprocleaners.com"
3.219.81.66 - - [17/Aug/2026:01:39:44 -0400] "GET /surface/medical-equipment/?surfaces=toilets HTTP/1.1" 200 32392 "-" "Mozilla/5.0 AppleWebKit/537.36 (KHTML, like Gecko; compatible; Amazonbot/0.1; +https://developer.amazon.com/support/amazonbot) Chrome/119.0.6045.214 Safari/537.36"
44.205.180.155 - - [17/Aug/2026:01:39:56 -0400] "GET /surface/medical-equipment/?surfaces=plastic-kitchenware HTTP/1.1" 200 32404 "-" "Mozilla/5.0 AppleWebKit/537.36 (KHTML, like Gecko; compatible; Amazonbot/0.1; +https://developer.amazon.com/support/amazonbot) Chrome/119.0.6045.214 Safari/537.36"
69.39.225.240 - - [17/Aug/2026:01:40:45 -0400] "POST /wp-cron.php?doing_wp_cron=1786945245.7598190307617187500000 HTTP/1.1" 200 20 "-" "WordPress/7.0.4; https://www.biotechprocleaners.com"
44.212.232.231 - - [17/Aug/2026:01:40:44 -0400] "GET /surface/floors-in-plant/?areas=soap-scum HTTP/1.1" 200 32401 "-" "Mozilla/5.0 AppleWebKit/537.36 (KHTML, like Gecko; compatible; Amazonbot/0.1; +https://developer.amazon.com/support/amazonbot) Chrome/119.0.6045.214 Safari/537.36"
3.221.222.168 - - [17/Aug/2026:01:40:56 -0400] "GET /surface/floors-in-plant/?removals=removal2 HTTP/1.1" 200 32397 "-" "Mozilla/5.0 AppleWebKit/537.36 (KHTML, like Gecko; compatible; Amazonbot/0.1; +https://developer.amazon.com/support/amazonbot) Chrome/119.0.6045.214 Safari/537.36"
69.39.225.240 - - [17/Aug/2026:01:43:45 -0400] "POST /wp-cron.php?doing_wp_cron=1786945425.6022729873657226562500 HTTP/1.1" 200 20 "-" "WordPress/7.0.4; https://www.biotechprocleaners.com"
52.205.141.124 - - [17/Aug/2026:01:43:44 -0400] "GET /product-category/retail/?amp&surfaces=factories HTTP/1.1" 200 40685 "-" "Mozilla/5.0 AppleWebKit/537.36 (KHTML, like Gecko; compatible; Amazonbot/0.1; +https://developer.amazon.com/support/amazonbot) Chrome/119.0.6045.214 Safari/537.36"
98.82.66.172 - - [17/Aug/2026:01:43:48 -0400] "GET /product-category/recreational-convention-centers/?amp&areas=organic-waste HTTP/1.1" 200 47222 "-" "Mozilla/5.0 AppleWebKit/537.36 (KHTML, like Gecko; compatible; Amazonbot/0.1; +https://developer.amazon.com/support/amazonbot) Chrome/119.0.6045.214 Safari/537.36"
54.235.172.96 - - [17/Aug/2026:01:43:52 -0400] "GET /product-category/retail/?areas=kitchen HTTP/1.1" 200 40678 "-" "Mozilla/5.0 AppleWebKit/537.36 (KHTML, like Gecko; compatible; Amazonbot/0.1; +https://developer.amazon.com/support/amazonbot) Chrome/119.0.6045.214 Safari/537.36"
69.39.225.240 - - [17/Aug/2026:01:45:50 -0400] "POST /wp-cron.php?doing_wp_cron=1786945550.0241620540618896484375 HTTP/1.1" 200 20 "-" "WordPress/7.0.4; https://www.biotechprocleaners.com"
52.204.71.8 - - [17/Aug/2026:01:45:48 -0400] "GET /surface/medical-equipment/?surfaces=stainless-steel HTTP/1.1" 200 47501 "-" "Mozilla/5.0 AppleWebKit/537.36 (KHTML, like Gecko; compatible; Amazonbot/0.1; +https://developer.amazon.com/support/amazonbot) Chrome/119.0.6045.214 Safari/537.36"
69.39.225.240 - - [17/Aug/2026:01:47:53 -0400] "POST /wp-cron.php?doing_wp_cron=1786945673.7470850944519042968750 HTTP/1.1" 200 20 "-" "WordPress/7.0.4; https://www.biotechprocleaners.com"
52.203.237.170 - - [17/Aug/2026:01:47:52 -0400] "GET /product-category/retail/?surfaces=chromes HTTP/1.1" 200 46865 "-" "Mozilla/5.0 AppleWebKit/537.36 (KHTML, like Gecko; compatible; Amazonbot/0.1; +https://developer.amazon.com/support/amazonbot) Chrome/119.0.6045.214 Safari/537.36"
69.39.225.240 - - [17/Aug/2026:01:50:52 -0400] "POST /wp-cron.php?doing_wp_cron=1786945852.1838169097900390625000 HTTP/1.1" 200 20 "-" "WordPress/7.0.4; https://www.biotechprocleaners.com"
104.210.140.137 - - [17/Aug/2026:01:50:50 -0400] "GET /robots.txt HTTP/1.1" 200 20 "-" "Mozilla/5.0 (Macintosh; Intel Mac OS X 10_15_7) AppleWebKit/537.36 (KHTML, like Gecko) Chrome/131.0.0.0 Safari/537.36; compatible; OAI-SearchBot/1.0; +https://openai.com/searchbot"
104.210.140.132 - - [17/Aug/2026:01:50:53 -0400] "GET /robots.txt HTTP/1.1" 200 206 "-" "Mozilla/5.0 (Macintosh; Intel Mac OS X 10_15_7) AppleWebKit/537.36 (KHTML, like Gecko) Chrome/131.0.0.0 Safari/537.36; compatible; OAI-SearchBot/1.0; +https://openai.com/searchbot"
89.167.49.177 - - [17/Aug/2026:02:01:51 -0400] "GET /wp-content/uploads/2025/06/NDMU1-600x600.png HTTP/1.1" 200 75900 "-" "Mozilla/5.0 (X11; Ubuntu; Linux x86_64; rv:72.0) Gecko/20100101 Firefox/72.0"
69.39.225.240 - - [17/Aug/2026:02:06:57 -0400] "POST /wp-cron.php?doing_wp_cron=1786946817.3943190574645996093750 HTTP/1.1" 200 20 "-" "WordPress/7.0.4; https://www.biotechprocleaners.com"
74.7.230.5 - - [17/Aug/2026:02:06:54 -0400] "GET /robots.txt HTTP/1.1" 200 20 "-" "Mozilla/5.0 (Macintosh; Intel Mac OS X 10_15_7) AppleWebKit/537.36 (KHTML, like Gecko) Chrome/131.0.0.0 Safari/537.36; compatible; OAI-SearchBot/1.4; robots.txt; +https://openai.com/searchbot"
74.7.241.25 - - [17/Aug/2026:02:06:56 -0400] "GET / HTTP/1.1" 200 20 "-" "Mozilla/5.0 AppleWebKit/537.36 (KHTML, like Gecko; compatible; GPTBot/1.4; +https://openai.com/gptbot)"
74.7.230.5 - - [17/Aug/2026:02:06:57 -0400] "GET /robots.txt HTTP/1.1" 200 206 "https://biotechprocleaners.com/robots.txt" "Mozilla/5.0 (Macintosh; Intel Mac OS X 10_15_7) AppleWebKit/537.36 (KHTML, like Gecko) Chrome/131.0.0.0 Safari/537.36; compatible; OAI-SearchBot/1.4; robots.txt; +https://openai.com/searchbot"
114.119.132.228 - - [17/Aug/2026:02:08:24 -0400] "GET /portfolio-grid-tree-columns/ HTTP/1.1" 200 41094 "https://www.biotechprocleaners.com/portfolio-grid-tree-columns" "Mozilla/5.0 (Linux; Android 7.0;) AppleWebKit/537.36 (HTML, like Gecko) Mobile Safari/537.36 (compatible; PetalBot;+https://webmaster.petalsearch.com/site/petalbot)"
69.39.225.240 - - [17/Aug/2026:02:11:17 -0400] "POST /wp-cron.php?doing_wp_cron=1786947077.6152729988098144531250 HTTP/1.1" 200 20 "-" "WordPress/7.0.4; https://www.biotechprocleaners.com"
3.230.224.6 - - [17/Aug/2026:02:11:16 -0400] "GET /surface/doors/?amp&surfaces=inox HTTP/1.1" 200 47500 "-" "Mozilla/5.0 AppleWebKit/537.36 (KHTML, like Gecko; compatible; Amazonbot/0.1; +https://developer.amazon.com/support/amazonbot) Chrome/119.0.6045.214 Safari/537.36"
69.39.225.240 - - [17/Aug/2026:02:11:18 -0400] "GET /slider-item/corporate-and-residential-buildings/ HTTP/1.1" 200 41843 "-" "WP Rocket/Preload"
69.39.225.240 - - [17/Aug/2026:02:11:20 -0400] "GET /slider-item/corporate-and-residential-buildings/ HTTP/1.1" 200 16384 "-" "WP Rocket/Preload Mozilla/5.0 (iPhone; CPU iPhone OS 9_1 like Mac OS X) AppleWebKit/601.1.46 (KHTML, like Gecko) Version/9.0 Mobile/13B143 Safari/601.1"
69.39.225.240 - - [17/Aug/2026:02:11:22 -0400] "GET /thank-you-onboarding/ HTTP/1.1" 200 16384 "-" "WP Rocket/Preload"
69.39.225.240 - - [17/Aug/2026:02:11:23 -0400] "GET /thank-you-onboarding/ HTTP/1.1" 200 16384 "-" "WP Rocket/Preload Mozilla/5.0 (iPhone; CPU iPhone OS 9_1 like Mac OS X) AppleWebKit/601.1.46 (KHTML, like Gecko) Version/9.0 Mobile/13B143 Safari/601.1"
69.39.225.240 - - [17/Aug/2026:02:11:25 -0400] "GET /about-us/under-construction/ HTTP/1.1" 200 16384 "-" "WP Rocket/Preload"
69.39.225.240 - - [17/Aug/2026:02:11:26 -0400] "GET /about-us/under-construction/ HTTP/1.1" 200 16384 "-" "WP Rocket/Preload Mozilla/5.0 (iPhone; CPU iPhone OS 9_1 like Mac OS X) AppleWebKit/601.1.46 (KHTML, like Gecko) Version/9.0 Mobile/13B143 Safari/601.1"
69.39.225.240 - - [17/Aug/2026:02:11:28 -0400] "GET /type/gallery/ HTTP/1.1" 200 16384 "-" "WP Rocket/Preload"
69.39.225.240 - - [17/Aug/2026:02:11:29 -0400] "GET /type/gallery/ HTTP/1.1" 200 16384 "-" "WP Rocket/Preload Mozilla/5.0 (iPhone; CPU iPhone OS 9_1 like Mac OS X) AppleWebKit/601.1.46 (KHTML, like Gecko) Version/9.0 Mobile/13B143 Safari/601.1"
69.39.225.240 - - [17/Aug/2026:02:11:31 -0400] "GET /portfolio_category/construction/ HTTP/1.1" 200 41277 "-" "WP Rocket/Preload"
69.39.225.240 - - [17/Aug/2026:02:11:32 -0400] "GET /portfolio_category/construction/ HTTP/1.1" 200 16384 "-" "WP Rocket/Preload Mozilla/5.0 (iPhone; CPU iPhone OS 9_1 like Mac OS X) AppleWebKit/601.1.46 (KHTML, like Gecko) Version/9.0 Mobile/13B143 Safari/601.1"
69.39.225.240 - - [17/Aug/2026:02:17:21 -0400] "POST /wp-cron.php?doing_wp_cron=1786947441.6387350559234619140625 HTTP/1.1" 200 20 "-" "WordPress/7.0.4; https://www.biotechprocleaners.com"
216.73.216.229 - - [17/Aug/2026:02:17:20 -0400] "GET /robots.txt HTTP/1.1" 200 206 "-" "Mozilla/5.0 AppleWebKit/537.36 (KHTML, like Gecko; compatible; ClaudeBot/1.0; +claudebot@anthropic.com)"
216.73.216.229 - - [17/Aug/2026:02:17:21 -0400] "GET /sitemap_index.xml HTTP/1.1" 200 469 "-" "Mozilla/5.0 AppleWebKit/537.36 (KHTML, like Gecko; compatible; ClaudeBot/1.0; +claudebot@anthropic.com)"
114.119.132.163 - - [17/Aug/2026:02:25:44 -0400] "GET /surface/counters/ HTTP/1.1" 200 47636 "https://www.biotechprocleaners.com/surface/counters/" "Mozilla/5.0 (Linux; Android 7.0;) AppleWebKit/537.36 (HTML, like Gecko) Mobile Safari/537.36 (compatible; PetalBot;+https://webmaster.petalsearch.com/site/petalbot)"
69.39.225.240 - - [17/Aug/2026:02:27:33 -0400] "POST /wp-cron.php?doing_wp_cron=1786948053.5167191028594970703125 HTTP/1.1" 200 20 "-" "WordPress/7.0.4; https://www.biotechprocleaners.com"
114.119.148.27 - - [17/Aug/2026:02:27:31 -0400] "GET /news/news-grid-three-columns HTTP/1.1" 200 20 "https://www.biotechprocleaners.com/news/news-grid-three-columns" "Mozilla/5.0 (Linux; Android 7.0;) AppleWebKit/537.36 (HTML, like Gecko) Mobile Safari/537.36 (compatible; PetalBot;+https://webmaster.petalsearch.com/site/petalbot)"
114.119.148.27 - - [17/Aug/2026:02:27:34 -0400] "GET /news/news-grid-three-columns/ HTTP/1.1" 200 41258 "https://www.biotechprocleaners.com/news/news-grid-three-columns" "Mozilla/5.0 (Linux; Android 7.0;) AppleWebKit/537.36 (HTML, like Gecko) Mobile Safari/537.36 (compatible; PetalBot;+https://webmaster.petalsearch.com/site/petalbot)"
114.119.132.228 - - [17/Aug/2026:02:29:15 -0400] "GET /portfolio/sport-recreational-convention/ HTTP/1.1" 200 47581 "https://www.biotechprocleaners.com/surface/worktops" "Mozilla/5.0 (Linux; Android 7.0;) AppleWebKit/537.36 (HTML, like Gecko) Mobile Safari/537.36 (compatible; PetalBot;+https://webmaster.petalsearch.com/site/petalbot)"
35.205.45.48 - - [17/Aug/2026:02:36:39 -0400] "GET //wp-includes/ID3/license.txt HTTP/1.1" 200 1396 "-" "Mozilla/5.0 (Windows NT 10.0; Win64; x64) AppleWebKit/537.36 (KHTML, like Gecko) Chrome/95.0.4638.69 Safari/537.36"
35.205.45.48 - - [17/Aug/2026:02:36:39 -0400] "GET //feed/ HTTP/1.1" 200 - "-" "Mozilla/5.0 (Windows NT 10.0; Win64; x64) AppleWebKit/537.36 (KHTML, like Gecko) Chrome/95.0.4638.69 Safari/537.36"
69.39.225.240 - - [17/Aug/2026:02:36:41 -0400] "POST /wp-cron.php?doing_wp_cron=1786948601.8266680240631103515625 HTTP/1.1" 200 20 "-" "WordPress/7.0.4; https://www.biotechprocleaners.com"
35.205.45.48 - - [17/Aug/2026:02:36:40 -0400] "GET //xmlrpc.php?rsd HTTP/1.1" 200 871 "-" "Mozilla/5.0 (Windows NT 10.0; Win64; x64) AppleWebKit/537.36 (KHTML, like Gecko) Chrome/95.0.4638.69 Safari/537.36"
35.205.45.48 - - [17/Aug/2026:02:36:42 -0400] "GET //?author=1 HTTP/1.1" 200 - "-" "Mozilla/5.0 (Windows NT 10.0; Win64; x64) AppleWebKit/537.36 (KHTML, like Gecko) Chrome/95.0.4638.69 Safari/537.36"
35.205.45.48 - - [17/Aug/2026:02:36:43 -0400] "GET //?author=2 HTTP/1.1" 200 - "-" "Mozilla/5.0 (Windows NT 10.0; Win64; x64) AppleWebKit/537.36 (KHTML, like Gecko) Chrome/95.0.4638.69 Safari/537.36"
35.205.45.48 - - [17/Aug/2026:02:36:44 -0400] "GET //?author=3 HTTP/1.1" 200 - "-" "Mozilla/5.0 (Windows NT 10.0; Win64; x64) AppleWebKit/537.36 (KHTML, like Gecko) Chrome/95.0.4638.69 Safari/537.36"
35.205.45.48 - - [17/Aug/2026:02:36:45 -0400] "GET //wp-json/wp/v2/users/ HTTP/1.1" 200 18854 "-" "Mozilla/5.0 (Windows NT 10.0; Win64; x64) AppleWebKit/537.36 (KHTML, like Gecko) Chrome/95.0.4638.69 Safari/537.36"
35.205.45.48 - - [17/Aug/2026:02:36:47 -0400] "GET //wp-json/oembed/1.0/embed?url=https://www.biotechprocleaners.com/ HTTP/1.1" 200 2188 "-" "Mozilla/5.0 (Windows NT 10.0; Win64; x64) AppleWebKit/537.36 (KHTML, like Gecko) Chrome/95.0.4638.69 Safari/537.36"
35.205.45.48 - - [17/Aug/2026:02:36:49 -0400] "POST //xmlrpc.php HTTP/1.1" 200 401 "-" "Mozilla/5.0 (Windows NT 10.0; Win64; x64) AppleWebKit/537.36 (KHTML, like Gecko) Chrome/95.0.4638.69 Safari/537.36"
35.205.45.48 - - [17/Aug/2026:02:36:51 -0400] "POST //xmlrpc.php HTTP/1.1" 200 401 "-" "Mozilla/5.0 (Windows NT 10.0; Win64; x64) AppleWebKit/537.36 (KHTML, like Gecko) Chrome/95.0.4638.69 Safari/537.36"
35.205.45.48 - - [17/Aug/2026:02:36:53 -0400] "POST //xmlrpc.php HTTP/1.1" 200 401 "-" "Mozilla/5.0 (Windows NT 10.0; Win64; x64) AppleWebKit/537.36 (KHTML, like Gecko) Chrome/95.0.4638.69 Safari/537.36"
35.205.45.48 - - [17/Aug/2026:02:36:54 -0400] "POST //xmlrpc.php HTTP/1.1" 200 401 "-" "Mozilla/5.0 (Windows NT 10.0; Win64; x64) AppleWebKit/537.36 (KHTML, like Gecko) Chrome/95.0.4638.69 Safari/537.36"
35.205.45.48 - - [17/Aug/2026:02:36:56 -0400] "POST //xmlrpc.php HTTP/1.1" 200 401 "-" "Mozilla/5.0 (Windows NT 10.0; Win64; x64) AppleWebKit/537.36 (KHTML, like Gecko) Chrome/95.0.4638.69 Safari/537.36"
35.205.45.48 - - [17/Aug/2026:02:36:58 -0400] "POST //xmlrpc.php HTTP/1.1" 200 401 "-" "Mozilla/5.0 (Windows NT 10.0; Win64; x64) AppleWebKit/537.36 (KHTML, like Gecko) Chrome/95.0.4638.69 Safari/537.36"
35.205.45.48 - - [17/Aug/2026:02:37:00 -0400] "POST //xmlrpc.php HTTP/1.1" 200 401 "-" "Mozilla/5.0 (Windows NT 10.0; Win64; x64) AppleWebKit/537.36 (KHTML, like Gecko) Chrome/95.0.4638.69 Safari/537.36"
54.87.95.7 - - [17/Aug/2026:02:37:00 -0400] "GET /surface/workshops/?areas=soot HTTP/1.1" 200 32371 "-" "Mozilla/5.0 AppleWebKit/537.36 (KHTML, like Gecko; compatible; Amazonbot/0.1; +https://developer.amazon.com/support/amazonbot) Chrome/119.0.6045.214 Safari/537.36"
35.205.45.48 - - [17/Aug/2026:02:37:02 -0400] "POST //xmlrpc.php HTTP/1.1" 200 401 "-" "Mozilla/5.0 (Windows NT 10.0; Win64; x64) AppleWebKit/537.36 (KHTML, like Gecko) Chrome/95.0.4638.69 Safari/537.36"
35.205.45.48 - - [17/Aug/2026:02:37:05 -0400] "POST //xmlrpc.php HTTP/1.1" 200 401 "-" "Mozilla/5.0 (Windows NT 10.0; Win64; x64) AppleWebKit/537.36 (KHTML, like Gecko) Chrome/95.0.4638.69 Safari/537.36"
35.205.45.48 - - [17/Aug/2026:02:37:06 -0400] "POST //xmlrpc.php HTTP/1.1" 200 401 "-" "Mozilla/5.0 (Windows NT 10.0; Win64; x64) AppleWebKit/537.36 (KHTML, like Gecko) Chrome/95.0.4638.69 Safari/537.36"
52.44.174.136 - - [17/Aug/2026:02:37:08 -0400] "GET /surface/workshops/?areas=grease-residues HTTP/1.1" 200 32381 "-" "Mozilla/5.0 AppleWebKit/537.36 (KHTML, like Gecko; compatible; Amazonbot/0.1; +https://developer.amazon.com/support/amazonbot) Chrome/119.0.6045.214 Safari/537.36"
35.205.45.48 - - [17/Aug/2026:02:37:08 -0400] "POST //xmlrpc.php HTTP/1.1" 200 401 "-" "Mozilla/5.0 (Windows NT 10.0; Win64; x64) AppleWebKit/537.36 (KHTML, like Gecko) Chrome/95.0.4638.69 Safari/537.36"
35.205.45.48 - - [17/Aug/2026:02:37:10 -0400] "POST //xmlrpc.php HTTP/1.1" 200 401 "-" "Mozilla/5.0 (Windows NT 10.0; Win64; x64) AppleWebKit/537.36 (KHTML, like Gecko) Chrome/95.0.4638.69 Safari/537.36"
69.39.225.240 - - [17/Aug/2026:02:37:13 -0400] "POST /wp-cron.php?doing_wp_cron=1786948633.6980659961700439453125 HTTP/1.1" 200 20 "-" "WordPress/7.0.4; https://www.biotechprocleaners.com"
35.205.45.48 - - [17/Aug/2026:02:37:12 -0400] "POST //xmlrpc.php HTTP/1.1" 200 401 "-" "Mozilla/5.0 (Windows NT 10.0; Win64; x64) AppleWebKit/537.36 (KHTML, like Gecko) Chrome/95.0.4638.69 Safari/537.36"
35.205.45.48 - - [17/Aug/2026:02:37:14 -0400] "POST //xmlrpc.php HTTP/1.1" 200 401 "-" "Mozilla/5.0 (Windows NT 10.0; Win64; x64) AppleWebKit/537.36 (KHTML, like Gecko) Chrome/95.0.4638.69 Safari/537.36"
35.205.45.48 - - [17/Aug/2026:02:37:16 -0400] "POST //xmlrpc.php HTTP/1.1" 200 401 "-" "Mozilla/5.0 (Windows NT 10.0; Win64; x64) AppleWebKit/537.36 (KHTML, like Gecko) Chrome/95.0.4638.69 Safari/537.36"
3.222.85.38 - - [17/Aug/2026:02:37:16 -0400] "GET /surface/workshops/?surfaces=oven-plates HTTP/1.1" 200 32379 "-" "Mozilla/5.0 AppleWebKit/537.36 (KHTML, like Gecko; compatible; Amazonbot/0.1; +https://developer.amazon.com/support/amazonbot) Chrome/119.0.6045.214 Safari/537.36"
35.205.45.48 - - [17/Aug/2026:02:37:18 -0400] "POST //xmlrpc.php HTTP/1.1" 200 401 "-" "Mozilla/5.0 (Windows NT 10.0; Win64; x64) AppleWebKit/537.36 (KHTML, like Gecko) Chrome/95.0.4638.69 Safari/537.36"
35.205.45.48 - - [17/Aug/2026:02:37:20 -0400] "POST //xmlrpc.php HTTP/1.1" 200 401 "-" "Mozilla/5.0 (Windows NT 10.0; Win64; x64) AppleWebKit/537.36 (KHTML, like Gecko) Chrome/95.0.4638.69 Safari/537.36"
35.205.45.48 - - [17/Aug/2026:02:37:21 -0400] "POST //xmlrpc.php HTTP/1.1" 200 401 "-" "Mozilla/5.0 (Windows NT 10.0; Win64; x64) AppleWebKit/537.36 (KHTML, like Gecko) Chrome/95.0.4638.69 Safari/537.36"
35.205.45.48 - - [17/Aug/2026:02:37:23 -0400] "POST //xmlrpc.php HTTP/1.1" 200 401 "-" "Mozilla/5.0 (Windows NT 10.0; Win64; x64) AppleWebKit/537.36 (KHTML, like Gecko) Chrome/95.0.4638.69 Safari/537.36"
35.205.45.48 - - [17/Aug/2026:02:37:25 -0400] "POST //xmlrpc.php HTTP/1.1" 200 401 "-" "Mozilla/5.0 (Windows NT 10.0; Win64; x64) AppleWebKit/537.36 (KHTML, like Gecko) Chrome/95.0.4638.69 Safari/537.36"
35.205.45.48 - - [17/Aug/2026:02:37:26 -0400] "POST //xmlrpc.php HTTP/1.1" 200 401 "-" "Mozilla/5.0 (Windows NT 10.0; Win64; x64) AppleWebKit/537.36 (KHTML, like Gecko) Chrome/95.0.4638.69 Safari/537.36"
35.205.45.48 - - [17/Aug/2026:02:37:27 -0400] "POST //xmlrpc.php HTTP/1.1" 200 401 "-" "Mozilla/5.0 (Windows NT 10.0; Win64; x64) AppleWebKit/537.36 (KHTML, like Gecko) Chrome/95.0.4638.69 Safari/537.36"
35.205.45.48 - - [17/Aug/2026:02:37:29 -0400] "POST //xmlrpc.php HTTP/1.1" 200 401 "-" "Mozilla/5.0 (Windows NT 10.0; Win64; x64) AppleWebKit/537.36 (KHTML, like Gecko) Chrome/95.0.4638.69 Safari/537.36"
35.205.45.48 - - [17/Aug/2026:02:37:31 -0400] "POST //xmlrpc.php HTTP/1.1" 200 401 "-" "Mozilla/5.0 (Windows NT 10.0; Win64; x64) AppleWebKit/537.36 (KHTML, like Gecko) Chrome/95.0.4638.69 Safari/537.36"
35.205.45.48 - - [17/Aug/2026:02:37:32 -0400] "POST //xmlrpc.php HTTP/1.1" 200 401 "-" "Mozilla/5.0 (Windows NT 10.0; Win64; x64) AppleWebKit/537.36 (KHTML, like Gecko) Chrome/95.0.4638.69 Safari/537.36"
35.205.45.48 - - [17/Aug/2026:02:37:34 -0400] "POST //xmlrpc.php HTTP/1.1" 200 401 "-" "Mozilla/5.0 (Windows NT 10.0; Win64; x64) AppleWebKit/537.36 (KHTML, like Gecko) Chrome/95.0.4638.69 Safari/537.36"
35.205.45.48 - - [17/Aug/2026:02:37:36 -0400] "POST //xmlrpc.php HTTP/1.1" 200 401 "-" "Mozilla/5.0 (Windows NT 10.0; Win64; x64) AppleWebKit/537.36 (KHTML, like Gecko) Chrome/95.0.4638.69 Safari/537.36"
35.205.45.48 - - [17/Aug/2026:02:37:38 -0400] "POST //xmlrpc.php HTTP/1.1" 200 401 "-" "Mozilla/5.0 (Windows NT 10.0; Win64; x64) AppleWebKit/537.36 (KHTML, like Gecko) Chrome/95.0.4638.69 Safari/537.36"
69.39.225.240 - - [17/Aug/2026:02:37:41 -0400] "POST /wp-cron.php?doing_wp_cron=1786948661.9358389377593994140625 HTTP/1.1" 200 20 "-" "WordPress/7.0.4; https://www.biotechprocleaners.com"
35.205.45.48 - - [17/Aug/2026:02:37:40 -0400] "POST //xmlrpc.php HTTP/1.1" 200 401 "-" "Mozilla/5.0 (Windows NT 10.0; Win64; x64) AppleWebKit/537.36 (KHTML, like Gecko) Chrome/95.0.4638.69 Safari/537.36"
35.205.45.48 - - [17/Aug/2026:02:37:42 -0400] "POST //xmlrpc.php HTTP/1.1" 200 401 "-" "Mozilla/5.0 (Windows NT 10.0; Win64; x64) AppleWebKit/537.36 (KHTML, like Gecko) Chrome/95.0.4638.69 Safari/537.36"
35.205.45.48 - - [17/Aug/2026:02:37:44 -0400] "POST //xmlrpc.php HTTP/1.1" 200 401 "-" "Mozilla/5.0 (Windows NT 10.0; Win64; x64) AppleWebKit/537.36 (KHTML, like Gecko) Chrome/95.0.4638.69 Safari/537.36"
35.205.45.48 - - [17/Aug/2026:02:37:45 -0400] "POST //xmlrpc.php HTTP/1.1" 200 401 "-" "Mozilla/5.0 (Windows NT 10.0; Win64; x64) AppleWebKit/537.36 (KHTML, like Gecko) Chrome/95.0.4638.69 Safari/537.36"
35.205.45.48 - - [17/Aug/2026:02:37:47 -0400] "POST //xmlrpc.php HTTP/1.1" 200 401 "-" "Mozilla/5.0 (Windows NT 10.0; Win64; x64) AppleWebKit/537.36 (KHTML, like Gecko) Chrome/95.0.4638.69 Safari/537.36"
69.39.225.240 - - [17/Aug/2026:02:37:50 -0400] "POST /wp-cron.php?doing_wp_cron=1786948670.8982639312744140625000 HTTP/1.1" 200 20 "-" "WordPress/7.0.4; https://www.biotechprocleaners.com"
35.205.45.48 - - [17/Aug/2026:02:37:49 -0400] "POST //xmlrpc.php HTTP/1.1" 200 401 "-" "Mozilla/5.0 (Windows NT 10.0; Win64; x64) AppleWebKit/537.36 (KHTML, like Gecko) Chrome/95.0.4638.69 Safari/537.36"
35.205.45.48 - - [17/Aug/2026:02:37:51 -0400] "POST //xmlrpc.php HTTP/1.1" 200 401 "-" "Mozilla/5.0 (Windows NT 10.0; Win64; x64) AppleWebKit/537.36 (KHTML, like Gecko) Chrome/95.0.4638.69 Safari/537.36"
35.205.45.48 - - [17/Aug/2026:02:37:52 -0400] "POST //xmlrpc.php HTTP/1.1" 200 401 "-" "Mozilla/5.0 (Windows NT 10.0; Win64; x64) AppleWebKit/537.36 (KHTML, like Gecko) Chrome/95.0.4638.69 Safari/537.36"
35.205.45.48 - - [17/Aug/2026:02:37:54 -0400] "POST //xmlrpc.php HTTP/1.1" 200 401 "-" "Mozilla/5.0 (Windows NT 10.0; Win64; x64) AppleWebKit/537.36 (KHTML, like Gecko) Chrome/95.0.4638.69 Safari/537.36"
35.205.45.48 - - [17/Aug/2026:02:37:55 -0400] "POST //xmlrpc.php HTTP/1.1" 200 401 "-" "Mozilla/5.0 (Windows NT 10.0; Win64; x64) AppleWebKit/537.36 (KHTML, like Gecko) Chrome/95.0.4638.69 Safari/537.36"
35.205.45.48 - - [17/Aug/2026:02:37:57 -0400] "POST //xmlrpc.php HTTP/1.1" 200 401 "-" "Mozilla/5.0 (Windows NT 10.0; Win64; x64) AppleWebKit/537.36 (KHTML, like Gecko) Chrome/95.0.4638.69 Safari/537.36"
35.205.45.48 - - [17/Aug/2026:02:37:59 -0400] "POST //xmlrpc.php HTTP/1.1" 200 401 "-" "Mozilla/5.0 (Windows NT 10.0; Win64; x64) AppleWebKit/537.36 (KHTML, like Gecko) Chrome/95.0.4638.69 Safari/537.36"
35.205.45.48 - - [17/Aug/2026:02:38:01 -0400] "POST //xmlrpc.php HTTP/1.1" 200 401 "-" "Mozilla/5.0 (Windows NT 10.0; Win64; x64) AppleWebKit/537.36 (KHTML, like Gecko) Chrome/95.0.4638.69 Safari/537.36"
35.205.45.48 - - [17/Aug/2026:02:38:03 -0400] "POST //xmlrpc.php HTTP/1.1" 200 401 "-" "Mozilla/5.0 (Windows NT 10.0; Win64; x64) AppleWebKit/537.36 (KHTML, like Gecko) Chrome/95.0.4638.69 Safari/537.36"
35.205.45.48 - - [17/Aug/2026:02:38:05 -0400] "POST //xmlrpc.php HTTP/1.1" 200 401 "-" "Mozilla/5.0 (Windows NT 10.0; Win64; x64) AppleWebKit/537.36 (KHTML, like Gecko) Chrome/95.0.4638.69 Safari/537.36"
35.205.45.48 - - [17/Aug/2026:02:38:06 -0400] "POST //xmlrpc.php HTTP/1.1" 200 401 "-" "Mozilla/5.0 (Windows NT 10.0; Win64; x64) AppleWebKit/537.36 (KHTML, like Gecko) Chrome/95.0.4638.69 Safari/537.36"
35.205.45.48 - - [17/Aug/2026:02:38:08 -0400] "POST //xmlrpc.php HTTP/1.1" 200 401 "-" "Mozilla/5.0 (Windows NT 10.0; Win64; x64) AppleWebKit/537.36 (KHTML, like Gecko) Chrome/95.0.4638.69 Safari/537.36"
35.205.45.48 - - [17/Aug/2026:02:38:10 -0400] "POST //xmlrpc.php HTTP/1.1" 200 401 "-" "Mozilla/5.0 (Windows NT 10.0; Win64; x64) AppleWebKit/537.36 (KHTML, like Gecko) Chrome/95.0.4638.69 Safari/537.36"
69.39.225.240 - - [17/Aug/2026:02:38:14 -0400] "POST /wp-cron.php?doing_wp_cron=1786948694.0224618911743164062500 HTTP/1.1" 200 20 "-" "WordPress/7.0.4; https://www.biotechprocleaners.com"
35.205.45.48 - - [17/Aug/2026:02:38:12 -0400] "POST //xmlrpc.php HTTP/1.1" 200 401 "-" "Mozilla/5.0 (Windows NT 10.0; Win64; x64) AppleWebKit/537.36 (KHTML, like Gecko) Chrome/95.0.4638.69 Safari/537.36"
35.205.45.48 - - [17/Aug/2026:02:38:14 -0400] "POST //xmlrpc.php HTTP/1.1" 200 401 "-" "Mozilla/5.0 (Windows NT 10.0; Win64; x64) AppleWebKit/537.36 (KHTML, like Gecko) Chrome/95.0.4638.69 Safari/537.36"
35.205.45.48 - - [17/Aug/2026:02:38:16 -0400] "POST //xmlrpc.php HTTP/1.1" 200 401 "-" "Mozilla/5.0 (Windows NT 10.0; Win64; x64) AppleWebKit/537.36 (KHTML, like Gecko) Chrome/95.0.4638.69 Safari/537.36"
35.205.45.48 - - [17/Aug/2026:02:38:18 -0400] "POST //xmlrpc.php HTTP/1.1" 200 401 "-" "Mozilla/5.0 (Windows NT 10.0; Win64; x64) AppleWebKit/537.36 (KHTML, like Gecko) Chrome/95.0.4638.69 Safari/537.36"
35.205.45.48 - - [17/Aug/2026:02:38:20 -0400] "POST //xmlrpc.php HTTP/1.1" 200 401 "-" "Mozilla/5.0 (Windows NT 10.0; Win64; x64) AppleWebKit/537.36 (KHTML, like Gecko) Chrome/95.0.4638.69 Safari/537.36"
35.205.45.48 - - [17/Aug/2026:02:38:22 -0400] "POST //xmlrpc.php HTTP/1.1" 200 401 "-" "Mozilla/5.0 (Windows NT 10.0; Win64; x64) AppleWebKit/537.36 (KHTML, like Gecko) Chrome/95.0.4638.69 Safari/537.36"
35.205.45.48 - - [17/Aug/2026:02:38:23 -0400] "POST //xmlrpc.php HTTP/1.1" 200 401 "-" "Mozilla/5.0 (Windows NT 10.0; Win64; x64) AppleWebKit/537.36 (KHTML, like Gecko) Chrome/95.0.4638.69 Safari/537.36"
35.205.45.48 - - [17/Aug/2026:02:38:25 -0400] "POST //xmlrpc.php HTTP/1.1" 200 401 "-" "Mozilla/5.0 (Windows NT 10.0; Win64; x64) AppleWebKit/537.36 (KHTML, like Gecko) Chrome/95.0.4638.69 Safari/537.36"
35.205.45.48 - - [17/Aug/2026:02:38:27 -0400] "POST //xmlrpc.php HTTP/1.1" 200 401 "-" "Mozilla/5.0 (Windows NT 10.0; Win64; x64) AppleWebKit/537.36 (KHTML, like Gecko) Chrome/95.0.4638.69 Safari/537.36"
35.205.45.48 - - [17/Aug/2026:02:38:28 -0400] "POST //xmlrpc.php HTTP/1.1" 200 401 "-" "Mozilla/5.0 (Windows NT 10.0; Win64; x64) AppleWebKit/537.36 (KHTML, like Gecko) Chrome/95.0.4638.69 Safari/537.36"
35.205.45.48 - - [17/Aug/2026:02:38:30 -0400] "POST //xmlrpc.php HTTP/1.1" 200 401 "-" "Mozilla/5.0 (Windows NT 10.0; Win64; x64) AppleWebKit/537.36 (KHTML, like Gecko) Chrome/95.0.4638.69 Safari/537.36"
35.205.45.48 - - [17/Aug/2026:02:38:32 -0400] "POST //xmlrpc.php HTTP/1.1" 200 401 "-" "Mozilla/5.0 (Windows NT 10.0; Win64; x64) AppleWebKit/537.36 (KHTML, like Gecko) Chrome/95.0.4638.69 Safari/537.36"
54.221.203.24 - - [17/Aug/2026:02:38:32 -0400] "GET /surface/kitchen/?amp&surfaces=desks HTTP/1.1" 200 32377 "-" "Mozilla/5.0 AppleWebKit/537.36 (KHTML, like Gecko; compatible; Amazonbot/0.1; +https://developer.amazon.com/support/amazonbot) Chrome/119.0.6045.214 Safari/537.36"
35.205.45.48 - - [17/Aug/2026:02:38:34 -0400] "POST //xmlrpc.php HTTP/1.1" 200 401 "-" "Mozilla/5.0 (Windows NT 10.0; Win64; x64) AppleWebKit/537.36 (KHTML, like Gecko) Chrome/95.0.4638.69 Safari/537.36"
35.205.45.48 - - [17/Aug/2026:02:38:35 -0400] "POST //xmlrpc.php HTTP/1.1" 200 401 "-" "Mozilla/5.0 (Windows NT 10.0; Win64; x64) AppleWebKit/537.36 (KHTML, like Gecko) Chrome/95.0.4638.69 Safari/537.36"
35.205.45.48 - - [17/Aug/2026:02:38:37 -0400] "POST //xmlrpc.php HTTP/1.1" 200 401 "-" "Mozilla/5.0 (Windows NT 10.0; Win64; x64) AppleWebKit/537.36 (KHTML, like Gecko) Chrome/95.0.4638.69 Safari/537.36"
35.205.45.48 - - [17/Aug/2026:02:38:39 -0400] "POST //xmlrpc.php HTTP/1.1" 200 401 "-" "Mozilla/5.0 (Windows NT 10.0; Win64; x64) AppleWebKit/537.36 (KHTML, like Gecko) Chrome/95.0.4638.69 Safari/537.36"
69.39.225.240 - - [17/Aug/2026:02:38:43 -0400] "POST /wp-cron.php?doing_wp_cron=1786948722.9781599044799804687500 HTTP/1.1" 200 20 "-" "WordPress/7.0.4; https://www.biotechprocleaners.com"
35.205.45.48 - - [17/Aug/2026:02:38:41 -0400] "POST //xmlrpc.php HTTP/1.1" 200 401 "-" "Mozilla/5.0 (Windows NT 10.0; Win64; x64) AppleWebKit/537.36 (KHTML, like Gecko) Chrome/95.0.4638.69 Safari/537.36"
35.205.45.48 - - [17/Aug/2026:02:38:43 -0400] "POST //xmlrpc.php HTTP/1.1" 200 401 "-" "Mozilla/5.0 (Windows NT 10.0; Win64; x64) AppleWebKit/537.36 (KHTML, like Gecko) Chrome/95.0.4638.69 Safari/537.36"
35.205.45.48 - - [17/Aug/2026:02:38:45 -0400] "POST //xmlrpc.php HTTP/1.1" 200 401 "-" "Mozilla/5.0 (Windows NT 10.0; Win64; x64) AppleWebKit/537.36 (KHTML, like Gecko) Chrome/95.0.4638.69 Safari/537.36"
35.205.45.48 - - [17/Aug/2026:02:38:47 -0400] "POST //xmlrpc.php HTTP/1.1" 200 401 "-" "Mozilla/5.0 (Windows NT 10.0; Win64; x64) AppleWebKit/537.36 (KHTML, like Gecko) Chrome/95.0.4638.69 Safari/537.36"
35.205.45.48 - - [17/Aug/2026:02:38:49 -0400] "POST //xmlrpc.php HTTP/1.1" 200 401 "-" "Mozilla/5.0 (Windows NT 10.0; Win64; x64) AppleWebKit/537.36 (KHTML, like Gecko) Chrome/95.0.4638.69 Safari/537.36"
35.205.45.48 - - [17/Aug/2026:02:38:50 -0400] "POST //xmlrpc.php HTTP/1.1" 200 401 "-" "Mozilla/5.0 (Windows NT 10.0; Win64; x64) AppleWebKit/537.36 (KHTML, like Gecko) Chrome/95.0.4638.69 Safari/537.36"
35.205.45.48 - - [17/Aug/2026:02:38:52 -0400] "POST //xmlrpc.php HTTP/1.1" 200 401 "-" "Mozilla/5.0 (Windows NT 10.0; Win64; x64) AppleWebKit/537.36 (KHTML, like Gecko) Chrome/95.0.4638.69 Safari/537.36"
35.205.45.48 - - [17/Aug/2026:02:38:54 -0400] "POST //xmlrpc.php HTTP/1.1" 200 401 "-" "Mozilla/5.0 (Windows NT 10.0; Win64; x64) AppleWebKit/537.36 (KHTML, like Gecko) Chrome/95.0.4638.69 Safari/537.36"
35.205.45.48 - - [17/Aug/2026:02:38:55 -0400] "POST //xmlrpc.php HTTP/1.1" 200 401 "-" "Mozilla/5.0 (Windows NT 10.0; Win64; x64) AppleWebKit/537.36 (KHTML, like Gecko) Chrome/95.0.4638.69 Safari/537.36"
35.205.45.48 - - [17/Aug/2026:02:38:57 -0400] "POST //xmlrpc.php HTTP/1.1" 200 401 "-" "Mozilla/5.0 (Windows NT 10.0; Win64; x64) AppleWebKit/537.36 (KHTML, like Gecko) Chrome/95.0.4638.69 Safari/537.36"
35.205.45.48 - - [17/Aug/2026:02:38:59 -0400] "POST //xmlrpc.php HTTP/1.1" 200 401 "-" "Mozilla/5.0 (Windows NT 10.0; Win64; x64) AppleWebKit/537.36 (KHTML, like Gecko) Chrome/95.0.4638.69 Safari/537.36"
35.205.45.48 - - [17/Aug/2026:02:39:01 -0400] "POST //xmlrpc.php HTTP/1.1" 200 401 "-" "Mozilla/5.0 (Windows NT 10.0; Win64; x64) AppleWebKit/537.36 (KHTML, like Gecko) Chrome/95.0.4638.69 Safari/537.36"
35.205.45.48 - - [17/Aug/2026:02:39:02 -0400] "POST //xmlrpc.php HTTP/1.1" 200 401 "-" "Mozilla/5.0 (Windows NT 10.0; Win64; x64) AppleWebKit/537.36 (KHTML, like Gecko) Chrome/95.0.4638.69 Safari/537.36"
35.205.45.48 - - [17/Aug/2026:02:39:04 -0400] "POST //xmlrpc.php HTTP/1.1" 200 401 "-" "Mozilla/5.0 (Windows NT 10.0; Win64; x64) AppleWebKit/537.36 (KHTML, like Gecko) Chrome/95.0.4638.69 Safari/537.36"
18.213.102.186 - - [17/Aug/2026:02:39:04 -0400] "GET /surface/kitchen/?amp&surfaces=buildings HTTP/1.1" 200 32378 "-" "Mozilla/5.0 AppleWebKit/537.36 (KHTML, like Gecko; compatible; Amazonbot/0.1; +https://developer.amazon.com/support/amazonbot) Chrome/119.0.6045.214 Safari/537.36"
35.205.45.48 - - [17/Aug/2026:02:39:05 -0400] "POST //xmlrpc.php HTTP/1.1" 200 401 "-" "Mozilla/5.0 (Windows NT 10.0; Win64; x64) AppleWebKit/537.36 (KHTML, like Gecko) Chrome/95.0.4638.69 Safari/537.36"
35.205.45.48 - - [17/Aug/2026:02:39:07 -0400] "POST //xmlrpc.php HTTP/1.1" 200 401 "-" "Mozilla/5.0 (Windows NT 10.0; Win64; x64) AppleWebKit/537.36 (KHTML, like Gecko) Chrome/95.0.4638.69 Safari/537.36"
35.205.45.48 - - [17/Aug/2026:02:39:08 -0400] "POST //xmlrpc.php HTTP/1.1" 200 401 "-" "Mozilla/5.0 (Windows NT 10.0; Win64; x64) AppleWebKit/537.36 (KHTML, like Gecko) Chrome/95.0.4638.69 Safari/537.36"
35.205.45.48 - - [17/Aug/2026:02:39:10 -0400] "POST //xmlrpc.php HTTP/1.1" 200 401 "-" "Mozilla/5.0 (Windows NT 10.0; Win64; x64) AppleWebKit/537.36 (KHTML, like Gecko) Chrome/95.0.4638.69 Safari/537.36"
69.39.225.240 - - [17/Aug/2026:02:39:13 -0400] "POST /wp-cron.php?doing_wp_cron=1786948753.4883720874786376953125 HTTP/1.1" 200 20 "-" "WordPress/7.0.4; https://www.biotechprocleaners.com"
35.205.45.48 - - [17/Aug/2026:02:39:12 -0400] "POST //xmlrpc.php HTTP/1.1" 200 401 "-" "Mozilla/5.0 (Windows NT 10.0; Win64; x64) AppleWebKit/537.36 (KHTML, like Gecko) Chrome/95.0.4638.69 Safari/537.36"
35.205.45.48 - - [17/Aug/2026:02:39:13 -0400] "POST //xmlrpc.php HTTP/1.1" 200 401 "-" "Mozilla/5.0 (Windows NT 10.0; Win64; x64) AppleWebKit/537.36 (KHTML, like Gecko) Chrome/95.0.4638.69 Safari/537.36"
35.205.45.48 - - [17/Aug/2026:02:39:15 -0400] "POST //xmlrpc.php HTTP/1.1" 200 401 "-" "Mozilla/5.0 (Windows NT 10.0; Win64; x64) AppleWebKit/537.36 (KHTML, like Gecko) Chrome/95.0.4638.69 Safari/537.36"
35.205.45.48 - - [17/Aug/2026:02:39:17 -0400] "POST //xmlrpc.php HTTP/1.1" 200 401 "-" "Mozilla/5.0 (Windows NT 10.0; Win64; x64) AppleWebKit/537.36 (KHTML, like Gecko) Chrome/95.0.4638.69 Safari/537.36"
35.205.45.48 - - [17/Aug/2026:02:39:19 -0400] "POST //xmlrpc.php HTTP/1.1" 200 401 "-" "Mozilla/5.0 (Windows NT 10.0; Win64; x64) AppleWebKit/537.36 (KHTML, like Gecko) Chrome/95.0.4638.69 Safari/537.36"
69.39.225.240 - - [17/Aug/2026:02:39:21 -0400] "POST /wp-cron.php?doing_wp_cron=1786948761.4338989257812500000000 HTTP/1.1" 200 20 "-" "WordPress/7.0.4; https://www.biotechprocleaners.com"
54.39.0.123 - - [17/Aug/2026:02:39:19 -0400] "GET /sitemap_index.xml HTTP/1.1" 200 469 "-" "Mozilla/5.0 (compatible; AhrefsBot/7.0; +http://ahrefs.com/robot/)"
35.205.45.48 - - [17/Aug/2026:02:39:22 -0400] "POST //xmlrpc.php HTTP/1.1" 200 401 "-" "Mozilla/5.0 (Windows NT 10.0; Win64; x64) AppleWebKit/537.36 (KHTML, like Gecko) Chrome/95.0.4638.69 Safari/537.36"
142.44.220.94 - - [17/Aug/2026:02:39:22 -0400] "GET /post-sitemap.xml HTTP/1.1" 200 883 "-" "Mozilla/5.0 (compatible; AhrefsBot/7.0; +http://ahrefs.com/robot/)"
35.205.45.48 - - [17/Aug/2026:02:39:23 -0400] "POST //xmlrpc.php HTTP/1.1" 200 401 "-" "Mozilla/5.0 (Windows NT 10.0; Win64; x64) AppleWebKit/537.36 (KHTML, like Gecko) Chrome/95.0.4638.69 Safari/537.36"
51.161.37.33 - - [17/Aug/2026:02:39:26 -0400] "GET /page-sitemap.xml HTTP/1.1" 200 1498 "-" "Mozilla/5.0 (compatible; AhrefsBot/7.0; +http://ahrefs.com/robot/)"
35.205.45.48 - - [17/Aug/2026:02:39:26 -0400] "POST //xmlrpc.php HTTP/1.1" 200 401 "-" "Mozilla/5.0 (Windows NT 10.0; Win64; x64) AppleWebKit/537.36 (KHTML, like Gecko) Chrome/95.0.4638.69 Safari/537.36"
35.205.45.48 - - [17/Aug/2026:02:39:28 -0400] "POST //xmlrpc.php HTTP/1.1" 200 401 "-" "Mozilla/5.0 (Windows NT 10.0; Win64; x64) AppleWebKit/537.36 (KHTML, like Gecko) Chrome/95.0.4638.69 Safari/537.36"
142.44.233.234 - - [17/Aug/2026:02:39:28 -0400] "GET /product-sitemap.xml HTTP/1.1" 200 1013 "-" "Mozilla/5.0 (compatible; AhrefsBot/7.0; +http://ahrefs.com/robot/)"
35.205.45.48 - - [17/Aug/2026:02:39:30 -0400] "POST //xmlrpc.php HTTP/1.1" 200 401 "-" "Mozilla/5.0 (Windows NT 10.0; Win64; x64) AppleWebKit/537.36 (KHTML, like Gecko) Chrome/95.0.4638.69 Safari/537.36"
148.113.128.208 - - [17/Aug/2026:02:39:31 -0400] "GET /portfolio-sitemap.xml HTTP/1.1" 200 795 "-" "Mozilla/5.0 (compatible; AhrefsBot/7.0; +http://ahrefs.com/robot/)"
