69.39.225.240 - - [16/Aug/2026:13:31:30 -0400] "GET /product/enzymatic-food-degreaser-cleaner/ HTTP/1.1" 200 16384 "-" "WP Rocket/Preload Mozilla/5.0 (iPhone; CPU iPhone OS 9_1 like Mac OS X) AppleWebKit/601.1.46 (KHTML, like Gecko) Version/9.0 Mobile/13B143 Safari/601.1"
69.39.225.240 - - [16/Aug/2026:13:31:32 -0400] "GET /portfolio/sport-recreational-convention/ HTTP/1.1" 200 16384 "-" "WP Rocket/Preload"
69.39.225.240 - - [16/Aug/2026:13:31:33 -0400] "GET /portfolio/sport-recreational-convention/ HTTP/1.1" 200 16384 "-" "WP Rocket/Preload Mozilla/5.0 (iPhone; CPU iPhone OS 9_1 like Mac OS X) AppleWebKit/601.1.46 (KHTML, like Gecko) Version/9.0 Mobile/13B143 Safari/601.1"
83.99.206.122 - - [16/Aug/2026:13:31:34 -0400] "GET /area-sitemap.xml HTTP/1.1" 200 1089 "-" "Mozilla/5.0 (X11; Linux x86_64) AppleWebKit/537.36 (KHTML, like Gecko; GeedoShopProductFinder) Chrome/142.0.0.0 Safari/537.36"
69.39.225.240 - - [16/Aug/2026:13:31:35 -0400] "GET /area/tires-marks/ HTTP/1.1" 200 48239 "-" "WP Rocket/Preload"
69.39.225.240 - - [16/Aug/2026:13:31:36 -0400] "GET /area/tires-marks/ HTTP/1.1" 200 16384 "-" "WP Rocket/Preload Mozilla/5.0 (iPhone; CPU iPhone OS 9_1 like Mac OS X) AppleWebKit/601.1.46 (KHTML, like Gecko) Version/9.0 Mobile/13B143 Safari/601.1"
69.39.225.240 - - [16/Aug/2026:13:31:56 -0400] "POST /wp-cron.php?doing_wp_cron=1786901516.6037039756774902343750 HTTP/1.1" 200 20 "-" "WordPress/7.0.4; https://www.biotechprocleaners.com"
83.99.206.186 - - [16/Aug/2026:13:31:55 -0400] "GET /removal-sitemap.xml HTTP/1.1" 200 379 "-" "Mozilla/5.0 (X11; Linux x86_64) AppleWebKit/537.36 (KHTML, like Gecko; GeedoShopProductFinder) Chrome/142.0.0.0 Safari/537.36"
69.39.225.240 - - [16/Aug/2026:13:32:18 -0400] "POST /wp-cron.php?doing_wp_cron=1786901538.0389220714569091796875 HTTP/1.1" 200 20 "-" "WordPress/7.0.4; https://www.biotechprocleaners.com"
83.99.206.186 - - [16/Aug/2026:13:32:17 -0400] "GET /author-sitemap.xml HTTP/1.1" 200 377 "-" "Mozilla/5.0 (X11; Linux x86_64) AppleWebKit/537.36 (KHTML, like Gecko; GeedoShopProductFinder) Chrome/142.0.0.0 Safari/537.36"
69.39.225.240 - - [16/Aug/2026:13:32:19 -0400] "GET /news/news-grid-three-columns/ HTTP/1.1" 200 16384 "-" "WP Rocket/Preload"
69.39.225.240 - - [16/Aug/2026:13:32:20 -0400] "GET /news/news-grid-three-columns/ HTTP/1.1" 200 16384 "-" "WP Rocket/Preload Mozilla/5.0 (iPhone; CPU iPhone OS 9_1 like Mac OS X) AppleWebKit/601.1.46 (KHTML, like Gecko) Version/9.0 Mobile/13B143 Safari/601.1"
69.39.225.240 - - [16/Aug/2026:13:32:22 -0400] "GET /shop-2/products-five-columns/ HTTP/1.1" 200 16384 "-" "WP Rocket/Preload"
69.39.225.240 - - [16/Aug/2026:13:32:23 -0400] "GET /shop-2/products-five-columns/ HTTP/1.1" 200 16384 "-" "WP Rocket/Preload Mozilla/5.0 (iPhone; CPU iPhone OS 9_1 like Mac OS X) AppleWebKit/601.1.46 (KHTML, like Gecko) Version/9.0 Mobile/13B143 Safari/601.1"
69.39.225.240 - - [16/Aug/2026:13:32:25 -0400] "GET /portfolio-tiles-four-columns/ HTTP/1.1" 200 16384 "-" "WP Rocket/Preload"
69.39.225.240 - - [16/Aug/2026:13:32:26 -0400] "GET /portfolio-tiles-four-columns/ HTTP/1.1" 200 16384 "-" "WP Rocket/Preload Mozilla/5.0 (iPhone; CPU iPhone OS 9_1 like Mac OS X) AppleWebKit/601.1.46 (KHTML, like Gecko) Version/9.0 Mobile/13B143 Safari/601.1"
69.39.225.240 - - [16/Aug/2026:13:32:28 -0400] "GET /product/stainless-steel-cleaner-reviver/ HTTP/1.1" 200 16384 "-" "WP Rocket/Preload"
69.39.225.240 - - [16/Aug/2026:13:32:29 -0400] "GET /product/stainless-steel-cleaner-reviver/ HTTP/1.1" 200 16384 "-" "WP Rocket/Preload Mozilla/5.0 (iPhone; CPU iPhone OS 9_1 like Mac OS X) AppleWebKit/601.1.46 (KHTML, like Gecko) Version/9.0 Mobile/13B143 Safari/601.1"
69.39.225.240 - - [16/Aug/2026:13:32:31 -0400] "GET /news/latest-posts-three-columns/ HTTP/1.1" 200 16384 "-" "WP Rocket/Preload"
69.39.225.240 - - [16/Aug/2026:13:32:32 -0400] "GET /news/latest-posts-three-columns/ HTTP/1.1" 200 16384 "-" "WP Rocket/Preload Mozilla/5.0 (iPhone; CPU iPhone OS 9_1 like Mac OS X) AppleWebKit/601.1.46 (KHTML, like Gecko) Version/9.0 Mobile/13B143 Safari/601.1"
69.39.225.240 - - [16/Aug/2026:13:32:34 -0400] "GET /footer-02/ HTTP/1.1" 200 16384 "-" "WP Rocket/Preload"
69.39.225.240 - - [16/Aug/2026:13:32:35 -0400] "GET /footer-02/ HTTP/1.1" 200 16384 "-" "WP Rocket/Preload Mozilla/5.0 (iPhone; CPU iPhone OS 9_1 like Mac OS X) AppleWebKit/601.1.46 (KHTML, like Gecko) Version/9.0 Mobile/13B143 Safari/601.1"
69.39.225.240 - - [16/Aug/2026:13:32:37 -0400] "GET /formulas/ HTTP/1.1" 200 46706 "-" "WP Rocket/Preload"
69.39.225.240 - - [16/Aug/2026:13:32:38 -0400] "GET /formulas/ HTTP/1.1" 200 16384 "-" "WP Rocket/Preload Mozilla/5.0 (iPhone; CPU iPhone OS 9_1 like Mac OS X) AppleWebKit/601.1.46 (KHTML, like Gecko) Version/9.0 Mobile/13B143 Safari/601.1"
69.39.225.240 - - [16/Aug/2026:13:33:23 -0400] "GET /slider-item/ HTTP/1.1" 200 16384 "-" "WP Rocket/Preload"
69.39.225.240 - - [16/Aug/2026:13:33:25 -0400] "GET /slider-item/ HTTP/1.1" 200 16384 "-" "WP Rocket/Preload Mozilla/5.0 (iPhone; CPU iPhone OS 9_1 like Mac OS X) AppleWebKit/601.1.46 (KHTML, like Gecko) Version/9.0 Mobile/13B143 Safari/601.1"
69.39.225.240 - - [16/Aug/2026:13:33:26 -0400] "GET /services/single-service/ HTTP/1.1" 200 16384 "-" "WP Rocket/Preload"
69.39.225.240 - - [16/Aug/2026:13:33:28 -0400] "GET /services/single-service/ HTTP/1.1" 200 16384 "-" "WP Rocket/Preload Mozilla/5.0 (iPhone; CPU iPhone OS 9_1 like Mac OS X) AppleWebKit/601.1.46 (KHTML, like Gecko) Version/9.0 Mobile/13B143 Safari/601.1"
69.39.225.240 - - [16/Aug/2026:13:33:29 -0400] "GET /about-us/team/ HTTP/1.1" 200 45003 "-" "WP Rocket/Preload"
69.39.225.240 - - [16/Aug/2026:13:33:30 -0400] "GET /about-us/team/ HTTP/1.1" 200 16384 "-" "WP Rocket/Preload Mozilla/5.0 (iPhone; CPU iPhone OS 9_1 like Mac OS X) AppleWebKit/601.1.46 (KHTML, like Gecko) Version/9.0 Mobile/13B143 Safari/601.1"
69.39.225.240 - - [16/Aug/2026:13:33:31 -0400] "GET /portfolio/government-public-sector/ HTTP/1.1" 200 16384 "-" "WP Rocket/Preload"
69.39.225.240 - - [16/Aug/2026:13:33:33 -0400] "GET /portfolio/government-public-sector/ HTTP/1.1" 200 16384 "-" "WP Rocket/Preload Mozilla/5.0 (iPhone; CPU iPhone OS 9_1 like Mac OS X) AppleWebKit/601.1.46 (KHTML, like Gecko) Version/9.0 Mobile/13B143 Safari/601.1"
69.39.225.240 - - [16/Aug/2026:13:33:34 -0400] "GET /product/trash-bin-cleaner/ HTTP/1.1" 200 16384 "-" "WP Rocket/Preload"
69.39.225.240 - - [16/Aug/2026:13:33:36 -0400] "GET /product/trash-bin-cleaner/ HTTP/1.1" 200 16384 "-" "WP Rocket/Preload Mozilla/5.0 (iPhone; CPU iPhone OS 9_1 like Mac OS X) AppleWebKit/601.1.46 (KHTML, like Gecko) Version/9.0 Mobile/13B143 Safari/601.1"
69.39.225.240 - - [16/Aug/2026:13:33:37 -0400] "GET /area/water/ HTTP/1.1" 200 16384 "-" "WP Rocket/Preload"
69.39.225.240 - - [16/Aug/2026:13:33:39 -0400] "GET /area/water/ HTTP/1.1" 200 16384 "-" "WP Rocket/Preload Mozilla/5.0 (iPhone; CPU iPhone OS 9_1 like Mac OS X) AppleWebKit/601.1.46 (KHTML, like Gecko) Version/9.0 Mobile/13B143 Safari/601.1"
69.39.225.240 - - [16/Aug/2026:13:33:40 -0400] "GET /portfolio-grid-six-columns/ HTTP/1.1" 200 41630 "-" "WP Rocket/Preload"
69.39.225.240 - - [16/Aug/2026:13:33:42 -0400] "GET /portfolio-grid-six-columns/ HTTP/1.1" 200 16384 "-" "WP Rocket/Preload Mozilla/5.0 (iPhone; CPU iPhone OS 9_1 like Mac OS X) AppleWebKit/601.1.46 (KHTML, like Gecko) Version/9.0 Mobile/13B143 Safari/601.1"
69.39.225.240 - - [16/Aug/2026:13:33:44 -0400] "GET /area/dirt/ HTTP/1.1" 200 16384 "-" "WP Rocket/Preload"
69.39.225.240 - - [16/Aug/2026:13:33:45 -0400] "GET /area/dirt/ HTTP/1.1" 200 16384 "-" "WP Rocket/Preload Mozilla/5.0 (iPhone; CPU iPhone OS 9_1 like Mac OS X) AppleWebKit/601.1.46 (KHTML, like Gecko) Version/9.0 Mobile/13B143 Safari/601.1"
83.99.206.35 - - [16/Aug/2026:13:34:14 -0400] "GET /surface/inox/ HTTP/1.1" 200 48038 "-" "Mozilla/5.0 (X11; Linux x86_64) AppleWebKit/537.36 (KHTML, like Gecko; GeedoShopProductFinder) Chrome/142.0.0.0 Safari/537.36"
83.99.206.35 - - [16/Aug/2026:13:34:34 -0400] "GET /area/mineral-deposits/ HTTP/1.1" 200 47572 "-" "Mozilla/5.0 (X11; Linux x86_64) AppleWebKit/537.36 (KHTML, like Gecko; GeedoShopProductFinder) Chrome/142.0.0.0 Safari/537.36"
83.99.206.35 - - [16/Aug/2026:13:34:55 -0400] "GET /surface/plastic-objects/ HTTP/1.1" 200 47666 "-" "Mozilla/5.0 (X11; Linux x86_64) AppleWebKit/537.36 (KHTML, like Gecko; GeedoShopProductFinder) Chrome/142.0.0.0 Safari/537.36"
83.99.206.35 - - [16/Aug/2026:13:35:15 -0400] "GET /surface/stones/ HTTP/1.1" 200 47194 "-" "Mozilla/5.0 (X11; Linux x86_64) AppleWebKit/537.36 (KHTML, like Gecko; GeedoShopProductFinder) Chrome/142.0.0.0 Safari/537.36"
83.99.206.35 - - [16/Aug/2026:13:35:35 -0400] "GET /surface/high-end-flooring/ HTTP/1.1" 200 47712 "-" "Mozilla/5.0 (X11; Linux x86_64) AppleWebKit/537.36 (KHTML, like Gecko; GeedoShopProductFinder) Chrome/142.0.0.0 Safari/537.36"
83.99.206.35 - - [16/Aug/2026:13:35:55 -0400] "GET /area/rust-stains/ HTTP/1.1" 200 47562 "-" "Mozilla/5.0 (X11; Linux x86_64) AppleWebKit/537.36 (KHTML, like Gecko; GeedoShopProductFinder) Chrome/142.0.0.0 Safari/537.36"
83.99.206.187 - - [16/Aug/2026:13:37:54 -0400] "GET /area/chromes/ HTTP/1.1" 200 47646 "-" "Mozilla/5.0 (X11; Linux x86_64) AppleWebKit/537.36 (KHTML, like Gecko; GeedoShopProductFinder) Chrome/142.0.0.0 Safari/537.36"
69.39.225.240 - - [16/Aug/2026:13:38:15 -0400] "POST /wp-cron.php?doing_wp_cron=1786901895.4503529071807861328125 HTTP/1.1" 200 20 "-" "WordPress/7.0.4; https://www.biotechprocleaners.com"
83.99.206.187 - - [16/Aug/2026:13:38:14 -0400] "GET /services/pricing/ HTTP/1.1" 200 44990 "-" "Mozilla/5.0 (X11; Linux x86_64) AppleWebKit/537.36 (KHTML, like Gecko; GeedoShopProductFinder) Chrome/142.0.0.0 Safari/537.36"
69.39.225.240 - - [16/Aug/2026:13:38:16 -0400] "GET /product/cleaner-degreaser-high-performance/ HTTP/1.1" 200 49840 "-" "WP Rocket/Preload"
69.39.225.240 - - [16/Aug/2026:13:38:19 -0400] "GET /product/cleaner-degreaser-high-performance/ HTTP/1.1" 200 16384 "-" "WP Rocket/Preload Mozilla/5.0 (iPhone; CPU iPhone OS 9_1 like Mac OS X) AppleWebKit/601.1.46 (KHTML, like Gecko) Version/9.0 Mobile/13B143 Safari/601.1"
69.39.225.240 - - [16/Aug/2026:13:38:20 -0400] "GET /slider-item/retail-industry/ HTTP/1.1" 200 16384 "-" "WP Rocket/Preload"
69.39.225.240 - - [16/Aug/2026:13:38:22 -0400] "GET /slider-item/retail-industry/ HTTP/1.1" 200 16384 "-" "WP Rocket/Preload Mozilla/5.0 (iPhone; CPU iPhone OS 9_1 like Mac OS X) AppleWebKit/601.1.46 (KHTML, like Gecko) Version/9.0 Mobile/13B143 Safari/601.1"
69.39.225.240 - - [16/Aug/2026:13:38:23 -0400] "GET /area/dirt-traces-and-soilure/ HTTP/1.1" 200 16384 "-" "WP Rocket/Preload"
69.39.225.240 - - [16/Aug/2026:13:38:25 -0400] "GET /area/dirt-traces-and-soilure/ HTTP/1.1" 200 16384 "-" "WP Rocket/Preload Mozilla/5.0 (iPhone; CPU iPhone OS 9_1 like Mac OS X) AppleWebKit/601.1.46 (KHTML, like Gecko) Version/9.0 Mobile/13B143 Safari/601.1"
69.39.225.240 - - [16/Aug/2026:13:38:26 -0400] "GET /shop-2/ HTTP/1.1" 200 16384 "-" "WP Rocket/Preload"
69.39.225.240 - - [16/Aug/2026:13:38:28 -0400] "GET /shop-2/ HTTP/1.1" 200 16384 "-" "WP Rocket/Preload Mozilla/5.0 (iPhone; CPU iPhone OS 9_1 like Mac OS X) AppleWebKit/601.1.46 (KHTML, like Gecko) Version/9.0 Mobile/13B143 Safari/601.1"
69.39.225.240 - - [16/Aug/2026:13:38:29 -0400] "GET /portfolio/offices-corporate-buildings/ HTTP/1.1" 200 16384 "-" "WP Rocket/Preload"
69.39.225.240 - - [16/Aug/2026:13:38:31 -0400] "GET /portfolio/offices-corporate-buildings/ HTTP/1.1" 200 16384 "-" "WP Rocket/Preload Mozilla/5.0 (iPhone; CPU iPhone OS 9_1 like Mac OS X) AppleWebKit/601.1.46 (KHTML, like Gecko) Version/9.0 Mobile/13B143 Safari/601.1"
69.39.225.240 - - [16/Aug/2026:13:38:32 -0400] "GET /performance-sustainable-cleaners/ HTTP/1.1" 200 16384 "-" "WP Rocket/Preload"
83.99.206.187 - - [16/Aug/2026:13:38:34 -0400] "GET /surface/concrete/ HTTP/1.1" 200 47381 "-" "Mozilla/5.0 (X11; Linux x86_64) AppleWebKit/537.36 (KHTML, like Gecko; GeedoShopProductFinder) Chrome/142.0.0.0 Safari/537.36"
69.39.225.240 - - [16/Aug/2026:13:38:34 -0400] "GET /performance-sustainable-cleaners/ HTTP/1.1" 200 16384 "-" "WP Rocket/Preload Mozilla/5.0 (iPhone; CPU iPhone OS 9_1 like Mac OS X) AppleWebKit/601.1.46 (KHTML, like Gecko) Version/9.0 Mobile/13B143 Safari/601.1"
69.39.225.240 - - [16/Aug/2026:13:38:35 -0400] "GET /contact/ HTTP/1.1" 200 16384 "-" "WP Rocket/Preload"
69.39.225.240 - - [16/Aug/2026:13:38:37 -0400] "GET /contact/ HTTP/1.1" 200 16384 "-" "WP Rocket/Preload Mozilla/5.0 (iPhone; CPU iPhone OS 9_1 like Mac OS X) AppleWebKit/601.1.46 (KHTML, like Gecko) Version/9.0 Mobile/13B143 Safari/601.1"
83.99.206.187 - - [16/Aug/2026:13:38:53 -0400] "GET /surface/scuff-marks/ HTTP/1.1" 200 47586 "-" "Mozilla/5.0 (X11; Linux x86_64) AppleWebKit/537.36 (KHTML, like Gecko; GeedoShopProductFinder) Chrome/142.0.0.0 Safari/537.36"
83.99.206.187 - - [16/Aug/2026:13:39:13 -0400] "GET /area/aluminium/ HTTP/1.1" 200 47849 "-" "Mozilla/5.0 (X11; Linux x86_64) AppleWebKit/537.36 (KHTML, like Gecko; GeedoShopProductFinder) Chrome/142.0.0.0 Safari/537.36"
83.99.206.187 - - [16/Aug/2026:13:39:34 -0400] "GET /product-category/all-industries/ HTTP/1.1" 200 48451 "-" "Mozilla/5.0 (X11; Linux x86_64) AppleWebKit/537.36 (KHTML, like Gecko; GeedoShopProductFinder) Chrome/142.0.0.0 Safari/537.36"
3.89.170.186 - - [16/Aug/2026:13:41:08 -0400] "GET /product/dishwashing-liquid-hard-water/ HTTP/1.1" 200 49768 "-" "Mozilla/5.0 AppleWebKit/537.36 (KHTML, like Gecko; compatible; Amazonbot/0.1; +https://developer.amazon.com/support/amazonbot) Chrome/119.0.6045.214 Safari/537.36"
69.39.225.240 - - [16/Aug/2026:13:41:13 -0400] "POST /wp-cron.php?doing_wp_cron=1786902073.3487930297851562500000 HTTP/1.1" 200 20 "-" "WordPress/7.0.4; https://www.biotechprocleaners.com"
3.89.170.186 - - [16/Aug/2026:13:41:12 -0400] "GET /surface/work-tables/?surfaces=metals HTTP/1.1" 200 47382 "-" "Mozilla/5.0 AppleWebKit/537.36 (KHTML, like Gecko; compatible; Amazonbot/0.1; +https://developer.amazon.com/support/amazonbot) Chrome/119.0.6045.214 Safari/537.36"
69.39.225.240 - - [16/Aug/2026:13:41:14 -0400] "GET /product/industrial-degreaser-solvent/ HTTP/1.1" 200 50307 "-" "WP Rocket/Preload"
69.39.225.240 - - [16/Aug/2026:13:41:16 -0400] "GET /product/industrial-degreaser-solvent/ HTTP/1.1" 200 16384 "-" "WP Rocket/Preload Mozilla/5.0 (iPhone; CPU iPhone OS 9_1 like Mac OS X) AppleWebKit/601.1.46 (KHTML, like Gecko) Version/9.0 Mobile/13B143 Safari/601.1"
69.39.225.240 - - [16/Aug/2026:13:41:17 -0400] "GET /our-services/ HTTP/1.1" 200 16384 "-" "WP Rocket/Preload"
69.39.225.240 - - [16/Aug/2026:13:41:19 -0400] "GET /our-services/ HTTP/1.1" 200 16384 "-" "WP Rocket/Preload Mozilla/5.0 (iPhone; CPU iPhone OS 9_1 like Mac OS X) AppleWebKit/601.1.46 (KHTML, like Gecko) Version/9.0 Mobile/13B143 Safari/601.1"
69.39.225.240 - - [16/Aug/2026:13:41:20 -0400] "GET /product/glass-cleaner-shiner/ HTTP/1.1" 200 16384 "-" "WP Rocket/Preload"
69.39.225.240 - - [16/Aug/2026:13:41:22 -0400] "GET /product/glass-cleaner-shiner/ HTTP/1.1" 200 16384 "-" "WP Rocket/Preload Mozilla/5.0 (iPhone; CPU iPhone OS 9_1 like Mac OS X) AppleWebKit/601.1.46 (KHTML, like Gecko) Version/9.0 Mobile/13B143 Safari/601.1"
69.39.225.240 - - [16/Aug/2026:13:41:23 -0400] "GET /type/video/ HTTP/1.1" 200 16384 "-" "WP Rocket/Preload"
69.39.225.240 - - [16/Aug/2026:13:41:25 -0400] "GET /type/video/ HTTP/1.1" 200 16384 "-" "WP Rocket/Preload Mozilla/5.0 (iPhone; CPU iPhone OS 9_1 like Mac OS X) AppleWebKit/601.1.46 (KHTML, like Gecko) Version/9.0 Mobile/13B143 Safari/601.1"
69.39.225.240 - - [16/Aug/2026:13:41:26 -0400] "GET /portfolio-grid-four-columns/ HTTP/1.1" 200 16384 "-" "WP Rocket/Preload"
69.39.225.240 - - [16/Aug/2026:13:41:28 -0400] "GET /portfolio-grid-four-columns/ HTTP/1.1" 200 16384 "-" "WP Rocket/Preload Mozilla/5.0 (iPhone; CPU iPhone OS 9_1 like Mac OS X) AppleWebKit/601.1.46 (KHTML, like Gecko) Version/9.0 Mobile/13B143 Safari/601.1"
69.39.225.240 - - [16/Aug/2026:13:41:29 -0400] "GET /portfolio/hospitality/ HTTP/1.1" 200 16384 "-" "WP Rocket/Preload"
83.99.206.146 - - [16/Aug/2026:13:41:31 -0400] "GET /product/plastic-cleaner-ravisher/ HTTP/1.1" 200 49385 "-" "Mozilla/5.0 (X11; Linux x86_64) AppleWebKit/537.36 (KHTML, like Gecko; GeedoShopProductFinder) Chrome/142.0.0.0 Safari/537.36"
69.39.225.240 - - [16/Aug/2026:13:41:31 -0400] "GET /portfolio/hospitality/ HTTP/1.1" 200 16384 "-" "WP Rocket/Preload Mozilla/5.0 (iPhone; CPU iPhone OS 9_1 like Mac OS X) AppleWebKit/601.1.46 (KHTML, like Gecko) Version/9.0 Mobile/13B143 Safari/601.1"
69.39.225.240 - - [16/Aug/2026:13:41:32 -0400] "GET /portfolio/healthcare/ HTTP/1.1" 200 16384 "-" "WP Rocket/Preload"
69.39.225.240 - - [16/Aug/2026:13:41:34 -0400] "GET /portfolio/healthcare/ HTTP/1.1" 200 16384 "-" "WP Rocket/Preload Mozilla/5.0 (iPhone; CPU iPhone OS 9_1 like Mac OS X) AppleWebKit/601.1.46 (KHTML, like Gecko) Version/9.0 Mobile/13B143 Safari/601.1"
83.99.206.146 - - [16/Aug/2026:13:41:52 -0400] "GET /product-category/food/ HTTP/1.1" 200 47930 "-" "Mozilla/5.0 (X11; Linux x86_64) AppleWebKit/537.36 (KHTML, like Gecko; GeedoShopProductFinder) Chrome/142.0.0.0 Safari/537.36"
83.99.206.146 - - [16/Aug/2026:13:42:11 -0400] "GET /surface/metals/ HTTP/1.1" 200 47353 "-" "Mozilla/5.0 (X11; Linux x86_64) AppleWebKit/537.36 (KHTML, like Gecko; GeedoShopProductFinder) Chrome/142.0.0.0 Safari/537.36"
83.99.206.146 - - [16/Aug/2026:13:42:31 -0400] "GET /area/stainless-steel/ HTTP/1.1" 200 47854 "-" "Mozilla/5.0 (X11; Linux x86_64) AppleWebKit/537.36 (KHTML, like Gecko; GeedoShopProductFinder) Chrome/142.0.0.0 Safari/537.36"
83.99.206.236 - - [16/Aug/2026:13:42:52 -0400] "GET /surface/plastic-panels/ HTTP/1.1" 200 47669 "-" "Mozilla/5.0 (X11; Linux x86_64) AppleWebKit/537.36 (KHTML, like Gecko; GeedoShopProductFinder) Chrome/142.0.0.0 Safari/537.36"
83.99.206.231 - - [16/Aug/2026:13:43:11 -0400] "GET /area/synthetic-leather/ HTTP/1.1" 200 47655 "-" "Mozilla/5.0 (X11; Linux x86_64) AppleWebKit/537.36 (KHTML, like Gecko; GeedoShopProductFinder) Chrome/142.0.0.0 Safari/537.36"
69.39.225.240 - - [16/Aug/2026:13:43:37 -0400] "POST /wp-cron.php?doing_wp_cron=1786902217.6638479232788085937500 HTTP/1.1" 200 20 "-" "WordPress/7.0.4; https://www.biotechprocleaners.com"
107.23.62.75 - - [16/Aug/2026:13:43:36 -0400] "GET /shop/?surfaces=chrome-and-enamel HTTP/1.1" 200 46972 "-" "Mozilla/5.0 AppleWebKit/537.36 (KHTML, like Gecko; compatible; Amazonbot/0.1; +https://developer.amazon.com/support/amazonbot) Chrome/119.0.6045.214 Safari/537.36"
69.39.225.240 - - [16/Aug/2026:13:43:38 -0400] "GET /services/faq/ HTTP/1.1" 200 44991 "-" "WP Rocket/Preload"
69.39.225.240 - - [16/Aug/2026:13:43:40 -0400] "GET /services/faq/ HTTP/1.1" 200 16384 "-" "WP Rocket/Preload Mozilla/5.0 (iPhone; CPU iPhone OS 9_1 like Mac OS X) AppleWebKit/601.1.46 (KHTML, like Gecko) Version/9.0 Mobile/13B143 Safari/601.1"
69.39.225.240 - - [16/Aug/2026:13:43:42 -0400] "GET /thank-you-sample/ HTTP/1.1" 200 16384 "-" "WP Rocket/Preload"
69.39.225.240 - - [16/Aug/2026:13:43:43 -0400] "GET /thank-you-sample/ HTTP/1.1" 200 16384 "-" "WP Rocket/Preload Mozilla/5.0 (iPhone; CPU iPhone OS 9_1 like Mac OS X) AppleWebKit/601.1.46 (KHTML, like Gecko) Version/9.0 Mobile/13B143 Safari/601.1"
69.39.225.240 - - [16/Aug/2026:13:43:45 -0400] "GET /portfolio/retail-industry/ HTTP/1.1" 200 16384 "-" "WP Rocket/Preload"
69.39.225.240 - - [16/Aug/2026:13:43:46 -0400] "GET /portfolio/retail-industry/ HTTP/1.1" 200 16384 "-" "WP Rocket/Preload Mozilla/5.0 (iPhone; CPU iPhone OS 9_1 like Mac OS X) AppleWebKit/601.1.46 (KHTML, like Gecko) Version/9.0 Mobile/13B143 Safari/601.1"
69.39.225.240 - - [16/Aug/2026:13:43:48 -0400] "GET /portfolio/logistics-transportation/ HTTP/1.1" 200 16384 "-" "WP Rocket/Preload"
69.39.225.240 - - [16/Aug/2026:13:43:49 -0400] "GET /portfolio/logistics-transportation/ HTTP/1.1" 200 16384 "-" "WP Rocket/Preload Mozilla/5.0 (iPhone; CPU iPhone OS 9_1 like Mac OS X) AppleWebKit/601.1.46 (KHTML, like Gecko) Version/9.0 Mobile/13B143 Safari/601.1"
69.39.225.240 - - [16/Aug/2026:13:43:51 -0400] "GET /portfolio-grid-tree-columns/ HTTP/1.1" 200 16384 "-" "WP Rocket/Preload"
69.39.225.240 - - [16/Aug/2026:13:43:52 -0400] "GET /portfolio-grid-tree-columns/ HTTP/1.1" 200 16384 "-" "WP Rocket/Preload Mozilla/5.0 (iPhone; CPU iPhone OS 9_1 like Mac OS X) AppleWebKit/601.1.46 (KHTML, like Gecko) Version/9.0 Mobile/13B143 Safari/601.1"
69.39.225.240 - - [16/Aug/2026:13:43:54 -0400] "GET /type/link/ HTTP/1.1" 200 16384 "-" "WP Rocket/Preload"
69.39.225.240 - - [16/Aug/2026:13:43:55 -0400] "GET /type/link/ HTTP/1.1" 200 16384 "-" "WP Rocket/Preload Mozilla/5.0 (iPhone; CPU iPhone OS 9_1 like Mac OS X) AppleWebKit/601.1.46 (KHTML, like Gecko) Version/9.0 Mobile/13B143 Safari/601.1"
69.39.225.240 - - [16/Aug/2026:13:43:57 -0400] "GET /portfolio/food-industry/ HTTP/1.1" 200 16384 "-" "WP Rocket/Preload"
69.39.225.240 - - [16/Aug/2026:13:43:58 -0400] "GET /portfolio/food-industry/ HTTP/1.1" 200 16384 "-" "WP Rocket/Preload Mozilla/5.0 (iPhone; CPU iPhone OS 9_1 like Mac OS X) AppleWebKit/601.1.46 (KHTML, like Gecko) Version/9.0 Mobile/13B143 Safari/601.1"
69.39.225.240 - - [16/Aug/2026:13:44:37 -0400] "POST /wp-cron.php?doing_wp_cron=1786902277.3249270915985107421875 HTTP/1.1" 200 20 "-" "WordPress/7.0.4; https://www.biotechprocleaners.com"
54.39.136.40 - - [16/Aug/2026:13:44:36 -0400] "GET /sitemap_index.xml HTTP/1.1" 200 469 "-" "Mozilla/5.0 (compatible; AhrefsBot/7.0; +http://ahrefs.com/robot/)"
54.39.0.89 - - [16/Aug/2026:13:44:38 -0400] "GET /post-sitemap.xml HTTP/1.1" 200 883 "-" "Mozilla/5.0 (compatible; AhrefsBot/7.0; +http://ahrefs.com/robot/)"
69.39.225.240 - - [16/Aug/2026:13:44:38 -0400] "GET /type/quote/ HTTP/1.1" 200 16384 "-" "WP Rocket/Preload"
69.39.225.240 - - [16/Aug/2026:13:44:40 -0400] "GET /type/quote/ HTTP/1.1" 200 16384 "-" "WP Rocket/Preload Mozilla/5.0 (iPhone; CPU iPhone OS 9_1 like Mac OS X) AppleWebKit/601.1.46 (KHTML, like Gecko) Version/9.0 Mobile/13B143 Safari/601.1"
69.39.225.240 - - [16/Aug/2026:13:44:41 -0400] "GET /services/pricing/ HTTP/1.1" 200 44494 "-" "WP Rocket/Preload"
51.161.37.137 - - [16/Aug/2026:13:44:41 -0400] "GET /page-sitemap.xml HTTP/1.1" 200 1498 "-" "Mozilla/5.0 (compatible; AhrefsBot/7.0; +http://ahrefs.com/robot/)"
69.39.225.240 - - [16/Aug/2026:13:44:42 -0400] "GET /services/pricing/ HTTP/1.1" 200 16384 "-" "WP Rocket/Preload Mozilla/5.0 (iPhone; CPU iPhone OS 9_1 like Mac OS X) AppleWebKit/601.1.46 (KHTML, like Gecko) Version/9.0 Mobile/13B143 Safari/601.1"
51.161.65.66 - - [16/Aug/2026:13:44:43 -0400] "GET /product-sitemap.xml HTTP/1.1" 200 1013 "-" "Mozilla/5.0 (compatible; AhrefsBot/7.0; +http://ahrefs.com/robot/)"
69.39.225.240 - - [16/Aug/2026:13:44:43 -0400] "GET /area/dishwasher/ HTTP/1.1" 200 16384 "-" "WP Rocket/Preload"
69.39.225.240 - - [16/Aug/2026:13:44:45 -0400] "GET /area/dishwasher/ HTTP/1.1" 200 16384 "-" "WP Rocket/Preload Mozilla/5.0 (iPhone; CPU iPhone OS 9_1 like Mac OS X) AppleWebKit/601.1.46 (KHTML, like Gecko) Version/9.0 Mobile/13B143 Safari/601.1"
54.39.89.234 - - [16/Aug/2026:13:44:45 -0400] "GET /portfolio-sitemap.xml HTTP/1.1" 200 795 "-" "Mozilla/5.0 (compatible; AhrefsBot/7.0; +http://ahrefs.com/robot/)"
69.39.225.240 - - [16/Aug/2026:13:44:46 -0400] "GET /2020/10/ HTTP/1.1" 200 16384 "-" "WP Rocket/Preload"
142.44.233.17 - - [16/Aug/2026:13:44:47 -0400] "GET /slider-item-sitemap.xml HTTP/1.1" 200 710 "-" "Mozilla/5.0 (compatible; AhrefsBot/7.0; +http://ahrefs.com/robot/)"
69.39.225.240 - - [16/Aug/2026:13:44:48 -0400] "GET /2020/10/ HTTP/1.1" 200 16384 "-" "WP Rocket/Preload Mozilla/5.0 (iPhone; CPU iPhone OS 9_1 like Mac OS X) AppleWebKit/601.1.46 (KHTML, like Gecko) Version/9.0 Mobile/13B143 Safari/601.1"
69.39.225.240 - - [16/Aug/2026:13:44:49 -0400] "GET /portfolio-single/ HTTP/1.1" 200 40935 "-" "WP Rocket/Preload"
15.235.27.106 - - [16/Aug/2026:13:44:50 -0400] "GET /category-sitemap.xml HTTP/1.1" 200 463 "-" "Mozilla/5.0 (compatible; AhrefsBot/7.0; +http://ahrefs.com/robot/)"
69.39.225.240 - - [16/Aug/2026:13:44:51 -0400] "GET /portfolio-single/ HTTP/1.1" 200 16384 "-" "WP Rocket/Preload Mozilla/5.0 (iPhone; CPU iPhone OS 9_1 like Mac OS X) AppleWebKit/601.1.46 (KHTML, like Gecko) Version/9.0 Mobile/13B143 Safari/601.1"
69.39.225.240 - - [16/Aug/2026:13:44:52 -0400] "GET /thank-you-contact/ HTTP/1.1" 200 16384 "-" "WP Rocket/Preload"
54.39.0.214 - - [16/Aug/2026:13:44:52 -0400] "GET /post_tag-sitemap.xml HTTP/1.1" 200 483 "-" "Mozilla/5.0 (compatible; AhrefsBot/7.0; +http://ahrefs.com/robot/)"
69.39.225.240 - - [16/Aug/2026:13:44:54 -0400] "GET /thank-you-contact/ HTTP/1.1" 200 16384 "-" "WP Rocket/Preload Mozilla/5.0 (iPhone; CPU iPhone OS 9_1 like Mac OS X) AppleWebKit/601.1.46 (KHTML, like Gecko) Version/9.0 Mobile/13B143 Safari/601.1"
142.44.220.129 - - [16/Aug/2026:13:44:55 -0400] "GET /product_cat-sitemap.xml HTTP/1.1" 200 537 "-" "Mozilla/5.0 (compatible; AhrefsBot/7.0; +http://ahrefs.com/robot/)"
69.39.225.240 - - [16/Aug/2026:13:44:55 -0400] "GET /type/audio/ HTTP/1.1" 200 16384 "-" "WP Rocket/Preload"
69.39.225.240 - - [16/Aug/2026:13:44:57 -0400] "GET /type/audio/ HTTP/1.1" 200 16384 "-" "WP Rocket/Preload Mozilla/5.0 (iPhone; CPU iPhone OS 9_1 like Mac OS X) AppleWebKit/601.1.46 (KHTML, like Gecko) Version/9.0 Mobile/13B143 Safari/601.1"
51.222.95.255 - - [16/Aug/2026:13:44:58 -0400] "GET /surface-sitemap.xml HTTP/1.1" 200 1217 "-" "Mozilla/5.0 (compatible; AhrefsBot/7.0; +http://ahrefs.com/robot/)"
69.39.225.240 - - [16/Aug/2026:13:45:02 -0400] "POST /wp-cron.php?doing_wp_cron=1786902301.8501210212707519531250 HTTP/1.1" 200 20 "-" "WordPress/7.0.4; https://www.biotechprocleaners.com"
15.235.27.2 - - [16/Aug/2026:13:45:00 -0400] "GET /area-sitemap.xml HTTP/1.1" 200 1089 "-" "Mozilla/5.0 (compatible; AhrefsBot/7.0; +http://ahrefs.com/robot/)"
142.44.233.101 - - [16/Aug/2026:13:45:03 -0400] "GET /removal-sitemap.xml HTTP/1.1" 200 379 "-" "Mozilla/5.0 (compatible; AhrefsBot/7.0; +http://ahrefs.com/robot/)"
15.235.27.183 - - [16/Aug/2026:13:45:05 -0400] "GET /author-sitemap.xml HTTP/1.1" 200 377 "-" "Mozilla/5.0 (compatible; AhrefsBot/7.0; +http://ahrefs.com/robot/)"
83.99.206.90 - - [16/Aug/2026:13:45:09 -0400] "GET /surface/nicotine/ HTTP/1.1" 200 47568 "-" "Mozilla/5.0 (X11; Linux x86_64) AppleWebKit/537.36 (KHTML, like Gecko; GeedoShopProductFinder) Chrome/142.0.0.0 Safari/537.36"
83.99.206.251 - - [16/Aug/2026:13:45:30 -0400] "GET /surface/metal-sheet/ HTTP/1.1" 200 47694 "-" "Mozilla/5.0 (X11; Linux x86_64) AppleWebKit/537.36 (KHTML, like Gecko; GeedoShopProductFinder) Chrome/142.0.0.0 Safari/537.36"
57.141.4.61 - - [16/Aug/2026:13:45:35 -0400] "GET /area/chromes/ HTTP/1.1" 200 47646 "-" "Mozilla/5.0 (Macintosh; Intel Mac OS X 10_15_7) AppleWebKit/537.36 (KHTML, like Gecko) Chrome/145.0.0.0 Safari/537.36 (compatible; meta-externalagent/1.1 (+https://developers.facebook.com/docs/sharing/webmasters/crawler))"
83.99.206.90 - - [16/Aug/2026:13:45:49 -0400] "GET /slider-item/manufacturing-industries/ HTTP/1.1" 200 41216 "-" "Mozilla/5.0 (X11; Linux x86_64) AppleWebKit/537.36 (KHTML, like Gecko; GeedoShopProductFinder) Chrome/142.0.0.0 Safari/537.36"
83.99.206.90 - - [16/Aug/2026:13:46:09 -0400] "GET /surface/equipments/ HTTP/1.1" 200 47780 "-" "Mozilla/5.0 (X11; Linux x86_64) AppleWebKit/537.36 (KHTML, like Gecko; GeedoShopProductFinder) Chrome/142.0.0.0 Safari/537.36"
83.99.206.90 - - [16/Aug/2026:13:46:29 -0400] "GET /tag/properties/ HTTP/1.1" 200 43554 "-" "Mozilla/5.0 (X11; Linux x86_64) AppleWebKit/537.36 (KHTML, like Gecko; GeedoShopProductFinder) Chrome/142.0.0.0 Safari/537.36"
83.99.206.90 - - [16/Aug/2026:13:46:50 -0400] "GET /surface/plastic-surfaces/ HTTP/1.1" 200 47675 "-" "Mozilla/5.0 (X11; Linux x86_64) AppleWebKit/537.36 (KHTML, like Gecko; GeedoShopProductFinder) Chrome/142.0.0.0 Safari/537.36"
35.171.141.42 - - [16/Aug/2026:13:47:00 -0400] "GET /product/fragranced-floor-cleaner/ HTTP/1.1" 200 46855 "-" "Mozilla/5.0 AppleWebKit/537.36 (KHTML, like Gecko; compatible; Amazonbot/0.1; +https://developer.amazon.com/support/amazonbot) Chrome/119.0.6045.214 Safari/537.36"
69.39.225.240 - - [16/Aug/2026:13:47:49 -0400] "POST /wp-cron.php?doing_wp_cron=1786902469.8687500953674316406250 HTTP/1.1" 200 20 "-" "WordPress/7.0.4; https://www.biotechprocleaners.com"
34.206.212.24 - - [16/Aug/2026:13:47:48 -0400] "GET /shop/?areas=production-facilities HTTP/1.1" 200 47109 "-" "Mozilla/5.0 AppleWebKit/537.36 (KHTML, like Gecko; compatible; Amazonbot/0.1; +https://developer.amazon.com/support/amazonbot) Chrome/119.0.6045.214 Safari/537.36"
3.225.9.97 - - [16/Aug/2026:13:48:48 -0400] "GET /product/laundry-detergent/ HTTP/1.1" 200 49699 "-" "Mozilla/5.0 AppleWebKit/537.36 (KHTML, like Gecko; compatible; Amazonbot/0.1; +https://developer.amazon.com/support/amazonbot) Chrome/119.0.6045.214 Safari/537.36"
83.99.206.177 - - [16/Aug/2026:13:48:49 -0400] "GET /portfolio/logistics-transportation/ HTTP/1.1" 200 48042 "-" "Mozilla/5.0 (X11; Linux x86_64) AppleWebKit/537.36 (KHTML, like Gecko; GeedoShopProductFinder) Chrome/142.0.0.0 Safari/537.36"
83.99.206.177 - - [16/Aug/2026:13:49:10 -0400] "GET /area/mud/ HTTP/1.1" 200 47616 "-" "Mozilla/5.0 (X11; Linux x86_64) AppleWebKit/537.36 (KHTML, like Gecko; GeedoShopProductFinder) Chrome/142.0.0.0 Safari/537.36"
83.99.206.177 - - [16/Aug/2026:13:49:30 -0400] "GET /2020/08/21/amwerk-applies-for-studen-learning-project/ HTTP/1.1" 200 44987 "-" "Mozilla/5.0 (X11; Linux x86_64) AppleWebKit/537.36 (KHTML, like Gecko; GeedoShopProductFinder) Chrome/142.0.0.0 Safari/537.36"
83.99.206.177 - - [16/Aug/2026:13:49:49 -0400] "GET /formulas/ HTTP/1.1" 200 46282 "-" "Mozilla/5.0 (X11; Linux x86_64) AppleWebKit/537.36 (KHTML, like Gecko; GeedoShopProductFinder) Chrome/142.0.0.0 Safari/537.36"
83.99.206.177 - - [16/Aug/2026:13:50:09 -0400] "GET /slider-item/healthcare-industry/ HTTP/1.1" 200 41233 "-" "Mozilla/5.0 (X11; Linux x86_64) AppleWebKit/537.36 (KHTML, like Gecko; GeedoShopProductFinder) Chrome/142.0.0.0 Safari/537.36"
83.99.206.177 - - [16/Aug/2026:13:50:30 -0400] "GET /area/hardwood-floors/ HTTP/1.1" 200 47678 "-" "Mozilla/5.0 (X11; Linux x86_64) AppleWebKit/537.36 (KHTML, like Gecko; GeedoShopProductFinder) Chrome/142.0.0.0 Safari/537.36"
83.99.206.90 - - [16/Aug/2026:13:52:26 -0400] "GET /area/glass-shelves/ HTTP/1.1" 200 47623 "-" "Mozilla/5.0 (X11; Linux x86_64) AppleWebKit/537.36 (KHTML, like Gecko; GeedoShopProductFinder) Chrome/142.0.0.0 Safari/537.36"
83.99.206.90 - - [16/Aug/2026:13:52:45 -0400] "GET /category/construction/ HTTP/1.1" 200 44396 "-" "Mozilla/5.0 (X11; Linux x86_64) AppleWebKit/537.36 (KHTML, like Gecko; GeedoShopProductFinder) Chrome/142.0.0.0 Safari/537.36"
83.99.206.90 - - [16/Aug/2026:13:53:05 -0400] "GET /surface/panels/ HTTP/1.1" 200 47822 "-" "Mozilla/5.0 (X11; Linux x86_64) AppleWebKit/537.36 (KHTML, like Gecko; GeedoShopProductFinder) Chrome/142.0.0.0 Safari/537.36"
45.137.215.217 - - [16/Aug/2026:13:53:09 -0400] "GET / HTTP/1.0" 200 475154 "https://www.biotechprocleaners.com/" "Mozilla/5.0 (Windows NT 10.0; Win64; x64) AppleWebKit/537.36 (KHTML, like Gecko) Chrome/131.0.0.0 Safari/537.36"
69.39.225.240 - - [16/Aug/2026:13:53:18 -0400] "POST /wp-cron.php?doing_wp_cron=1786902798.4018409252166748046875 HTTP/1.1" 200 20 "-" "WordPress/7.0.4; https://www.biotechprocleaners.com"
45.137.215.217 - - [16/Aug/2026:13:53:14 -0400] "POST / HTTP/1.0" 200 470210 "https://www.biotechprocleaners.com/" "Mozilla/5.0 (Windows NT 10.0; Win64; x64) AppleWebKit/537.36 (KHTML, like Gecko) Chrome/131.0.0.0 Safari/537.36"
83.99.206.90 - - [16/Aug/2026:13:53:26 -0400] "GET /surface/electronics/ HTTP/1.1" 200 47328 "-" "Mozilla/5.0 (X11; Linux x86_64) AppleWebKit/537.36 (KHTML, like Gecko; GeedoShopProductFinder) Chrome/142.0.0.0 Safari/537.36"
83.99.206.186 - - [16/Aug/2026:13:53:45 -0400] "GET /area/entrances/ HTTP/1.1" 200 47345 "-" "Mozilla/5.0 (X11; Linux x86_64) AppleWebKit/537.36 (KHTML, like Gecko; GeedoShopProductFinder) Chrome/142.0.0.0 Safari/537.36"
69.39.225.240 - - [16/Aug/2026:13:54:06 -0400] "POST /wp-cron.php?doing_wp_cron=1786902846.7664420604705810546875 HTTP/1.1" 200 20 "-" "WordPress/7.0.4; https://www.biotechprocleaners.com"
83.99.206.90 - - [16/Aug/2026:13:54:05 -0400] "GET /surface/parkings/ HTTP/1.1" 200 32219 "-" "Mozilla/5.0 (X11; Linux x86_64) AppleWebKit/537.36 (KHTML, like Gecko; GeedoShopProductFinder) Chrome/142.0.0.0 Safari/537.36"
69.39.225.240 - - [16/Aug/2026:13:54:19 -0400] "GET /portfolio/manufacturing-industries/ HTTP/1.1" 200 48597 "-" "WP Rocket/Preload"
69.39.225.240 - - [16/Aug/2026:13:54:20 -0400] "GET /portfolio/manufacturing-industries/ HTTP/1.1" 200 48108 "-" "WP Rocket/Preload Mozilla/5.0 (iPhone; CPU iPhone OS 9_1 like Mac OS X) AppleWebKit/601.1.46 (KHTML, like Gecko) Version/9.0 Mobile/13B143 Safari/601.1"
69.39.225.240 - - [16/Aug/2026:13:54:20 -0400] "GET /portfolio/sport-recreational-convention/ HTTP/1.1" 200 47550 "-" "WP Rocket/Preload"
69.39.225.240 - - [16/Aug/2026:13:54:21 -0400] "GET /portfolio/sport-recreational-convention/ HTTP/1.1" 200 47581 "-" "WP Rocket/Preload Mozilla/5.0 (iPhone; CPU iPhone OS 9_1 like Mac OS X) AppleWebKit/601.1.46 (KHTML, like Gecko) Version/9.0 Mobile/13B143 Safari/601.1"
69.39.225.240 - - [16/Aug/2026:13:54:21 -0400] "GET /portfolio/government-public-sector/ HTTP/1.1" 200 47468 "-" "WP Rocket/Preload"
69.39.225.240 - - [16/Aug/2026:13:54:22 -0400] "GET /portfolio/government-public-sector/ HTTP/1.1" 200 47465 "-" "WP Rocket/Preload Mozilla/5.0 (iPhone; CPU iPhone OS 9_1 like Mac OS X) AppleWebKit/601.1.46 (KHTML, like Gecko) Version/9.0 Mobile/13B143 Safari/601.1"
69.39.225.240 - - [16/Aug/2026:13:54:22 -0400] "GET /portfolio/offices-corporate-buildings/ HTTP/1.1" 200 48008 "-" "WP Rocket/Preload"
69.39.225.240 - - [16/Aug/2026:13:54:23 -0400] "GET /portfolio/offices-corporate-buildings/ HTTP/1.1" 200 47996 "-" "WP Rocket/Preload Mozilla/5.0 (iPhone; CPU iPhone OS 9_1 like Mac OS X) AppleWebKit/601.1.46 (KHTML, like Gecko) Version/9.0 Mobile/13B143 Safari/601.1"
69.39.225.240 - - [16/Aug/2026:13:54:24 -0400] "GET /portfolio-grid-five-columns/ HTTP/1.1" 200 16384 "-" "WP Rocket/Preload"
69.39.225.240 - - [16/Aug/2026:13:54:25 -0400] "GET /portfolio-grid-five-columns/ HTTP/1.1" 200 16384 "-" "WP Rocket/Preload Mozilla/5.0 (iPhone; CPU iPhone OS 9_1 like Mac OS X) AppleWebKit/601.1.46 (KHTML, like Gecko) Version/9.0 Mobile/13B143 Safari/601.1"
100.29.34.97 - - [16/Aug/2026:13:55:12 -0400] "GET /area/limescale/ HTTP/1.1" 200 47663 "-" "Mozilla/5.0 AppleWebKit/537.36 (KHTML, like Gecko; compatible; Amazonbot/0.1; +https://developer.amazon.com/support/amazonbot) Chrome/119.0.6045.214 Safari/537.36"
69.39.225.240 - - [16/Aug/2026:13:55:34 -0400] "POST /wp-cron.php?doing_wp_cron=1786902934.1055378913879394531250 HTTP/1.1" 200 20 "-" "WordPress/7.0.4; https://www.biotechprocleaners.com"
44.195.50.71 - - [16/Aug/2026:13:55:32 -0400] "GET /surface/panels/?areas=glass-panel HTTP/1.1" 200 47396 "-" "Mozilla/5.0 AppleWebKit/537.36 (KHTML, like Gecko; compatible; Amazonbot/0.1; +https://developer.amazon.com/support/amazonbot) Chrome/119.0.6045.214 Safari/537.36"
69.39.225.240 - - [16/Aug/2026:13:55:36 -0400] "GET /slider-item/government-and-public-sector/ HTTP/1.1" 200 41830 "-" "WP Rocket/Preload"
69.39.225.240 - - [16/Aug/2026:13:55:38 -0400] "GET /slider-item/government-and-public-sector/ HTTP/1.1" 200 16384 "-" "WP Rocket/Preload Mozilla/5.0 (iPhone; CPU iPhone OS 9_1 like Mac OS X) AppleWebKit/601.1.46 (KHTML, like Gecko) Version/9.0 Mobile/13B143 Safari/601.1"
69.39.225.240 - - [16/Aug/2026:13:55:40 -0400] "GET /product/alkhaline-floor-cleaner-degreaser/ HTTP/1.1" 200 16384 "-" "WP Rocket/Preload"
69.39.225.240 - - [16/Aug/2026:13:55:41 -0400] "GET /product/alkhaline-floor-cleaner-degreaser/ HTTP/1.1" 200 16384 "-" "WP Rocket/Preload Mozilla/5.0 (iPhone; CPU iPhone OS 9_1 like Mac OS X) AppleWebKit/601.1.46 (KHTML, like Gecko) Version/9.0 Mobile/13B143 Safari/601.1"
69.39.225.240 - - [16/Aug/2026:13:55:43 -0400] "GET /product/cleaner-degreaser-hard-floors/ HTTP/1.1" 200 16384 "-" "WP Rocket/Preload"
69.39.225.240 - - [16/Aug/2026:13:55:44 -0400] "GET /product/cleaner-degreaser-hard-floors/ HTTP/1.1" 200 16384 "-" "WP Rocket/Preload Mozilla/5.0 (iPhone; CPU iPhone OS 9_1 like Mac OS X) AppleWebKit/601.1.46 (KHTML, like Gecko) Version/9.0 Mobile/13B143 Safari/601.1"
69.39.225.240 - - [16/Aug/2026:13:55:46 -0400] "GET /slider-item/food-industry/ HTTP/1.1" 200 16384 "-" "WP Rocket/Preload"
69.39.225.240 - - [16/Aug/2026:13:55:48 -0400] "GET /slider-item/food-industry/ HTTP/1.1" 200 16384 "-" "WP Rocket/Preload Mozilla/5.0 (iPhone; CPU iPhone OS 9_1 like Mac OS X) AppleWebKit/601.1.46 (KHTML, like Gecko) Version/9.0 Mobile/13B143 Safari/601.1"
69.39.225.240 - - [16/Aug/2026:13:55:49 -0400] "GET /product/bathroom-descaler/ HTTP/1.1" 200 16384 "-" "WP Rocket/Preload"
69.39.225.240 - - [16/Aug/2026:13:55:51 -0400] "GET /product/bathroom-descaler/ HTTP/1.1" 200 16384 "-" "WP Rocket/Preload Mozilla/5.0 (iPhone; CPU iPhone OS 9_1 like Mac OS X) AppleWebKit/601.1.46 (KHTML, like Gecko) Version/9.0 Mobile/13B143 Safari/601.1"
69.39.225.240 - - [16/Aug/2026:13:55:52 -0400] "GET /product/disinfectant-toilet-gel/ HTTP/1.1" 200 16384 "-" "WP Rocket/Preload"
69.39.225.240 - - [16/Aug/2026:13:55:54 -0400] "GET /product/disinfectant-toilet-gel/ HTTP/1.1" 200 16384 "-" "WP Rocket/Preload Mozilla/5.0 (iPhone; CPU iPhone OS 9_1 like Mac OS X) AppleWebKit/601.1.46 (KHTML, like Gecko) Version/9.0 Mobile/13B143 Safari/601.1"
69.39.225.240 - - [16/Aug/2026:13:57:07 -0400] "POST /wp-cron.php?doing_wp_cron=1786903026.9970369338989257812500 HTTP/1.1" 200 20 "-" "WordPress/7.0.4; https://www.biotechprocleaners.com"
83.99.206.178 - - [16/Aug/2026:13:57:04 -0400] "GET /slider-item/logistics-and-transportation/ HTTP/1.1" 200 41814 "-" "Mozilla/5.0 (X11; Linux x86_64) AppleWebKit/537.36 (KHTML, like Gecko; GeedoShopProductFinder) Chrome/142.0.0.0 Safari/537.36"
69.39.225.240 - - [16/Aug/2026:13:57:09 -0400] "GET /product-category/sport-recreational/ HTTP/1.1" 200 41694 "-" "WP Rocket/Preload"
69.39.225.240 - - [16/Aug/2026:13:57:12 -0400] "GET /product-category/sport-recreational/ HTTP/1.1" 200 16384 "-" "WP Rocket/Preload Mozilla/5.0 (iPhone; CPU iPhone OS 9_1 like Mac OS X) AppleWebKit/601.1.46 (KHTML, like Gecko) Version/9.0 Mobile/13B143 Safari/601.1"
69.39.225.240 - - [16/Aug/2026:13:57:13 -0400] "GET /thank-you-consultant/ HTTP/1.1" 200 16384 "-" "WP Rocket/Preload"
69.39.225.240 - - [16/Aug/2026:13:57:15 -0400] "GET /thank-you-consultant/ HTTP/1.1" 200 16384 "-" "WP Rocket/Preload Mozilla/5.0 (iPhone; CPU iPhone OS 9_1 like Mac OS X) AppleWebKit/601.1.46 (KHTML, like Gecko) Version/9.0 Mobile/13B143 Safari/601.1"
69.39.225.240 - - [16/Aug/2026:13:57:16 -0400] "GET /news/news-grid-six-columns/ HTTP/1.1" 200 16384 "-" "WP Rocket/Preload"
69.39.225.240 - - [16/Aug/2026:13:57:18 -0400] "GET /news/news-grid-six-columns/ HTTP/1.1" 200 16384 "-" "WP Rocket/Preload Mozilla/5.0 (iPhone; CPU iPhone OS 9_1 like Mac OS X) AppleWebKit/601.1.46 (KHTML, like Gecko) Version/9.0 Mobile/13B143 Safari/601.1"
69.39.225.240 - - [16/Aug/2026:13:57:19 -0400] "GET /product-category/convention-centers/ HTTP/1.1" 200 16384 "-" "WP Rocket/Preload"
69.39.225.240 - - [16/Aug/2026:13:57:21 -0400] "GET /product-category/convention-centers/ HTTP/1.1" 200 16384 "-" "WP Rocket/Preload Mozilla/5.0 (iPhone; CPU iPhone OS 9_1 like Mac OS X) AppleWebKit/601.1.46 (KHTML, like Gecko) Version/9.0 Mobile/13B143 Safari/601.1"
69.39.225.240 - - [16/Aug/2026:13:57:22 -0400] "GET /shop-2/products-categories/ HTTP/1.1" 200 16384 "-" "WP Rocket/Preload"
83.99.206.178 - - [16/Aug/2026:13:57:23 -0400] "GET /area/soot/ HTTP/1.1" 200 32207 "-" "Mozilla/5.0 (X11; Linux x86_64) AppleWebKit/537.36 (KHTML, like Gecko; GeedoShopProductFinder) Chrome/142.0.0.0 Safari/537.36"
69.39.225.240 - - [16/Aug/2026:13:57:24 -0400] "GET /shop-2/products-categories/ HTTP/1.1" 200 16384 "-" "WP Rocket/Preload Mozilla/5.0 (iPhone; CPU iPhone OS 9_1 like Mac OS X) AppleWebKit/601.1.46 (KHTML, like Gecko) Version/9.0 Mobile/13B143 Safari/601.1"
69.39.225.240 - - [16/Aug/2026:13:57:25 -0400] "GET /sample-page/ HTTP/1.1" 200 16384 "-" "WP Rocket/Preload"
69.39.225.240 - - [16/Aug/2026:13:57:27 -0400] "GET /sample-page/ HTTP/1.1" 200 16384 "-" "WP Rocket/Preload Mozilla/5.0 (iPhone; CPU iPhone OS 9_1 like Mac OS X) AppleWebKit/601.1.46 (KHTML, like Gecko) Version/9.0 Mobile/13B143 Safari/601.1"
69.39.225.240 - - [16/Aug/2026:13:57:28 -0400] "GET /product/food-desinfectant-degreaser-cleaner/ HTTP/1.1" 200 16384 "-" "WP Rocket/Preload"
69.39.225.240 - - [16/Aug/2026:13:57:30 -0400] "GET /product/food-desinfectant-degreaser-cleaner/ HTTP/1.1" 200 16384 "-" "WP Rocket/Preload Mozilla/5.0 (iPhone; CPU iPhone OS 9_1 like Mac OS X) AppleWebKit/601.1.46 (KHTML, like Gecko) Version/9.0 Mobile/13B143 Safari/601.1"
69.39.225.240 - - [16/Aug/2026:13:57:31 -0400] "GET /product/enzymatic-sanitary-cleaner/ HTTP/1.1" 200 16384 "-" "WP Rocket/Preload"
69.39.225.240 - - [16/Aug/2026:13:57:33 -0400] "GET /product/enzymatic-sanitary-cleaner/ HTTP/1.1" 200 16384 "-" "WP Rocket/Preload Mozilla/5.0 (iPhone; CPU iPhone OS 9_1 like Mac OS X) AppleWebKit/601.1.46 (KHTML, like Gecko) Version/9.0 Mobile/13B143 Safari/601.1"
83.99.206.178 - - [16/Aug/2026:13:57:57 -0400] "GET /thank-you-sample/ HTTP/1.1" 200 40987 "-" "Mozilla/5.0 (X11; Linux x86_64) AppleWebKit/537.36 (KHTML, like Gecko; GeedoShopProductFinder) Chrome/142.0.0.0 Safari/537.36"
83.99.206.95 - - [16/Aug/2026:13:58:04 -0400] "GET /surface/engines/ HTTP/1.1" 200 47670 "-" "Mozilla/5.0 (X11; Linux x86_64) AppleWebKit/537.36 (KHTML, like Gecko; GeedoShopProductFinder) Chrome/142.0.0.0 Safari/537.36"
83.99.206.178 - - [16/Aug/2026:13:58:24 -0400] "GET /product/laundry-detergent/ HTTP/1.1" 200 49699 "-" "Mozilla/5.0 (X11; Linux x86_64) AppleWebKit/537.36 (KHTML, like Gecko; GeedoShopProductFinder) Chrome/142.0.0.0 Safari/537.36"
83.99.206.56 - - [16/Aug/2026:13:58:43 -0400] "GET /surface/different-types-of-flooring/ HTTP/1.1" 200 46959 "-" "Mozilla/5.0 (X11; Linux x86_64) AppleWebKit/537.36 (KHTML, like Gecko; GeedoShopProductFinder) Chrome/142.0.0.0 Safari/537.36"
83.99.206.74 - - [16/Aug/2026:14:00:40 -0400] "GET /product/bathroom-descaler/ HTTP/1.1" 200 49802 "-" "Mozilla/5.0 (X11; Linux x86_64) AppleWebKit/537.36 (KHTML, like Gecko; GeedoShopProductFinder) Chrome/142.0.0.0 Safari/537.36"
69.39.225.240 - - [16/Aug/2026:14:01:02 -0400] "POST /wp-cron.php?doing_wp_cron=1786903261.9270570278167724609375 HTTP/1.1" 200 20 "-" "WordPress/7.0.4; https://www.biotechprocleaners.com"
83.99.206.63 - - [16/Aug/2026:14:01:00 -0400] "GET /area/dishwsaher/ HTTP/1.1" 200 48244 "-" "Mozilla/5.0 (X11; Linux x86_64) AppleWebKit/537.36 (KHTML, like Gecko; GeedoShopProductFinder) Chrome/142.0.0.0 Safari/537.36"
69.39.225.240 - - [16/Aug/2026:14:01:03 -0400] "GET /news/news-grid-four-columns/ HTTP/1.1" 200 41846 "-" "WP Rocket/Preload"
69.39.225.240 - - [16/Aug/2026:14:01:05 -0400] "GET /news/news-grid-four-columns/ HTTP/1.1" 200 16384 "-" "WP Rocket/Preload Mozilla/5.0 (iPhone; CPU iPhone OS 9_1 like Mac OS X) AppleWebKit/601.1.46 (KHTML, like Gecko) Version/9.0 Mobile/13B143 Safari/601.1"
69.39.225.240 - - [16/Aug/2026:14:01:06 -0400] "GET /product/dishwsahing-liquid-soft-water/ HTTP/1.1" 200 16384 "-" "WP Rocket/Preload"
69.39.225.240 - - [16/Aug/2026:14:01:08 -0400] "GET /product/dishwsahing-liquid-soft-water/ HTTP/1.1" 200 16384 "-" "WP Rocket/Preload Mozilla/5.0 (iPhone; CPU iPhone OS 9_1 like Mac OS X) AppleWebKit/601.1.46 (KHTML, like Gecko) Version/9.0 Mobile/13B143 Safari/601.1"
69.39.225.240 - - [16/Aug/2026:14:01:09 -0400] "GET /about-us/careers/ HTTP/1.1" 200 16384 "-" "WP Rocket/Preload"
69.39.225.240 - - [16/Aug/2026:14:01:11 -0400] "GET /about-us/careers/ HTTP/1.1" 200 16384 "-" "WP Rocket/Preload Mozilla/5.0 (iPhone; CPU iPhone OS 9_1 like Mac OS X) AppleWebKit/601.1.46 (KHTML, like Gecko) Version/9.0 Mobile/13B143 Safari/601.1"
69.39.225.240 - - [16/Aug/2026:14:01:12 -0400] "GET /footer/ HTTP/1.1" 200 16384 "-" "WP Rocket/Preload"
69.39.225.240 - - [16/Aug/2026:14:01:14 -0400] "GET /footer/ HTTP/1.1" 200 16384 "-" "WP Rocket/Preload Mozilla/5.0 (iPhone; CPU iPhone OS 9_1 like Mac OS X) AppleWebKit/601.1.46 (KHTML, like Gecko) Version/9.0 Mobile/13B143 Safari/601.1"
69.39.225.240 - - [16/Aug/2026:14:01:15 -0400] "GET /shop-2/products-six-columns/ HTTP/1.1" 200 16384 "-" "WP Rocket/Preload"
69.39.225.240 - - [16/Aug/2026:14:01:17 -0400] "GET /shop-2/products-six-columns/ HTTP/1.1" 200 16384 "-" "WP Rocket/Preload Mozilla/5.0 (iPhone; CPU iPhone OS 9_1 like Mac OS X) AppleWebKit/601.1.46 (KHTML, like Gecko) Version/9.0 Mobile/13B143 Safari/601.1"
69.39.225.240 - - [16/Aug/2026:14:01:18 -0400] "GET /news/latest-posts-six-columns/ HTTP/1.1" 200 16384 "-" "WP Rocket/Preload"
83.99.206.131 - - [16/Aug/2026:14:01:20 -0400] "GET /product/floore-cleaner/ HTTP/1.1" 200 49964 "-" "Mozilla/5.0 (X11; Linux x86_64) AppleWebKit/537.36 (KHTML, like Gecko; GeedoShopProductFinder) Chrome/142.0.0.0 Safari/537.36"
69.39.225.240 - - [16/Aug/2026:14:01:20 -0400] "GET /news/latest-posts-six-columns/ HTTP/1.1" 200 16384 "-" "WP Rocket/Preload Mozilla/5.0 (iPhone; CPU iPhone OS 9_1 like Mac OS X) AppleWebKit/601.1.46 (KHTML, like Gecko) Version/9.0 Mobile/13B143 Safari/601.1"
69.39.225.240 - - [16/Aug/2026:14:01:21 -0400] "GET /slider-item/recreational-and-convention-centers/ HTTP/1.1" 200 16384 "-" "WP Rocket/Preload"
69.39.225.240 - - [16/Aug/2026:14:01:23 -0400] "GET /slider-item/recreational-and-convention-centers/ HTTP/1.1" 200 16384 "-" "WP Rocket/Preload Mozilla/5.0 (iPhone; CPU iPhone OS 9_1 like Mac OS X) AppleWebKit/601.1.46 (KHTML, like Gecko) Version/9.0 Mobile/13B143 Safari/601.1"
83.99.206.131 - - [16/Aug/2026:14:01:41 -0400] "GET /tag/hr/ HTTP/1.1" 200 43093 "-" "Mozilla/5.0 (X11; Linux x86_64) AppleWebKit/537.36 (KHTML, like Gecko; GeedoShopProductFinder) Chrome/142.0.0.0 Safari/537.36"
83.99.206.159 - - [16/Aug/2026:14:02:00 -0400] "GET /portfolio-tiles-four-columns/ HTTP/1.1" 200 40951 "-" "Mozilla/5.0 (X11; Linux x86_64) AppleWebKit/537.36 (KHTML, like Gecko; GeedoShopProductFinder) Chrome/142.0.0.0 Safari/537.36"
91.92.47.210 - - [16/Aug/2026:14:02:14 -0400] "HEAD / HTTP/1.1" 200 - "-" "Mozilla/5.0"
69.39.225.240 - - [16/Aug/2026:14:02:14 -0400] "GET /slider-item/healthcare-industry/ HTTP/1.1" 200 41803 "-" "WP Rocket/Preload"
91.92.47.210 - - [16/Aug/2026:14:02:16 -0400] "GET / HTTP/1.1" 200 49545 "-" "Mozilla/5.0"
69.39.225.240 - - [16/Aug/2026:14:02:16 -0400] "GET /slider-item/healthcare-industry/ HTTP/1.1" 200 16384 "-" "WP Rocket/Preload Mozilla/5.0 (iPhone; CPU iPhone OS 9_1 like Mac OS X) AppleWebKit/601.1.46 (KHTML, like Gecko) Version/9.0 Mobile/13B143 Safari/601.1"
69.39.225.240 - - [16/Aug/2026:14:02:18 -0400] "GET /slider-item/hospitality-industry/ HTTP/1.1" 200 16384 "-" "WP Rocket/Preload"
83.99.206.131 - - [16/Aug/2026:14:02:20 -0400] "GET /surface/grease/ HTTP/1.1" 200 47572 "-" "Mozilla/5.0 (X11; Linux x86_64) AppleWebKit/537.36 (KHTML, like Gecko; GeedoShopProductFinder) Chrome/142.0.0.0 Safari/537.36"
69.39.225.240 - - [16/Aug/2026:14:02:19 -0400] "GET /slider-item/hospitality-industry/ HTTP/1.1" 200 16384 "-" "WP Rocket/Preload Mozilla/5.0 (iPhone; CPU iPhone OS 9_1 like Mac OS X) AppleWebKit/601.1.46 (KHTML, like Gecko) Version/9.0 Mobile/13B143 Safari/601.1"
69.39.225.240 - - [16/Aug/2026:14:02:21 -0400] "GET /news/news-grid-five-columns/ HTTP/1.1" 200 16384 "-" "WP Rocket/Preload"
69.39.225.240 - - [16/Aug/2026:14:02:22 -0400] "GET /news/news-grid-five-columns/ HTTP/1.1" 200 16384 "-" "WP Rocket/Preload Mozilla/5.0 (iPhone; CPU iPhone OS 9_1 like Mac OS X) AppleWebKit/601.1.46 (KHTML, like Gecko) Version/9.0 Mobile/13B143 Safari/601.1"
69.39.225.240 - - [16/Aug/2026:14:02:24 -0400] "GET /area/more-powerful-towards-soilure-from-oil-and-grease/ HTTP/1.1" 200 16384 "-" "WP Rocket/Preload"
69.39.225.240 - - [16/Aug/2026:14:02:25 -0400] "GET /area/more-powerful-towards-soilure-from-oil-and-grease/ HTTP/1.1" 200 16384 "-" "WP Rocket/Preload Mozilla/5.0 (iPhone; CPU iPhone OS 9_1 like Mac OS X) AppleWebKit/601.1.46 (KHTML, like Gecko) Version/9.0 Mobile/13B143 Safari/601.1"
69.39.225.240 - - [16/Aug/2026:14:02:27 -0400] "GET /portfolio-tiles-three-columns/ HTTP/1.1" 200 16384 "-" "WP Rocket/Preload"
69.39.225.240 - - [16/Aug/2026:14:02:28 -0400] "GET /portfolio-tiles-three-columns/ HTTP/1.1" 200 16384 "-" "WP Rocket/Preload Mozilla/5.0 (iPhone; CPU iPhone OS 9_1 like Mac OS X) AppleWebKit/601.1.46 (KHTML, like Gecko) Version/9.0 Mobile/13B143 Safari/601.1"
69.39.225.240 - - [16/Aug/2026:14:02:30 -0400] "GET /product-category/residential-buildings/ HTTP/1.1" 200 16384 "-" "WP Rocket/Preload"
69.39.225.240 - - [16/Aug/2026:14:02:31 -0400] "GET /product-category/residential-buildings/ HTTP/1.1" 200 16384 "-" "WP Rocket/Preload Mozilla/5.0 (iPhone; CPU iPhone OS 9_1 like Mac OS X) AppleWebKit/601.1.46 (KHTML, like Gecko) Version/9.0 Mobile/13B143 Safari/601.1"
69.39.225.240 - - [16/Aug/2026:14:02:33 -0400] "GET /services/our-process/ HTTP/1.1" 200 16384 "-" "WP Rocket/Preload"
69.39.225.240 - - [16/Aug/2026:14:02:34 -0400] "GET /services/our-process/ HTTP/1.1" 200 16384 "-" "WP Rocket/Preload Mozilla/5.0 (iPhone; CPU iPhone OS 9_1 like Mac OS X) AppleWebKit/601.1.46 (KHTML, like Gecko) Version/9.0 Mobile/13B143 Safari/601.1"
69.39.225.240 - - [16/Aug/2026:14:03:23 -0400] "GET /portfolio-tiles-six-columns/ HTTP/1.1" 200 41541 "-" "WP Rocket/Preload"
69.39.225.240 - - [16/Aug/2026:14:03:25 -0400] "GET /portfolio-tiles-six-columns/ HTTP/1.1" 200 16384 "-" "WP Rocket/Preload Mozilla/5.0 (iPhone; CPU iPhone OS 9_1 like Mac OS X) AppleWebKit/601.1.46 (KHTML, like Gecko) Version/9.0 Mobile/13B143 Safari/601.1"
69.39.225.240 - - [16/Aug/2026:14:03:26 -0400] "GET /footer-03/ HTTP/1.1" 200 16384 "-" "WP Rocket/Preload"
