35.205.45.48 - - [17/Aug/2026:02:39:31 -0400] "POST //xmlrpc.php HTTP/1.1" 200 401 "-" "Mozilla/5.0 (Windows NT 10.0; Win64; x64) AppleWebKit/537.36 (KHTML, like Gecko) Chrome/95.0.4638.69 Safari/537.36"
35.205.45.48 - - [17/Aug/2026:02:39:33 -0400] "POST //xmlrpc.php HTTP/1.1" 200 401 "-" "Mozilla/5.0 (Windows NT 10.0; Win64; x64) AppleWebKit/537.36 (KHTML, like Gecko) Chrome/95.0.4638.69 Safari/537.36"
142.44.233.196 - - [17/Aug/2026:02:39:33 -0400] "GET /slider-item-sitemap.xml HTTP/1.1" 200 710 "-" "Mozilla/5.0 (compatible; AhrefsBot/7.0; +http://ahrefs.com/robot/)"
35.205.45.48 - - [17/Aug/2026:02:39:35 -0400] "POST //xmlrpc.php HTTP/1.1" 200 401 "-" "Mozilla/5.0 (Windows NT 10.0; Win64; x64) AppleWebKit/537.36 (KHTML, like Gecko) Chrome/95.0.4638.69 Safari/537.36"
167.114.139.120 - - [17/Aug/2026:02:39:36 -0400] "GET /category-sitemap.xml HTTP/1.1" 200 463 "-" "Mozilla/5.0 (compatible; AhrefsBot/7.0; +http://ahrefs.com/robot/)"
35.205.45.48 - - [17/Aug/2026:02:39:38 -0400] "POST //xmlrpc.php HTTP/1.1" 200 401 "-" "Mozilla/5.0 (Windows NT 10.0; Win64; x64) AppleWebKit/537.36 (KHTML, like Gecko) Chrome/95.0.4638.69 Safari/537.36"
148.113.128.96 - - [17/Aug/2026:02:39:39 -0400] "GET /post_tag-sitemap.xml HTTP/1.1" 200 483 "-" "Mozilla/5.0 (compatible; AhrefsBot/7.0; +http://ahrefs.com/robot/)"
69.39.225.240 - - [17/Aug/2026:02:39:42 -0400] "POST /wp-cron.php?doing_wp_cron=1786948782.1474750041961669921875 HTTP/1.1" 200 20 "-" "WordPress/7.0.4; https://www.biotechprocleaners.com"
35.205.45.48 - - [17/Aug/2026:02:39:40 -0400] "POST //xmlrpc.php HTTP/1.1" 200 401 "-" "Mozilla/5.0 (Windows NT 10.0; Win64; x64) AppleWebKit/537.36 (KHTML, like Gecko) Chrome/95.0.4638.69 Safari/537.36"
54.39.89.34 - - [17/Aug/2026:02:39:41 -0400] "GET /product_cat-sitemap.xml HTTP/1.1" 200 537 "-" "Mozilla/5.0 (compatible; AhrefsBot/7.0; +http://ahrefs.com/robot/)"
35.205.45.48 - - [17/Aug/2026:02:39:42 -0400] "POST //xmlrpc.php HTTP/1.1" 200 401 "-" "Mozilla/5.0 (Windows NT 10.0; Win64; x64) AppleWebKit/537.36 (KHTML, like Gecko) Chrome/95.0.4638.69 Safari/537.36"
142.44.233.30 - - [17/Aug/2026:02:39:44 -0400] "GET /surface-sitemap.xml HTTP/1.1" 200 1217 "-" "Mozilla/5.0 (compatible; AhrefsBot/7.0; +http://ahrefs.com/robot/)"
35.205.45.48 - - [17/Aug/2026:02:39:44 -0400] "POST //xmlrpc.php HTTP/1.1" 200 401 "-" "Mozilla/5.0 (Windows NT 10.0; Win64; x64) AppleWebKit/537.36 (KHTML, like Gecko) Chrome/95.0.4638.69 Safari/537.36"
54.39.6.186 - - [17/Aug/2026:02:39:46 -0400] "GET /area-sitemap.xml HTTP/1.1" 200 1089 "-" "Mozilla/5.0 (compatible; AhrefsBot/7.0; +http://ahrefs.com/robot/)"
35.205.45.48 - - [17/Aug/2026:02:39:46 -0400] "POST //xmlrpc.php HTTP/1.1" 200 401 "-" "Mozilla/5.0 (Windows NT 10.0; Win64; x64) AppleWebKit/537.36 (KHTML, like Gecko) Chrome/95.0.4638.69 Safari/537.36"
35.205.45.48 - - [17/Aug/2026:02:39:48 -0400] "POST //xmlrpc.php HTTP/1.1" 200 401 "-" "Mozilla/5.0 (Windows NT 10.0; Win64; x64) AppleWebKit/537.36 (KHTML, like Gecko) Chrome/95.0.4638.69 Safari/537.36"
51.161.65.116 - - [17/Aug/2026:02:39:48 -0400] "GET /removal-sitemap.xml HTTP/1.1" 200 379 "-" "Mozilla/5.0 (compatible; AhrefsBot/7.0; +http://ahrefs.com/robot/)"
35.205.45.48 - - [17/Aug/2026:02:39:50 -0400] "POST //xmlrpc.php HTTP/1.1" 200 401 "-" "Mozilla/5.0 (Windows NT 10.0; Win64; x64) AppleWebKit/537.36 (KHTML, like Gecko) Chrome/95.0.4638.69 Safari/537.36"
54.39.210.101 - - [17/Aug/2026:02:39:50 -0400] "GET /author-sitemap.xml HTTP/1.1" 200 377 "-" "Mozilla/5.0 (compatible; AhrefsBot/7.0; +http://ahrefs.com/robot/)"
35.205.45.48 - - [17/Aug/2026:02:39:51 -0400] "POST //xmlrpc.php HTTP/1.1" 200 401 "-" "Mozilla/5.0 (Windows NT 10.0; Win64; x64) AppleWebKit/537.36 (KHTML, like Gecko) Chrome/95.0.4638.69 Safari/537.36"
35.205.45.48 - - [17/Aug/2026:02:39:53 -0400] "POST //xmlrpc.php HTTP/1.1" 200 401 "-" "Mozilla/5.0 (Windows NT 10.0; Win64; x64) AppleWebKit/537.36 (KHTML, like Gecko) Chrome/95.0.4638.69 Safari/537.36"
35.205.45.48 - - [17/Aug/2026:02:39:55 -0400] "POST //xmlrpc.php HTTP/1.1" 200 401 "-" "Mozilla/5.0 (Windows NT 10.0; Win64; x64) AppleWebKit/537.36 (KHTML, like Gecko) Chrome/95.0.4638.69 Safari/537.36"
35.205.45.48 - - [17/Aug/2026:02:39:56 -0400] "POST //xmlrpc.php HTTP/1.1" 200 401 "-" "Mozilla/5.0 (Windows NT 10.0; Win64; x64) AppleWebKit/537.36 (KHTML, like Gecko) Chrome/95.0.4638.69 Safari/537.36"
23.20.178.124 - - [17/Aug/2026:02:39:56 -0400] "GET /surface/medical-equipment/?surfaces=scuff-marks HTTP/1.1" 200 32400 "-" "Mozilla/5.0 AppleWebKit/537.36 (KHTML, like Gecko; compatible; Amazonbot/0.1; +https://developer.amazon.com/support/amazonbot) Chrome/119.0.6045.214 Safari/537.36"
35.205.45.48 - - [17/Aug/2026:02:39:58 -0400] "POST //xmlrpc.php HTTP/1.1" 200 401 "-" "Mozilla/5.0 (Windows NT 10.0; Win64; x64) AppleWebKit/537.36 (KHTML, like Gecko) Chrome/95.0.4638.69 Safari/537.36"
35.205.45.48 - - [17/Aug/2026:02:40:00 -0400] "POST //xmlrpc.php HTTP/1.1" 200 401 "-" "Mozilla/5.0 (Windows NT 10.0; Win64; x64) AppleWebKit/537.36 (KHTML, like Gecko) Chrome/95.0.4638.69 Safari/537.36"
35.205.45.48 - - [17/Aug/2026:02:40:02 -0400] "POST //xmlrpc.php HTTP/1.1" 200 401 "-" "Mozilla/5.0 (Windows NT 10.0; Win64; x64) AppleWebKit/537.36 (KHTML, like Gecko) Chrome/95.0.4638.69 Safari/537.36"
44.195.145.102 - - [17/Aug/2026:02:40:04 -0400] "GET /surface/medical-equipment/?surfaces=fine-floors HTTP/1.1" 200 32398 "-" "Mozilla/5.0 AppleWebKit/537.36 (KHTML, like Gecko; compatible; Amazonbot/0.1; +https://developer.amazon.com/support/amazonbot) Chrome/119.0.6045.214 Safari/537.36"
35.205.45.48 - - [17/Aug/2026:02:40:04 -0400] "POST //xmlrpc.php HTTP/1.1" 200 401 "-" "Mozilla/5.0 (Windows NT 10.0; Win64; x64) AppleWebKit/537.36 (KHTML, like Gecko) Chrome/95.0.4638.69 Safari/537.36"
35.205.45.48 - - [17/Aug/2026:02:40:06 -0400] "POST //xmlrpc.php HTTP/1.1" 200 401 "-" "Mozilla/5.0 (Windows NT 10.0; Win64; x64) AppleWebKit/537.36 (KHTML, like Gecko) Chrome/95.0.4638.69 Safari/537.36"
35.205.45.48 - - [17/Aug/2026:02:40:08 -0400] "POST //xmlrpc.php HTTP/1.1" 200 401 "-" "Mozilla/5.0 (Windows NT 10.0; Win64; x64) AppleWebKit/537.36 (KHTML, like Gecko) Chrome/95.0.4638.69 Safari/537.36"
35.205.45.48 - - [17/Aug/2026:02:40:10 -0400] "POST //xmlrpc.php HTTP/1.1" 200 401 "-" "Mozilla/5.0 (Windows NT 10.0; Win64; x64) AppleWebKit/537.36 (KHTML, like Gecko) Chrome/95.0.4638.69 Safari/537.36"
69.39.225.240 - - [17/Aug/2026:02:40:14 -0400] "POST /wp-cron.php?doing_wp_cron=1786948813.8376200199127197265625 HTTP/1.1" 200 20 "-" "WordPress/7.0.4; https://www.biotechprocleaners.com"
35.205.45.48 - - [17/Aug/2026:02:40:12 -0400] "POST //xmlrpc.php HTTP/1.1" 200 401 "-" "Mozilla/5.0 (Windows NT 10.0; Win64; x64) AppleWebKit/537.36 (KHTML, like Gecko) Chrome/95.0.4638.69 Safari/537.36"
35.205.45.48 - - [17/Aug/2026:02:40:14 -0400] "POST //xmlrpc.php HTTP/1.1" 200 401 "-" "Mozilla/5.0 (Windows NT 10.0; Win64; x64) AppleWebKit/537.36 (KHTML, like Gecko) Chrome/95.0.4638.69 Safari/537.36"
35.205.45.48 - - [17/Aug/2026:02:40:16 -0400] "POST //xmlrpc.php HTTP/1.1" 200 401 "-" "Mozilla/5.0 (Windows NT 10.0; Win64; x64) AppleWebKit/537.36 (KHTML, like Gecko) Chrome/95.0.4638.69 Safari/537.36"
35.205.45.48 - - [17/Aug/2026:02:40:18 -0400] "POST //xmlrpc.php HTTP/1.1" 200 401 "-" "Mozilla/5.0 (Windows NT 10.0; Win64; x64) AppleWebKit/537.36 (KHTML, like Gecko) Chrome/95.0.4638.69 Safari/537.36"
35.205.45.48 - - [17/Aug/2026:02:40:19 -0400] "POST //xmlrpc.php HTTP/1.1" 200 401 "-" "Mozilla/5.0 (Windows NT 10.0; Win64; x64) AppleWebKit/537.36 (KHTML, like Gecko) Chrome/95.0.4638.69 Safari/537.36"
35.205.45.48 - - [17/Aug/2026:02:40:21 -0400] "POST //xmlrpc.php HTTP/1.1" 200 401 "-" "Mozilla/5.0 (Windows NT 10.0; Win64; x64) AppleWebKit/537.36 (KHTML, like Gecko) Chrome/95.0.4638.69 Safari/537.36"
35.205.45.48 - - [17/Aug/2026:02:40:23 -0400] "POST //xmlrpc.php HTTP/1.1" 200 401 "-" "Mozilla/5.0 (Windows NT 10.0; Win64; x64) AppleWebKit/537.36 (KHTML, like Gecko) Chrome/95.0.4638.69 Safari/537.36"
35.205.45.48 - - [17/Aug/2026:02:40:25 -0400] "POST //xmlrpc.php HTTP/1.1" 200 401 "-" "Mozilla/5.0 (Windows NT 10.0; Win64; x64) AppleWebKit/537.36 (KHTML, like Gecko) Chrome/95.0.4638.69 Safari/537.36"
35.205.45.48 - - [17/Aug/2026:02:40:26 -0400] "POST //xmlrpc.php HTTP/1.1" 200 401 "-" "Mozilla/5.0 (Windows NT 10.0; Win64; x64) AppleWebKit/537.36 (KHTML, like Gecko) Chrome/95.0.4638.69 Safari/537.36"
35.205.45.48 - - [17/Aug/2026:02:40:28 -0400] "POST //xmlrpc.php HTTP/1.1" 200 401 "-" "Mozilla/5.0 (Windows NT 10.0; Win64; x64) AppleWebKit/537.36 (KHTML, like Gecko) Chrome/95.0.4638.69 Safari/537.36"
35.205.45.48 - - [17/Aug/2026:02:40:29 -0400] "POST //xmlrpc.php HTTP/1.1" 200 401 "-" "Mozilla/5.0 (Windows NT 10.0; Win64; x64) AppleWebKit/537.36 (KHTML, like Gecko) Chrome/95.0.4638.69 Safari/537.36"
35.205.45.48 - - [17/Aug/2026:02:40:31 -0400] "POST //xmlrpc.php HTTP/1.1" 200 401 "-" "Mozilla/5.0 (Windows NT 10.0; Win64; x64) AppleWebKit/537.36 (KHTML, like Gecko) Chrome/95.0.4638.69 Safari/537.36"
35.205.45.48 - - [17/Aug/2026:02:40:33 -0400] "POST //xmlrpc.php HTTP/1.1" 200 401 "-" "Mozilla/5.0 (Windows NT 10.0; Win64; x64) AppleWebKit/537.36 (KHTML, like Gecko) Chrome/95.0.4638.69 Safari/537.36"
35.205.45.48 - - [17/Aug/2026:02:40:35 -0400] "POST //xmlrpc.php HTTP/1.1" 200 401 "-" "Mozilla/5.0 (Windows NT 10.0; Win64; x64) AppleWebKit/537.36 (KHTML, like Gecko) Chrome/95.0.4638.69 Safari/537.36"
35.205.45.48 - - [17/Aug/2026:02:40:36 -0400] "POST //xmlrpc.php HTTP/1.1" 200 401 "-" "Mozilla/5.0 (Windows NT 10.0; Win64; x64) AppleWebKit/537.36 (KHTML, like Gecko) Chrome/95.0.4638.69 Safari/537.36"
35.205.45.48 - - [17/Aug/2026:02:40:38 -0400] "POST //xmlrpc.php HTTP/1.1" 200 401 "-" "Mozilla/5.0 (Windows NT 10.0; Win64; x64) AppleWebKit/537.36 (KHTML, like Gecko) Chrome/95.0.4638.69 Safari/537.36"
35.205.45.48 - - [17/Aug/2026:02:40:40 -0400] "POST //xmlrpc.php HTTP/1.1" 200 401 "-" "Mozilla/5.0 (Windows NT 10.0; Win64; x64) AppleWebKit/537.36 (KHTML, like Gecko) Chrome/95.0.4638.69 Safari/537.36"
69.39.225.240 - - [17/Aug/2026:02:40:41 -0400] "POST /wp-cron.php?doing_wp_cron=1786948841.8527069091796875000000 HTTP/1.1" 200 20 "-" "WordPress/7.0.4; https://www.biotechprocleaners.com"
34.227.156.153 - - [17/Aug/2026:02:40:40 -0400] "GET /surface/floors-in-plant/?areas=sheets HTTP/1.1" 200 32395 "-" "Mozilla/5.0 AppleWebKit/537.36 (KHTML, like Gecko; compatible; Amazonbot/0.1; +https://developer.amazon.com/support/amazonbot) Chrome/119.0.6045.214 Safari/537.36"
35.205.45.48 - - [17/Aug/2026:02:40:41 -0400] "POST //xmlrpc.php HTTP/1.1" 200 401 "-" "Mozilla/5.0 (Windows NT 10.0; Win64; x64) AppleWebKit/537.36 (KHTML, like Gecko) Chrome/95.0.4638.69 Safari/537.36"
35.205.45.48 - - [17/Aug/2026:02:40:43 -0400] "POST //xmlrpc.php HTTP/1.1" 200 401 "-" "Mozilla/5.0 (Windows NT 10.0; Win64; x64) AppleWebKit/537.36 (KHTML, like Gecko) Chrome/95.0.4638.69 Safari/537.36"
35.205.45.48 - - [17/Aug/2026:02:40:44 -0400] "POST //xmlrpc.php HTTP/1.1" 200 401 "-" "Mozilla/5.0 (Windows NT 10.0; Win64; x64) AppleWebKit/537.36 (KHTML, like Gecko) Chrome/95.0.4638.69 Safari/537.36"
35.205.45.48 - - [17/Aug/2026:02:40:46 -0400] "POST //xmlrpc.php HTTP/1.1" 200 401 "-" "Mozilla/5.0 (Windows NT 10.0; Win64; x64) AppleWebKit/537.36 (KHTML, like Gecko) Chrome/95.0.4638.69 Safari/537.36"
35.205.45.48 - - [17/Aug/2026:02:40:47 -0400] "POST //xmlrpc.php HTTP/1.1" 200 401 "-" "Mozilla/5.0 (Windows NT 10.0; Win64; x64) AppleWebKit/537.36 (KHTML, like Gecko) Chrome/95.0.4638.69 Safari/537.36"
35.205.45.48 - - [17/Aug/2026:02:40:49 -0400] "POST //xmlrpc.php HTTP/1.1" 200 401 "-" "Mozilla/5.0 (Windows NT 10.0; Win64; x64) AppleWebKit/537.36 (KHTML, like Gecko) Chrome/95.0.4638.69 Safari/537.36"
35.205.45.48 - - [17/Aug/2026:02:40:51 -0400] "POST //xmlrpc.php HTTP/1.1" 200 401 "-" "Mozilla/5.0 (Windows NT 10.0; Win64; x64) AppleWebKit/537.36 (KHTML, like Gecko) Chrome/95.0.4638.69 Safari/537.36"
212.146.165.28 - - [17/Aug/2026:02:40:51 -0400] "POST /xmlrpc.php HTTP/1.1" 200 403 "-" "WordPress.com; https://wordpress.com"
35.205.45.48 - - [17/Aug/2026:02:40:53 -0400] "POST //xmlrpc.php HTTP/1.1" 200 401 "-" "Mozilla/5.0 (Windows NT 10.0; Win64; x64) AppleWebKit/537.36 (KHTML, like Gecko) Chrome/95.0.4638.69 Safari/537.36"
35.205.45.48 - - [17/Aug/2026:02:40:55 -0400] "POST //xmlrpc.php HTTP/1.1" 200 401 "-" "Mozilla/5.0 (Windows NT 10.0; Win64; x64) AppleWebKit/537.36 (KHTML, like Gecko) Chrome/95.0.4638.69 Safari/537.36"
35.205.45.48 - - [17/Aug/2026:02:40:56 -0400] "POST //xmlrpc.php HTTP/1.1" 200 401 "-" "Mozilla/5.0 (Windows NT 10.0; Win64; x64) AppleWebKit/537.36 (KHTML, like Gecko) Chrome/95.0.4638.69 Safari/537.36"
35.205.45.48 - - [17/Aug/2026:02:40:58 -0400] "POST //xmlrpc.php HTTP/1.1" 200 401 "-" "Mozilla/5.0 (Windows NT 10.0; Win64; x64) AppleWebKit/537.36 (KHTML, like Gecko) Chrome/95.0.4638.69 Safari/537.36"
35.205.45.48 - - [17/Aug/2026:02:41:00 -0400] "POST //xmlrpc.php HTTP/1.1" 200 401 "-" "Mozilla/5.0 (Windows NT 10.0; Win64; x64) AppleWebKit/537.36 (KHTML, like Gecko) Chrome/95.0.4638.69 Safari/537.36"
35.205.45.48 - - [17/Aug/2026:02:41:01 -0400] "POST //xmlrpc.php HTTP/1.1" 200 401 "-" "Mozilla/5.0 (Windows NT 10.0; Win64; x64) AppleWebKit/537.36 (KHTML, like Gecko) Chrome/95.0.4638.69 Safari/537.36"
35.205.45.48 - - [17/Aug/2026:02:41:03 -0400] "POST //xmlrpc.php HTTP/1.1" 200 401 "-" "Mozilla/5.0 (Windows NT 10.0; Win64; x64) AppleWebKit/537.36 (KHTML, like Gecko) Chrome/95.0.4638.69 Safari/537.36"
35.205.45.48 - - [17/Aug/2026:02:41:05 -0400] "POST //xmlrpc.php HTTP/1.1" 200 401 "-" "Mozilla/5.0 (Windows NT 10.0; Win64; x64) AppleWebKit/537.36 (KHTML, like Gecko) Chrome/95.0.4638.69 Safari/537.36"
35.205.45.48 - - [17/Aug/2026:02:41:07 -0400] "POST //xmlrpc.php HTTP/1.1" 200 401 "-" "Mozilla/5.0 (Windows NT 10.0; Win64; x64) AppleWebKit/537.36 (KHTML, like Gecko) Chrome/95.0.4638.69 Safari/537.36"
35.205.45.48 - - [17/Aug/2026:02:41:08 -0400] "POST //xmlrpc.php HTTP/1.1" 200 401 "-" "Mozilla/5.0 (Windows NT 10.0; Win64; x64) AppleWebKit/537.36 (KHTML, like Gecko) Chrome/95.0.4638.69 Safari/537.36"
35.205.45.48 - - [17/Aug/2026:02:41:10 -0400] "POST //xmlrpc.php HTTP/1.1" 200 401 "-" "Mozilla/5.0 (Windows NT 10.0; Win64; x64) AppleWebKit/537.36 (KHTML, like Gecko) Chrome/95.0.4638.69 Safari/537.36"
69.39.225.240 - - [17/Aug/2026:02:41:13 -0400] "POST /wp-cron.php?doing_wp_cron=1786948873.4147019386291503906250 HTTP/1.1" 200 20 "-" "WordPress/7.0.4; https://www.biotechprocleaners.com"
35.205.45.48 - - [17/Aug/2026:02:41:12 -0400] "POST //xmlrpc.php HTTP/1.1" 200 401 "-" "Mozilla/5.0 (Windows NT 10.0; Win64; x64) AppleWebKit/537.36 (KHTML, like Gecko) Chrome/95.0.4638.69 Safari/537.36"
52.5.242.243 - - [17/Aug/2026:02:41:12 -0400] "GET /surface/floors-in-plant/?areas=workshops HTTP/1.1" 200 32394 "-" "Mozilla/5.0 AppleWebKit/537.36 (KHTML, like Gecko; compatible; Amazonbot/0.1; +https://developer.amazon.com/support/amazonbot) Chrome/119.0.6045.214 Safari/537.36"
35.205.45.48 - - [17/Aug/2026:02:41:14 -0400] "POST //xmlrpc.php HTTP/1.1" 200 401 "-" "Mozilla/5.0 (Windows NT 10.0; Win64; x64) AppleWebKit/537.36 (KHTML, like Gecko) Chrome/95.0.4638.69 Safari/537.36"
35.205.45.48 - - [17/Aug/2026:02:41:16 -0400] "POST //xmlrpc.php HTTP/1.1" 200 401 "-" "Mozilla/5.0 (Windows NT 10.0; Win64; x64) AppleWebKit/537.36 (KHTML, like Gecko) Chrome/95.0.4638.69 Safari/537.36"
35.205.45.48 - - [17/Aug/2026:02:41:18 -0400] "POST //xmlrpc.php HTTP/1.1" 200 401 "-" "Mozilla/5.0 (Windows NT 10.0; Win64; x64) AppleWebKit/537.36 (KHTML, like Gecko) Chrome/95.0.4638.69 Safari/537.36"
35.205.45.48 - - [17/Aug/2026:02:41:20 -0400] "POST //xmlrpc.php HTTP/1.1" 200 401 "-" "Mozilla/5.0 (Windows NT 10.0; Win64; x64) AppleWebKit/537.36 (KHTML, like Gecko) Chrome/95.0.4638.69 Safari/537.36"
35.205.45.48 - - [17/Aug/2026:02:41:22 -0400] "POST //xmlrpc.php HTTP/1.1" 200 401 "-" "Mozilla/5.0 (Windows NT 10.0; Win64; x64) AppleWebKit/537.36 (KHTML, like Gecko) Chrome/95.0.4638.69 Safari/537.36"
35.205.45.48 - - [17/Aug/2026:02:41:24 -0400] "POST //xmlrpc.php HTTP/1.1" 200 401 "-" "Mozilla/5.0 (Windows NT 10.0; Win64; x64) AppleWebKit/537.36 (KHTML, like Gecko) Chrome/95.0.4638.69 Safari/537.36"
35.205.45.48 - - [17/Aug/2026:02:41:25 -0400] "POST //xmlrpc.php HTTP/1.1" 200 401 "-" "Mozilla/5.0 (Windows NT 10.0; Win64; x64) AppleWebKit/537.36 (KHTML, like Gecko) Chrome/95.0.4638.69 Safari/537.36"
35.205.45.48 - - [17/Aug/2026:02:41:27 -0400] "POST //xmlrpc.php HTTP/1.1" 200 401 "-" "Mozilla/5.0 (Windows NT 10.0; Win64; x64) AppleWebKit/537.36 (KHTML, like Gecko) Chrome/95.0.4638.69 Safari/537.36"
35.205.45.48 - - [17/Aug/2026:02:41:29 -0400] "POST //xmlrpc.php HTTP/1.1" 200 401 "-" "Mozilla/5.0 (Windows NT 10.0; Win64; x64) AppleWebKit/537.36 (KHTML, like Gecko) Chrome/95.0.4638.69 Safari/537.36"
35.205.45.48 - - [17/Aug/2026:02:41:31 -0400] "POST //xmlrpc.php HTTP/1.1" 200 401 "-" "Mozilla/5.0 (Windows NT 10.0; Win64; x64) AppleWebKit/537.36 (KHTML, like Gecko) Chrome/95.0.4638.69 Safari/537.36"
35.205.45.48 - - [17/Aug/2026:02:41:32 -0400] "POST //xmlrpc.php HTTP/1.1" 200 401 "-" "Mozilla/5.0 (Windows NT 10.0; Win64; x64) AppleWebKit/537.36 (KHTML, like Gecko) Chrome/95.0.4638.69 Safari/537.36"
35.205.45.48 - - [17/Aug/2026:02:41:34 -0400] "POST //xmlrpc.php HTTP/1.1" 200 401 "-" "Mozilla/5.0 (Windows NT 10.0; Win64; x64) AppleWebKit/537.36 (KHTML, like Gecko) Chrome/95.0.4638.69 Safari/537.36"
212.146.165.28 - - [17/Aug/2026:02:41:34 -0400] "POST /xmlrpc.php HTTP/1.1" 200 403 "-" "Jetpack by WordPress.com (Jetpack 12.1; WordPress 6.4)"
35.205.45.48 - - [17/Aug/2026:02:41:35 -0400] "POST //xmlrpc.php HTTP/1.1" 200 401 "-" "Mozilla/5.0 (Windows NT 10.0; Win64; x64) AppleWebKit/537.36 (KHTML, like Gecko) Chrome/95.0.4638.69 Safari/537.36"
35.205.45.48 - - [17/Aug/2026:02:41:37 -0400] "POST //xmlrpc.php HTTP/1.1" 200 401 "-" "Mozilla/5.0 (Windows NT 10.0; Win64; x64) AppleWebKit/537.36 (KHTML, like Gecko) Chrome/95.0.4638.69 Safari/537.36"
35.205.45.48 - - [17/Aug/2026:02:41:39 -0400] "POST //xmlrpc.php HTTP/1.1" 200 401 "-" "Mozilla/5.0 (Windows NT 10.0; Win64; x64) AppleWebKit/537.36 (KHTML, like Gecko) Chrome/95.0.4638.69 Safari/537.36"
69.39.225.240 - - [17/Aug/2026:02:41:42 -0400] "POST /wp-cron.php?doing_wp_cron=1786948902.5057880878448486328125 HTTP/1.1" 200 20 "-" "WordPress/7.0.4; https://www.biotechprocleaners.com"
35.205.45.48 - - [17/Aug/2026:02:41:41 -0400] "POST //xmlrpc.php HTTP/1.1" 200 401 "-" "Mozilla/5.0 (Windows NT 10.0; Win64; x64) AppleWebKit/537.36 (KHTML, like Gecko) Chrome/95.0.4638.69 Safari/537.36"
35.205.45.48 - - [17/Aug/2026:02:41:43 -0400] "POST //xmlrpc.php HTTP/1.1" 200 401 "-" "Mozilla/5.0 (Windows NT 10.0; Win64; x64) AppleWebKit/537.36 (KHTML, like Gecko) Chrome/95.0.4638.69 Safari/537.36"
35.205.45.48 - - [17/Aug/2026:02:41:45 -0400] "POST //xmlrpc.php HTTP/1.1" 200 401 "-" "Mozilla/5.0 (Windows NT 10.0; Win64; x64) AppleWebKit/537.36 (KHTML, like Gecko) Chrome/95.0.4638.69 Safari/537.36"
35.205.45.48 - - [17/Aug/2026:02:41:46 -0400] "POST //xmlrpc.php HTTP/1.1" 200 401 "-" "Mozilla/5.0 (Windows NT 10.0; Win64; x64) AppleWebKit/537.36 (KHTML, like Gecko) Chrome/95.0.4638.69 Safari/537.36"
35.205.45.48 - - [17/Aug/2026:02:41:48 -0400] "POST //xmlrpc.php HTTP/1.1" 200 401 "-" "Mozilla/5.0 (Windows NT 10.0; Win64; x64) AppleWebKit/537.36 (KHTML, like Gecko) Chrome/95.0.4638.69 Safari/537.36"
35.205.45.48 - - [17/Aug/2026:02:41:50 -0400] "POST //xmlrpc.php HTTP/1.1" 200 401 "-" "Mozilla/5.0 (Windows NT 10.0; Win64; x64) AppleWebKit/537.36 (KHTML, like Gecko) Chrome/95.0.4638.69 Safari/537.36"
35.205.45.48 - - [17/Aug/2026:02:41:52 -0400] "POST //xmlrpc.php HTTP/1.1" 200 401 "-" "Mozilla/5.0 (Windows NT 10.0; Win64; x64) AppleWebKit/537.36 (KHTML, like Gecko) Chrome/95.0.4638.69 Safari/537.36"
35.205.45.48 - - [17/Aug/2026:02:41:53 -0400] "POST //xmlrpc.php HTTP/1.1" 200 401 "-" "Mozilla/5.0 (Windows NT 10.0; Win64; x64) AppleWebKit/537.36 (KHTML, like Gecko) Chrome/95.0.4638.69 Safari/537.36"
35.205.45.48 - - [17/Aug/2026:02:41:55 -0400] "POST //xmlrpc.php HTTP/1.1" 200 401 "-" "Mozilla/5.0 (Windows NT 10.0; Win64; x64) AppleWebKit/537.36 (KHTML, like Gecko) Chrome/95.0.4638.69 Safari/537.36"
35.205.45.48 - - [17/Aug/2026:02:41:56 -0400] "POST //xmlrpc.php HTTP/1.1" 200 401 "-" "Mozilla/5.0 (Windows NT 10.0; Win64; x64) AppleWebKit/537.36 (KHTML, like Gecko) Chrome/95.0.4638.69 Safari/537.36"
35.205.45.48 - - [17/Aug/2026:02:41:58 -0400] "POST //xmlrpc.php HTTP/1.1" 200 401 "-" "Mozilla/5.0 (Windows NT 10.0; Win64; x64) AppleWebKit/537.36 (KHTML, like Gecko) Chrome/95.0.4638.69 Safari/537.36"
35.205.45.48 - - [17/Aug/2026:02:42:00 -0400] "POST //xmlrpc.php HTTP/1.1" 200 401 "-" "Mozilla/5.0 (Windows NT 10.0; Win64; x64) AppleWebKit/537.36 (KHTML, like Gecko) Chrome/95.0.4638.69 Safari/537.36"
35.205.45.48 - - [17/Aug/2026:02:42:01 -0400] "POST //xmlrpc.php HTTP/1.1" 200 401 "-" "Mozilla/5.0 (Windows NT 10.0; Win64; x64) AppleWebKit/537.36 (KHTML, like Gecko) Chrome/95.0.4638.69 Safari/537.36"
35.205.45.48 - - [17/Aug/2026:02:42:03 -0400] "POST //xmlrpc.php HTTP/1.1" 200 401 "-" "Mozilla/5.0 (Windows NT 10.0; Win64; x64) AppleWebKit/537.36 (KHTML, like Gecko) Chrome/95.0.4638.69 Safari/537.36"
35.205.45.48 - - [17/Aug/2026:02:42:05 -0400] "POST //xmlrpc.php HTTP/1.1" 200 401 "-" "Mozilla/5.0 (Windows NT 10.0; Win64; x64) AppleWebKit/537.36 (KHTML, like Gecko) Chrome/95.0.4638.69 Safari/537.36"
35.205.45.48 - - [17/Aug/2026:02:42:06 -0400] "POST //xmlrpc.php HTTP/1.1" 200 401 "-" "Mozilla/5.0 (Windows NT 10.0; Win64; x64) AppleWebKit/537.36 (KHTML, like Gecko) Chrome/95.0.4638.69 Safari/537.36"
35.205.45.48 - - [17/Aug/2026:02:42:08 -0400] "POST //xmlrpc.php HTTP/1.1" 200 401 "-" "Mozilla/5.0 (Windows NT 10.0; Win64; x64) AppleWebKit/537.36 (KHTML, like Gecko) Chrome/95.0.4638.69 Safari/537.36"
35.205.45.48 - - [17/Aug/2026:02:42:10 -0400] "POST //xmlrpc.php HTTP/1.1" 200 401 "-" "Mozilla/5.0 (Windows NT 10.0; Win64; x64) AppleWebKit/537.36 (KHTML, like Gecko) Chrome/95.0.4638.69 Safari/537.36"
69.39.225.240 - - [17/Aug/2026:02:42:13 -0400] "POST /wp-cron.php?doing_wp_cron=1786948933.2129669189453125000000 HTTP/1.1" 200 20 "-" "WordPress/7.0.4; https://www.biotechprocleaners.com"
35.205.45.48 - - [17/Aug/2026:02:42:12 -0400] "POST //xmlrpc.php HTTP/1.1" 200 401 "-" "Mozilla/5.0 (Windows NT 10.0; Win64; x64) AppleWebKit/537.36 (KHTML, like Gecko) Chrome/95.0.4638.69 Safari/537.36"
35.205.45.48 - - [17/Aug/2026:02:42:13 -0400] "POST //xmlrpc.php HTTP/1.1" 200 401 "-" "Mozilla/5.0 (Windows NT 10.0; Win64; x64) AppleWebKit/537.36 (KHTML, like Gecko) Chrome/95.0.4638.69 Safari/537.36"
35.205.45.48 - - [17/Aug/2026:02:42:15 -0400] "POST //xmlrpc.php HTTP/1.1" 200 401 "-" "Mozilla/5.0 (Windows NT 10.0; Win64; x64) AppleWebKit/537.36 (KHTML, like Gecko) Chrome/95.0.4638.69 Safari/537.36"
35.205.45.48 - - [17/Aug/2026:02:42:17 -0400] "POST //xmlrpc.php HTTP/1.1" 200 401 "-" "Mozilla/5.0 (Windows NT 10.0; Win64; x64) AppleWebKit/537.36 (KHTML, like Gecko) Chrome/95.0.4638.69 Safari/537.36"
35.205.45.48 - - [17/Aug/2026:02:42:18 -0400] "POST //xmlrpc.php HTTP/1.1" 200 401 "-" "Mozilla/5.0 (Windows NT 10.0; Win64; x64) AppleWebKit/537.36 (KHTML, like Gecko) Chrome/95.0.4638.69 Safari/537.36"
35.205.45.48 - - [17/Aug/2026:02:42:20 -0400] "POST //xmlrpc.php HTTP/1.1" 200 401 "-" "Mozilla/5.0 (Windows NT 10.0; Win64; x64) AppleWebKit/537.36 (KHTML, like Gecko) Chrome/95.0.4638.69 Safari/537.36"
35.205.45.48 - - [17/Aug/2026:02:42:22 -0400] "POST //xmlrpc.php HTTP/1.1" 200 401 "-" "Mozilla/5.0 (Windows NT 10.0; Win64; x64) AppleWebKit/537.36 (KHTML, like Gecko) Chrome/95.0.4638.69 Safari/537.36"
35.205.45.48 - - [17/Aug/2026:02:42:24 -0400] "POST //xmlrpc.php HTTP/1.1" 200 401 "-" "Mozilla/5.0 (Windows NT 10.0; Win64; x64) AppleWebKit/537.36 (KHTML, like Gecko) Chrome/95.0.4638.69 Safari/537.36"
69.39.225.240 - - [17/Aug/2026:02:43:18 -0400] "POST /wp-cron.php?doing_wp_cron=1786948998.5350739955902099609375 HTTP/1.1" 200 20 "-" "WordPress/7.0.4; https://www.biotechprocleaners.com"
114.119.132.228 - - [17/Aug/2026:02:43:17 -0400] "GET /product-category/retail HTTP/1.1" 200 20 "https://www.biotechprocleaners.com/product-category/retail" "Mozilla/5.0 (Linux; Android 7.0;) AppleWebKit/537.36 (HTML, like Gecko) Mobile Safari/537.36 (compatible; PetalBot;+https://webmaster.petalsearch.com/site/petalbot)"
114.119.132.228 - - [17/Aug/2026:02:43:19 -0400] "GET /product-category/retail/ HTTP/1.1" 200 47451 "https://www.biotechprocleaners.com/product-category/retail" "Mozilla/5.0 (Linux; Android 7.0;) AppleWebKit/537.36 (HTML, like Gecko) Mobile Safari/537.36 (compatible; PetalBot;+https://webmaster.petalsearch.com/site/petalbot)"
69.39.225.240 - - [17/Aug/2026:02:44:43 -0400] "POST /wp-cron.php?doing_wp_cron=1786949083.3058710098266601562500 HTTP/1.1" 200 20 "-" "WordPress/7.0.4; https://www.biotechprocleaners.com"
114.119.129.198 - - [17/Aug/2026:02:44:42 -0400] "GET /about-us/under-construction HTTP/1.1" 200 20 "https://www.biotechprocleaners.com/about-us/under-construction" "Mozilla/5.0 (Linux; Android 7.0;) AppleWebKit/537.36 (HTML, like Gecko) Mobile Safari/537.36 (compatible; PetalBot;+https://webmaster.petalsearch.com/site/petalbot)"
114.119.129.198 - - [17/Aug/2026:02:44:44 -0400] "GET /about-us/under-construction/ HTTP/1.1" 200 38226 "https://www.biotechprocleaners.com/about-us/under-construction" "Mozilla/5.0 (Linux; Android 7.0;) AppleWebKit/537.36 (HTML, like Gecko) Mobile Safari/537.36 (compatible; PetalBot;+https://webmaster.petalsearch.com/site/petalbot)"
69.39.225.240 - - [17/Aug/2026:02:45:24 -0400] "POST /wp-cron.php?doing_wp_cron=1786949124.2386040687561035156250 HTTP/1.1" 200 20 "-" "WordPress/7.0.4; https://www.biotechprocleaners.com"
212.146.165.28 - - [17/Aug/2026:02:45:22 -0400] "POST /xmlrpc.php HTTP/1.1" 200 403 "-" "WordPress.com; https://wordpress.com"
69.39.225.240 - - [17/Aug/2026:02:46:23 -0400] "POST /wp-cron.php?doing_wp_cron=1786949183.6161589622497558593750 HTTP/1.1" 200 20 "-" "WordPress/7.0.4; https://www.biotechprocleaners.com"
212.146.165.28 - - [17/Aug/2026:02:46:22 -0400] "POST /xmlrpc.php HTTP/1.1" 200 403 "-" "WordPress.com; https://wordpress.com"
100.25.120.246 - - [17/Aug/2026:02:46:29 -0400] "GET /product-category/all-industries/?surfaces=medical-equipment HTTP/1.1" 200 47002 "-" "Mozilla/5.0 AppleWebKit/537.36 (KHTML, like Gecko; compatible; Amazonbot/0.1; +https://developer.amazon.com/support/amazonbot) Chrome/119.0.6045.214 Safari/537.36"
69.39.225.240 - - [17/Aug/2026:02:50:04 -0400] "POST /wp-cron.php?doing_wp_cron=1786949404.2392070293426513671875 HTTP/1.1" 200 20 "-" "WordPress/7.0.4; https://www.biotechprocleaners.com"
54.157.84.74 - - [17/Aug/2026:02:50:01 -0400] "GET /surface/kitchen/?amp&surfaces=chromes HTTP/1.1" 200 47416 "-" "Mozilla/5.0 AppleWebKit/537.36 (KHTML, like Gecko; compatible; Amazonbot/0.1; +https://developer.amazon.com/support/amazonbot) Chrome/119.0.6045.214 Safari/537.36"
69.39.225.240 - - [17/Aug/2026:02:50:26 -0400] "POST /wp-cron.php?doing_wp_cron=1786949426.1991341114044189453125 HTTP/1.1" 200 20 "-" "WordPress/7.0.4; https://www.biotechprocleaners.com"
18.232.36.1 - - [17/Aug/2026:02:50:24 -0400] "GET /product-category/retail/?amp&surfaces=plastic-objects HTTP/1.1" 200 40690 "-" "Mozilla/5.0 AppleWebKit/537.36 (KHTML, like Gecko; compatible; Amazonbot/0.1; +https://developer.amazon.com/support/amazonbot) Chrome/119.0.6045.214 Safari/537.36"
69.39.225.240 - - [17/Aug/2026:02:50:41 -0400] "POST /wp-cron.php?doing_wp_cron=1786949441.5379860401153564453125 HTTP/1.1" 200 20 "-" "WordPress/7.0.4; https://www.biotechprocleaners.com"
18.204.89.56 - - [17/Aug/2026:02:50:40 -0400] "GET /product-category/retail/?surfaces=workshops HTTP/1.1" 200 40678 "-" "Mozilla/5.0 AppleWebKit/537.36 (KHTML, like Gecko; compatible; Amazonbot/0.1; +https://developer.amazon.com/support/amazonbot) Chrome/119.0.6045.214 Safari/537.36"
212.146.165.28 - - [17/Aug/2026:02:50:51 -0400] "POST /xmlrpc.php HTTP/1.1" 200 403 "-" "Jetpack by WordPress.com (Jetpack 12.5; WordPress 6.3)"
69.39.225.240 - - [17/Aug/2026:02:53:41 -0400] "POST /wp-cron.php?doing_wp_cron=1786949621.7985689640045166015625 HTTP/1.1" 200 20 "-" "WordPress/7.0.4; https://www.biotechprocleaners.com"
23.21.227.240 - - [17/Aug/2026:02:53:40 -0400] "GET /product-category/all-industries/?amp&surfaces=ceramic HTTP/1.1" 200 40796 "-" "Mozilla/5.0 AppleWebKit/537.36 (KHTML, like Gecko; compatible; Amazonbot/0.1; +https://developer.amazon.com/support/amazonbot) Chrome/119.0.6045.214 Safari/537.36"
69.39.225.240 - - [17/Aug/2026:02:53:42 -0400] "GET /2020/09/ HTTP/1.1" 200 43797 "-" "WP Rocket/Preload"
69.39.225.240 - - [17/Aug/2026:02:53:44 -0400] "GET /2020/09/ HTTP/1.1" 200 16384 "-" "WP Rocket/Preload Mozilla/5.0 (iPhone; CPU iPhone OS 9_1 like Mac OS X) AppleWebKit/601.1.46 (KHTML, like Gecko) Version/9.0 Mobile/13B143 Safari/601.1"
69.39.225.240 - - [17/Aug/2026:02:53:46 -0400] "GET /2020/06/ HTTP/1.1" 200 16384 "-" "WP Rocket/Preload"
69.39.225.240 - - [17/Aug/2026:02:53:47 -0400] "GET /2020/06/ HTTP/1.1" 200 16384 "-" "WP Rocket/Preload Mozilla/5.0 (iPhone; CPU iPhone OS 9_1 like Mac OS X) AppleWebKit/601.1.46 (KHTML, like Gecko) Version/9.0 Mobile/13B143 Safari/601.1"
52.0.218.219 - - [17/Aug/2026:02:53:48 -0400] "GET /area/glass/?surfaces=inox HTTP/1.1" 200 47549 "-" "Mozilla/5.0 AppleWebKit/537.36 (KHTML, like Gecko; compatible; Amazonbot/0.1; +https://developer.amazon.com/support/amazonbot) Chrome/119.0.6045.214 Safari/537.36"
69.39.225.240 - - [17/Aug/2026:02:53:49 -0400] "GET /portfolio_category/machinery/ HTTP/1.1" 200 16384 "-" "WP Rocket/Preload"
69.39.225.240 - - [17/Aug/2026:02:53:50 -0400] "GET /portfolio_category/machinery/ HTTP/1.1" 200 16384 "-" "WP Rocket/Preload Mozilla/5.0 (iPhone; CPU iPhone OS 9_1 like Mac OS X) AppleWebKit/601.1.46 (KHTML, like Gecko) Version/9.0 Mobile/13B143 Safari/601.1"
69.39.225.240 - - [17/Aug/2026:02:53:52 -0400] "GET /area/heavily-soiled-floors-in-garages/ HTTP/1.1" 200 16384 "-" "WP Rocket/Preload"
69.39.225.240 - - [17/Aug/2026:02:53:53 -0400] "GET /area/heavily-soiled-floors-in-garages/ HTTP/1.1" 200 16384 "-" "WP Rocket/Preload Mozilla/5.0 (iPhone; CPU iPhone OS 9_1 like Mac OS X) AppleWebKit/601.1.46 (KHTML, like Gecko) Version/9.0 Mobile/13B143 Safari/601.1"
69.39.225.240 - - [17/Aug/2026:02:53:55 -0400] "GET /area/production-facilities/ HTTP/1.1" 200 16384 "-" "WP Rocket/Preload"
69.39.225.240 - - [17/Aug/2026:02:53:56 -0400] "GET /area/production-facilities/ HTTP/1.1" 200 16384 "-" "WP Rocket/Preload Mozilla/5.0 (iPhone; CPU iPhone OS 9_1 like Mac OS X) AppleWebKit/601.1.46 (KHTML, like Gecko) Version/9.0 Mobile/13B143 Safari/601.1"
69.39.225.240 - - [17/Aug/2026:02:54:19 -0400] "POST /wp-cron.php?doing_wp_cron=1786949659.2569220066070556640625 HTTP/1.1" 200 20 "-" "WordPress/7.0.4; https://www.biotechprocleaners.com"
98.84.184.80 - - [17/Aug/2026:02:54:17 -0400] "GET /product-category/all-industries/?amp&surfaces=car-body HTTP/1.1" 200 40795 "-" "Mozilla/5.0 AppleWebKit/537.36 (KHTML, like Gecko; compatible; Amazonbot/0.1; +https://developer.amazon.com/support/amazonbot) Chrome/119.0.6045.214 Safari/537.36"
69.39.225.240 - - [17/Aug/2026:02:54:21 -0400] "GET /area/workshops/ HTTP/1.1" 200 16384 "-" "WP Rocket/Preload"
69.39.225.240 - - [17/Aug/2026:02:54:22 -0400] "GET /area/workshops/ HTTP/1.1" 200 16384 "-" "WP Rocket/Preload Mozilla/5.0 (iPhone; CPU iPhone OS 9_1 like Mac OS X) AppleWebKit/601.1.46 (KHTML, like Gecko) Version/9.0 Mobile/13B143 Safari/601.1"
69.39.225.240 - - [17/Aug/2026:02:54:23 -0400] "GET /area/concrete-floors/ HTTP/1.1" 200 16384 "-" "WP Rocket/Preload"
69.39.225.240 - - [17/Aug/2026:02:54:25 -0400] "GET /area/concrete-floors/ HTTP/1.1" 200 16384 "-" "WP Rocket/Preload Mozilla/5.0 (iPhone; CPU iPhone OS 9_1 like Mac OS X) AppleWebKit/601.1.46 (KHTML, like Gecko) Version/9.0 Mobile/13B143 Safari/601.1"
69.39.225.240 - - [17/Aug/2026:02:54:26 -0400] "GET /area/daily-floors/ HTTP/1.1" 200 16384 "-" "WP Rocket/Preload"
69.39.225.240 - - [17/Aug/2026:02:54:28 -0400] "GET /area/daily-floors/ HTTP/1.1" 200 16384 "-" "WP Rocket/Preload Mozilla/5.0 (iPhone; CPU iPhone OS 9_1 like Mac OS X) AppleWebKit/601.1.46 (KHTML, like Gecko) Version/9.0 Mobile/13B143 Safari/601.1"
69.39.225.240 - - [17/Aug/2026:02:54:29 -0400] "GET /area/hardwood-floors/ HTTP/1.1" 200 16384 "-" "WP Rocket/Preload"
69.39.225.240 - - [17/Aug/2026:02:54:31 -0400] "GET /area/hardwood-floors/ HTTP/1.1" 200 16384 "-" "WP Rocket/Preload Mozilla/5.0 (iPhone; CPU iPhone OS 9_1 like Mac OS X) AppleWebKit/601.1.46 (KHTML, like Gecko) Version/9.0 Mobile/13B143 Safari/601.1"
69.39.225.240 - - [17/Aug/2026:02:54:32 -0400] "GET /area/natural-stones/ HTTP/1.1" 200 16384 "-" "WP Rocket/Preload"
69.39.225.240 - - [17/Aug/2026:02:54:34 -0400] "GET /area/natural-stones/ HTTP/1.1" 200 16384 "-" "WP Rocket/Preload Mozilla/5.0 (iPhone; CPU iPhone OS 9_1 like Mac OS X) AppleWebKit/601.1.46 (KHTML, like Gecko) Version/9.0 Mobile/13B143 Safari/601.1"
69.39.225.240 - - [17/Aug/2026:02:54:35 -0400] "GET /area/porcelain-tiles/ HTTP/1.1" 200 16384 "-" "WP Rocket/Preload"
69.39.225.240 - - [17/Aug/2026:02:54:37 -0400] "GET /area/porcelain-tiles/ HTTP/1.1" 200 16384 "-" "WP Rocket/Preload Mozilla/5.0 (iPhone; CPU iPhone OS 9_1 like Mac OS X) AppleWebKit/601.1.46 (KHTML, like Gecko) Version/9.0 Mobile/13B143 Safari/601.1"
69.39.225.240 - - [17/Aug/2026:02:59:43 -0400] "POST /wp-cron.php?doing_wp_cron=1786949983.4843010902404785156250 HTTP/1.1" 200 20 "-" "WordPress/7.0.4; https://www.biotechprocleaners.com"
66.249.64.104 - - [17/Aug/2026:02:59:42 -0400] "GET /robots.txt HTTP/1.1" 200 206 "-" "Mozilla/5.0 (compatible; Googlebot/2.1; +http://www.google.com/bot.html)"
66.249.64.104 - - [17/Aug/2026:02:59:43 -0400] "GET /product/cleaner-degreaser-hard-floors/ HTTP/1.1" 200 49532 "-" "Mozilla/5.0 (compatible; Googlebot/2.1; +http://www.google.com/bot.html)"
69.39.225.240 - - [17/Aug/2026:03:00:30 -0400] "POST /wp-cron.php?doing_wp_cron=1786950030.1071410179138183593750 HTTP/1.1" 200 20 "-" "WordPress/7.0.4; https://www.biotechprocleaners.com"
77.96.174.107 - - [17/Aug/2026:03:00:28 -0400] "GET /robots.txt HTTP/1.1" 200 20 "-" "Mozilla/5.0 (Macintosh; Intel Mac OS X 10_15_7) AppleWebKit/537.36 (KHTML, like Gecko) Chrome/126.0.6478.55 Safari/537.36"
136.158.30.199 - - [17/Aug/2026:03:00:37 -0400] "GET /robots.txt HTTP/1.1" 200 206 "-" "Mozilla/5.0 (Macintosh; Intel Mac OS X 10_15_7) AppleWebKit/537.36 (KHTML, like Gecko) Chrome/126.0.6478.55 Safari/537.36"
69.39.225.240 - - [17/Aug/2026:03:05:09 -0400] "POST /wp-cron.php?doing_wp_cron=1786950309.8449330329895019531250 HTTP/1.1" 200 20 "-" "WordPress/7.0.4; https://www.biotechprocleaners.com"
54.84.147.79 - - [17/Aug/2026:03:05:08 -0400] "GET /area/dirt/?areas=dirt HTTP/1.1" 200 47380 "-" "Mozilla/5.0 AppleWebKit/537.36 (KHTML, like Gecko; compatible; Amazonbot/0.1; +https://developer.amazon.com/support/amazonbot) Chrome/119.0.6045.214 Safari/537.36"
69.39.225.240 - - [17/Aug/2026:03:05:35 -0400] "POST /wp-cron.php?doing_wp_cron=1786950335.3984870910644531250000 HTTP/1.1" 200 20 "-" "WordPress/7.0.4; https://www.biotechprocleaners.com"
212.146.165.28 - - [17/Aug/2026:03:05:33 -0400] "POST /xmlrpc.php HTTP/1.1" 200 403 "-" "Jetpack/13.0; WordPress/6.4; http://site82991736.com"
69.39.225.240 - - [17/Aug/2026:03:06:41 -0400] "POST /wp-cron.php?doing_wp_cron=1786950401.3563790321350097656250 HTTP/1.1" 200 20 "-" "WordPress/7.0.4; https://www.biotechprocleaners.com"
212.146.165.28 - - [17/Aug/2026:03:06:39 -0400] "POST /xmlrpc.php HTTP/1.1" 200 403 "-" "Jetpack by WordPress.com"
69.39.225.240 - - [17/Aug/2026:03:08:24 -0400] "POST /wp-cron.php?doing_wp_cron=1786950503.8947129249572753906250 HTTP/1.1" 200 20 "-" "WordPress/7.0.4; https://www.biotechprocleaners.com"
216.73.216.229 - - [17/Aug/2026:03:08:22 -0400] "GET /sitemap_index.xml HTTP/1.1" 200 469 "-" "Mozilla/5.0 AppleWebKit/537.36 (KHTML, like Gecko; compatible; ClaudeBot/1.0; +claudebot@anthropic.com)"
69.39.225.240 - - [17/Aug/2026:03:09:41 -0400] "POST /wp-cron.php?doing_wp_cron=1786950581.3692789077758789062500 HTTP/1.1" 200 20 "-" "WordPress/7.0.4; https://www.biotechprocleaners.com"
162.158.90.236 - - [17/Aug/2026:03:09:40 -0400] "GET / HTTP/1.1" 200 20 "-" "Mozilla/5.0 (Macintosh; Intel Mac OS X 10_15_7) AppleWebKit/537.36 (KHTML, like Gecko) Chrome/147.0.0.0 Safari/537.36 CloudflareWebScanner/1.0"
162.158.91.12 - - [17/Aug/2026:03:09:41 -0400] "GET / HTTP/1.1" 200 49542 "-" "Mozilla/5.0 (Macintosh; Intel Mac OS X 10_15_7) AppleWebKit/537.36 (KHTML, like Gecko) Chrome/147.0.0.0 Safari/537.36 CloudflareWebScanner/1.0"
69.39.225.240 - - [17/Aug/2026:03:10:15 -0400] "POST /wp-cron.php?doing_wp_cron=1786950615.1489980220794677734375 HTTP/1.1" 200 20 "-" "WordPress/7.0.4; https://www.biotechprocleaners.com"
54.91.122.193 - - [17/Aug/2026:03:10:12 -0400] "GET /surface/kitchen/?amp&areas=glass HTTP/1.1" 200 47423 "-" "Mozilla/5.0 AppleWebKit/537.36 (KHTML, like Gecko; compatible; Amazonbot/0.1; +https://developer.amazon.com/support/amazonbot) Chrome/119.0.6045.214 Safari/537.36"
69.39.225.240 - - [17/Aug/2026:03:18:45 -0400] "POST /wp-cron.php?doing_wp_cron=1786951125.4889280796051025390625 HTTP/1.1" 200 20 "-" "WordPress/7.0.4; https://www.biotechprocleaners.com"
114.119.132.228 - - [17/Aug/2026:03:18:43 -0400] "GET /services/solutions HTTP/1.1" 200 20 "https://www.biotechprocleaners.com/services/solutions" "Mozilla/5.0 (Linux; Android 7.0;) AppleWebKit/537.36 (HTML, like Gecko) Mobile Safari/537.36 (compatible; PetalBot;+https://webmaster.petalsearch.com/site/petalbot)"
114.119.132.228 - - [17/Aug/2026:03:18:46 -0400] "GET /services/solutions/ HTTP/1.1" 200 44546 "https://www.biotechprocleaners.com/services/solutions" "Mozilla/5.0 (Linux; Android 7.0;) AppleWebKit/537.36 (HTML, like Gecko) Mobile Safari/537.36 (compatible; PetalBot;+https://webmaster.petalsearch.com/site/petalbot)"
69.39.225.240 - - [17/Aug/2026:03:20:07 -0400] "POST /wp-cron.php?doing_wp_cron=1786951207.1139719486236572265625 HTTP/1.1" 200 20 "-" "WordPress/7.0.4; https://www.biotechprocleaners.com"
114.119.129.34 - - [17/Aug/2026:03:20:05 -0400] "GET /portfolio/offices-corporate-buildings HTTP/1.1" 200 20 "https://www.biotechprocleaners.com/product-category/manufacturing-industries" "Mozilla/5.0 (Linux; Android 7.0;) AppleWebKit/537.36 (HTML, like Gecko) Mobile Safari/537.36 (compatible; PetalBot;+https://webmaster.petalsearch.com/site/petalbot)"
114.119.129.34 - - [17/Aug/2026:03:20:08 -0400] "GET /portfolio/offices-corporate-buildings/ HTTP/1.1" 200 48010 "https://www.biotechprocleaners.com/product-category/manufacturing-industries" "Mozilla/5.0 (Linux; Android 7.0;) AppleWebKit/537.36 (HTML, like Gecko) Mobile Safari/537.36 (compatible; PetalBot;+https://webmaster.petalsearch.com/site/petalbot)"
69.39.225.240 - - [17/Aug/2026:03:21:31 -0400] "POST /wp-cron.php?doing_wp_cron=1786951290.9807200431823730468750 HTTP/1.1" 200 20 "-" "WordPress/7.0.4; https://www.biotechprocleaners.com"
114.119.129.198 - - [17/Aug/2026:03:21:29 -0400] "GET /my-account/ HTTP/1.1" 200 40295 "https://www.biotechprocleaners.com/my-account/" "Mozilla/5.0 (Linux; Android 7.0;) AppleWebKit/537.36 (HTML, like Gecko) Mobile Safari/537.36 (compatible; PetalBot;+https://webmaster.petalsearch.com/site/petalbot)"
69.39.225.240 - - [17/Aug/2026:03:26:08 -0400] "POST /wp-cron.php?doing_wp_cron=1786951568.1966691017150878906250 HTTP/1.1" 200 20 "-" "WordPress/7.0.4; https://www.biotechprocleaners.com"
57.141.4.41 - - [17/Aug/2026:03:26:04 -0400] "GET /area-sitemap.xml HTTP/1.1" 200 1089 "-" "Mozilla/5.0 (Macintosh; Intel Mac OS X 10_15_7) AppleWebKit/537.36 (KHTML, like Gecko) Chrome/145.0.0.0 Safari/537.36 (compatible; meta-externalagent/1.1 (+https://developers.facebook.com/docs/sharing/webmasters/crawler))"
69.39.225.240 - - [17/Aug/2026:03:30:43 -0400] "POST /wp-cron.php?doing_wp_cron=1786951843.7814970016479492187500 HTTP/1.1" 200 20 "-" "WordPress/7.0.4; https://www.biotechprocleaners.com"
57.141.4.24 - - [17/Aug/2026:03:30:42 -0400] "GET /post_tag-sitemap.xml HTTP/1.1" 200 483 "-" "Mozilla/5.0 (Windows NT 10.0; Win64; x64) AppleWebKit/537.36 (KHTML, like Gecko) Chrome/145.0.0.0 Safari/537.36 (compatible; meta-externalagent/1.1 (+https://developers.facebook.com/docs/sharing/webmasters/crawler))"
69.39.225.240 - - [17/Aug/2026:03:35:57 -0400] "POST /wp-cron.php?doing_wp_cron=1786952157.5385229587554931640625 HTTP/1.1" 200 20 "-" "WordPress/7.0.4; https://www.biotechprocleaners.com"
114.119.129.198 - - [17/Aug/2026:03:35:55 -0400] "GET /thank-you-onboarding HTTP/1.1" 200 20 "https://www.biotechprocleaners.com/thank-you-onboarding" "Mozilla/5.0 (Linux; Android 7.0;) AppleWebKit/537.36 (HTML, like Gecko) Mobile Safari/537.36 (compatible; PetalBot;+https://webmaster.petalsearch.com/site/petalbot)"
114.119.129.198 - - [17/Aug/2026:03:35:59 -0400] "GET /thank-you-onboarding/ HTTP/1.1" 200 40954 "https://www.biotechprocleaners.com/thank-you-onboarding" "Mozilla/5.0 (Linux; Android 7.0;) AppleWebKit/537.36 (HTML, like Gecko) Mobile Safari/537.36 (compatible; PetalBot;+https://webmaster.petalsearch.com/site/petalbot)"
69.39.225.240 - - [17/Aug/2026:03:36:14 -0400] "POST /wp-cron.php?doing_wp_cron=1786952173.8405730724334716796875 HTTP/1.1" 200 20 "-" "WordPress/7.0.4; https://www.biotechprocleaners.com"
40.77.167.57 - - [17/Aug/2026:03:36:12 -0400] "GET /sitemap_index.xml HTTP/1.1" 200 469 "-" "Mozilla/5.0 AppleWebKit/537.36 (KHTML, like Gecko; compatible; bingbot/2.0; +http://www.bing.com/bingbot.htm) Chrome/116.0.1938.76 Safari/537.36"
3.89.176.255 - - [17/Aug/2026:03:36:20 -0400] "GET /surface/workshops/?surfaces=windows HTTP/1.1" 200 32372 "-" "Mozilla/5.0 AppleWebKit/537.36 (KHTML, like Gecko; compatible; Amazonbot/0.1; +https://developer.amazon.com/support/amazonbot) Chrome/119.0.6045.214 Safari/537.36"
44.215.61.66 - - [17/Aug/2026:03:36:32 -0400] "GET /surface/workshops/?surfaces=surfaces-with-oil-and-grease HTTP/1.1" 200 32397 "-" "Mozilla/5.0 AppleWebKit/537.36 (KHTML, like Gecko; compatible; Amazonbot/0.1; +https://developer.amazon.com/support/amazonbot) Chrome/119.0.6045.214 Safari/537.36"
69.39.225.240 - - [17/Aug/2026:03:36:42 -0400] "POST /wp-cron.php?doing_wp_cron=1786952202.0524320602416992187500 HTTP/1.1" 200 20 "-" "WordPress/7.0.4; https://www.biotechprocleaners.com"
54.86.59.155 - - [17/Aug/2026:03:36:36 -0400] "GET /surface/workshops/?areas=glass-panel HTTP/1.1" 200 32378 "-" "Mozilla/5.0 AppleWebKit/537.36 (KHTML, like Gecko; compatible; Amazonbot/0.1; +https://developer.amazon.com/support/amazonbot) Chrome/119.0.6045.214 Safari/537.36"
54.159.18.27 - - [17/Aug/2026:03:36:44 -0400] "GET /surface/workshops/?areas=glass HTTP/1.1" 200 32371 "-" "Mozilla/5.0 AppleWebKit/537.36 (KHTML, like Gecko; compatible; Amazonbot/0.1; +https://developer.amazon.com/support/amazonbot) Chrome/119.0.6045.214 Safari/537.36"
3.221.222.168 - - [17/Aug/2026:03:36:48 -0400] "GET /surface/workshops/?surfaces=plastic-furniture HTTP/1.1" 200 32385 "-" "Mozilla/5.0 AppleWebKit/537.36 (KHTML, like Gecko; compatible; Amazonbot/0.1; +https://developer.amazon.com/support/amazonbot) Chrome/119.0.6045.214 Safari/537.36"
18.214.138.148 - - [17/Aug/2026:03:36:53 -0400] "GET /surface/workshops/?areas=organic-waste HTTP/1.1" 200 32379 "-" "Mozilla/5.0 AppleWebKit/537.36 (KHTML, like Gecko; compatible; Amazonbot/0.1; +https://developer.amazon.com/support/amazonbot) Chrome/119.0.6045.214 Safari/537.36"
54.147.238.89 - - [17/Aug/2026:03:37:00 -0400] "GET /surface/workshops/?surfaces=fitness-equipments HTTP/1.1" 200 32384 "-" "Mozilla/5.0 AppleWebKit/537.36 (KHTML, like Gecko; compatible; Amazonbot/0.1; +https://developer.amazon.com/support/amazonbot) Chrome/119.0.6045.214 Safari/537.36"
69.39.225.240 - - [17/Aug/2026:03:37:13 -0400] "POST /wp-cron.php?doing_wp_cron=1786952233.6632099151611328125000 HTTP/1.1" 200 20 "-" "WordPress/7.0.4; https://www.biotechprocleaners.com"
114.119.154.229 - - [17/Aug/2026:03:37:12 -0400] "GET /slider-item/government-and-public-sector HTTP/1.1" 200 20 "https://www.biotechprocleaners.com/slider-item/hospitality-industry" "Mozilla/5.0 (Linux; Android 7.0;) AppleWebKit/537.36 (HTML, like Gecko) Mobile Safari/537.36 (compatible; PetalBot;+https://webmaster.petalsearch.com/site/petalbot)"
114.119.154.229 - - [17/Aug/2026:03:37:14 -0400] "GET /slider-item/government-and-public-sector/ HTTP/1.1" 200 41280 "https://www.biotechprocleaners.com/slider-item/hospitality-industry" "Mozilla/5.0 (Linux; Android 7.0;) AppleWebKit/537.36 (HTML, like Gecko) Mobile Safari/537.36 (compatible; PetalBot;+https://webmaster.petalsearch.com/site/petalbot)"
66.249.64.104 - - [17/Aug/2026:03:37:52 -0400] "GET /product/cleaner-degreaser-hard-floors/ HTTP/1.1" 200 50106 "-" "Mozilla/5.0 (Linux; Android 6.0.1; Nexus 5X Build/MMB29P) AppleWebKit/537.36 (KHTML, like Gecko) Chrome/150.0.7871.186 Mobile Safari/537.36 (compatible; Googlebot/2.1; +http://www.google.com/bot.html)"
69.39.225.240 - - [17/Aug/2026:03:38:17 -0400] "POST /wp-cron.php?doing_wp_cron=1786952297.4369769096374511718750 HTTP/1.1" 200 20 "-" "WordPress/7.0.4; https://www.biotechprocleaners.com"
54.87.95.7 - - [17/Aug/2026:03:38:16 -0400] "GET /surface/floors-in-plant/?areas=dashboards HTTP/1.1" 200 32397 "-" "Mozilla/5.0 AppleWebKit/537.36 (KHTML, like Gecko; compatible; Amazonbot/0.1; +https://developer.amazon.com/support/amazonbot) Chrome/119.0.6045.214 Safari/537.36"
66.249.64.104 - - [17/Aug/2026:03:38:47 -0400] "GET /wp-content/plugins/bt_cost_calculator/style.min.css?ver=7.0.4 HTTP/1.1" 200 6264 "https://www.biotechprocleaners.com/product/cleaner-degreaser-hard-floors/" "Mozilla/5.0 (Linux; Android 6.0.1; Nexus 5X Build/MMB29P) AppleWebKit/537.36 (KHTML, like Gecko) Chrome/150.0.7871.186 Mobile Safari/537.36 (compatible; Googlebot/2.1; +http://www.google.com/bot.html)"
66.249.64.103 - - [17/Aug/2026:03:38:50 -0400] "GET /wp-content/cache/min/1/wp-content/plugins/woocommerce/assets/css/brands.css?ver=1774456999 HTTP/1.1" 200 684 "https://www.biotechprocleaners.com/product/cleaner-degreaser-hard-floors/" "Mozilla/5.0 (Linux; Android 6.0.1; Nexus 5X Build/MMB29P) AppleWebKit/537.36 (KHTML, like Gecko) Chrome/150.0.7871.186 Mobile Safari/537.36 (compatible; Googlebot/2.1; +http://www.google.com/bot.html)"
66.249.64.104 - - [17/Aug/2026:03:38:51 -0400] "GET /wp-content/cache/min/1/wp-content/plugins/contact-form-7/includes/css/styles.css?ver=1774456999 HTTP/1.1" 200 908 "https://www.biotechprocleaners.com/product/cleaner-degreaser-hard-floors/" "Mozilla/5.0 (Linux; Android 6.0.1; Nexus 5X Build/MMB29P) AppleWebKit/537.36 (KHTML, like Gecko) Chrome/150.0.7871.186 Mobile Safari/537.36 (compatible; Googlebot/2.1; +http://www.google.com/bot.html)"
66.249.64.104 - - [17/Aug/2026:03:38:51 -0400] "GET /wp-content/cache/min/1/wp-content/plugins/bold-timeline-lite/style.css?ver=1774456999 HTTP/1.1" 200 10667 "https://www.biotechprocleaners.com/product/cleaner-degreaser-hard-floors/" "Mozilla/5.0 (Linux; Android 6.0.1; Nexus 5X Build/MMB29P) AppleWebKit/537.36 (KHTML, like Gecko) Chrome/150.0.7871.186 Mobile Safari/537.36 (compatible; Googlebot/2.1; +http://www.google.com/bot.html)"
66.249.64.103 - - [17/Aug/2026:03:38:52 -0400] "GET /wp-content/plugins/amwerk/shortcodes/back_to_top/css/back_to_top.css?ver=7.0.4 HTTP/1.1" 200 346 "https://www.biotechprocleaners.com/product/cleaner-degreaser-hard-floors/" "Mozilla/5.0 (Linux; Android 6.0.1; Nexus 5X Build/MMB29P) AppleWebKit/537.36 (KHTML, like Gecko) Chrome/150.0.7871.186 Mobile Safari/537.36 (compatible; Googlebot/2.1; +http://www.google.com/bot.html)"
66.249.64.103 - - [17/Aug/2026:03:38:52 -0400] "GET /wp-content/plugins/bold-page-builder/content_elements_misc/js/jquery.magnific-popup.min.js?ver=5.4.7 HTTP/1.1" 200 7435 "https://www.biotechprocleaners.com/product/cleaner-degreaser-hard-floors/" "Mozilla/5.0 (Linux; Android 6.0.1; Nexus 5X Build/MMB29P) AppleWebKit/537.36 (KHTML, like Gecko) Chrome/150.0.7871.186 Mobile Safari/537.36 (compatible; Googlebot/2.1; +http://www.google.com/bot.html)"
66.249.64.102 - - [17/Aug/2026:03:38:52 -0400] "GET /wp-content/plugins/amwerk/js/amwerk.js?ver=7.0.4 HTTP/1.1" 200 2 "https://www.biotechprocleaners.com/product/cleaner-degreaser-hard-floors/" "Mozilla/5.0 (Linux; Android 6.0.1; Nexus 5X Build/MMB29P) AppleWebKit/537.36 (KHTML, like Gecko) Chrome/150.0.7871.186 Mobile Safari/537.36 (compatible; Googlebot/2.1; +http://www.google.com/bot.html)"
66.249.64.102 - - [17/Aug/2026:03:38:53 -0400] "GET /wp-content/cache/min/1/wp-includes/css/dashicons.min.css?ver=1774456999 HTTP/1.1" 200 35760 "https://www.biotechprocleaners.com/product/cleaner-degreaser-hard-floors/" "Mozilla/5.0 (Linux; Android 6.0.1; Nexus 5X Build/MMB29P) AppleWebKit/537.36 (KHTML, like Gecko) Chrome/150.0.7871.186 Mobile Safari/537.36 (compatible; Googlebot/2.1; +http://www.google.com/bot.html)"
66.249.64.103 - - [17/Aug/2026:03:38:53 -0400] "GET /wp-content/cache/min/1/wp-content/themes/amwerk-child/style.css?ver=1774456999 HTTP/1.1" 200 4559 "https://www.biotechprocleaners.com/product/cleaner-degreaser-hard-floors/" "Mozilla/5.0 (Linux; Android 6.0.1; Nexus 5X Build/MMB29P) AppleWebKit/537.36 (KHTML, like Gecko) Chrome/150.0.7871.186 Mobile Safari/537.36 (compatible; Googlebot/2.1; +http://www.google.com/bot.html)"
66.249.64.102 - - [17/Aug/2026:03:38:53 -0400] "GET /wp-content/cache/min/1/wp-content/plugins/bold-page-builder/css/front_end/content_elements.crush.css?ver=1774456999 HTTP/1.1" 200 28641 "https://www.biotechprocleaners.com/product/cleaner-degreaser-hard-floors/" "Mozilla/5.0 (Linux; Android 6.0.1; Nexus 5X Build/MMB29P) AppleWebKit/537.36 (KHTML, like Gecko) Chrome/150.0.7871.186 Mobile Safari/537.36 (compatible; Googlebot/2.1; +http://www.google.com/bot.html)"
