69.39.225.240 - - [17/Aug/2026:11:52:45 -0400] "POST /wp-cron.php?doing_wp_cron=1786981965.6631081104278564453125 HTTP/1.1" 200 20 "-" "WordPress/7.0.4; https://www.biotechprocleaners.com"
3.94.199.128 - - [17/Aug/2026:11:52:44 -0400] "GET /product-category/food/?amp&areas=showers-door HTTP/1.1" 200 46929 "-" "Mozilla/5.0 AppleWebKit/537.36 (KHTML, like Gecko; compatible; Amazonbot/0.1; +https://developer.amazon.com/support/amazonbot) Chrome/119.0.6045.214 Safari/537.36"
52.5.242.243 - - [17/Aug/2026:11:52:49 -0400] "GET /product-category/recreational-convention-centers/?amp&areas=rust-stains HTTP/1.1" 200 40730 "-" "Mozilla/5.0 AppleWebKit/537.36 (KHTML, like Gecko; compatible; Amazonbot/0.1; +https://developer.amazon.com/support/amazonbot) Chrome/119.0.6045.214 Safari/537.36"
69.39.225.240 - - [17/Aug/2026:11:53:25 -0400] "POST /wp-cron.php?doing_wp_cron=1786982005.5316500663757324218750 HTTP/1.1" 200 20 "-" "WordPress/7.0.4; https://www.biotechprocleaners.com"
176.237.231.175 - - [17/Aug/2026:11:53:24 -0400] "GET /wp-json/wp/v2/users HTTP/1.1" 200 18854 "-" "Mozilla/4.0 (compatible; Win32; WinHttp.WinHttpRequest.5)"
69.39.225.240 - - [17/Aug/2026:11:53:26 -0400] "GET /portfolio-grid-five-columns/ HTTP/1.1" 200 41641 "-" "WP Rocket/Preload"
69.39.225.240 - - [17/Aug/2026:11:53:28 -0400] "GET /portfolio-grid-five-columns/ HTTP/1.1" 200 16384 "-" "WP Rocket/Preload Mozilla/5.0 (iPhone; CPU iPhone OS 9_1 like Mac OS X) AppleWebKit/601.1.46 (KHTML, like Gecko) Version/9.0 Mobile/13B143 Safari/601.1"
69.39.225.240 - - [17/Aug/2026:11:53:29 -0400] "GET /slider-item/government-and-public-sector/ HTTP/1.1" 200 16384 "-" "WP Rocket/Preload"
69.39.225.240 - - [17/Aug/2026:11:53:31 -0400] "GET /slider-item/government-and-public-sector/ HTTP/1.1" 200 16384 "-" "WP Rocket/Preload Mozilla/5.0 (iPhone; CPU iPhone OS 9_1 like Mac OS X) AppleWebKit/601.1.46 (KHTML, like Gecko) Version/9.0 Mobile/13B143 Safari/601.1"
69.39.225.240 - - [17/Aug/2026:11:53:32 -0400] "GET /product/alkhaline-floor-cleaner-degreaser/ HTTP/1.1" 200 16384 "-" "WP Rocket/Preload"
69.39.225.240 - - [17/Aug/2026:11:53:34 -0400] "GET /product/alkhaline-floor-cleaner-degreaser/ HTTP/1.1" 200 16384 "-" "WP Rocket/Preload Mozilla/5.0 (iPhone; CPU iPhone OS 9_1 like Mac OS X) AppleWebKit/601.1.46 (KHTML, like Gecko) Version/9.0 Mobile/13B143 Safari/601.1"
69.39.225.240 - - [17/Aug/2026:11:53:35 -0400] "GET /product/cleaner-degreaser-hard-floors/ HTTP/1.1" 200 16384 "-" "WP Rocket/Preload"
69.39.225.240 - - [17/Aug/2026:11:53:37 -0400] "GET /product/cleaner-degreaser-hard-floors/ HTTP/1.1" 200 16384 "-" "WP Rocket/Preload Mozilla/5.0 (iPhone; CPU iPhone OS 9_1 like Mac OS X) AppleWebKit/601.1.46 (KHTML, like Gecko) Version/9.0 Mobile/13B143 Safari/601.1"
69.39.225.240 - - [17/Aug/2026:11:53:38 -0400] "GET /slider-item/food-industry/ HTTP/1.1" 200 16384 "-" "WP Rocket/Preload"
69.39.225.240 - - [17/Aug/2026:11:53:40 -0400] "GET /slider-item/food-industry/ HTTP/1.1" 200 16384 "-" "WP Rocket/Preload Mozilla/5.0 (iPhone; CPU iPhone OS 9_1 like Mac OS X) AppleWebKit/601.1.46 (KHTML, like Gecko) Version/9.0 Mobile/13B143 Safari/601.1"
176.237.231.175 - - [17/Aug/2026:11:54:00 -0400] "POST /xmlrpc.php HTTP/1.1" 200 403 "-" "Mozilla/5.0 (Windows NT 6.3; x64) AppleWebKit/537.36 (KHTML, like Gecko) Chrome/115.0.0.0 Safari/537.36"
43.155.162.41 - - [17/Aug/2026:11:54:04 -0400] "GET / HTTP/1.1" 200 50005 "http://biotechprocleaners.com" "Mozilla/5.0 (iPhone; CPU iPhone OS 13_2_3 like Mac OS X) AppleWebKit/605.1.15 (KHTML, like Gecko) Version/13.0.3 Mobile/15E148 Safari/604.1"
69.39.225.240 - - [17/Aug/2026:11:54:39 -0400] "POST /wp-cron.php?doing_wp_cron=1786982079.6193048954010009765625 HTTP/1.1" 200 20 "-" "WordPress/7.0.4; https://www.biotechprocleaners.com"
176.237.231.175 - - [17/Aug/2026:11:54:38 -0400] "POST /xmlrpc.php HTTP/1.1" 200 403 "-" "Mozilla/5.0 (X11; Ubuntu; Linux x86_64; x86) AppleWebKit/537.36 (KHTML, like Gecko) Opera/73.0.0.0 Safari/537.36"
69.39.225.240 - - [17/Aug/2026:11:54:40 -0400] "GET /product/bathroom-descaler/ HTTP/1.1" 200 50501 "-" "WP Rocket/Preload"
69.39.225.240 - - [17/Aug/2026:11:54:42 -0400] "GET /product/bathroom-descaler/ HTTP/1.1" 200 16384 "-" "WP Rocket/Preload Mozilla/5.0 (iPhone; CPU iPhone OS 9_1 like Mac OS X) AppleWebKit/601.1.46 (KHTML, like Gecko) Version/9.0 Mobile/13B143 Safari/601.1"
69.39.225.240 - - [17/Aug/2026:11:54:44 -0400] "GET /product/disinfectant-toilet-gel/ HTTP/1.1" 200 16384 "-" "WP Rocket/Preload"
69.39.225.240 - - [17/Aug/2026:11:54:45 -0400] "GET /product/disinfectant-toilet-gel/ HTTP/1.1" 200 16384 "-" "WP Rocket/Preload Mozilla/5.0 (iPhone; CPU iPhone OS 9_1 like Mac OS X) AppleWebKit/601.1.46 (KHTML, like Gecko) Version/9.0 Mobile/13B143 Safari/601.1"
69.39.225.240 - - [17/Aug/2026:11:54:47 -0400] "GET /product-category/sport-recreational/ HTTP/1.1" 200 16384 "-" "WP Rocket/Preload"
69.39.225.240 - - [17/Aug/2026:11:54:48 -0400] "GET /product-category/sport-recreational/ HTTP/1.1" 200 16384 "-" "WP Rocket/Preload Mozilla/5.0 (iPhone; CPU iPhone OS 9_1 like Mac OS X) AppleWebKit/601.1.46 (KHTML, like Gecko) Version/9.0 Mobile/13B143 Safari/601.1"
69.39.225.240 - - [17/Aug/2026:11:54:50 -0400] "GET /thank-you-consultant/ HTTP/1.1" 200 16384 "-" "WP Rocket/Preload"
69.39.225.240 - - [17/Aug/2026:11:54:51 -0400] "GET /thank-you-consultant/ HTTP/1.1" 200 16384 "-" "WP Rocket/Preload Mozilla/5.0 (iPhone; CPU iPhone OS 9_1 like Mac OS X) AppleWebKit/601.1.46 (KHTML, like Gecko) Version/9.0 Mobile/13B143 Safari/601.1"
69.39.225.240 - - [17/Aug/2026:11:54:53 -0400] "GET /news/news-grid-six-columns/ HTTP/1.1" 200 16384 "-" "WP Rocket/Preload"
69.39.225.240 - - [17/Aug/2026:11:54:54 -0400] "GET /news/news-grid-six-columns/ HTTP/1.1" 200 16384 "-" "WP Rocket/Preload Mozilla/5.0 (iPhone; CPU iPhone OS 9_1 like Mac OS X) AppleWebKit/601.1.46 (KHTML, like Gecko) Version/9.0 Mobile/13B143 Safari/601.1"
69.39.225.240 - - [17/Aug/2026:11:54:56 -0400] "GET /product-category/convention-centers/ HTTP/1.1" 200 16384 "-" "WP Rocket/Preload"
69.39.225.240 - - [17/Aug/2026:11:54:57 -0400] "GET /product-category/convention-centers/ HTTP/1.1" 200 16384 "-" "WP Rocket/Preload Mozilla/5.0 (iPhone; CPU iPhone OS 9_1 like Mac OS X) AppleWebKit/601.1.46 (KHTML, like Gecko) Version/9.0 Mobile/13B143 Safari/601.1"
69.39.225.240 - - [17/Aug/2026:11:54:59 -0400] "GET /shop-2/products-categories/ HTTP/1.1" 200 16384 "-" "WP Rocket/Preload"
69.39.225.240 - - [17/Aug/2026:11:55:00 -0400] "GET /shop-2/products-categories/ HTTP/1.1" 200 16384 "-" "WP Rocket/Preload Mozilla/5.0 (iPhone; CPU iPhone OS 9_1 like Mac OS X) AppleWebKit/601.1.46 (KHTML, like Gecko) Version/9.0 Mobile/13B143 Safari/601.1"
69.39.225.240 - - [17/Aug/2026:11:55:11 -0400] "POST /wp-cron.php?doing_wp_cron=1786982111.2176449298858642578125 HTTP/1.1" 200 20 "-" "WordPress/7.0.4; https://www.biotechprocleaners.com"
176.237.231.175 - - [17/Aug/2026:11:55:10 -0400] "POST /xmlrpc.php HTTP/1.1" 200 403 "-" "Mozilla/5.0 (Windows NT 10.0; x64) AppleWebKit/537.36 (KHTML, like Gecko) Chrome/89.0.0.0 Safari/537.36"
69.39.225.240 - - [17/Aug/2026:11:55:47 -0400] "POST /wp-cron.php?doing_wp_cron=1786982147.8875620365142822265625 HTTP/1.1" 200 20 "-" "WordPress/7.0.4; https://www.biotechprocleaners.com"
176.237.231.175 - - [17/Aug/2026:11:55:46 -0400] "POST /xmlrpc.php HTTP/1.1" 200 403 "-" "Mozilla/5.0 (Linux; Android 10; arm64) AppleWebKit/537.36 (KHTML, like Gecko) Firefox/75.0.0.0 Safari/537.36"
69.39.225.240 - - [17/Aug/2026:11:55:49 -0400] "GET /sample-page/ HTTP/1.1" 200 41807 "-" "WP Rocket/Preload"
69.39.225.240 - - [17/Aug/2026:11:55:51 -0400] "GET /sample-page/ HTTP/1.1" 200 16384 "-" "WP Rocket/Preload Mozilla/5.0 (iPhone; CPU iPhone OS 9_1 like Mac OS X) AppleWebKit/601.1.46 (KHTML, like Gecko) Version/9.0 Mobile/13B143 Safari/601.1"
69.39.225.240 - - [17/Aug/2026:11:55:52 -0400] "GET /product/food-desinfectant-degreaser-cleaner/ HTTP/1.1" 200 16384 "-" "WP Rocket/Preload"
69.39.225.240 - - [17/Aug/2026:11:55:54 -0400] "GET /product/food-desinfectant-degreaser-cleaner/ HTTP/1.1" 200 16384 "-" "WP Rocket/Preload Mozilla/5.0 (iPhone; CPU iPhone OS 9_1 like Mac OS X) AppleWebKit/601.1.46 (KHTML, like Gecko) Version/9.0 Mobile/13B143 Safari/601.1"
69.39.225.240 - - [17/Aug/2026:11:55:55 -0400] "GET /product/enzymatic-sanitary-cleaner/ HTTP/1.1" 200 16384 "-" "WP Rocket/Preload"
69.39.225.240 - - [17/Aug/2026:11:55:57 -0400] "GET /product/enzymatic-sanitary-cleaner/ HTTP/1.1" 200 16384 "-" "WP Rocket/Preload Mozilla/5.0 (iPhone; CPU iPhone OS 9_1 like Mac OS X) AppleWebKit/601.1.46 (KHTML, like Gecko) Version/9.0 Mobile/13B143 Safari/601.1"
69.39.225.240 - - [17/Aug/2026:11:55:58 -0400] "GET /news/news-grid-four-columns/ HTTP/1.1" 200 16384 "-" "WP Rocket/Preload"
69.39.225.240 - - [17/Aug/2026:11:56:00 -0400] "GET /news/news-grid-four-columns/ HTTP/1.1" 200 16384 "-" "WP Rocket/Preload Mozilla/5.0 (iPhone; CPU iPhone OS 9_1 like Mac OS X) AppleWebKit/601.1.46 (KHTML, like Gecko) Version/9.0 Mobile/13B143 Safari/601.1"
69.39.225.240 - - [17/Aug/2026:11:56:01 -0400] "GET /product/dishwsahing-liquid-soft-water/ HTTP/1.1" 200 16384 "-" "WP Rocket/Preload"
69.39.225.240 - - [17/Aug/2026:11:56:03 -0400] "GET /product/dishwsahing-liquid-soft-water/ HTTP/1.1" 200 16384 "-" "WP Rocket/Preload Mozilla/5.0 (iPhone; CPU iPhone OS 9_1 like Mac OS X) AppleWebKit/601.1.46 (KHTML, like Gecko) Version/9.0 Mobile/13B143 Safari/601.1"
69.39.225.240 - - [17/Aug/2026:11:56:04 -0400] "GET /about-us/careers/ HTTP/1.1" 200 16384 "-" "WP Rocket/Preload"
69.39.225.240 - - [17/Aug/2026:11:56:06 -0400] "GET /about-us/careers/ HTTP/1.1" 200 16384 "-" "WP Rocket/Preload Mozilla/5.0 (iPhone; CPU iPhone OS 9_1 like Mac OS X) AppleWebKit/601.1.46 (KHTML, like Gecko) Version/9.0 Mobile/13B143 Safari/601.1"
69.39.225.240 - - [17/Aug/2026:11:56:07 -0400] "GET /footer/ HTTP/1.1" 200 16384 "-" "WP Rocket/Preload"
69.39.225.240 - - [17/Aug/2026:11:56:09 -0400] "GET /footer/ HTTP/1.1" 200 16384 "-" "WP Rocket/Preload Mozilla/5.0 (iPhone; CPU iPhone OS 9_1 like Mac OS X) AppleWebKit/601.1.46 (KHTML, like Gecko) Version/9.0 Mobile/13B143 Safari/601.1"
69.39.225.240 - - [17/Aug/2026:11:56:22 -0400] "POST /wp-cron.php?doing_wp_cron=1786982182.7637679576873779296875 HTTP/1.1" 200 20 "-" "WordPress/7.0.4; https://www.biotechprocleaners.com"
176.237.231.175 - - [17/Aug/2026:11:56:21 -0400] "POST /xmlrpc.php HTTP/1.1" 200 403 "-" "Mozilla/5.0 (Windows NT 6.2; x86) AppleWebKit/537.36 (KHTML, like Gecko) Edge/96.0.0.0 Safari/537.36"
69.39.225.240 - - [17/Aug/2026:11:56:23 -0400] "GET /shop-2/products-six-columns/ HTTP/1.1" 200 16384 "-" "WP Rocket/Preload"
69.39.225.240 - - [17/Aug/2026:11:56:25 -0400] "GET /shop-2/products-six-columns/ HTTP/1.1" 200 16384 "-" "WP Rocket/Preload Mozilla/5.0 (iPhone; CPU iPhone OS 9_1 like Mac OS X) AppleWebKit/601.1.46 (KHTML, like Gecko) Version/9.0 Mobile/13B143 Safari/601.1"
69.39.225.240 - - [17/Aug/2026:11:56:26 -0400] "GET /news/latest-posts-six-columns/ HTTP/1.1" 200 16384 "-" "WP Rocket/Preload"
69.39.225.240 - - [17/Aug/2026:11:56:28 -0400] "GET /news/latest-posts-six-columns/ HTTP/1.1" 200 16384 "-" "WP Rocket/Preload Mozilla/5.0 (iPhone; CPU iPhone OS 9_1 like Mac OS X) AppleWebKit/601.1.46 (KHTML, like Gecko) Version/9.0 Mobile/13B143 Safari/601.1"
69.39.225.240 - - [17/Aug/2026:11:56:29 -0400] "GET /slider-item/recreational-and-convention-centers/ HTTP/1.1" 200 16384 "-" "WP Rocket/Preload"
69.39.225.240 - - [17/Aug/2026:11:56:31 -0400] "GET /slider-item/recreational-and-convention-centers/ HTTP/1.1" 200 16384 "-" "WP Rocket/Preload Mozilla/5.0 (iPhone; CPU iPhone OS 9_1 like Mac OS X) AppleWebKit/601.1.46 (KHTML, like Gecko) Version/9.0 Mobile/13B143 Safari/601.1"
69.39.225.240 - - [17/Aug/2026:11:56:32 -0400] "GET /slider-item/healthcare-industry/ HTTP/1.1" 200 16384 "-" "WP Rocket/Preload"
69.39.225.240 - - [17/Aug/2026:11:56:34 -0400] "GET /slider-item/healthcare-industry/ HTTP/1.1" 200 16384 "-" "WP Rocket/Preload Mozilla/5.0 (iPhone; CPU iPhone OS 9_1 like Mac OS X) AppleWebKit/601.1.46 (KHTML, like Gecko) Version/9.0 Mobile/13B143 Safari/601.1"
69.39.225.240 - - [17/Aug/2026:11:56:35 -0400] "GET /slider-item/hospitality-industry/ HTTP/1.1" 200 16384 "-" "WP Rocket/Preload"
69.39.225.240 - - [17/Aug/2026:11:56:37 -0400] "GET /slider-item/hospitality-industry/ HTTP/1.1" 200 16384 "-" "WP Rocket/Preload Mozilla/5.0 (iPhone; CPU iPhone OS 9_1 like Mac OS X) AppleWebKit/601.1.46 (KHTML, like Gecko) Version/9.0 Mobile/13B143 Safari/601.1"
69.39.225.240 - - [17/Aug/2026:11:56:38 -0400] "GET /news/news-grid-five-columns/ HTTP/1.1" 200 16384 "-" "WP Rocket/Preload"
69.39.225.240 - - [17/Aug/2026:11:56:40 -0400] "GET /news/news-grid-five-columns/ HTTP/1.1" 200 16384 "-" "WP Rocket/Preload Mozilla/5.0 (iPhone; CPU iPhone OS 9_1 like Mac OS X) AppleWebKit/601.1.46 (KHTML, like Gecko) Version/9.0 Mobile/13B143 Safari/601.1"
69.39.225.240 - - [17/Aug/2026:11:56:41 -0400] "GET /area/more-powerful-towards-soilure-from-oil-and-grease/ HTTP/1.1" 200 16384 "-" "WP Rocket/Preload"
69.39.225.240 - - [17/Aug/2026:11:56:43 -0400] "GET /area/more-powerful-towards-soilure-from-oil-and-grease/ HTTP/1.1" 200 16384 "-" "WP Rocket/Preload Mozilla/5.0 (iPhone; CPU iPhone OS 9_1 like Mac OS X) AppleWebKit/601.1.46 (KHTML, like Gecko) Version/9.0 Mobile/13B143 Safari/601.1"
69.39.225.240 - - [17/Aug/2026:11:56:51 -0400] "POST /wp-cron.php?doing_wp_cron=1786982211.7480320930480957031250 HTTP/1.1" 200 20 "-" "WordPress/7.0.4; https://www.biotechprocleaners.com"
176.237.231.175 - - [17/Aug/2026:11:56:50 -0400] "POST /xmlrpc.php HTTP/1.1" 200 403 "-" "Mozilla/5.0 (X11; Ubuntu; Linux x86_64; x64) AppleWebKit/537.36 (KHTML, like Gecko) Opera/68.0.0.0 Safari/537.36"
69.39.225.240 - - [17/Aug/2026:11:57:19 -0400] "POST /wp-cron.php?doing_wp_cron=1786982239.1208109855651855468750 HTTP/1.1" 200 20 "-" "WordPress/7.0.4; https://www.biotechprocleaners.com"
176.237.231.175 - - [17/Aug/2026:11:57:17 -0400] "POST /xmlrpc.php HTTP/1.1" 200 403 "-" "Mozilla/5.0 (Windows NT 6.2; x64) AppleWebKit/537.36 (KHTML, like Gecko) Chrome/103.0.0.0 Safari/537.36"
69.39.225.240 - - [17/Aug/2026:11:57:20 -0400] "GET /portfolio-tiles-three-columns/ HTTP/1.1" 200 41448 "-" "WP Rocket/Preload"
69.39.225.240 - - [17/Aug/2026:11:57:22 -0400] "GET /portfolio-tiles-three-columns/ HTTP/1.1" 200 16384 "-" "WP Rocket/Preload Mozilla/5.0 (iPhone; CPU iPhone OS 9_1 like Mac OS X) AppleWebKit/601.1.46 (KHTML, like Gecko) Version/9.0 Mobile/13B143 Safari/601.1"
69.39.225.240 - - [17/Aug/2026:11:57:23 -0400] "GET /product-category/residential-buildings/ HTTP/1.1" 200 16384 "-" "WP Rocket/Preload"
69.39.225.240 - - [17/Aug/2026:11:57:25 -0400] "GET /product-category/residential-buildings/ HTTP/1.1" 200 16384 "-" "WP Rocket/Preload Mozilla/5.0 (iPhone; CPU iPhone OS 9_1 like Mac OS X) AppleWebKit/601.1.46 (KHTML, like Gecko) Version/9.0 Mobile/13B143 Safari/601.1"
69.39.225.240 - - [17/Aug/2026:11:57:26 -0400] "GET /services/our-process/ HTTP/1.1" 200 16384 "-" "WP Rocket/Preload"
69.39.225.240 - - [17/Aug/2026:11:57:28 -0400] "GET /services/our-process/ HTTP/1.1" 200 16384 "-" "WP Rocket/Preload Mozilla/5.0 (iPhone; CPU iPhone OS 9_1 like Mac OS X) AppleWebKit/601.1.46 (KHTML, like Gecko) Version/9.0 Mobile/13B143 Safari/601.1"
69.39.225.240 - - [17/Aug/2026:11:57:29 -0400] "GET /portfolio-tiles-six-columns/ HTTP/1.1" 200 16384 "-" "WP Rocket/Preload"
69.39.225.240 - - [17/Aug/2026:11:57:31 -0400] "GET /portfolio-tiles-six-columns/ HTTP/1.1" 200 16384 "-" "WP Rocket/Preload Mozilla/5.0 (iPhone; CPU iPhone OS 9_1 like Mac OS X) AppleWebKit/601.1.46 (KHTML, like Gecko) Version/9.0 Mobile/13B143 Safari/601.1"
69.39.225.240 - - [17/Aug/2026:11:57:32 -0400] "GET /footer-03/ HTTP/1.1" 200 16384 "-" "WP Rocket/Preload"
69.39.225.240 - - [17/Aug/2026:11:57:34 -0400] "GET /footer-03/ HTTP/1.1" 200 16384 "-" "WP Rocket/Preload Mozilla/5.0 (iPhone; CPU iPhone OS 9_1 like Mac OS X) AppleWebKit/601.1.46 (KHTML, like Gecko) Version/9.0 Mobile/13B143 Safari/601.1"
69.39.225.240 - - [17/Aug/2026:11:57:35 -0400] "GET /product/disinfectant-cleaner/ HTTP/1.1" 200 16384 "-" "WP Rocket/Preload"
69.39.225.240 - - [17/Aug/2026:11:57:37 -0400] "GET /product/disinfectant-cleaner/ HTTP/1.1" 200 16384 "-" "WP Rocket/Preload Mozilla/5.0 (iPhone; CPU iPhone OS 9_1 like Mac OS X) AppleWebKit/601.1.46 (KHTML, like Gecko) Version/9.0 Mobile/13B143 Safari/601.1"
69.39.225.240 - - [17/Aug/2026:11:57:38 -0400] "GET /shop-2/products-four-columns/ HTTP/1.1" 200 16384 "-" "WP Rocket/Preload"
69.39.225.240 - - [17/Aug/2026:11:57:40 -0400] "GET /shop-2/products-four-columns/ HTTP/1.1" 200 16384 "-" "WP Rocket/Preload Mozilla/5.0 (iPhone; CPU iPhone OS 9_1 like Mac OS X) AppleWebKit/601.1.46 (KHTML, like Gecko) Version/9.0 Mobile/13B143 Safari/601.1"
69.39.225.240 - - [17/Aug/2026:11:57:54 -0400] "POST /wp-cron.php?doing_wp_cron=1786982274.0428369045257568359375 HTTP/1.1" 200 20 "-" "WordPress/7.0.4; https://www.biotechprocleaners.com"
44.221.180.179 - - [17/Aug/2026:11:57:52 -0400] "GET /area/vehicle-windows/?amp&areas=windows-glass HTTP/1.1" 200 47432 "-" "Mozilla/5.0 AppleWebKit/537.36 (KHTML, like Gecko; compatible; Amazonbot/0.1; +https://developer.amazon.com/support/amazonbot) Chrome/119.0.6045.214 Safari/537.36"
176.237.231.175 - - [17/Aug/2026:11:58:04 -0400] "POST /xmlrpc.php HTTP/1.1" 200 403 "-" "Mozilla/5.0 (Macintosh; Intel Mac OS X 10_15_7; arm64) AppleWebKit/537.36 (KHTML, like Gecko) Safari/11.0.0.0 Safari/537.36"
69.39.225.240 - - [17/Aug/2026:11:58:40 -0400] "POST /wp-cron.php?doing_wp_cron=1786982320.6200261116027832031250 HTTP/1.1" 200 20 "-" "WordPress/7.0.4; https://www.biotechprocleaners.com"
176.237.231.175 - - [17/Aug/2026:11:58:39 -0400] "POST /xmlrpc.php HTTP/1.1" 200 403 "-" "Mozilla/5.0 (Windows NT 6.2; arm64) AppleWebKit/537.36 (KHTML, like Gecko) Opera/70.0.0.0 Safari/537.36"
69.39.225.240 - - [17/Aug/2026:11:58:41 -0400] "GET /about-us/testimonials/ HTTP/1.1" 200 45310 "-" "WP Rocket/Preload"
69.39.225.240 - - [17/Aug/2026:11:58:43 -0400] "GET /about-us/testimonials/ HTTP/1.1" 200 16384 "-" "WP Rocket/Preload Mozilla/5.0 (iPhone; CPU iPhone OS 9_1 like Mac OS X) AppleWebKit/601.1.46 (KHTML, like Gecko) Version/9.0 Mobile/13B143 Safari/601.1"
69.39.225.240 - - [17/Aug/2026:11:58:44 -0400] "GET /news/latest-posts-four-columns/ HTTP/1.1" 200 16384 "-" "WP Rocket/Preload"
69.39.225.240 - - [17/Aug/2026:11:58:46 -0400] "GET /news/latest-posts-four-columns/ HTTP/1.1" 200 16384 "-" "WP Rocket/Preload Mozilla/5.0 (iPhone; CPU iPhone OS 9_1 like Mac OS X) AppleWebKit/601.1.46 (KHTML, like Gecko) Version/9.0 Mobile/13B143 Safari/601.1"
69.39.225.240 - - [17/Aug/2026:11:58:47 -0400] "GET /slider-item/logistics-and-transportation/ HTTP/1.1" 200 16384 "-" "WP Rocket/Preload"
69.39.225.240 - - [17/Aug/2026:11:58:49 -0400] "GET /slider-item/logistics-and-transportation/ HTTP/1.1" 200 16384 "-" "WP Rocket/Preload Mozilla/5.0 (iPhone; CPU iPhone OS 9_1 like Mac OS X) AppleWebKit/601.1.46 (KHTML, like Gecko) Version/9.0 Mobile/13B143 Safari/601.1"
69.39.225.240 - - [17/Aug/2026:11:58:50 -0400] "GET /slider-item/manufacturing-industries/ HTTP/1.1" 200 16384 "-" "WP Rocket/Preload"
69.39.225.240 - - [17/Aug/2026:11:58:52 -0400] "GET /slider-item/manufacturing-industries/ HTTP/1.1" 200 16384 "-" "WP Rocket/Preload Mozilla/5.0 (iPhone; CPU iPhone OS 9_1 like Mac OS X) AppleWebKit/601.1.46 (KHTML, like Gecko) Version/9.0 Mobile/13B143 Safari/601.1"
69.39.225.240 - - [17/Aug/2026:11:58:53 -0400] "GET /news/news-tiles-five-columns/ HTTP/1.1" 200 16384 "-" "WP Rocket/Preload"
69.39.225.240 - - [17/Aug/2026:11:58:55 -0400] "GET /news/news-tiles-five-columns/ HTTP/1.1" 200 16384 "-" "WP Rocket/Preload Mozilla/5.0 (iPhone; CPU iPhone OS 9_1 like Mac OS X) AppleWebKit/601.1.46 (KHTML, like Gecko) Version/9.0 Mobile/13B143 Safari/601.1"
69.39.225.240 - - [17/Aug/2026:11:58:56 -0400] "GET /type/image/ HTTP/1.1" 200 16384 "-" "WP Rocket/Preload"
69.39.225.240 - - [17/Aug/2026:11:58:58 -0400] "GET /type/image/ HTTP/1.1" 200 16384 "-" "WP Rocket/Preload Mozilla/5.0 (iPhone; CPU iPhone OS 9_1 like Mac OS X) AppleWebKit/601.1.46 (KHTML, like Gecko) Version/9.0 Mobile/13B143 Safari/601.1"
69.39.225.240 - - [17/Aug/2026:11:58:59 -0400] "GET /shop-2/products-two-columns/ HTTP/1.1" 200 16384 "-" "WP Rocket/Preload"
69.39.225.240 - - [17/Aug/2026:11:59:01 -0400] "GET /shop-2/products-two-columns/ HTTP/1.1" 200 16384 "-" "WP Rocket/Preload Mozilla/5.0 (iPhone; CPU iPhone OS 9_1 like Mac OS X) AppleWebKit/601.1.46 (KHTML, like Gecko) Version/9.0 Mobile/13B143 Safari/601.1"
69.39.225.240 - - [17/Aug/2026:11:59:16 -0400] "POST /wp-cron.php?doing_wp_cron=1786982355.8565249443054199218750 HTTP/1.1" 200 20 "-" "WordPress/7.0.4; https://www.biotechprocleaners.com"
176.237.231.175 - - [17/Aug/2026:11:59:14 -0400] "POST /xmlrpc.php HTTP/1.1" 200 403 "-" "Mozilla/5.0 (X11; Ubuntu; Linux x86_64; x64) AppleWebKit/537.36 (KHTML, like Gecko) Firefox/92.0.0.0 Safari/537.36"
69.39.225.240 - - [17/Aug/2026:11:59:17 -0400] "GET /news/news-tiles-six-columns/ HTTP/1.1" 200 16384 "-" "WP Rocket/Preload"
69.39.225.240 - - [17/Aug/2026:11:59:18 -0400] "GET /news/news-tiles-six-columns/ HTTP/1.1" 200 16384 "-" "WP Rocket/Preload Mozilla/5.0 (iPhone; CPU iPhone OS 9_1 like Mac OS X) AppleWebKit/601.1.46 (KHTML, like Gecko) Version/9.0 Mobile/13B143 Safari/601.1"
69.39.225.240 - - [17/Aug/2026:11:59:20 -0400] "GET /about-us/location/ HTTP/1.1" 200 16384 "-" "WP Rocket/Preload"
69.39.225.240 - - [17/Aug/2026:11:59:21 -0400] "GET /about-us/location/ HTTP/1.1" 200 16384 "-" "WP Rocket/Preload Mozilla/5.0 (iPhone; CPU iPhone OS 9_1 like Mac OS X) AppleWebKit/601.1.46 (KHTML, like Gecko) Version/9.0 Mobile/13B143 Safari/601.1"
69.39.225.240 - - [17/Aug/2026:11:59:23 -0400] "GET /2022/05/ HTTP/1.1" 200 16384 "-" "WP Rocket/Preload"
69.39.225.240 - - [17/Aug/2026:11:59:24 -0400] "GET /2022/05/ HTTP/1.1" 200 16384 "-" "WP Rocket/Preload Mozilla/5.0 (iPhone; CPU iPhone OS 9_1 like Mac OS X) AppleWebKit/601.1.46 (KHTML, like Gecko) Version/9.0 Mobile/13B143 Safari/601.1"
69.39.225.240 - - [17/Aug/2026:11:59:26 -0400] "GET /2020/08/ HTTP/1.1" 200 16384 "-" "WP Rocket/Preload"
69.39.225.240 - - [17/Aug/2026:11:59:27 -0400] "GET /2020/08/ HTTP/1.1" 200 16384 "-" "WP Rocket/Preload Mozilla/5.0 (iPhone; CPU iPhone OS 9_1 like Mac OS X) AppleWebKit/601.1.46 (KHTML, like Gecko) Version/9.0 Mobile/13B143 Safari/601.1"
69.39.225.240 - - [17/Aug/2026:11:59:29 -0400] "GET /portfolio_category/production/ HTTP/1.1" 200 16384 "-" "WP Rocket/Preload"
69.39.225.240 - - [17/Aug/2026:11:59:30 -0400] "GET /portfolio_category/production/ HTTP/1.1" 200 16384 "-" "WP Rocket/Preload Mozilla/5.0 (iPhone; CPU iPhone OS 9_1 like Mac OS X) AppleWebKit/601.1.46 (KHTML, like Gecko) Version/9.0 Mobile/13B143 Safari/601.1"
69.39.225.240 - - [17/Aug/2026:11:59:32 -0400] "GET /portfolio_category/tools/ HTTP/1.1" 200 16384 "-" "WP Rocket/Preload"
69.39.225.240 - - [17/Aug/2026:11:59:33 -0400] "GET /portfolio_category/tools/ HTTP/1.1" 200 16384 "-" "WP Rocket/Preload Mozilla/5.0 (iPhone; CPU iPhone OS 9_1 like Mac OS X) AppleWebKit/601.1.46 (KHTML, like Gecko) Version/9.0 Mobile/13B143 Safari/601.1"
69.39.225.240 - - [17/Aug/2026:11:59:35 -0400] "GET /portfolio_category/manufacture/ HTTP/1.1" 200 16384 "-" "WP Rocket/Preload"
69.39.225.240 - - [17/Aug/2026:11:59:36 -0400] "GET /portfolio_category/manufacture/ HTTP/1.1" 200 16384 "-" "WP Rocket/Preload Mozilla/5.0 (iPhone; CPU iPhone OS 9_1 like Mac OS X) AppleWebKit/601.1.46 (KHTML, like Gecko) Version/9.0 Mobile/13B143 Safari/601.1"
69.39.225.240 - - [17/Aug/2026:11:59:53 -0400] "POST /wp-cron.php?doing_wp_cron=1786982393.4318139553070068359375 HTTP/1.1" 200 20 "-" "WordPress/7.0.4; https://www.biotechprocleaners.com"
176.237.231.175 - - [17/Aug/2026:11:59:52 -0400] "POST /xmlrpc.php HTTP/1.1" 200 403 "-" "Mozilla/5.0 (Linux; Android 10; arm64) AppleWebKit/537.36 (KHTML, like Gecko) Opera/66.0.0.0 Safari/537.36"
69.39.225.240 - - [17/Aug/2026:12:00:33 -0400] "POST /wp-cron.php?doing_wp_cron=1786982432.9542849063873291015625 HTTP/1.1" 200 20 "-" "WordPress/7.0.4; https://www.biotechprocleaners.com"
176.237.231.175 - - [17/Aug/2026:12:00:31 -0400] "POST /xmlrpc.php HTTP/1.1" 200 403 "-" "Mozilla/5.0 (Windows NT 10.0; x86) AppleWebKit/537.36 (KHTML, like Gecko) Edge/90.0.0.0 Safari/537.36"
69.39.225.240 - - [17/Aug/2026:12:00:34 -0400] "GET /2020/07/ HTTP/1.1" 200 44107 "-" "WP Rocket/Preload"
69.39.225.240 - - [17/Aug/2026:12:00:36 -0400] "GET /2020/07/ HTTP/1.1" 200 16384 "-" "WP Rocket/Preload Mozilla/5.0 (iPhone; CPU iPhone OS 9_1 like Mac OS X) AppleWebKit/601.1.46 (KHTML, like Gecko) Version/9.0 Mobile/13B143 Safari/601.1"
69.39.225.240 - - [17/Aug/2026:12:00:37 -0400] "GET /portfolio_category/construction/ HTTP/1.1" 200 16384 "-" "WP Rocket/Preload"
69.39.225.240 - - [17/Aug/2026:12:00:39 -0400] "GET /portfolio_category/construction/ HTTP/1.1" 200 41267 "-" "WP Rocket/Preload Mozilla/5.0 (iPhone; CPU iPhone OS 9_1 like Mac OS X) AppleWebKit/601.1.46 (KHTML, like Gecko) Version/9.0 Mobile/13B143 Safari/601.1"
69.39.225.240 - - [17/Aug/2026:12:00:39 -0400] "GET /area/glass/ HTTP/1.1" 200 16384 "-" "WP Rocket/Preload"
69.39.225.240 - - [17/Aug/2026:12:00:41 -0400] "GET /area/glass/ HTTP/1.1" 200 16384 "-" "WP Rocket/Preload Mozilla/5.0 (iPhone; CPU iPhone OS 9_1 like Mac OS X) AppleWebKit/601.1.46 (KHTML, like Gecko) Version/9.0 Mobile/13B143 Safari/601.1"
69.39.225.240 - - [17/Aug/2026:12:00:42 -0400] "GET /area/dishwsaher/ HTTP/1.1" 200 16384 "-" "WP Rocket/Preload"
69.39.225.240 - - [17/Aug/2026:12:00:44 -0400] "GET /area/dishwsaher/ HTTP/1.1" 200 16384 "-" "WP Rocket/Preload Mozilla/5.0 (iPhone; CPU iPhone OS 9_1 like Mac OS X) AppleWebKit/601.1.46 (KHTML, like Gecko) Version/9.0 Mobile/13B143 Safari/601.1"
69.39.225.240 - - [17/Aug/2026:12:00:45 -0400] "GET /area/all-fabrics/ HTTP/1.1" 200 16384 "-" "WP Rocket/Preload"
69.39.225.240 - - [17/Aug/2026:12:00:47 -0400] "GET /area/all-fabrics/ HTTP/1.1" 200 16384 "-" "WP Rocket/Preload Mozilla/5.0 (iPhone; CPU iPhone OS 9_1 like Mac OS X) AppleWebKit/601.1.46 (KHTML, like Gecko) Version/9.0 Mobile/13B143 Safari/601.1"
69.39.225.240 - - [17/Aug/2026:12:00:48 -0400] "GET /area/covers/ HTTP/1.1" 200 16384 "-" "WP Rocket/Preload"
69.39.225.240 - - [17/Aug/2026:12:00:50 -0400] "GET /area/covers/ HTTP/1.1" 200 16384 "-" "WP Rocket/Preload Mozilla/5.0 (iPhone; CPU iPhone OS 9_1 like Mac OS X) AppleWebKit/601.1.46 (KHTML, like Gecko) Version/9.0 Mobile/13B143 Safari/601.1"
69.39.225.240 - - [17/Aug/2026:12:00:51 -0400] "GET /area/synthetic-textiles/ HTTP/1.1" 200 16384 "-" "WP Rocket/Preload"
69.39.225.240 - - [17/Aug/2026:12:00:53 -0400] "GET /area/synthetic-textiles/ HTTP/1.1" 200 16384 "-" "WP Rocket/Preload Mozilla/5.0 (iPhone; CPU iPhone OS 9_1 like Mac OS X) AppleWebKit/601.1.46 (KHTML, like Gecko) Version/9.0 Mobile/13B143 Safari/601.1"
69.39.225.240 - - [17/Aug/2026:12:01:13 -0400] "POST /wp-cron.php?doing_wp_cron=1786982473.2187039852142333984375 HTTP/1.1" 200 20 "-" "WordPress/7.0.4; https://www.biotechprocleaners.com"
176.237.231.175 - - [17/Aug/2026:12:01:12 -0400] "POST /xmlrpc.php HTTP/1.1" 200 403 "-" "Mozilla/5.0 (X11; Ubuntu; Linux x86_64; x86) AppleWebKit/537.36 (KHTML, like Gecko) Edge/96.0.0.0 Safari/537.36"
69.39.225.240 - - [17/Aug/2026:12:01:14 -0400] "GET /area/textiles/ HTTP/1.1" 200 16384 "-" "WP Rocket/Preload"
69.39.225.240 - - [17/Aug/2026:12:01:16 -0400] "GET /area/textiles/ HTTP/1.1" 200 16384 "-" "WP Rocket/Preload Mozilla/5.0 (iPhone; CPU iPhone OS 9_1 like Mac OS X) AppleWebKit/601.1.46 (KHTML, like Gecko) Version/9.0 Mobile/13B143 Safari/601.1"
69.39.225.240 - - [17/Aug/2026:12:01:17 -0400] "GET /area/limescales/ HTTP/1.1" 200 16384 "-" "WP Rocket/Preload"
69.39.225.240 - - [17/Aug/2026:12:01:19 -0400] "GET /area/limescales/ HTTP/1.1" 200 16384 "-" "WP Rocket/Preload Mozilla/5.0 (iPhone; CPU iPhone OS 9_1 like Mac OS X) AppleWebKit/601.1.46 (KHTML, like Gecko) Version/9.0 Mobile/13B143 Safari/601.1"
69.39.225.240 - - [17/Aug/2026:12:01:20 -0400] "GET /area/mineral-deposits/ HTTP/1.1" 200 16384 "-" "WP Rocket/Preload"
69.39.225.240 - - [17/Aug/2026:12:01:22 -0400] "GET /area/mineral-deposits/ HTTP/1.1" 200 16384 "-" "WP Rocket/Preload Mozilla/5.0 (iPhone; CPU iPhone OS 9_1 like Mac OS X) AppleWebKit/601.1.46 (KHTML, like Gecko) Version/9.0 Mobile/13B143 Safari/601.1"
69.39.225.240 - - [17/Aug/2026:12:01:23 -0400] "GET /area/soap-scum/ HTTP/1.1" 200 16384 "-" "WP Rocket/Preload"
69.39.225.240 - - [17/Aug/2026:12:01:25 -0400] "GET /area/soap-scum/ HTTP/1.1" 200 16384 "-" "WP Rocket/Preload Mozilla/5.0 (iPhone; CPU iPhone OS 9_1 like Mac OS X) AppleWebKit/601.1.46 (KHTML, like Gecko) Version/9.0 Mobile/13B143 Safari/601.1"
69.39.225.240 - - [17/Aug/2026:12:01:26 -0400] "GET /area/grease-residues/ HTTP/1.1" 200 16384 "-" "WP Rocket/Preload"
69.39.225.240 - - [17/Aug/2026:12:01:28 -0400] "GET /area/grease-residues/ HTTP/1.1" 200 16384 "-" "WP Rocket/Preload Mozilla/5.0 (iPhone; CPU iPhone OS 9_1 like Mac OS X) AppleWebKit/601.1.46 (KHTML, like Gecko) Version/9.0 Mobile/13B143 Safari/601.1"
69.39.225.240 - - [17/Aug/2026:12:01:29 -0400] "GET /product/fragranced-floor-cleaner/ HTTP/1.1" 200 46862 "-" "WP Rocket/Preload"
69.39.225.240 - - [17/Aug/2026:12:01:30 -0400] "GET /product/fragranced-floor-cleaner/ HTTP/1.1" 200 16384 "-" "WP Rocket/Preload Mozilla/5.0 (iPhone; CPU iPhone OS 9_1 like Mac OS X) AppleWebKit/601.1.46 (KHTML, like Gecko) Version/9.0 Mobile/13B143 Safari/601.1"
69.39.225.240 - - [17/Aug/2026:12:01:44 -0400] "POST /wp-cron.php?doing_wp_cron=1786982503.9518630504608154296875 HTTP/1.1" 200 20 "-" "WordPress/7.0.4; https://www.biotechprocleaners.com"
176.237.231.175 - - [17/Aug/2026:12:01:42 -0400] "POST /xmlrpc.php HTTP/1.1" 200 403 "-" "Mozilla/5.0 (Windows NT 10.0; x86) AppleWebKit/537.36 (KHTML, like Gecko) Chrome/98.0.0.0 Safari/537.36"
69.39.225.240 - - [17/Aug/2026:12:02:27 -0400] "POST /wp-cron.php?doing_wp_cron=1786982547.2680959701538085937500 HTTP/1.1" 200 20 "-" "WordPress/7.0.4; https://www.biotechprocleaners.com"
176.237.231.175 - - [17/Aug/2026:12:02:26 -0400] "POST /xmlrpc.php HTTP/1.1" 200 403 "-" "Mozilla/5.0 (Linux; Android 10; x86) AppleWebKit/537.36 (KHTML, like Gecko) Safari/11.0.0.0 Safari/537.36"
51.68.111.207 - - [17/Aug/2026:12:02:30 -0400] "GET /robots.txt HTTP/1.1" 200 20 "-" "Mozilla/5.0 (compatible; MJ12bot/v2.0.5; http://mj12bot.com/)"
51.68.111.207 - - [17/Aug/2026:12:02:31 -0400] "GET /robots.txt HTTP/1.1" 200 206 "-" "Mozilla/5.0 (compatible; MJ12bot/v2.0.5; http://mj12bot.com/)"
51.68.111.207 - - [17/Aug/2026:12:02:32 -0400] "GET / HTTP/1.1" 200 20 "-" "Mozilla/5.0 (compatible; MJ12bot/v2.0.5; http://mj12bot.com/)"
51.68.111.207 - - [17/Aug/2026:12:02:33 -0400] "GET / HTTP/1.1" 200 49545 "-" "Mozilla/5.0 (compatible; MJ12bot/v2.0.5; http://mj12bot.com/)"
51.68.111.207 - - [17/Aug/2026:12:02:34 -0400] "GET / HTTP/1.1" 200 49545 "-" "Mozilla/5.0 (compatible; MJ12bot/v2.0.5; http://mj12bot.com/)"
69.39.225.240 - - [17/Aug/2026:12:03:03 -0400] "POST /wp-cron.php?doing_wp_cron=1786982583.1764810085296630859375 HTTP/1.1" 200 20 "-" "WordPress/7.0.4; https://www.biotechprocleaners.com"
176.237.231.175 - - [17/Aug/2026:12:03:01 -0400] "POST /xmlrpc.php HTTP/1.1" 200 403 "-" "Mozilla/5.0 (Windows NT 10.0; x64) AppleWebKit/537.36 (KHTML, like Gecko) Chrome/82.0.0.0 Safari/537.36"
69.39.225.240 - - [17/Aug/2026:12:03:36 -0400] "POST /wp-cron.php?doing_wp_cron=1786982616.3814990520477294921875 HTTP/1.1" 200 20 "-" "WordPress/7.0.4; https://www.biotechprocleaners.com"
176.237.231.175 - - [17/Aug/2026:12:03:30 -0400] "POST /xmlrpc.php HTTP/1.1" 200 403 "-" "Mozilla/5.0 (Windows NT 6.3; x64) AppleWebKit/537.36 (KHTML, like Gecko) Chrome/96.0.0.0 Safari/537.36"
69.39.225.240 - - [17/Aug/2026:12:03:58 -0400] "POST /wp-cron.php?doing_wp_cron=1786982638.2427449226379394531250 HTTP/1.1" 200 20 "-" "WordPress/7.0.4; https://www.biotechprocleaners.com"
176.237.231.175 - - [17/Aug/2026:12:03:56 -0400] "POST /xmlrpc.php HTTP/1.1" 200 403 "-" "Mozilla/5.0 (Windows NT 10.0; arm64) AppleWebKit/537.36 (KHTML, like Gecko) Opera/74.0.0.0 Safari/537.36"
69.39.225.240 - - [17/Aug/2026:12:04:25 -0400] "POST /wp-cron.php?doing_wp_cron=1786982664.8407568931579589843750 HTTP/1.1" 200 20 "-" "WordPress/7.0.4; https://www.biotechprocleaners.com"
176.237.231.175 - - [17/Aug/2026:12:04:23 -0400] "POST /xmlrpc.php HTTP/1.1" 200 403 "-" "Mozilla/5.0 (Windows NT 10.0; arm64) AppleWebKit/537.36 (KHTML, like Gecko) Chrome/114.0.0.0 Safari/537.36"
69.39.225.240 - - [17/Aug/2026:12:04:52 -0400] "POST /wp-cron.php?doing_wp_cron=1786982692.7241389751434326171875 HTTP/1.1" 200 20 "-" "WordPress/7.0.4; https://www.biotechprocleaners.com"
176.237.231.175 - - [17/Aug/2026:12:04:51 -0400] "POST /xmlrpc.php HTTP/1.1" 200 403 "-" "Mozilla/5.0 (Windows NT 6.2; x64) AppleWebKit/537.36 (KHTML, like Gecko) Firefox/92.0.0.0 Safari/537.36"
69.39.225.240 - - [17/Aug/2026:12:05:18 -0400] "POST /wp-cron.php?doing_wp_cron=1786982717.9836649894714355468750 HTTP/1.1" 200 20 "-" "WordPress/7.0.4; https://www.biotechprocleaners.com"
176.237.231.175 - - [17/Aug/2026:12:05:16 -0400] "POST /xmlrpc.php HTTP/1.1" 200 403 "-" "Mozilla/5.0 (Linux; Android 10; x64) AppleWebKit/537.36 (KHTML, like Gecko) Firefox/90.0.0.0 Safari/537.36"
69.39.225.240 - - [17/Aug/2026:12:05:43 -0400] "POST /wp-cron.php?doing_wp_cron=1786982743.4307188987731933593750 HTTP/1.1" 200 20 "-" "WordPress/7.0.4; https://www.biotechprocleaners.com"
176.237.231.175 - - [17/Aug/2026:12:05:41 -0400] "POST /xmlrpc.php HTTP/1.1" 200 403 "-" "Mozilla/5.0 (Macintosh; Intel Mac OS X 10_15_7; x64) AppleWebKit/537.36 (KHTML, like Gecko) Safari/11.0.0.0 Safari/537.36"
176.237.231.175 - - [17/Aug/2026:12:06:05 -0400] "POST /xmlrpc.php HTTP/1.1" 200 403 "-" "Mozilla/5.0 (Windows NT 6.2; x64) AppleWebKit/537.36 (KHTML, like Gecko) Edge/80.0.0.0 Safari/537.36"
62.197.45.179 - - [17/Aug/2026:12:06:12 -0400] "GET / HTTP/1.0" 200 475154 "https://www.biotechprocleaners.com/" "Mozilla/5.0 (Windows NT 10.0; Win64; x64) AppleWebKit/537.36 (KHTML, like Gecko) Chrome/131.0.0.0 Safari/537.36"
69.39.225.240 - - [17/Aug/2026:12:06:24 -0400] "POST /wp-cron.php?doing_wp_cron=1786982783.9492499828338623046875 HTTP/1.1" 200 20 "-" "WordPress/7.0.4; https://www.biotechprocleaners.com"
62.197.45.179 - - [17/Aug/2026:12:06:20 -0400] "POST / HTTP/1.0" 200 470196 "https://www.biotechprocleaners.com/" "Mozilla/5.0 (Windows NT 10.0; Win64; x64) AppleWebKit/537.36 (KHTML, like Gecko) Chrome/131.0.0.0 Safari/537.36"
69.39.225.240 - - [17/Aug/2026:12:06:44 -0400] "POST /wp-cron.php?doing_wp_cron=1786982803.9230470657348632812500 HTTP/1.1" 200 20 "-" "WordPress/7.0.4; https://www.biotechprocleaners.com"
176.237.231.175 - - [17/Aug/2026:12:06:36 -0400] "POST /xmlrpc.php HTTP/1.1" 200 403 "-" "Mozilla/5.0 (Windows NT 6.3; x64) AppleWebKit/537.36 (KHTML, like Gecko) Chrome/115.0.0.0 Safari/537.36"
69.39.225.240 - - [17/Aug/2026:12:07:21 -0400] "POST /wp-cron.php?doing_wp_cron=1786982841.0787389278411865234375 HTTP/1.1" 200 20 "-" "WordPress/7.0.4; https://www.biotechprocleaners.com"
176.237.231.175 - - [17/Aug/2026:12:07:11 -0400] "POST /xmlrpc.php HTTP/1.1" 200 403 "-" "Mozilla/5.0 (Windows NT 6.2; arm64) AppleWebKit/537.36 (KHTML, like Gecko) Chrome/81.0.0.0 Safari/537.36"
69.39.225.240 - - [17/Aug/2026:12:07:51 -0400] "POST /wp-cron.php?doing_wp_cron=1786982871.1651499271392822265625 HTTP/1.1" 200 20 "-" "WordPress/7.0.4; https://www.biotechprocleaners.com"
176.237.231.175 - - [17/Aug/2026:12:07:48 -0400] "POST /xmlrpc.php HTTP/1.1" 200 403 "-" "Mozilla/5.0 (Linux; Android 10; x86) AppleWebKit/537.36 (KHTML, like Gecko) Safari/15.0.0.0 Safari/537.36"
69.39.225.240 - - [17/Aug/2026:12:08:20 -0400] "POST /wp-cron.php?doing_wp_cron=1786982900.1943299770355224609375 HTTP/1.1" 200 20 "-" "WordPress/7.0.4; https://www.biotechprocleaners.com"
176.237.231.175 - - [17/Aug/2026:12:08:18 -0400] "POST /xmlrpc.php HTTP/1.1" 200 403 "-" "Mozilla/5.0 (Linux; Android 10; x64) AppleWebKit/537.36 (KHTML, like Gecko) Safari/13.0.0.0 Safari/537.36"
69.39.225.240 - - [17/Aug/2026:12:08:48 -0400] "POST /wp-cron.php?doing_wp_cron=1786982928.0736780166625976562500 HTTP/1.1" 200 20 "-" "WordPress/7.0.4; https://www.biotechprocleaners.com"
176.237.231.175 - - [17/Aug/2026:12:08:46 -0400] "POST /xmlrpc.php HTTP/1.1" 200 403 "-" "Mozilla/5.0 (Windows NT 6.2; arm64) AppleWebKit/537.36 (KHTML, like Gecko) Chrome/114.0.0.0 Safari/537.36"
69.39.225.240 - - [17/Aug/2026:12:09:17 -0400] "POST /wp-cron.php?doing_wp_cron=1786982956.8364419937133789062500 HTTP/1.1" 200 20 "-" "WordPress/7.0.4; https://www.biotechprocleaners.com"
176.237.231.175 - - [17/Aug/2026:12:09:15 -0400] "POST /xmlrpc.php HTTP/1.1" 200 403 "-" "Mozilla/5.0 (X11; Ubuntu; Linux x86_64; x86) AppleWebKit/537.36 (KHTML, like Gecko) Safari/14.0.0.0 Safari/537.36"
69.39.225.240 - - [17/Aug/2026:12:09:45 -0400] "POST /wp-cron.php?doing_wp_cron=1786982985.3317859172821044921875 HTTP/1.1" 200 20 "-" "WordPress/7.0.4; https://www.biotechprocleaners.com"
176.237.231.175 - - [17/Aug/2026:12:09:44 -0400] "POST /xmlrpc.php HTTP/1.1" 200 403 "-" "Mozilla/5.0 (Macintosh; Intel Mac OS X 10_15_7; arm64) AppleWebKit/537.36 (KHTML, like Gecko) Safari/10.0.0.0 Safari/537.36"
176.237.231.175 - - [17/Aug/2026:12:10:11 -0400] "POST /xmlrpc.php HTTP/1.1" 200 403 "-" "Mozilla/5.0 (Linux; Android 10; x64) AppleWebKit/537.36 (KHTML, like Gecko) Opera/70.0.0.0 Safari/537.36"
69.39.225.240 - - [17/Aug/2026:12:10:51 -0400] "POST /wp-cron.php?doing_wp_cron=1786983051.8432459831237792968750 HTTP/1.1" 200 20 "-" "WordPress/7.0.4; https://www.biotechprocleaners.com"
176.237.231.175 - - [17/Aug/2026:12:10:50 -0400] "POST /xmlrpc.php HTTP/1.1" 200 403 "-" "Mozilla/5.0 (Macintosh; Intel Mac OS X 10_15_7; x64) AppleWebKit/537.36 (KHTML, like Gecko) Opera/68.0.0.0 Safari/537.36"
69.39.225.240 - - [17/Aug/2026:12:11:23 -0400] "POST /wp-cron.php?doing_wp_cron=1786983083.0514531135559082031250 HTTP/1.1" 200 20 "-" "WordPress/7.0.4; https://www.biotechprocleaners.com"
176.237.231.175 - - [17/Aug/2026:12:11:22 -0400] "POST /xmlrpc.php HTTP/1.1" 200 403 "-" "Mozilla/5.0 (X11; Ubuntu; Linux x86_64; arm64) AppleWebKit/537.36 (KHTML, like Gecko) Firefox/99.0.0.0 Safari/537.36"
69.39.225.240 - - [17/Aug/2026:12:11:45 -0400] "POST /wp-cron.php?doing_wp_cron=1786983104.9356069564819335937500 HTTP/1.1" 200 20 "-" "WordPress/7.0.4; https://www.biotechprocleaners.com"
176.237.231.175 - - [17/Aug/2026:12:11:43 -0400] "POST /xmlrpc.php HTTP/1.1" 200 403 "-" "Mozilla/5.0 (Windows NT 6.2; x86) AppleWebKit/537.36 (KHTML, like Gecko) Firefox/80.0.0.0 Safari/537.36"
114.119.129.198 - - [17/Aug/2026:12:11:54 -0400] "GET /product-category/corporate-and-residential-buildings HTTP/1.1" 200 20 "https://www.biotechprocleaners.com/product/cleaner-degreaser-high-performance" "Mozilla/5.0 (Linux; Android 7.0;) AppleWebKit/537.36 (HTML, like Gecko) Mobile Safari/537.36 (compatible; PetalBot;+https://webmaster.petalsearch.com/site/petalbot)"
114.119.129.198 - - [17/Aug/2026:12:11:56 -0400] "GET /product-category/corporate-and-residential-buildings/ HTTP/1.1" 200 48675 "https://www.biotechprocleaners.com/product/cleaner-degreaser-high-performance" "Mozilla/5.0 (Linux; Android 7.0;) AppleWebKit/537.36 (HTML, like Gecko) Mobile Safari/537.36 (compatible; PetalBot;+https://webmaster.petalsearch.com/site/petalbot)"
176.237.231.175 - - [17/Aug/2026:12:12:05 -0400] "POST /xmlrpc.php HTTP/1.1" 200 403 "-" "Mozilla/5.0 (Windows NT 10.0; x64) AppleWebKit/537.36 (KHTML, like Gecko) Chrome/88.0.0.0 Safari/537.36"
69.39.225.240 - - [17/Aug/2026:12:12:26 -0400] "POST /wp-cron.php?doing_wp_cron=1786983146.8517301082611083984375 HTTP/1.1" 200 20 "-" "WordPress/7.0.4; https://www.biotechprocleaners.com"
176.237.231.175 - - [17/Aug/2026:12:12:25 -0400] "POST /xmlrpc.php HTTP/1.1" 200 403 "-" "Mozilla/5.0 (Linux; Android 10; x86) AppleWebKit/537.36 (KHTML, like Gecko) Opera/60.0.0.0 Safari/537.36"
69.39.225.240 - - [17/Aug/2026:12:12:46 -0400] "POST /wp-cron.php?doing_wp_cron=1786983166.4947729110717773437500 HTTP/1.1" 200 20 "-" "WordPress/7.0.4; https://www.biotechprocleaners.com"
176.237.231.175 - - [17/Aug/2026:12:12:45 -0400] "POST /xmlrpc.php HTTP/1.1" 200 403 "-" "Mozilla/5.0 (Linux; Android 10; x64) AppleWebKit/537.36 (KHTML, like Gecko) Safari/10.0.0.0 Safari/537.36"
176.237.231.175 - - [17/Aug/2026:12:13:09 -0400] "POST /xmlrpc.php HTTP/1.1" 200 403 "-" "Mozilla/5.0 (Linux; Android 10; arm64) AppleWebKit/537.36 (KHTML, like Gecko) Chrome/86.0.0.0 Safari/537.36"
69.39.225.240 - - [17/Aug/2026:12:13:32 -0400] "POST /wp-cron.php?doing_wp_cron=1786983212.3607079982757568359375 HTTP/1.1" 200 20 "-" "WordPress/7.0.4; https://www.biotechprocleaners.com"
176.237.231.175 - - [17/Aug/2026:12:13:31 -0400] "POST /xmlrpc.php HTTP/1.1" 200 403 "-" "Mozilla/5.0 (Windows NT 10.0; arm64) AppleWebKit/537.36 (KHTML, like Gecko) Chrome/84.0.0.0 Safari/537.36"
69.39.225.240 - - [17/Aug/2026:12:13:51 -0400] "POST /wp-cron.php?doing_wp_cron=1786983231.2424759864807128906250 HTTP/1.1" 200 20 "-" "WordPress/7.0.4; https://www.biotechprocleaners.com"
176.237.231.175 - - [17/Aug/2026:12:13:50 -0400] "POST /xmlrpc.php HTTP/1.1" 200 403 "-" "Mozilla/5.0 (Windows NT 10.0; x86) AppleWebKit/537.36 (KHTML, like Gecko) Firefox/96.0.0.0 Safari/537.36"
176.237.231.175 - - [17/Aug/2026:12:14:09 -0400] "POST /xmlrpc.php HTTP/1.1" 200 403 "-" "Mozilla/5.0 (X11; Ubuntu; Linux x86_64; x64) AppleWebKit/537.36 (KHTML, like Gecko) Opera/78.0.0.0 Safari/537.36"
69.39.225.240 - - [17/Aug/2026:12:14:29 -0400] "POST /wp-cron.php?doing_wp_cron=1786983269.7695291042327880859375 HTTP/1.1" 200 20 "-" "WordPress/7.0.4; https://www.biotechprocleaners.com"
176.237.231.175 - - [17/Aug/2026:12:14:28 -0400] "POST /xmlrpc.php HTTP/1.1" 200 403 "-" "Mozilla/5.0 (X11; Ubuntu; Linux x86_64; x64) AppleWebKit/537.36 (KHTML, like Gecko) Opera/70.0.0.0 Safari/537.36"
69.39.225.240 - - [17/Aug/2026:12:14:49 -0400] "POST /wp-cron.php?doing_wp_cron=1786983289.7455339431762695312500 HTTP/1.1" 200 20 "-" "WordPress/7.0.4; https://www.biotechprocleaners.com"
176.237.231.175 - - [17/Aug/2026:12:14:48 -0400] "POST /xmlrpc.php HTTP/1.1" 200 403 "-" "Mozilla/5.0 (Macintosh; Intel Mac OS X 10_15_7; x86) AppleWebKit/537.36 (KHTML, like Gecko) Safari/10.0.0.0 Safari/537.36"
69.39.225.240 - - [17/Aug/2026:12:15:16 -0400] "POST /wp-cron.php?doing_wp_cron=1786983316.4194579124450683593750 HTTP/1.1" 200 20 "-" "WordPress/7.0.4; https://www.biotechprocleaners.com"
176.237.231.175 - - [17/Aug/2026:12:15:14 -0400] "POST /xmlrpc.php HTTP/1.1" 200 403 "-" "Mozilla/5.0 (X11; Ubuntu; Linux x86_64; x86) AppleWebKit/537.36 (KHTML, like Gecko) Edge/80.0.0.0 Safari/537.36"
176.237.231.175 - - [17/Aug/2026:12:15:34 -0400] "POST /xmlrpc.php HTTP/1.1" 200 403 "-" "Mozilla/5.0 (Linux; Android 10; arm64) AppleWebKit/537.36 (KHTML, like Gecko) Edge/80.0.0.0 Safari/537.36"
69.39.225.240 - - [17/Aug/2026:12:15:55 -0400] "POST /wp-cron.php?doing_wp_cron=1786983354.9362699985504150390625 HTTP/1.1" 200 20 "-" "WordPress/7.0.4; https://www.biotechprocleaners.com"
176.237.231.175 - - [17/Aug/2026:12:15:53 -0400] "POST /xmlrpc.php HTTP/1.1" 200 403 "-" "Mozilla/5.0 (Windows NT 10.0; arm64) AppleWebKit/537.36 (KHTML, like Gecko) Chrome/95.0.0.0 Safari/537.36"
69.39.225.240 - - [17/Aug/2026:12:16:16 -0400] "POST /wp-cron.php?doing_wp_cron=1786983376.6826670169830322265625 HTTP/1.1" 200 20 "-" "WordPress/7.0.4; https://www.biotechprocleaners.com"
176.237.231.175 - - [17/Aug/2026:12:16:15 -0400] "POST /xmlrpc.php HTTP/1.1" 200 403 "-" "Mozilla/5.0 (Windows NT 6.2; arm64) AppleWebKit/537.36 (KHTML, like Gecko) Edge/84.0.0.0 Safari/537.36"
176.237.231.175 - - [17/Aug/2026:12:16:35 -0400] "POST /xmlrpc.php HTTP/1.1" 200 403 "-" "Mozilla/5.0 (Windows NT 6.3; arm64) AppleWebKit/537.36 (KHTML, like Gecko) Edge/93.0.0.0 Safari/537.36"
69.39.225.240 - - [17/Aug/2026:12:16:56 -0400] "POST /wp-cron.php?doing_wp_cron=1786983416.5100519657135009765625 HTTP/1.1" 200 20 "-" "WordPress/7.0.4; https://www.biotechprocleaners.com"
176.237.231.175 - - [17/Aug/2026:12:16:55 -0400] "POST /xmlrpc.php HTTP/1.1" 200 403 "-" "Mozilla/5.0 (Windows NT 6.3; arm64) AppleWebKit/537.36 (KHTML, like Gecko) Firefox/90.0.0.0 Safari/537.36"
69.39.225.240 - - [17/Aug/2026:12:17:20 -0400] "POST /wp-cron.php?doing_wp_cron=1786983440.1067240238189697265625 HTTP/1.1" 200 20 "-" "WordPress/7.0.4; https://www.biotechprocleaners.com"
176.237.231.175 - - [17/Aug/2026:12:17:18 -0400] "POST /xmlrpc.php HTTP/1.1" 200 403 "-" "Mozilla/5.0 (Macintosh; Intel Mac OS X 10_15_7; x64) AppleWebKit/537.36 (KHTML, like Gecko) Safari/15.0.0.0 Safari/537.36"
69.39.225.240 - - [17/Aug/2026:12:17:42 -0400] "POST /wp-cron.php?doing_wp_cron=1786983462.5237250328063964843750 HTTP/1.1" 200 20 "-" "WordPress/7.0.4; https://www.biotechprocleaners.com"
176.237.231.175 - - [17/Aug/2026:12:17:41 -0400] "POST /xmlrpc.php HTTP/1.1" 200 403 "-" "Mozilla/5.0 (Macintosh; Intel Mac OS X 10_15_7; x86) AppleWebKit/537.36 (KHTML, like Gecko) Chrome/91.0.0.0 Safari/537.36"
176.237.231.175 - - [17/Aug/2026:12:18:00 -0400] "POST /xmlrpc.php HTTP/1.1" 200 403 "-" "Mozilla/5.0 (X11; Ubuntu; Linux x86_64; x64) AppleWebKit/537.36 (KHTML, like Gecko) Edge/100.0.0.0 Safari/537.36"
69.39.225.240 - - [17/Aug/2026:12:18:21 -0400] "POST /wp-cron.php?doing_wp_cron=1786983501.0715870857238769531250 HTTP/1.1" 200 20 "-" "WordPress/7.0.4; https://www.biotechprocleaners.com"
176.237.231.175 - - [17/Aug/2026:12:18:20 -0400] "POST /xmlrpc.php HTTP/1.1" 200 403 "-" "Mozilla/5.0 (Windows NT 6.2; x86) AppleWebKit/537.36 (KHTML, like Gecko) Chrome/97.0.0.0 Safari/537.36"
176.237.231.175 - - [17/Aug/2026:12:18:37 -0400] "POST /xmlrpc.php HTTP/1.1" 200 403 "-" "Mozilla/5.0 (Linux; Android 10; x86) AppleWebKit/537.36 (KHTML, like Gecko) Edge/89.0.0.0 Safari/537.36"
69.39.225.240 - - [17/Aug/2026:12:18:58 -0400] "POST /wp-cron.php?doing_wp_cron=1786983538.4113380908966064453125 HTTP/1.1" 200 20 "-" "WordPress/7.0.4; https://www.biotechprocleaners.com"
176.237.231.175 - - [17/Aug/2026:12:18:57 -0400] "POST /xmlrpc.php HTTP/1.1" 200 403 "-" "Mozilla/5.0 (Windows NT 10.0; x64) AppleWebKit/537.36 (KHTML, like Gecko) Chrome/101.0.0.0 Safari/537.36"
69.39.225.240 - - [17/Aug/2026:12:19:20 -0400] "POST /wp-cron.php?doing_wp_cron=1786983560.5009689331054687500000 HTTP/1.1" 200 20 "-" "WordPress/7.0.4; https://www.biotechprocleaners.com"
176.237.231.175 - - [17/Aug/2026:12:19:18 -0400] "POST /xmlrpc.php HTTP/1.1" 200 403 "-" "Mozilla/5.0 (Macintosh; Intel Mac OS X 10_15_7; arm64) AppleWebKit/537.36 (KHTML, like Gecko) Chrome/109.0.0.0 Safari/537.36"
69.39.225.240 - - [17/Aug/2026:12:19:40 -0400] "POST /wp-cron.php?doing_wp_cron=1786983579.9321129322052001953125 HTTP/1.1" 200 20 "-" "WordPress/7.0.4; https://www.biotechprocleaners.com"
176.237.231.175 - - [17/Aug/2026:12:19:38 -0400] "POST /xmlrpc.php HTTP/1.1" 200 403 "-" "Mozilla/5.0 (Linux; Android 10; arm64) AppleWebKit/537.36 (KHTML, like Gecko) Edge/85.0.0.0 Safari/537.36"
69.39.225.240 - - [17/Aug/2026:12:19:55 -0400] "POST /wp-cron.php?doing_wp_cron=1786983595.0792191028594970703125 HTTP/1.1" 200 20 "-" "WordPress/7.0.4; https://www.biotechprocleaners.com"
176.237.231.175 - - [17/Aug/2026:12:19:54 -0400] "POST /xmlrpc.php HTTP/1.1" 200 403 "-" "Mozilla/5.0 (Windows NT 6.3; x64) AppleWebKit/537.36 (KHTML, like Gecko) Firefox/94.0.0.0 Safari/537.36"
69.39.225.240 - - [17/Aug/2026:12:20:18 -0400] "POST /wp-cron.php?doing_wp_cron=1786983617.9640769958496093750000 HTTP/1.1" 200 20 "-" "WordPress/7.0.4; https://www.biotechprocleaners.com"
70.153.189.197 - - [17/Aug/2026:12:20:16 -0400] "GET / HTTP/1.1" 200 20 "-" "Mozilla/5.0 AppleWebKit/537.36 (KHTML, like Gecko); compatible; ChatGPT-User/1.0; +https://openai.com/bot"
50.17.193.48 - - [17/Aug/2026:12:20:16 -0400] "GET /shop/?surfaces=handles HTTP/1.1" 200 47009 "-" "Mozilla/5.0 AppleWebKit/537.36 (KHTML, like Gecko; compatible; Amazonbot/0.1; +https://developer.amazon.com/support/amazonbot) Chrome/119.0.6045.214 Safari/537.36"
176.237.231.175 - - [17/Aug/2026:12:20:29 -0400] "POST /xmlrpc.php HTTP/1.1" 200 403 "-" "Mozilla/5.0 (Windows NT 6.2; x64) AppleWebKit/537.36 (KHTML, like Gecko) Chrome/89.0.0.0 Safari/537.36"
69.39.225.240 - - [17/Aug/2026:12:21:23 -0400] "POST /wp-cron.php?doing_wp_cron=1786983683.4679279327392578125000 HTTP/1.1" 200 20 "-" "WordPress/7.0.4; https://www.biotechprocleaners.com"
176.237.231.175 - - [17/Aug/2026:12:21:22 -0400] "POST /xmlrpc.php HTTP/1.1" 200 403 "-" "Mozilla/5.0 (Macintosh; Intel Mac OS X 10_15_7; x86) AppleWebKit/537.36 (KHTML, like Gecko) Safari/10.0.0.0 Safari/537.36"
69.39.225.240 - - [17/Aug/2026:12:21:42 -0400] "POST /wp-cron.php?doing_wp_cron=1786983702.6300959587097167968750 HTTP/1.1" 200 20 "-" "WordPress/7.0.4; https://www.biotechprocleaners.com"
176.237.231.175 - - [17/Aug/2026:12:21:41 -0400] "POST /xmlrpc.php HTTP/1.1" 200 403 "-" "Mozilla/5.0 (Linux; Android 10; x64) AppleWebKit/537.36 (KHTML, like Gecko) Edge/89.0.0.0 Safari/537.36"
176.237.231.175 - - [17/Aug/2026:12:22:01 -0400] "POST /xmlrpc.php HTTP/1.1" 200 403 "-" "Mozilla/5.0 (X11; Ubuntu; Linux x86_64; x86) AppleWebKit/537.36 (KHTML, like Gecko) Safari/12.0.0.0 Safari/537.36"
69.39.225.240 - - [17/Aug/2026:12:22:21 -0400] "POST /wp-cron.php?doing_wp_cron=1786983741.1860120296478271484375 HTTP/1.1" 200 20 "-" "WordPress/7.0.4; https://www.biotechprocleaners.com"
176.237.231.175 - - [17/Aug/2026:12:22:20 -0400] "POST /xmlrpc.php HTTP/1.1" 200 403 "-" "Mozilla/5.0 (Windows NT 6.2; arm64) AppleWebKit/537.36 (KHTML, like Gecko) Firefox/87.0.0.0 Safari/537.36"
184.72.95.195 - - [17/Aug/2026:12:22:30 -0400] "GET /product-category/healthcare/?areas=mirrors HTTP/1.1" 200 46939 "-" "Mozilla/5.0 AppleWebKit/537.36 (KHTML, like Gecko; compatible; Amazonbot/0.1; +https://developer.amazon.com/support/amazonbot) Chrome/119.0.6045.214 Safari/537.36"
