69.39.225.240 - - [17/Aug/2026:10:05:42 -0400] "POST /wp-cron.php?doing_wp_cron=1786975542.1775059700012207031250 HTTP/1.1" 200 20 "-" "WordPress/7.0.4; https://www.biotechprocleaners.com"
148.113.130.35 - - [17/Aug/2026:10:05:41 -0400] "GET /author-sitemap.xml HTTP/1.1" 200 377 "-" "Mozilla/5.0 (compatible; AhrefsBot/7.0; +http://ahrefs.com/robot/)"
69.39.225.240 - - [17/Aug/2026:10:06:28 -0400] "POST /wp-cron.php?doing_wp_cron=1786975588.8004350662231445312500 HTTP/1.1" 200 20 "-" "WordPress/7.0.4; https://www.biotechprocleaners.com"
44.207.207.230 - - [17/Aug/2026:10:06:27 -0400] "GET /surface/doors/?areas=vehicle-windows HTTP/1.1" 200 47389 "-" "Mozilla/5.0 (Macintosh; Intel Mac OS X 10_15_7) AppleWebKit/605.1.15 (KHTML, like Gecko) Chrome/139.0.0.0 Safari/605.1.15"
69.39.225.240 - - [17/Aug/2026:10:08:25 -0400] "POST /wp-cron.php?doing_wp_cron=1786975705.0983619689941406250000 HTTP/1.1" 200 20 "-" "WordPress/7.0.4; https://www.biotechprocleaners.com"
51.68.111.203 - - [17/Aug/2026:10:08:24 -0400] "GET /robots.txt HTTP/1.1" 200 20 "-" "Mozilla/5.0 (compatible; MJ12bot/v2.0.5; http://mj12bot.com/)"
51.68.111.203 - - [17/Aug/2026:10:08:25 -0400] "GET /robots.txt HTTP/1.1" 200 206 "-" "Mozilla/5.0 (compatible; MJ12bot/v2.0.5; http://mj12bot.com/)"
51.68.111.203 - - [17/Aug/2026:10:08:27 -0400] "GET / HTTP/1.1" 200 20 "-" "Mozilla/5.0 (compatible; MJ12bot/v2.0.5; http://mj12bot.com/)"
51.68.111.203 - - [17/Aug/2026:10:08:28 -0400] "GET / HTTP/1.1" 200 49545 "-" "Mozilla/5.0 (compatible; MJ12bot/v2.0.5; http://mj12bot.com/)"
146.103.116.11 - - [17/Aug/2026:10:20:40 -0400] "GET / HTTP/1.0" 200 475154 "https://www.biotechprocleaners.com/" "Mozilla/5.0 (Windows NT 10.0; Win64; x64) AppleWebKit/537.36 (KHTML, like Gecko) Chrome/130.0.0.0 Safari/537.36 CCleaner/130.0.0.0"
69.39.225.240 - - [17/Aug/2026:10:20:44 -0400] "POST /wp-cron.php?doing_wp_cron=1786976444.1123600006103515625000 HTTP/1.1" 200 20 "-" "WordPress/7.0.4; https://www.biotechprocleaners.com"
146.103.116.11 - - [17/Aug/2026:10:20:42 -0400] "POST / HTTP/1.0" 200 470996 "https://www.biotechprocleaners.com/" "Mozilla/5.0 (Windows NT 10.0; Win64; x64) AppleWebKit/537.36 (KHTML, like Gecko) Chrome/130.0.0.0 Safari/537.36 CCleaner/130.0.0.0"
69.39.225.240 - - [17/Aug/2026:10:30:42 -0400] "POST /wp-cron.php?doing_wp_cron=1786977042.0529670715332031250000 HTTP/1.1" 200 20 "-" "WordPress/7.0.4; https://www.biotechprocleaners.com"
23.21.179.27 - - [17/Aug/2026:10:30:40 -0400] "GET /surface/workshops/?surfaces=counter-tops HTTP/1.1" 200 32380 "-" "Mozilla/5.0 AppleWebKit/537.36 (KHTML, like Gecko; compatible; Amazonbot/0.1; +https://developer.amazon.com/support/amazonbot) Chrome/119.0.6045.214 Safari/537.36"
69.39.225.240 - - [17/Aug/2026:10:32:51 -0400] "POST /wp-cron.php?doing_wp_cron=1786977171.6070230007171630859375 HTTP/1.1" 200 20 "-" "WordPress/7.0.4; https://www.biotechprocleaners.com"
198.23.238.79 - - [17/Aug/2026:10:32:49 -0400] "GET / HTTP/1.1" 200 20 "-" "Mozilla/5.0 (Windows NT 10.0; Win64; x64) AppleWebKit/537.36 (KHTML, like Gecko) Chrome/120.0.0.0 Safari/537.36"
198.23.238.79 - - [17/Aug/2026:10:32:55 -0400] "GET / HTTP/1.1" 200 49545 "-" "Mozilla/5.0 (Windows NT 10.0; Win64; x64) AppleWebKit/537.36 (KHTML, like Gecko) Chrome/120.0.0.0 Safari/537.36"
52.203.152.231 - - [17/Aug/2026:10:32:56 -0400] "GET /surface/kitchen/?amp&surfaces=bathroom HTTP/1.1" 200 32381 "-" "Mozilla/5.0 AppleWebKit/537.36 (KHTML, like Gecko; compatible; Amazonbot/0.1; +https://developer.amazon.com/support/amazonbot) Chrome/119.0.6045.214 Safari/537.36"
52.45.77.169 - - [17/Aug/2026:10:33:00 -0400] "GET /surface/kitchen/?amp&surfaces=trash-bin HTTP/1.1" 200 32384 "-" "Mozilla/5.0 AppleWebKit/537.36 (KHTML, like Gecko; compatible; Amazonbot/0.1; +https://developer.amazon.com/support/amazonbot) Chrome/119.0.6045.214 Safari/537.36"
54.197.178.107 - - [17/Aug/2026:10:33:04 -0400] "GET /product-category/retail/?amp&areas=porcelain-tiles HTTP/1.1" 200 46918 "-" "Mozilla/5.0 AppleWebKit/537.36 (KHTML, like Gecko; compatible; Amazonbot/0.1; +https://developer.amazon.com/support/amazonbot) Chrome/119.0.6045.214 Safari/537.36"
69.39.225.240 - - [17/Aug/2026:10:33:28 -0400] "POST /wp-cron.php?doing_wp_cron=1786977207.9270749092102050781250 HTTP/1.1" 200 20 "-" "WordPress/7.0.4; https://www.biotechprocleaners.com"
34.196.114.170 - - [17/Aug/2026:10:33:25 -0400] "GET /wp-json/wp/v2/pages/488 HTTP/1.1" 200 1869 "-" "Mozilla/5.0 AppleWebKit/537.36 (KHTML, like Gecko; compatible; Amazonbot/0.1; +https://developer.amazon.com/support/amazonbot) Chrome/119.0.6045.214 Safari/537.36"
69.39.225.240 - - [17/Aug/2026:10:34:03 -0400] "POST /wp-cron.php?doing_wp_cron=1786977243.5439040660858154296875 HTTP/1.1" 200 20 "-" "WordPress/7.0.4; https://www.biotechprocleaners.com"
52.54.95.127 - - [17/Aug/2026:10:34:00 -0400] "GET /surface/medical-equipment/?surfaces=motors HTTP/1.1" 200 32391 "-" "Mozilla/5.0 AppleWebKit/537.36 (KHTML, like Gecko; compatible; Amazonbot/0.1; +https://developer.amazon.com/support/amazonbot) Chrome/119.0.6045.214 Safari/537.36"
3.212.205.90 - - [17/Aug/2026:10:34:04 -0400] "GET /surface/medical-equipment/?surfaces=work-bench HTTP/1.1" 200 32395 "-" "Mozilla/5.0 AppleWebKit/537.36 (KHTML, like Gecko; compatible; Amazonbot/0.1; +https://developer.amazon.com/support/amazonbot) Chrome/119.0.6045.214 Safari/537.36"
52.1.106.130 - - [17/Aug/2026:10:34:08 -0400] "GET /surface/medical-equipment/?surfaces=hard-floors HTTP/1.1" 200 32398 "-" "Mozilla/5.0 AppleWebKit/537.36 (KHTML, like Gecko; compatible; Amazonbot/0.1; +https://developer.amazon.com/support/amazonbot) Chrome/119.0.6045.214 Safari/537.36"
69.39.225.240 - - [17/Aug/2026:10:34:14 -0400] "POST /wp-cron.php?doing_wp_cron=1786977254.8760869503021240234375 HTTP/1.1" 200 20 "-" "WordPress/7.0.4; https://www.biotechprocleaners.com"
100.28.133.214 - - [17/Aug/2026:10:34:12 -0400] "GET /surface/medical-equipment/?surfaces=workshops HTTP/1.1" 200 32392 "-" "Mozilla/5.0 AppleWebKit/537.36 (KHTML, like Gecko; compatible; Amazonbot/0.1; +https://developer.amazon.com/support/amazonbot) Chrome/119.0.6045.214 Safari/537.36"
69.39.225.240 - - [17/Aug/2026:10:35:29 -0400] "POST /wp-cron.php?doing_wp_cron=1786977329.6201710700988769531250 HTTP/1.1" 200 20 "-" "WordPress/7.0.4; https://www.biotechprocleaners.com"
98.84.184.80 - - [17/Aug/2026:10:35:28 -0400] "GET /surface/floors-in-plant/?areas=hallways HTTP/1.1" 200 32397 "-" "Mozilla/5.0 AppleWebKit/537.36 (KHTML, like Gecko; compatible; Amazonbot/0.1; +https://developer.amazon.com/support/amazonbot) Chrome/119.0.6045.214 Safari/537.36"
69.39.225.240 - - [17/Aug/2026:10:41:11 -0400] "POST /wp-cron.php?doing_wp_cron=1786977670.8955519199371337890625 HTTP/1.1" 200 20 "-" "WordPress/7.0.4; https://www.biotechprocleaners.com"
3.218.103.254 - - [17/Aug/2026:10:41:09 -0400] "GET /product-category/retail/?amp&surfaces=car-body HTTP/1.1" 200 40682 "-" "Mozilla/5.0 AppleWebKit/537.36 (KHTML, like Gecko; compatible; Amazonbot/0.1; +https://developer.amazon.com/support/amazonbot) Chrome/119.0.6045.214 Safari/537.36"
69.39.225.240 - - [17/Aug/2026:10:42:54 -0400] "POST /wp-cron.php?doing_wp_cron=1786977774.0402998924255371093750 HTTP/1.1" 200 20 "-" "WordPress/7.0.4; https://www.biotechprocleaners.com"
100.29.160.53 - - [17/Aug/2026:10:42:52 -0400] "GET /product-category/retail/?amp&surfaces=metal-sheet HTTP/1.1" 200 40689 "-" "Mozilla/5.0 AppleWebKit/537.36 (KHTML, like Gecko; compatible; Amazonbot/0.1; +https://developer.amazon.com/support/amazonbot) Chrome/119.0.6045.214 Safari/537.36"
40.77.167.40 - - [17/Aug/2026:10:43:08 -0400] "GET /sitemap_index.xml HTTP/1.1" 200 469 "-" "Mozilla/5.0 AppleWebKit/537.36 (KHTML, like Gecko; compatible; bingbot/2.0; +http://www.bing.com/bingbot.htm) Chrome/116.0.1938.76 Safari/537.36"
69.39.225.240 - - [17/Aug/2026:10:43:54 -0400] "POST /wp-cron.php?doing_wp_cron=1786977834.6907439231872558593750 HTTP/1.1" 200 20 "-" "WordPress/7.0.4; https://www.biotechprocleaners.com"
50.16.248.61 - - [17/Aug/2026:10:43:53 -0400] "GET /product-category/retail/?amp&surfaces=nicotine HTTP/1.1" 200 40686 "-" "Mozilla/5.0 AppleWebKit/537.36 (KHTML, like Gecko; compatible; Amazonbot/0.1; +https://developer.amazon.com/support/amazonbot) Chrome/119.0.6045.214 Safari/537.36"
44.215.231.15 - - [17/Aug/2026:10:44:04 -0400] "GET /product-category/retail/?areas=stainless-steel HTTP/1.1" 200 40684 "-" "Mozilla/5.0 AppleWebKit/537.36 (KHTML, like Gecko; compatible; Amazonbot/0.1; +https://developer.amazon.com/support/amazonbot) Chrome/119.0.6045.214 Safari/537.36"
69.39.225.240 - - [17/Aug/2026:10:44:56 -0400] "POST /wp-cron.php?doing_wp_cron=1786977896.2021179199218750000000 HTTP/1.1" 200 20 "-" "WordPress/7.0.4; https://www.biotechprocleaners.com"
52.22.87.224 - - [17/Aug/2026:10:44:54 -0400] "GET /area/soap-scum/?amp&areas=limescales HTTP/1.1" 200 47524 "-" "Mozilla/5.0 AppleWebKit/537.36 (KHTML, like Gecko; compatible; Amazonbot/0.1; +https://developer.amazon.com/support/amazonbot) Chrome/119.0.6045.214 Safari/537.36"
69.39.225.240 - - [17/Aug/2026:10:46:02 -0400] "POST /wp-cron.php?doing_wp_cron=1786977962.2825028896331787109375 HTTP/1.1" 200 20 "-" "WordPress/7.0.4; https://www.biotechprocleaners.com"
18.211.148.239 - - [17/Aug/2026:10:46:00 -0400] "GET /product-category/all-industries/?amp&surfaces=metal-pieces HTTP/1.1" 200 40804 "-" "Mozilla/5.0 AppleWebKit/537.36 (KHTML, like Gecko; compatible; Amazonbot/0.1; +https://developer.amazon.com/support/amazonbot) Chrome/119.0.6045.214 Safari/537.36"
89.124.103.152 - - [17/Aug/2026:10:46:34 -0400] "GET / HTTP/1.0" 200 475154 "https://www.biotechprocleaners.com/" "Mozilla/5.0 (Windows NT 10.0; Win64; x64) AppleWebKit/537.36 (KHTML, like Gecko) Chrome/130.0.0.0 Safari/537.36 CCleaner/130.0.0.0"
69.39.225.240 - - [17/Aug/2026:10:46:37 -0400] "POST /wp-cron.php?doing_wp_cron=1786977997.3760569095611572265625 HTTP/1.1" 200 20 "-" "WordPress/7.0.4; https://www.biotechprocleaners.com"
89.124.103.152 - - [17/Aug/2026:10:46:35 -0400] "POST / HTTP/1.0" 200 471018 "https://www.biotechprocleaners.com/" "Mozilla/5.0 (Windows NT 10.0; Win64; x64) AppleWebKit/537.36 (KHTML, like Gecko) Chrome/130.0.0.0 Safari/537.36 CCleaner/130.0.0.0"
69.39.225.240 - - [17/Aug/2026:10:48:14 -0400] "POST /wp-cron.php?doing_wp_cron=1786978093.8692479133605957031250 HTTP/1.1" 200 20 "-" "WordPress/7.0.4; https://www.biotechprocleaners.com"
47.128.18.116 - - [17/Aug/2026:10:48:12 -0400] "GET /robots.txt HTTP/1.1" 200 206 "-" "Mozilla/5.0 (Linux; Android 5.0) AppleWebKit/537.36 (KHTML, like Gecko) Mobile Safari/537.36 (compatible; Bytespider; https://bytedance.sg.larkoffice.com/docx/K5bxdypulop3IIxrJb0lOjLVgFe)"
69.39.225.240 - - [17/Aug/2026:10:50:02 -0400] "POST /wp-cron.php?doing_wp_cron=1786978202.1705119609832763671875 HTTP/1.1" 200 20 "-" "WordPress/7.0.4; https://www.biotechprocleaners.com"
98.83.177.42 - - [17/Aug/2026:10:50:00 -0400] "GET /surface/doors/?amp&surfaces=varnish HTTP/1.1" 200 47500 "-" "Mozilla/5.0 AppleWebKit/537.36 (KHTML, like Gecko; compatible; Amazonbot/0.1; +https://developer.amazon.com/support/amazonbot) Chrome/119.0.6045.214 Safari/537.36"
52.7.33.248 - - [17/Aug/2026:10:50:09 -0400] "GET /surface/metal-pieces/?amp&surfaces=metals HTTP/1.1" 200 47571 "-" "Mozilla/5.0 AppleWebKit/537.36 (KHTML, like Gecko; compatible; Amazonbot/0.1; +https://developer.amazon.com/support/amazonbot) Chrome/119.0.6045.214 Safari/537.36"
69.39.225.240 - - [17/Aug/2026:10:50:23 -0400] "POST /wp-cron.php?doing_wp_cron=1786978223.4869201183319091796875 HTTP/1.1" 200 20 "-" "WordPress/7.0.4; https://www.biotechprocleaners.com"
52.204.71.8 - - [17/Aug/2026:10:50:22 -0400] "GET /product-category/all-industries/?surfaces=nicotine HTTP/1.1" 200 46928 "-" "Mozilla/5.0 AppleWebKit/537.36 (KHTML, like Gecko; compatible; Amazonbot/0.1; +https://developer.amazon.com/support/amazonbot) Chrome/119.0.6045.214 Safari/537.36"
69.39.225.240 - - [17/Aug/2026:10:53:05 -0400] "POST /wp-cron.php?doing_wp_cron=1786978385.7218461036682128906250 HTTP/1.1" 200 20 "-" "WordPress/7.0.4; https://www.biotechprocleaners.com"
54.164.106.236 - - [17/Aug/2026:10:53:04 -0400] "GET /surface/medical-equipment/?surfaces=tiles HTTP/1.1" 200 47491 "-" "Mozilla/5.0 AppleWebKit/537.36 (KHTML, like Gecko; compatible; Amazonbot/0.1; +https://developer.amazon.com/support/amazonbot) Chrome/119.0.6045.214 Safari/537.36"
69.39.225.240 - - [17/Aug/2026:10:53:06 -0400] "GET /product-category/government/ HTTP/1.1" 200 49845 "-" "WP Rocket/Preload"
69.39.225.240 - - [17/Aug/2026:10:53:08 -0400] "GET /product-category/government/ HTTP/1.1" 200 16384 "-" "WP Rocket/Preload Mozilla/5.0 (iPhone; CPU iPhone OS 9_1 like Mac OS X) AppleWebKit/601.1.46 (KHTML, like Gecko) Version/9.0 Mobile/13B143 Safari/601.1"
69.39.225.240 - - [17/Aug/2026:10:53:10 -0400] "GET /surface/cement/ HTTP/1.1" 200 16384 "-" "WP Rocket/Preload"
69.39.225.240 - - [17/Aug/2026:10:53:11 -0400] "GET /surface/cement/ HTTP/1.1" 200 16384 "-" "WP Rocket/Preload Mozilla/5.0 (iPhone; CPU iPhone OS 9_1 like Mac OS X) AppleWebKit/601.1.46 (KHTML, like Gecko) Version/9.0 Mobile/13B143 Safari/601.1"
69.39.225.240 - - [17/Aug/2026:10:53:13 -0400] "GET /surface/ceramic/ HTTP/1.1" 200 16384 "-" "WP Rocket/Preload"
69.39.225.240 - - [17/Aug/2026:10:53:14 -0400] "GET /surface/ceramic/ HTTP/1.1" 200 16384 "-" "WP Rocket/Preload Mozilla/5.0 (iPhone; CPU iPhone OS 9_1 like Mac OS X) AppleWebKit/601.1.46 (KHTML, like Gecko) Version/9.0 Mobile/13B143 Safari/601.1"
69.39.225.240 - - [17/Aug/2026:10:53:16 -0400] "GET /surface/clothes/ HTTP/1.1" 200 16384 "-" "WP Rocket/Preload"
69.39.225.240 - - [17/Aug/2026:10:53:17 -0400] "GET /surface/clothes/ HTTP/1.1" 200 16384 "-" "WP Rocket/Preload Mozilla/5.0 (iPhone; CPU iPhone OS 9_1 like Mac OS X) AppleWebKit/601.1.46 (KHTML, like Gecko) Version/9.0 Mobile/13B143 Safari/601.1"
69.39.225.240 - - [17/Aug/2026:10:53:19 -0400] "GET /surface/concrete/ HTTP/1.1" 200 16384 "-" "WP Rocket/Preload"
69.39.225.240 - - [17/Aug/2026:10:53:20 -0400] "GET /surface/concrete/ HTTP/1.1" 200 16384 "-" "WP Rocket/Preload Mozilla/5.0 (iPhone; CPU iPhone OS 9_1 like Mac OS X) AppleWebKit/601.1.46 (KHTML, like Gecko) Version/9.0 Mobile/13B143 Safari/601.1"
23.23.214.190 - - [17/Aug/2026:10:58:16 -0400] "GET /wp-content/uploads/2025/06/NDCP1-320x320.png HTTP/1.1" 200 24696 "-" "Mozilla/5.0 AppleWebKit/537.36 (KHTML, like Gecko; compatible; Amazonbot/0.1; +https://developer.amazon.com/support/amazonbot) Chrome/119.0.6045.214 Safari/537.36"
145.223.134.112 - - [17/Aug/2026:11:00:32 -0400] "GET / HTTP/1.1" 200 49545 "-" "Mozilla/5.0 (Macintosh; Intel Mac OS X 10_15_7) AppleWebKit/537.36 (KHTML, like Gecko) Chrome/131.0.0.0 Safari/537.36"
69.39.225.240 - - [17/Aug/2026:11:06:46 -0400] "POST /wp-cron.php?doing_wp_cron=1786979206.3390929698944091796875 HTTP/1.1" 200 20 "-" "WordPress/7.0.4; https://www.biotechprocleaners.com"
66.249.64.104 - - [17/Aug/2026:11:06:44 -0400] "GET /product/neutral-detergent/ HTTP/1.1" 200 50381 "-" "Mozilla/5.0 (compatible; Googlebot/2.1; +http://www.google.com/bot.html)"
69.39.225.240 - - [17/Aug/2026:11:08:07 -0400] "POST /wp-cron.php?doing_wp_cron=1786979287.3854730129241943359375 HTTP/1.1" 200 20 "-" "WordPress/7.0.4; https://www.biotechprocleaners.com"
209.212.222.52 - - [17/Aug/2026:11:08:06 -0400] "POST /xmlrpc.php HTTP/1.1" 200 403 "-" "Jetpack by WordPress.com"
69.39.225.240 - - [17/Aug/2026:11:08:08 -0400] "GET /surface/construction-sites/ HTTP/1.1" 200 48350 "-" "WP Rocket/Preload"
69.39.225.240 - - [17/Aug/2026:11:08:10 -0400] "GET /surface/construction-sites/ HTTP/1.1" 200 16384 "-" "WP Rocket/Preload Mozilla/5.0 (iPhone; CPU iPhone OS 9_1 like Mac OS X) AppleWebKit/601.1.46 (KHTML, like Gecko) Version/9.0 Mobile/13B143 Safari/601.1"
69.39.225.240 - - [17/Aug/2026:11:08:11 -0400] "GET /surface/counter-tops/ HTTP/1.1" 200 16384 "-" "WP Rocket/Preload"
69.39.225.240 - - [17/Aug/2026:11:08:13 -0400] "GET /surface/counter-tops/ HTTP/1.1" 200 16384 "-" "WP Rocket/Preload Mozilla/5.0 (iPhone; CPU iPhone OS 9_1 like Mac OS X) AppleWebKit/601.1.46 (KHTML, like Gecko) Version/9.0 Mobile/13B143 Safari/601.1"
69.39.225.240 - - [17/Aug/2026:11:08:14 -0400] "GET /surface/dashboards/ HTTP/1.1" 200 16384 "-" "WP Rocket/Preload"
69.39.225.240 - - [17/Aug/2026:11:08:16 -0400] "GET /surface/dashboards/ HTTP/1.1" 200 16384 "-" "WP Rocket/Preload Mozilla/5.0 (iPhone; CPU iPhone OS 9_1 like Mac OS X) AppleWebKit/601.1.46 (KHTML, like Gecko) Version/9.0 Mobile/13B143 Safari/601.1"
209.212.222.52 - - [17/Aug/2026:11:08:16 -0400] "POST /xmlrpc.php HTTP/1.1" 200 403 "-" "Jetpack/13.0; WordPress/6.1; http://site75265791.com"
69.39.225.240 - - [17/Aug/2026:11:08:17 -0400] "GET /surface/desks/ HTTP/1.1" 200 16384 "-" "WP Rocket/Preload"
69.39.225.240 - - [17/Aug/2026:11:08:19 -0400] "GET /surface/desks/ HTTP/1.1" 200 16384 "-" "WP Rocket/Preload Mozilla/5.0 (iPhone; CPU iPhone OS 9_1 like Mac OS X) AppleWebKit/601.1.46 (KHTML, like Gecko) Version/9.0 Mobile/13B143 Safari/601.1"
69.39.225.240 - - [17/Aug/2026:11:08:20 -0400] "GET /surface/doors/ HTTP/1.1" 200 16384 "-" "WP Rocket/Preload"
69.39.225.240 - - [17/Aug/2026:11:08:22 -0400] "GET /surface/doors/ HTTP/1.1" 200 16384 "-" "WP Rocket/Preload Mozilla/5.0 (iPhone; CPU iPhone OS 9_1 like Mac OS X) AppleWebKit/601.1.46 (KHTML, like Gecko) Version/9.0 Mobile/13B143 Safari/601.1"
69.39.225.240 - - [17/Aug/2026:11:08:28 -0400] "POST /wp-cron.php?doing_wp_cron=1786979308.2589728832244873046875 HTTP/1.1" 200 20 "-" "WordPress/7.0.4; https://www.biotechprocleaners.com"
209.212.222.52 - - [17/Aug/2026:11:08:27 -0400] "POST /xmlrpc.php HTTP/1.1" 200 403 "-" "Jetpack by WordPress.com"
69.39.225.240 - - [17/Aug/2026:11:08:29 -0400] "GET /surface/electronics/ HTTP/1.1" 200 16384 "-" "WP Rocket/Preload"
69.39.225.240 - - [17/Aug/2026:11:08:30 -0400] "GET /surface/electronics/ HTTP/1.1" 200 16384 "-" "WP Rocket/Preload Mozilla/5.0 (iPhone; CPU iPhone OS 9_1 like Mac OS X) AppleWebKit/601.1.46 (KHTML, like Gecko) Version/9.0 Mobile/13B143 Safari/601.1"
69.39.225.240 - - [17/Aug/2026:11:08:32 -0400] "GET /surface/fine-floors/ HTTP/1.1" 200 16384 "-" "WP Rocket/Preload"
69.39.225.240 - - [17/Aug/2026:11:08:33 -0400] "GET /surface/fine-floors/ HTTP/1.1" 200 16384 "-" "WP Rocket/Preload Mozilla/5.0 (iPhone; CPU iPhone OS 9_1 like Mac OS X) AppleWebKit/601.1.46 (KHTML, like Gecko) Version/9.0 Mobile/13B143 Safari/601.1"
69.39.225.240 - - [17/Aug/2026:11:08:35 -0400] "GET /surface/fitness-equipments/ HTTP/1.1" 200 16384 "-" "WP Rocket/Preload"
69.39.225.240 - - [17/Aug/2026:11:08:36 -0400] "GET /surface/fitness-equipments/ HTTP/1.1" 200 16384 "-" "WP Rocket/Preload Mozilla/5.0 (iPhone; CPU iPhone OS 9_1 like Mac OS X) AppleWebKit/601.1.46 (KHTML, like Gecko) Version/9.0 Mobile/13B143 Safari/601.1"
209.212.222.52 - - [17/Aug/2026:11:08:37 -0400] "POST /xmlrpc.php HTTP/1.1" 200 403 "-" "Jetpack/12.0; WordPress/6.2; http://site20921421.com"
69.39.225.240 - - [17/Aug/2026:11:08:38 -0400] "GET /surface/floors-in-plant/ HTTP/1.1" 200 16384 "-" "WP Rocket/Preload"
69.39.225.240 - - [17/Aug/2026:11:08:39 -0400] "GET /surface/floors-in-plant/ HTTP/1.1" 200 16384 "-" "WP Rocket/Preload Mozilla/5.0 (iPhone; CPU iPhone OS 9_1 like Mac OS X) AppleWebKit/601.1.46 (KHTML, like Gecko) Version/9.0 Mobile/13B143 Safari/601.1"
69.39.225.240 - - [17/Aug/2026:11:08:41 -0400] "GET /surface/furniture/ HTTP/1.1" 200 16384 "-" "WP Rocket/Preload"
69.39.225.240 - - [17/Aug/2026:11:08:42 -0400] "GET /surface/furniture/ HTTP/1.1" 200 16384 "-" "WP Rocket/Preload Mozilla/5.0 (iPhone; CPU iPhone OS 9_1 like Mac OS X) AppleWebKit/601.1.46 (KHTML, like Gecko) Version/9.0 Mobile/13B143 Safari/601.1"
69.39.225.240 - - [17/Aug/2026:11:08:44 -0400] "GET /surface/glass-and-reflective-surfaces/ HTTP/1.1" 200 16384 "-" "WP Rocket/Preload"
69.39.225.240 - - [17/Aug/2026:11:08:45 -0400] "GET /surface/glass-and-reflective-surfaces/ HTTP/1.1" 200 16384 "-" "WP Rocket/Preload Mozilla/5.0 (iPhone; CPU iPhone OS 9_1 like Mac OS X) AppleWebKit/601.1.46 (KHTML, like Gecko) Version/9.0 Mobile/13B143 Safari/601.1"
69.39.225.240 - - [17/Aug/2026:11:08:47 -0400] "GET /surface/glasses/ HTTP/1.1" 200 16384 "-" "WP Rocket/Preload"
69.39.225.240 - - [17/Aug/2026:11:08:48 -0400] "GET /surface/glasses/ HTTP/1.1" 200 16384 "-" "WP Rocket/Preload Mozilla/5.0 (iPhone; CPU iPhone OS 9_1 like Mac OS X) AppleWebKit/601.1.46 (KHTML, like Gecko) Version/9.0 Mobile/13B143 Safari/601.1"
209.212.222.52 - - [17/Aug/2026:11:08:49 -0400] "POST /xmlrpc.php HTTP/1.1" 200 403 "-" "Jetpack/12.1; WordPress/6.4; http://site75994727.com"
69.39.225.240 - - [17/Aug/2026:11:09:00 -0400] "POST /wp-cron.php?doing_wp_cron=1786979340.1911261081695556640625 HTTP/1.1" 200 20 "-" "WordPress/7.0.4; https://www.biotechprocleaners.com"
209.212.222.52 - - [17/Aug/2026:11:08:59 -0400] "POST /xmlrpc.php HTTP/1.1" 200 403 "-" "Jetpack by WordPress.com"
209.212.222.52 - - [17/Aug/2026:11:09:09 -0400] "POST /xmlrpc.php HTTP/1.1" 200 403 "-" "Jetpack by WordPress.com (Jetpack 12.5; WordPress 6.4)"
69.39.225.240 - - [17/Aug/2026:11:09:21 -0400] "POST /wp-cron.php?doing_wp_cron=1786979361.8863179683685302734375 HTTP/1.1" 200 20 "-" "WordPress/7.0.4; https://www.biotechprocleaners.com"
209.212.222.52 - - [17/Aug/2026:11:09:20 -0400] "POST /xmlrpc.php HTTP/1.1" 200 403 "-" "Jetpack by WordPress.com"
69.39.225.240 - - [17/Aug/2026:11:09:23 -0400] "GET /surface/grease/ HTTP/1.1" 200 48228 "-" "WP Rocket/Preload"
69.39.225.240 - - [17/Aug/2026:11:09:25 -0400] "GET /surface/grease/ HTTP/1.1" 200 16384 "-" "WP Rocket/Preload Mozilla/5.0 (iPhone; CPU iPhone OS 9_1 like Mac OS X) AppleWebKit/601.1.46 (KHTML, like Gecko) Version/9.0 Mobile/13B143 Safari/601.1"
69.39.225.240 - - [17/Aug/2026:11:09:26 -0400] "GET /surface/handles/ HTTP/1.1" 200 16384 "-" "WP Rocket/Preload"
69.39.225.240 - - [17/Aug/2026:11:09:28 -0400] "GET /surface/handles/ HTTP/1.1" 200 16384 "-" "WP Rocket/Preload Mozilla/5.0 (iPhone; CPU iPhone OS 9_1 like Mac OS X) AppleWebKit/601.1.46 (KHTML, like Gecko) Version/9.0 Mobile/13B143 Safari/601.1"
69.39.225.240 - - [17/Aug/2026:11:09:29 -0400] "GET /surface/hi-gloss-reflective-surfaces/ HTTP/1.1" 200 16384 "-" "WP Rocket/Preload"
69.39.225.240 - - [17/Aug/2026:11:09:31 -0400] "GET /surface/hi-gloss-reflective-surfaces/ HTTP/1.1" 200 16384 "-" "WP Rocket/Preload Mozilla/5.0 (iPhone; CPU iPhone OS 9_1 like Mac OS X) AppleWebKit/601.1.46 (KHTML, like Gecko) Version/9.0 Mobile/13B143 Safari/601.1"
209.212.222.52 - - [17/Aug/2026:11:09:31 -0400] "POST /xmlrpc.php HTTP/1.1" 200 403 "-" "Jetpack by WordPress.com"
69.39.225.240 - - [17/Aug/2026:11:09:32 -0400] "GET /surface/linoleum-flooring/ HTTP/1.1" 200 16384 "-" "WP Rocket/Preload"
69.39.225.240 - - [17/Aug/2026:11:09:34 -0400] "GET /surface/linoleum-flooring/ HTTP/1.1" 200 16384 "-" "WP Rocket/Preload Mozilla/5.0 (iPhone; CPU iPhone OS 9_1 like Mac OS X) AppleWebKit/601.1.46 (KHTML, like Gecko) Version/9.0 Mobile/13B143 Safari/601.1"
69.39.225.240 - - [17/Aug/2026:11:09:35 -0400] "GET /surface/plastic-panels/ HTTP/1.1" 200 16384 "-" "WP Rocket/Preload"
69.39.225.240 - - [17/Aug/2026:11:09:37 -0400] "GET /surface/plastic-panels/ HTTP/1.1" 200 16384 "-" "WP Rocket/Preload Mozilla/5.0 (iPhone; CPU iPhone OS 9_1 like Mac OS X) AppleWebKit/601.1.46 (KHTML, like Gecko) Version/9.0 Mobile/13B143 Safari/601.1"
69.39.225.240 - - [17/Aug/2026:11:09:38 -0400] "GET /surface/stainless-steel/ HTTP/1.1" 200 16384 "-" "WP Rocket/Preload"
69.39.225.240 - - [17/Aug/2026:11:09:40 -0400] "GET /surface/stainless-steel/ HTTP/1.1" 200 16384 "-" "WP Rocket/Preload Mozilla/5.0 (iPhone; CPU iPhone OS 9_1 like Mac OS X) AppleWebKit/601.1.46 (KHTML, like Gecko) Version/9.0 Mobile/13B143 Safari/601.1"
209.212.222.52 - - [17/Aug/2026:11:09:41 -0400] "POST /xmlrpc.php HTTP/1.1" 200 403 "-" "Jetpack by WordPress.com (Jetpack 12.1; WordPress 6.1)"
69.39.225.240 - - [17/Aug/2026:11:09:41 -0400] "GET /surface/tiles/ HTTP/1.1" 200 16384 "-" "WP Rocket/Preload"
69.39.225.240 - - [17/Aug/2026:11:09:43 -0400] "GET /surface/tiles/ HTTP/1.1" 200 48646 "-" "WP Rocket/Preload Mozilla/5.0 (iPhone; CPU iPhone OS 9_1 like Mac OS X) AppleWebKit/601.1.46 (KHTML, like Gecko) Version/9.0 Mobile/13B143 Safari/601.1"
69.39.225.240 - - [17/Aug/2026:11:09:53 -0400] "POST /wp-cron.php?doing_wp_cron=1786979393.3859190940856933593750 HTTP/1.1" 200 20 "-" "WordPress/7.0.4; https://www.biotechprocleaners.com"
209.212.222.52 - - [17/Aug/2026:11:09:52 -0400] "POST /xmlrpc.php HTTP/1.1" 200 403 "-" "Jetpack by WordPress.com"
209.212.222.52 - - [17/Aug/2026:11:10:03 -0400] "POST /xmlrpc.php HTTP/1.1" 200 403 "-" "WordPress.com; https://wordpress.com"
69.39.225.240 - - [17/Aug/2026:11:10:14 -0400] "POST /wp-cron.php?doing_wp_cron=1786979414.6002459526062011718750 HTTP/1.1" 200 20 "-" "WordPress/7.0.4; https://www.biotechprocleaners.com"
209.212.222.52 - - [17/Aug/2026:11:10:13 -0400] "POST /xmlrpc.php HTTP/1.1" 200 403 "-" "WordPress.com; https://wordpress.com"
69.39.225.240 - - [17/Aug/2026:11:10:16 -0400] "GET /surface/trash-bin/ HTTP/1.1" 200 16384 "-" "WP Rocket/Preload"
69.39.225.240 - - [17/Aug/2026:11:10:17 -0400] "GET /surface/trash-bin/ HTTP/1.1" 200 16384 "-" "WP Rocket/Preload Mozilla/5.0 (iPhone; CPU iPhone OS 9_1 like Mac OS X) AppleWebKit/601.1.46 (KHTML, like Gecko) Version/9.0 Mobile/13B143 Safari/601.1"
69.39.225.240 - - [17/Aug/2026:11:10:18 -0400] "GET /surface/workshops/ HTTP/1.1" 200 16384 "-" "WP Rocket/Preload"
69.39.225.240 - - [17/Aug/2026:11:10:20 -0400] "GET /surface/workshops/ HTTP/1.1" 200 16384 "-" "WP Rocket/Preload Mozilla/5.0 (iPhone; CPU iPhone OS 9_1 like Mac OS X) AppleWebKit/601.1.46 (KHTML, like Gecko) Version/9.0 Mobile/13B143 Safari/601.1"
69.39.225.240 - - [17/Aug/2026:11:10:21 -0400] "GET /removal/removal1/ HTTP/1.1" 200 16384 "-" "WP Rocket/Preload"
69.39.225.240 - - [17/Aug/2026:11:10:23 -0400] "GET /removal/removal1/ HTTP/1.1" 200 16384 "-" "WP Rocket/Preload Mozilla/5.0 (iPhone; CPU iPhone OS 9_1 like Mac OS X) AppleWebKit/601.1.46 (KHTML, like Gecko) Version/9.0 Mobile/13B143 Safari/601.1"
209.212.222.52 - - [17/Aug/2026:11:10:24 -0400] "POST /xmlrpc.php HTTP/1.1" 200 403 "-" "WordPress.com; https://wordpress.com"
69.39.225.240 - - [17/Aug/2026:11:10:24 -0400] "GET /removal/removal2/ HTTP/1.1" 200 16384 "-" "WP Rocket/Preload"
69.39.225.240 - - [17/Aug/2026:11:10:26 -0400] "GET /removal/removal2/ HTTP/1.1" 200 16384 "-" "WP Rocket/Preload Mozilla/5.0 (iPhone; CPU iPhone OS 9_1 like Mac OS X) AppleWebKit/601.1.46 (KHTML, like Gecko) Version/9.0 Mobile/13B143 Safari/601.1"
69.39.225.240 - - [17/Aug/2026:11:10:27 -0400] "GET /product/power-industrial-degreaser/ HTTP/1.1" 200 50810 "-" "WP Rocket/Preload"
69.39.225.240 - - [17/Aug/2026:11:10:29 -0400] "GET /product/power-industrial-degreaser/ HTTP/1.1" 200 16384 "-" "WP Rocket/Preload Mozilla/5.0 (iPhone; CPU iPhone OS 9_1 like Mac OS X) AppleWebKit/601.1.46 (KHTML, like Gecko) Version/9.0 Mobile/13B143 Safari/601.1"
69.39.225.240 - - [17/Aug/2026:11:10:31 -0400] "GET /product/plastic-cleaner-ravisher/ HTTP/1.1" 200 16384 "-" "WP Rocket/Preload"
69.39.225.240 - - [17/Aug/2026:11:10:32 -0400] "GET /product/plastic-cleaner-ravisher/ HTTP/1.1" 200 16384 "-" "WP Rocket/Preload Mozilla/5.0 (iPhone; CPU iPhone OS 9_1 like Mac OS X) AppleWebKit/601.1.46 (KHTML, like Gecko) Version/9.0 Mobile/13B143 Safari/601.1"
69.39.225.240 - - [17/Aug/2026:11:10:34 -0400] "GET /product/floore-cleaner/ HTTP/1.1" 200 16384 "-" "WP Rocket/Preload"
209.212.222.52 - - [17/Aug/2026:11:10:35 -0400] "POST /xmlrpc.php HTTP/1.1" 200 403 "-" "WordPress.com; https://wordpress.com"
69.39.225.240 - - [17/Aug/2026:11:10:35 -0400] "GET /product/floore-cleaner/ HTTP/1.1" 200 16384 "-" "WP Rocket/Preload Mozilla/5.0 (iPhone; CPU iPhone OS 9_1 like Mac OS X) AppleWebKit/601.1.46 (KHTML, like Gecko) Version/9.0 Mobile/13B143 Safari/601.1"
69.39.225.240 - - [17/Aug/2026:11:10:46 -0400] "POST /wp-cron.php?doing_wp_cron=1786979446.9142448902130126953125 HTTP/1.1" 200 20 "-" "WordPress/7.0.4; https://www.biotechprocleaners.com"
209.212.222.52 - - [17/Aug/2026:11:10:46 -0400] "POST /xmlrpc.php HTTP/1.1" 200 403 "-" "Jetpack by WordPress.com"
209.212.222.52 - - [17/Aug/2026:11:10:56 -0400] "POST /xmlrpc.php HTTP/1.1" 200 403 "-" "Jetpack by WordPress.com (Jetpack 12.5; WordPress 6.1)"
209.212.222.52 - - [17/Aug/2026:11:11:07 -0400] "POST /xmlrpc.php HTTP/1.1" 200 403 "-" "Jetpack by WordPress.com (Jetpack 12.5; WordPress 6.2)"
69.39.225.240 - - [17/Aug/2026:11:11:18 -0400] "POST /wp-cron.php?doing_wp_cron=1786979478.8470540046691894531250 HTTP/1.1" 200 20 "-" "WordPress/7.0.4; https://www.biotechprocleaners.com"
209.212.222.52 - - [17/Aug/2026:11:11:17 -0400] "POST /xmlrpc.php HTTP/1.1" 200 403 "-" "Jetpack by WordPress.com (Jetpack 13.0; WordPress 6.4)"
69.39.225.240 - - [17/Aug/2026:11:11:20 -0400] "GET /shop-single/ HTTP/1.1" 200 16384 "-" "WP Rocket/Preload"
69.39.225.240 - - [17/Aug/2026:11:11:21 -0400] "GET /shop-single/ HTTP/1.1" 200 16384 "-" "WP Rocket/Preload Mozilla/5.0 (iPhone; CPU iPhone OS 9_1 like Mac OS X) AppleWebKit/601.1.46 (KHTML, like Gecko) Version/9.0 Mobile/13B143 Safari/601.1"
69.39.225.240 - - [17/Aug/2026:11:11:22 -0400] "GET /privacy-policy/ HTTP/1.1" 200 16384 "-" "WP Rocket/Preload"
69.39.225.240 - - [17/Aug/2026:11:11:24 -0400] "GET /privacy-policy/ HTTP/1.1" 200 16384 "-" "WP Rocket/Preload Mozilla/5.0 (iPhone; CPU iPhone OS 9_1 like Mac OS X) AppleWebKit/601.1.46 (KHTML, like Gecko) Version/9.0 Mobile/13B143 Safari/601.1"
69.39.225.240 - - [17/Aug/2026:11:11:25 -0400] "GET /product/neutral-detergent/ HTTP/1.1" 200 49721 "-" "WP Rocket/Preload"
69.39.225.240 - - [17/Aug/2026:11:11:26 -0400] "GET /product/neutral-detergent/ HTTP/1.1" 200 16384 "-" "WP Rocket/Preload Mozilla/5.0 (iPhone; CPU iPhone OS 9_1 like Mac OS X) AppleWebKit/601.1.46 (KHTML, like Gecko) Version/9.0 Mobile/13B143 Safari/601.1"
69.39.225.240 - - [17/Aug/2026:11:11:27 -0400] "GET /about-us/ HTTP/1.1" 200 16384 "-" "WP Rocket/Preload"
209.212.222.52 - - [17/Aug/2026:11:11:28 -0400] "POST /xmlrpc.php HTTP/1.1" 200 403 "-" "WordPress.com; https://wordpress.com"
69.39.225.240 - - [17/Aug/2026:11:11:29 -0400] "GET /about-us/ HTTP/1.1" 200 16384 "-" "WP Rocket/Preload Mozilla/5.0 (iPhone; CPU iPhone OS 9_1 like Mac OS X) AppleWebKit/601.1.46 (KHTML, like Gecko) Version/9.0 Mobile/13B143 Safari/601.1"
69.39.225.240 - - [17/Aug/2026:11:11:31 -0400] "GET /product/dishwashing-liquid-hard-water/ HTTP/1.1" 200 50426 "-" "WP Rocket/Preload"
69.39.225.240 - - [17/Aug/2026:11:11:32 -0400] "GET /product/dishwashing-liquid-hard-water/ HTTP/1.1" 200 16384 "-" "WP Rocket/Preload Mozilla/5.0 (iPhone; CPU iPhone OS 9_1 like Mac OS X) AppleWebKit/601.1.46 (KHTML, like Gecko) Version/9.0 Mobile/13B143 Safari/601.1"
69.39.225.240 - - [17/Aug/2026:11:11:34 -0400] "GET /portfolio/ HTTP/1.1" 200 16384 "-" "WP Rocket/Preload"
69.39.225.240 - - [17/Aug/2026:11:11:35 -0400] "GET /portfolio/ HTTP/1.1" 200 16384 "-" "WP Rocket/Preload Mozilla/5.0 (iPhone; CPU iPhone OS 9_1 like Mac OS X) AppleWebKit/601.1.46 (KHTML, like Gecko) Version/9.0 Mobile/13B143 Safari/601.1"
69.39.225.240 - - [17/Aug/2026:11:11:37 -0400] "GET /product/high-performance-surface-degreaser/ HTTP/1.1" 200 16384 "-" "WP Rocket/Preload"
69.39.225.240 - - [17/Aug/2026:11:11:38 -0400] "GET /product/high-performance-surface-degreaser/ HTTP/1.1" 200 16384 "-" "WP Rocket/Preload Mozilla/5.0 (iPhone; CPU iPhone OS 9_1 like Mac OS X) AppleWebKit/601.1.46 (KHTML, like Gecko) Version/9.0 Mobile/13B143 Safari/601.1"
69.39.225.240 - - [17/Aug/2026:11:11:40 -0400] "GET /news-single/ HTTP/1.1" 200 16384 "-" "WP Rocket/Preload"
69.39.225.240 - - [17/Aug/2026:11:11:41 -0400] "GET /news-single/ HTTP/1.1" 200 16384 "-" "WP Rocket/Preload Mozilla/5.0 (iPhone; CPU iPhone OS 9_1 like Mac OS X) AppleWebKit/601.1.46 (KHTML, like Gecko) Version/9.0 Mobile/13B143 Safari/601.1"
69.39.225.240 - - [17/Aug/2026:11:11:53 -0400] "POST /wp-cron.php?doing_wp_cron=1786979513.5991480350494384765625 HTTP/1.1" 200 20 "-" "WordPress/7.0.4; https://www.biotechprocleaners.com"
209.212.222.52 - - [17/Aug/2026:11:11:52 -0400] "POST /xmlrpc.php HTTP/1.1" 200 403 "-" "Jetpack by WordPress.com"
69.39.225.240 - - [17/Aug/2026:11:12:16 -0400] "POST /wp-cron.php?doing_wp_cron=1786979536.0204670429229736328125 HTTP/1.1" 200 20 "-" "WordPress/7.0.4; https://www.biotechprocleaners.com"
209.212.222.52 - - [17/Aug/2026:11:12:14 -0400] "POST /xmlrpc.php HTTP/1.1" 200 403 "-" "Jetpack by WordPress.com"
69.39.225.240 - - [17/Aug/2026:11:12:17 -0400] "GET /news/news-tiles-four-columns/ HTTP/1.1" 200 16384 "-" "WP Rocket/Preload"
69.39.225.240 - - [17/Aug/2026:11:12:19 -0400] "GET /news/news-tiles-four-columns/ HTTP/1.1" 200 16384 "-" "WP Rocket/Preload Mozilla/5.0 (iPhone; CPU iPhone OS 9_1 like Mac OS X) AppleWebKit/601.1.46 (KHTML, like Gecko) Version/9.0 Mobile/13B143 Safari/601.1"
69.39.225.240 - - [17/Aug/2026:11:12:20 -0400] "GET /product/laundry-detergent/ HTTP/1.1" 200 16384 "-" "WP Rocket/Preload"
69.39.225.240 - - [17/Aug/2026:11:12:22 -0400] "GET /product/laundry-detergent/ HTTP/1.1" 200 16384 "-" "WP Rocket/Preload Mozilla/5.0 (iPhone; CPU iPhone OS 9_1 like Mac OS X) AppleWebKit/601.1.46 (KHTML, like Gecko) Version/9.0 Mobile/13B143 Safari/601.1"
209.212.222.52 - - [17/Aug/2026:11:12:22 -0400] "POST /xmlrpc.php HTTP/1.1" 200 403 "-" "Jetpack by WordPress.com"
69.39.225.240 - - [17/Aug/2026:11:12:23 -0400] "GET /portfolio-tiles-five-columns/ HTTP/1.1" 200 16384 "-" "WP Rocket/Preload"
69.39.225.240 - - [17/Aug/2026:11:12:25 -0400] "GET /portfolio-tiles-five-columns/ HTTP/1.1" 200 16384 "-" "WP Rocket/Preload Mozilla/5.0 (iPhone; CPU iPhone OS 9_1 like Mac OS X) AppleWebKit/601.1.46 (KHTML, like Gecko) Version/9.0 Mobile/13B143 Safari/601.1"
69.39.225.240 - - [17/Aug/2026:11:12:26 -0400] "GET /about-us/history/ HTTP/1.1" 200 16384 "-" "WP Rocket/Preload"
69.39.225.240 - - [17/Aug/2026:11:12:28 -0400] "GET /about-us/history/ HTTP/1.1" 200 16384 "-" "WP Rocket/Preload Mozilla/5.0 (iPhone; CPU iPhone OS 9_1 like Mac OS X) AppleWebKit/601.1.46 (KHTML, like Gecko) Version/9.0 Mobile/13B143 Safari/601.1"
69.39.225.240 - - [17/Aug/2026:11:12:29 -0400] "GET /services/solutions/ HTTP/1.1" 200 16384 "-" "WP Rocket/Preload"
69.39.225.240 - - [17/Aug/2026:11:12:31 -0400] "GET /services/solutions/ HTTP/1.1" 200 16384 "-" "WP Rocket/Preload Mozilla/5.0 (iPhone; CPU iPhone OS 9_1 like Mac OS X) AppleWebKit/601.1.46 (KHTML, like Gecko) Version/9.0 Mobile/13B143 Safari/601.1"
69.39.225.240 - - [17/Aug/2026:11:12:32 -0400] "GET /services/ HTTP/1.1" 200 46311 "-" "WP Rocket/Preload"
69.39.225.240 - - [17/Aug/2026:11:12:33 -0400] "GET /services/ HTTP/1.1" 200 16384 "-" "WP Rocket/Preload Mozilla/5.0 (iPhone; CPU iPhone OS 9_1 like Mac OS X) AppleWebKit/601.1.46 (KHTML, like Gecko) Version/9.0 Mobile/13B143 Safari/601.1"
209.212.222.52 - - [17/Aug/2026:11:12:33 -0400] "POST /xmlrpc.php HTTP/1.1" 200 403 "-" "Jetpack/12.1; WordPress/6.1; http://site26380880.com"
69.39.225.240 - - [17/Aug/2026:11:12:34 -0400] "GET /services/cost-calculator/ HTTP/1.1" 200 46462 "-" "WP Rocket/Preload"
69.39.225.240 - - [17/Aug/2026:11:12:36 -0400] "GET /services/cost-calculator/ HTTP/1.1" 200 16384 "-" "WP Rocket/Preload Mozilla/5.0 (iPhone; CPU iPhone OS 9_1 like Mac OS X) AppleWebKit/601.1.46 (KHTML, like Gecko) Version/9.0 Mobile/13B143 Safari/601.1"
69.39.225.240 - - [17/Aug/2026:11:12:37 -0400] "GET /news/news-tiles-three-columns/ HTTP/1.1" 200 16384 "-" "WP Rocket/Preload"
69.39.225.240 - - [17/Aug/2026:11:12:39 -0400] "GET /news/news-tiles-three-columns/ HTTP/1.1" 200 16384 "-" "WP Rocket/Preload Mozilla/5.0 (iPhone; CPU iPhone OS 9_1 like Mac OS X) AppleWebKit/601.1.46 (KHTML, like Gecko) Version/9.0 Mobile/13B143 Safari/601.1"
69.39.225.240 - - [17/Aug/2026:11:12:45 -0400] "POST /wp-cron.php?doing_wp_cron=1786979565.0011630058288574218750 HTTP/1.1" 200 20 "-" "WordPress/7.0.4; https://www.biotechprocleaners.com"
209.212.222.52 - - [17/Aug/2026:11:12:44 -0400] "POST /xmlrpc.php HTTP/1.1" 200 403 "-" "WordPress.com; https://wordpress.com"
209.212.222.52 - - [17/Aug/2026:11:12:54 -0400] "POST /xmlrpc.php HTTP/1.1" 200 403 "-" "Jetpack/12.0; WordPress/6.1; http://site95786953.com"
209.212.222.52 - - [17/Aug/2026:11:13:05 -0400] "POST /xmlrpc.php HTTP/1.1" 200 403 "-" "Jetpack by WordPress.com"
69.39.225.240 - - [17/Aug/2026:11:13:17 -0400] "POST /wp-cron.php?doing_wp_cron=1786979597.1443769931793212890625 HTTP/1.1" 200 20 "-" "WordPress/7.0.4; https://www.biotechprocleaners.com"
209.212.222.52 - - [17/Aug/2026:11:13:15 -0400] "POST /xmlrpc.php HTTP/1.1" 200 403 "-" "Jetpack by WordPress.com"
69.39.225.240 - - [17/Aug/2026:11:13:18 -0400] "GET /about-us/clients/ HTTP/1.1" 200 16384 "-" "WP Rocket/Preload"
69.39.225.240 - - [17/Aug/2026:11:13:19 -0400] "GET /about-us/clients/ HTTP/1.1" 200 16384 "-" "WP Rocket/Preload Mozilla/5.0 (iPhone; CPU iPhone OS 9_1 like Mac OS X) AppleWebKit/601.1.46 (KHTML, like Gecko) Version/9.0 Mobile/13B143 Safari/601.1"
69.39.225.240 - - [17/Aug/2026:11:13:21 -0400] "GET /product/rinsing-aid/ HTTP/1.1" 200 16384 "-" "WP Rocket/Preload"
69.39.225.240 - - [17/Aug/2026:11:13:22 -0400] "GET /product/rinsing-aid/ HTTP/1.1" 200 16384 "-" "WP Rocket/Preload Mozilla/5.0 (iPhone; CPU iPhone OS 9_1 like Mac OS X) AppleWebKit/601.1.46 (KHTML, like Gecko) Version/9.0 Mobile/13B143 Safari/601.1"
69.39.225.240 - - [17/Aug/2026:11:13:24 -0400] "GET /product/enzymatic-food-degreaser-cleaner/ HTTP/1.1" 200 16384 "-" "WP Rocket/Preload"
69.39.225.240 - - [17/Aug/2026:11:13:25 -0400] "GET /product/enzymatic-food-degreaser-cleaner/ HTTP/1.1" 200 16384 "-" "WP Rocket/Preload Mozilla/5.0 (iPhone; CPU iPhone OS 9_1 like Mac OS X) AppleWebKit/601.1.46 (KHTML, like Gecko) Version/9.0 Mobile/13B143 Safari/601.1"
209.212.222.52 - - [17/Aug/2026:11:13:26 -0400] "POST /xmlrpc.php HTTP/1.1" 200 403 "-" "Jetpack/12.5; WordPress/6.3; http://site24192788.com"
69.39.225.240 - - [17/Aug/2026:11:13:27 -0400] "GET /portfolio/sport-recreational-convention/ HTTP/1.1" 200 16384 "-" "WP Rocket/Preload"
69.39.225.240 - - [17/Aug/2026:11:13:28 -0400] "GET /portfolio/sport-recreational-convention/ HTTP/1.1" 200 16384 "-" "WP Rocket/Preload Mozilla/5.0 (iPhone; CPU iPhone OS 9_1 like Mac OS X) AppleWebKit/601.1.46 (KHTML, like Gecko) Version/9.0 Mobile/13B143 Safari/601.1"
69.39.225.240 - - [17/Aug/2026:11:13:30 -0400] "GET /area/tires-marks/ HTTP/1.1" 200 16384 "-" "WP Rocket/Preload"
69.39.225.240 - - [17/Aug/2026:11:13:31 -0400] "GET /area/tires-marks/ HTTP/1.1" 200 16384 "-" "WP Rocket/Preload Mozilla/5.0 (iPhone; CPU iPhone OS 9_1 like Mac OS X) AppleWebKit/601.1.46 (KHTML, like Gecko) Version/9.0 Mobile/13B143 Safari/601.1"
69.39.225.240 - - [17/Aug/2026:11:13:33 -0400] "GET /news/news-grid-three-columns/ HTTP/1.1" 200 16384 "-" "WP Rocket/Preload"
69.39.225.240 - - [17/Aug/2026:11:13:34 -0400] "GET /news/news-grid-three-columns/ HTTP/1.1" 200 16384 "-" "WP Rocket/Preload Mozilla/5.0 (iPhone; CPU iPhone OS 9_1 like Mac OS X) AppleWebKit/601.1.46 (KHTML, like Gecko) Version/9.0 Mobile/13B143 Safari/601.1"
69.39.225.240 - - [17/Aug/2026:11:13:36 -0400] "GET /shop-2/products-five-columns/ HTTP/1.1" 200 16384 "-" "WP Rocket/Preload"
209.212.222.52 - - [17/Aug/2026:11:13:37 -0400] "POST /xmlrpc.php HTTP/1.1" 200 403 "-" "WordPress.com; https://wordpress.com"
69.39.225.240 - - [17/Aug/2026:11:13:37 -0400] "GET /shop-2/products-five-columns/ HTTP/1.1" 200 16384 "-" "WP Rocket/Preload Mozilla/5.0 (iPhone; CPU iPhone OS 9_1 like Mac OS X) AppleWebKit/601.1.46 (KHTML, like Gecko) Version/9.0 Mobile/13B143 Safari/601.1"
69.39.225.240 - - [17/Aug/2026:11:13:49 -0400] "POST /wp-cron.php?doing_wp_cron=1786979629.1115100383758544921875 HTTP/1.1" 200 20 "-" "WordPress/7.0.4; https://www.biotechprocleaners.com"
209.212.222.52 - - [17/Aug/2026:11:13:48 -0400] "POST /xmlrpc.php HTTP/1.1" 200 403 "-" "Jetpack by WordPress.com (Jetpack 12.1; WordPress 6.1)"
209.212.222.52 - - [17/Aug/2026:11:13:58 -0400] "POST /xmlrpc.php HTTP/1.1" 200 403 "-" "Jetpack by WordPress.com"
209.212.222.52 - - [17/Aug/2026:11:14:09 -0400] "POST /xmlrpc.php HTTP/1.1" 200 403 "-" "Jetpack/12.0; WordPress/6.2; http://site58582234.com"
69.39.225.240 - - [17/Aug/2026:11:14:22 -0400] "POST /wp-cron.php?doing_wp_cron=1786979662.5592169761657714843750 HTTP/1.1" 200 20 "-" "WordPress/7.0.4; https://www.biotechprocleaners.com"
209.212.222.52 - - [17/Aug/2026:11:14:21 -0400] "POST /xmlrpc.php HTTP/1.1" 200 403 "-" "Jetpack/12.1; WordPress/6.1; http://site75344220.com"
69.39.225.240 - - [17/Aug/2026:11:14:23 -0400] "GET /portfolio-tiles-four-columns/ HTTP/1.1" 200 41527 "-" "WP Rocket/Preload"
69.39.225.240 - - [17/Aug/2026:11:14:25 -0400] "GET /portfolio-tiles-four-columns/ HTTP/1.1" 200 16384 "-" "WP Rocket/Preload Mozilla/5.0 (iPhone; CPU iPhone OS 9_1 like Mac OS X) AppleWebKit/601.1.46 (KHTML, like Gecko) Version/9.0 Mobile/13B143 Safari/601.1"
69.39.225.240 - - [17/Aug/2026:11:14:26 -0400] "GET /product/stainless-steel-cleaner-reviver/ HTTP/1.1" 200 16384 "-" "WP Rocket/Preload"
69.39.225.240 - - [17/Aug/2026:11:14:28 -0400] "GET /product/stainless-steel-cleaner-reviver/ HTTP/1.1" 200 16384 "-" "WP Rocket/Preload Mozilla/5.0 (iPhone; CPU iPhone OS 9_1 like Mac OS X) AppleWebKit/601.1.46 (KHTML, like Gecko) Version/9.0 Mobile/13B143 Safari/601.1"
69.39.225.240 - - [17/Aug/2026:11:14:29 -0400] "GET /news/latest-posts-three-columns/ HTTP/1.1" 200 16384 "-" "WP Rocket/Preload"
69.39.225.240 - - [17/Aug/2026:11:14:31 -0400] "GET /news/latest-posts-three-columns/ HTTP/1.1" 200 16384 "-" "WP Rocket/Preload Mozilla/5.0 (iPhone; CPU iPhone OS 9_1 like Mac OS X) AppleWebKit/601.1.46 (KHTML, like Gecko) Version/9.0 Mobile/13B143 Safari/601.1"
69.39.225.240 - - [17/Aug/2026:11:14:32 -0400] "GET /footer-02/ HTTP/1.1" 200 16384 "-" "WP Rocket/Preload"
209.212.222.52 - - [17/Aug/2026:11:14:33 -0400] "POST /xmlrpc.php HTTP/1.1" 200 403 "-" "WordPress.com; https://wordpress.com"
69.39.225.240 - - [17/Aug/2026:11:14:34 -0400] "GET /footer-02/ HTTP/1.1" 200 16384 "-" "WP Rocket/Preload Mozilla/5.0 (iPhone; CPU iPhone OS 9_1 like Mac OS X) AppleWebKit/601.1.46 (KHTML, like Gecko) Version/9.0 Mobile/13B143 Safari/601.1"
69.39.225.240 - - [17/Aug/2026:11:14:35 -0400] "GET /formulas/ HTTP/1.1" 200 16384 "-" "WP Rocket/Preload"
69.39.225.240 - - [17/Aug/2026:11:14:37 -0400] "GET /formulas/ HTTP/1.1" 200 16384 "-" "WP Rocket/Preload Mozilla/5.0 (iPhone; CPU iPhone OS 9_1 like Mac OS X) AppleWebKit/601.1.46 (KHTML, like Gecko) Version/9.0 Mobile/13B143 Safari/601.1"
69.39.225.240 - - [17/Aug/2026:11:14:39 -0400] "GET /slider-item/ HTTP/1.1" 200 16384 "-" "WP Rocket/Preload"
69.39.225.240 - - [17/Aug/2026:11:14:40 -0400] "GET /slider-item/ HTTP/1.1" 200 16384 "-" "WP Rocket/Preload Mozilla/5.0 (iPhone; CPU iPhone OS 9_1 like Mac OS X) AppleWebKit/601.1.46 (KHTML, like Gecko) Version/9.0 Mobile/13B143 Safari/601.1"
69.39.225.240 - - [17/Aug/2026:11:14:42 -0400] "GET /services/single-service/ HTTP/1.1" 200 16384 "-" "WP Rocket/Preload"
69.39.225.240 - - [17/Aug/2026:11:14:43 -0400] "GET /services/single-service/ HTTP/1.1" 200 16384 "-" "WP Rocket/Preload Mozilla/5.0 (iPhone; CPU iPhone OS 9_1 like Mac OS X) AppleWebKit/601.1.46 (KHTML, like Gecko) Version/9.0 Mobile/13B143 Safari/601.1"
69.39.225.240 - - [17/Aug/2026:11:15:05 -0400] "POST /wp-cron.php?doing_wp_cron=1786979705.0066559314727783203125 HTTP/1.1" 200 20 "-" "WordPress/7.0.4; https://www.biotechprocleaners.com"
209.212.222.52 - - [17/Aug/2026:11:15:03 -0400] "POST /xmlrpc.php HTTP/1.1" 200 403 "-" "Jetpack by WordPress.com"
69.39.225.240 - - [17/Aug/2026:11:15:14 -0400] "POST /wp-cron.php?doing_wp_cron=1786979714.2661149501800537109375 HTTP/1.1" 200 20 "-" "WordPress/7.0.4; https://www.biotechprocleaners.com"
52.203.152.231 - - [17/Aug/2026:11:15:13 -0400] "GET /about-us/careers/embed/ HTTP/1.1" 200 6582 "-" "Mozilla/5.0 AppleWebKit/537.36 (KHTML, like Gecko; compatible; Amazonbot/0.1; +https://developer.amazon.com/support/amazonbot) Chrome/119.0.6045.214 Safari/537.36"
69.39.225.240 - - [17/Aug/2026:11:15:15 -0400] "GET /about-us/team/ HTTP/1.1" 200 45011 "-" "WP Rocket/Preload"
69.39.225.240 - - [17/Aug/2026:11:15:16 -0400] "GET /about-us/team/ HTTP/1.1" 200 16384 "-" "WP Rocket/Preload Mozilla/5.0 (iPhone; CPU iPhone OS 9_1 like Mac OS X) AppleWebKit/601.1.46 (KHTML, like Gecko) Version/9.0 Mobile/13B143 Safari/601.1"
69.39.225.240 - - [17/Aug/2026:11:15:17 -0400] "GET /portfolio/government-public-sector/ HTTP/1.1" 200 16384 "-" "WP Rocket/Preload"
69.39.225.240 - - [17/Aug/2026:11:15:19 -0400] "GET /portfolio/government-public-sector/ HTTP/1.1" 200 16384 "-" "WP Rocket/Preload Mozilla/5.0 (iPhone; CPU iPhone OS 9_1 like Mac OS X) AppleWebKit/601.1.46 (KHTML, like Gecko) Version/9.0 Mobile/13B143 Safari/601.1"
69.39.225.240 - - [17/Aug/2026:11:15:20 -0400] "GET /product/trash-bin-cleaner/ HTTP/1.1" 200 16384 "-" "WP Rocket/Preload"
69.39.225.240 - - [17/Aug/2026:11:15:22 -0400] "GET /product/trash-bin-cleaner/ HTTP/1.1" 200 16384 "-" "WP Rocket/Preload Mozilla/5.0 (iPhone; CPU iPhone OS 9_1 like Mac OS X) AppleWebKit/601.1.46 (KHTML, like Gecko) Version/9.0 Mobile/13B143 Safari/601.1"
69.39.225.240 - - [17/Aug/2026:11:15:23 -0400] "GET /area/water/ HTTP/1.1" 200 16384 "-" "WP Rocket/Preload"
209.212.222.52 - - [17/Aug/2026:11:15:25 -0400] "POST /xmlrpc.php HTTP/1.1" 200 403 "-" "Jetpack/12.1; WordPress/6.3; http://site64438610.com"
69.39.225.240 - - [17/Aug/2026:11:15:25 -0400] "GET /area/water/ HTTP/1.1" 200 16384 "-" "WP Rocket/Preload Mozilla/5.0 (iPhone; CPU iPhone OS 9_1 like Mac OS X) AppleWebKit/601.1.46 (KHTML, like Gecko) Version/9.0 Mobile/13B143 Safari/601.1"
69.39.225.240 - - [17/Aug/2026:11:15:26 -0400] "GET /portfolio-grid-six-columns/ HTTP/1.1" 200 41630 "-" "WP Rocket/Preload"
69.39.225.240 - - [17/Aug/2026:11:15:28 -0400] "GET /portfolio-grid-six-columns/ HTTP/1.1" 200 16384 "-" "WP Rocket/Preload Mozilla/5.0 (iPhone; CPU iPhone OS 9_1 like Mac OS X) AppleWebKit/601.1.46 (KHTML, like Gecko) Version/9.0 Mobile/13B143 Safari/601.1"
69.39.225.240 - - [17/Aug/2026:11:15:30 -0400] "GET /area/dirt/ HTTP/1.1" 200 16384 "-" "WP Rocket/Preload"
69.39.225.240 - - [17/Aug/2026:11:15:31 -0400] "GET /area/dirt/ HTTP/1.1" 200 16384 "-" "WP Rocket/Preload Mozilla/5.0 (iPhone; CPU iPhone OS 9_1 like Mac OS X) AppleWebKit/601.1.46 (KHTML, like Gecko) Version/9.0 Mobile/13B143 Safari/601.1"
69.39.225.240 - - [17/Aug/2026:11:15:33 -0400] "GET /product/cleaner-degreaser-high-performance/ HTTP/1.1" 200 16384 "-" "WP Rocket/Preload"
69.39.225.240 - - [17/Aug/2026:11:15:34 -0400] "GET /product/cleaner-degreaser-high-performance/ HTTP/1.1" 200 16384 "-" "WP Rocket/Preload Mozilla/5.0 (iPhone; CPU iPhone OS 9_1 like Mac OS X) AppleWebKit/601.1.46 (KHTML, like Gecko) Version/9.0 Mobile/13B143 Safari/601.1"
209.212.222.52 - - [17/Aug/2026:11:15:39 -0400] "POST /xmlrpc.php HTTP/1.1" 200 403 "-" "Jetpack by WordPress.com"
69.39.225.240 - - [17/Aug/2026:11:15:57 -0400] "POST /wp-cron.php?doing_wp_cron=1786979757.1276919841766357421875 HTTP/1.1" 200 20 "-" "WordPress/7.0.4; https://www.biotechprocleaners.com"
209.212.222.52 - - [17/Aug/2026:11:15:56 -0400] "POST /xmlrpc.php HTTP/1.1" 200 403 "-" "Jetpack by WordPress.com"
69.39.225.240 - - [17/Aug/2026:11:16:18 -0400] "POST /wp-cron.php?doing_wp_cron=1786979778.8019149303436279296875 HTTP/1.1" 200 20 "-" "WordPress/7.0.4; https://www.biotechprocleaners.com"
209.212.222.52 - - [17/Aug/2026:11:16:17 -0400] "POST /xmlrpc.php HTTP/1.1" 200 403 "-" "WordPress.com; https://wordpress.com"
69.39.225.240 - - [17/Aug/2026:11:16:20 -0400] "GET /slider-item/retail-industry/ HTTP/1.1" 200 16384 "-" "WP Rocket/Preload"
69.39.225.240 - - [17/Aug/2026:11:16:21 -0400] "GET /slider-item/retail-industry/ HTTP/1.1" 200 16384 "-" "WP Rocket/Preload Mozilla/5.0 (iPhone; CPU iPhone OS 9_1 like Mac OS X) AppleWebKit/601.1.46 (KHTML, like Gecko) Version/9.0 Mobile/13B143 Safari/601.1"
69.39.225.240 - - [17/Aug/2026:11:16:22 -0400] "GET /area/dirt-traces-and-soilure/ HTTP/1.1" 200 16384 "-" "WP Rocket/Preload"
69.39.225.240 - - [17/Aug/2026:11:16:24 -0400] "GET /area/dirt-traces-and-soilure/ HTTP/1.1" 200 16384 "-" "WP Rocket/Preload Mozilla/5.0 (iPhone; CPU iPhone OS 9_1 like Mac OS X) AppleWebKit/601.1.46 (KHTML, like Gecko) Version/9.0 Mobile/13B143 Safari/601.1"
69.39.225.240 - - [17/Aug/2026:11:16:26 -0400] "GET /shop-2/ HTTP/1.1" 200 16384 "-" "WP Rocket/Preload"
69.39.225.240 - - [17/Aug/2026:11:16:27 -0400] "GET /shop-2/ HTTP/1.1" 200 16384 "-" "WP Rocket/Preload Mozilla/5.0 (iPhone; CPU iPhone OS 9_1 like Mac OS X) AppleWebKit/601.1.46 (KHTML, like Gecko) Version/9.0 Mobile/13B143 Safari/601.1"
69.39.225.240 - - [17/Aug/2026:11:16:29 -0400] "GET /portfolio/offices-corporate-buildings/ HTTP/1.1" 200 16384 "-" "WP Rocket/Preload"
69.39.225.240 - - [17/Aug/2026:11:16:30 -0400] "GET /portfolio/offices-corporate-buildings/ HTTP/1.1" 200 16384 "-" "WP Rocket/Preload Mozilla/5.0 (iPhone; CPU iPhone OS 9_1 like Mac OS X) AppleWebKit/601.1.46 (KHTML, like Gecko) Version/9.0 Mobile/13B143 Safari/601.1"
69.39.225.240 - - [17/Aug/2026:11:16:32 -0400] "GET /performance-sustainable-cleaners/ HTTP/1.1" 200 45174 "-" "WP Rocket/Preload"
69.39.225.240 - - [17/Aug/2026:11:16:33 -0400] "GET /performance-sustainable-cleaners/ HTTP/1.1" 200 16384 "-" "WP Rocket/Preload Mozilla/5.0 (iPhone; CPU iPhone OS 9_1 like Mac OS X) AppleWebKit/601.1.46 (KHTML, like Gecko) Version/9.0 Mobile/13B143 Safari/601.1"
69.39.225.240 - - [17/Aug/2026:11:16:35 -0400] "GET /contact/ HTTP/1.1" 200 16384 "-" "WP Rocket/Preload"
69.39.225.240 - - [17/Aug/2026:11:16:36 -0400] "GET /contact/ HTTP/1.1" 200 16384 "-" "WP Rocket/Preload Mozilla/5.0 (iPhone; CPU iPhone OS 9_1 like Mac OS X) AppleWebKit/601.1.46 (KHTML, like Gecko) Version/9.0 Mobile/13B143 Safari/601.1"
69.39.225.240 - - [17/Aug/2026:11:16:38 -0400] "GET /product/industrial-degreaser-solvent/ HTTP/1.1" 200 16384 "-" "WP Rocket/Preload"
