52.205.141.124 - - [16/Aug/2026:11:37:08 -0400] "GET /surface/inox/?surfaces=plastic-furniture HTTP/1.1" 200 32379 "-" "Mozilla/5.0 AppleWebKit/537.36 (KHTML, like Gecko; compatible; Amazonbot/0.1; +https://developer.amazon.com/support/amazonbot) Chrome/119.0.6045.214 Safari/537.36"
69.39.225.240 - - [16/Aug/2026:11:37:25 -0400] "POST /wp-cron.php?doing_wp_cron=1786894645.4158220291137695312500 HTTP/1.1" 200 20 "-" "WordPress/7.0.4; https://www.biotechprocleaners.com"
54.90.8.255 - - [16/Aug/2026:11:37:24 -0400] "GET /surface/scuff-marks/?surfaces=scuff-marks HTTP/1.1" 200 47301 "-" "Mozilla/5.0 AppleWebKit/537.36 (KHTML, like Gecko; compatible; Amazonbot/0.1; +https://developer.amazon.com/support/amazonbot) Chrome/119.0.6045.214 Safari/537.36"
35.171.117.160 - - [16/Aug/2026:11:37:32 -0400] "GET /surface/scuff-marks/?surfaces=worktops HTTP/1.1" 200 32386 "-" "Mozilla/5.0 AppleWebKit/537.36 (KHTML, like Gecko; compatible; Amazonbot/0.1; +https://developer.amazon.com/support/amazonbot) Chrome/119.0.6045.214 Safari/537.36"
114.119.132.228 - - [16/Aug/2026:11:37:40 -0400] "GET /surface/motors/ HTTP/1.1" 200 47659 "https://www.biotechprocleaners.com/surface/motors" "Mozilla/5.0 (Linux; Android 7.0;) AppleWebKit/537.36 (HTML, like Gecko) Mobile Safari/537.36 (compatible; PetalBot;+https://webmaster.petalsearch.com/site/petalbot)"
69.39.225.240 - - [16/Aug/2026:11:37:41 -0400] "POST /wp-cron.php?doing_wp_cron=1786894661.4204869270324707031250 HTTP/1.1" 200 20 "-" "WordPress/7.0.4; https://www.biotechprocleaners.com"
34.231.181.240 - - [16/Aug/2026:11:37:40 -0400] "GET /surface/scuff-marks/?surfaces=panels HTTP/1.1" 200 32387 "-" "Mozilla/5.0 AppleWebKit/537.36 (KHTML, like Gecko; compatible; Amazonbot/0.1; +https://developer.amazon.com/support/amazonbot) Chrome/119.0.6045.214 Safari/537.36"
69.39.225.240 - - [16/Aug/2026:11:37:50 -0400] "POST /wp-cron.php?doing_wp_cron=1786894670.0863249301910400390625 HTTP/1.1" 200 20 "-" "WordPress/7.0.4; https://www.biotechprocleaners.com"
3.224.215.150 - - [16/Aug/2026:11:37:48 -0400] "GET /surface/scuff-marks/?surfaces=ceramic HTTP/1.1" 200 32387 "-" "Mozilla/5.0 AppleWebKit/537.36 (KHTML, like Gecko; compatible; Amazonbot/0.1; +https://developer.amazon.com/support/amazonbot) Chrome/119.0.6045.214 Safari/537.36"
98.83.177.42 - - [16/Aug/2026:11:37:52 -0400] "GET /surface/scuff-marks/?surfaces=marbles HTTP/1.1" 200 32387 "-" "Mozilla/5.0 AppleWebKit/537.36 (KHTML, like Gecko; compatible; Amazonbot/0.1; +https://developer.amazon.com/support/amazonbot) Chrome/119.0.6045.214 Safari/537.36"
100.28.204.82 - - [16/Aug/2026:11:37:56 -0400] "GET /surface/scuff-marks/?surfaces=kitchen-tables HTTP/1.1" 200 32397 "-" "Mozilla/5.0 AppleWebKit/537.36 (KHTML, like Gecko; compatible; Amazonbot/0.1; +https://developer.amazon.com/support/amazonbot) Chrome/119.0.6045.214 Safari/537.36"
35.169.119.108 - - [16/Aug/2026:11:38:00 -0400] "GET /surface/tiles/?areas=all-fabrics HTTP/1.1" 200 32374 "-" "Mozilla/5.0 AppleWebKit/537.36 (KHTML, like Gecko; compatible; Amazonbot/0.1; +https://developer.amazon.com/support/amazonbot) Chrome/119.0.6045.214 Safari/537.36"
107.20.86.101 - - [16/Aug/2026:11:38:01 -0400] "GET /shop/?surfaces=chrome-and-enamel HTTP/1.1" 200 46970 "-" "Mozilla/5.0 (Macintosh; Intel Mac OS X 10_15_7) AppleWebKit/605.1.15 (KHTML, like Gecko) Chrome/139.0.0.0 Safari/605.1.15"
107.20.181.148 - - [16/Aug/2026:11:38:08 -0400] "GET /surface/scuff-marks/?areas=heavily-soiled-floors-in-garages HTTP/1.1" 200 32419 "-" "Mozilla/5.0 AppleWebKit/537.36 (KHTML, like Gecko; compatible; Amazonbot/0.1; +https://developer.amazon.com/support/amazonbot) Chrome/119.0.6045.214 Safari/537.36"
114.119.154.229 - - [16/Aug/2026:11:39:03 -0400] "GET /services/solutions/ HTTP/1.1" 200 44548 "https://www.biotechprocleaners.com/services/solutions" "Mozilla/5.0 (Linux; Android 7.0;) AppleWebKit/537.36 (HTML, like Gecko) Mobile Safari/537.36 (compatible; PetalBot;+https://webmaster.petalsearch.com/site/petalbot)"
69.39.225.240 - - [16/Aug/2026:11:39:25 -0400] "POST /wp-cron.php?doing_wp_cron=1786894765.4463179111480712890625 HTTP/1.1" 200 20 "-" "WordPress/7.0.4; https://www.biotechprocleaners.com"
54.225.81.20 - - [16/Aug/2026:11:39:24 -0400] "GET /surface/tiles/?areas=vinyl-flooring HTTP/1.1" 200 32377 "-" "Mozilla/5.0 AppleWebKit/537.36 (KHTML, like Gecko; compatible; Amazonbot/0.1; +https://developer.amazon.com/support/amazonbot) Chrome/119.0.6045.214 Safari/537.36"
69.39.225.240 - - [16/Aug/2026:11:39:41 -0400] "POST /wp-cron.php?doing_wp_cron=1786894781.8687078952789306640625 HTTP/1.1" 200 20 "-" "WordPress/7.0.4; https://www.biotechprocleaners.com"
18.232.11.247 - - [16/Aug/2026:11:39:40 -0400] "GET /surface/tiles/?areas=mineral-deposits HTTP/1.1" 200 32376 "-" "Mozilla/5.0 AppleWebKit/537.36 (KHTML, like Gecko; compatible; Amazonbot/0.1; +https://developer.amazon.com/support/amazonbot) Chrome/119.0.6045.214 Safari/537.36"
34.236.185.101 - - [16/Aug/2026:11:39:48 -0400] "GET /surface/tiles/?amp&surfaces=work-bench HTTP/1.1" 200 32378 "-" "Mozilla/5.0 AppleWebKit/537.36 (KHTML, like Gecko; compatible; Amazonbot/0.1; +https://developer.amazon.com/support/amazonbot) Chrome/119.0.6045.214 Safari/537.36"
69.39.225.240 - - [16/Aug/2026:11:40:17 -0400] "POST /wp-cron.php?doing_wp_cron=1786894817.5620141029357910156250 HTTP/1.1" 200 20 "-" "WordPress/7.0.4; https://www.biotechprocleaners.com"
34.231.156.59 - - [16/Aug/2026:11:40:16 -0400] "GET /surface/counters/?areas=area2 HTTP/1.1" 200 32366 "-" "Mozilla/5.0 AppleWebKit/537.36 (KHTML, like Gecko; compatible; Amazonbot/0.1; +https://developer.amazon.com/support/amazonbot) Chrome/119.0.6045.214 Safari/537.36"
114.119.148.27 - - [16/Aug/2026:11:40:27 -0400] "GET /product/power-industrial-degreaser HTTP/1.1" 200 20 "https://www.biotechprocleaners.com/product-category/manufacturing-industries" "Mozilla/5.0 (Linux; Android 7.0;) AppleWebKit/537.36 (HTML, like Gecko) Mobile Safari/537.36 (compatible; PetalBot;+https://webmaster.petalsearch.com/site/petalbot)"
114.119.148.27 - - [16/Aug/2026:11:40:29 -0400] "GET /product/power-industrial-degreaser/ HTTP/1.1" 200 50134 "https://www.biotechprocleaners.com/product-category/manufacturing-industries" "Mozilla/5.0 (Linux; Android 7.0;) AppleWebKit/537.36 (HTML, like Gecko) Mobile Safari/537.36 (compatible; PetalBot;+https://webmaster.petalsearch.com/site/petalbot)"
34.226.89.140 - - [16/Aug/2026:11:40:36 -0400] "GET /surface/counters/?areas=toilet-bowl-rings HTTP/1.1" 200 32387 "-" "Mozilla/5.0 AppleWebKit/537.36 (KHTML, like Gecko; compatible; Amazonbot/0.1; +https://developer.amazon.com/support/amazonbot) Chrome/119.0.6045.214 Safari/537.36"
69.39.225.240 - - [16/Aug/2026:11:40:45 -0400] "POST /wp-cron.php?doing_wp_cron=1786894845.8129379749298095703125 HTTP/1.1" 200 20 "-" "WordPress/7.0.4; https://www.biotechprocleaners.com"
98.82.39.241 - - [16/Aug/2026:11:40:44 -0400] "GET /surface/counters/?areas=mud HTTP/1.1" 200 32365 "-" "Mozilla/5.0 AppleWebKit/537.36 (KHTML, like Gecko; compatible; Amazonbot/0.1; +https://developer.amazon.com/support/amazonbot) Chrome/119.0.6045.214 Safari/537.36"
54.80.73.122 - - [16/Aug/2026:11:40:56 -0400] "GET /surface/counters/?areas=dirt-traces-and-soilure HTTP/1.1" 200 32390 "-" "Mozilla/5.0 AppleWebKit/537.36 (KHTML, like Gecko; compatible; Amazonbot/0.1; +https://developer.amazon.com/support/amazonbot) Chrome/119.0.6045.214 Safari/537.36"
69.39.225.240 - - [16/Aug/2026:11:41:51 -0400] "POST /wp-cron.php?doing_wp_cron=1786894911.5547618865966796875000 HTTP/1.1" 200 20 "-" "WordPress/7.0.4; https://www.biotechprocleaners.com"
114.119.129.198 - - [16/Aug/2026:11:41:50 -0400] "GET /sample-page HTTP/1.1" 200 20 "https://www.biotechprocleaners.com/sample-page" "Mozilla/5.0 (Linux; Android 7.0;) AppleWebKit/537.36 (HTML, like Gecko) Mobile Safari/537.36 (compatible; PetalBot;+https://webmaster.petalsearch.com/site/petalbot)"
114.119.129.198 - - [16/Aug/2026:11:41:52 -0400] "GET /sample-page/ HTTP/1.1" 200 41204 "https://www.biotechprocleaners.com/sample-page" "Mozilla/5.0 (Linux; Android 7.0;) AppleWebKit/537.36 (HTML, like Gecko) Mobile Safari/537.36 (compatible; PetalBot;+https://webmaster.petalsearch.com/site/petalbot)"
69.39.225.240 - - [16/Aug/2026:11:42:25 -0400] "POST /wp-cron.php?doing_wp_cron=1786894945.4452769756317138671875 HTTP/1.1" 200 20 "-" "WordPress/7.0.4; https://www.biotechprocleaners.com"
13.217.68.194 - - [16/Aug/2026:11:42:24 -0400] "GET /surface/work-tables/?surfaces=metals HTTP/1.1" 200 47384 "-" "Mozilla/5.0 (Macintosh; Intel Mac OS X 10_15_7) AppleWebKit/605.1.15 (KHTML, like Gecko) Chrome/139.0.0.0 Safari/605.1.15"
69.39.225.240 - - [16/Aug/2026:11:43:14 -0400] "POST /wp-cron.php?doing_wp_cron=1786894994.4293150901794433593750 HTTP/1.1" 200 20 "-" "WordPress/7.0.4; https://www.biotechprocleaners.com"
114.119.148.27 - - [16/Aug/2026:11:43:13 -0400] "GET /surface/glasses HTTP/1.1" 200 20 "https://www.biotechprocleaners.com/surface/glasses" "Mozilla/5.0 (Linux; Android 7.0;) AppleWebKit/537.36 (HTML, like Gecko) Mobile Safari/537.36 (compatible; PetalBot;+https://webmaster.petalsearch.com/site/petalbot)"
114.119.148.27 - - [16/Aug/2026:11:43:15 -0400] "GET /surface/glasses/ HTTP/1.1" 200 48199 "https://www.biotechprocleaners.com/surface/glasses" "Mozilla/5.0 (Linux; Android 7.0;) AppleWebKit/537.36 (HTML, like Gecko) Mobile Safari/537.36 (compatible; PetalBot;+https://webmaster.petalsearch.com/site/petalbot)"
114.119.137.80 - - [16/Aug/2026:11:44:37 -0400] "GET /product-category/logistics-and-transportations/ HTTP/1.1" 200 47992 "https://www.biotechprocleaners.com/product/cleaner-degreaser-high-performance/" "Mozilla/5.0 (Linux; Android 7.0;) AppleWebKit/537.36 (HTML, like Gecko) Mobile Safari/537.36 (compatible; PetalBot;+https://webmaster.petalsearch.com/site/petalbot)"
69.39.225.240 - - [16/Aug/2026:11:46:01 -0400] "POST /wp-cron.php?doing_wp_cron=1786895161.1996979713439941406250 HTTP/1.1" 200 20 "-" "WordPress/7.0.4; https://www.biotechprocleaners.com"
114.119.154.229 - - [16/Aug/2026:11:46:00 -0400] "GET /portfolio-sitemap.xml HTTP/1.1" 200 795 "https://www.biotechprocleaners.com/portfolio-sitemap.xml" "Mozilla/5.0 (Linux; Android 7.0;) AppleWebKit/537.36 (HTML, like Gecko) Mobile Safari/537.36 (compatible; PetalBot;+https://webmaster.petalsearch.com/site/petalbot)"
52.5.232.250 - - [16/Aug/2026:11:46:08 -0400] "GET /product-category/food/?areas=deposits HTTP/1.1" 200 40726 "-" "Mozilla/5.0 AppleWebKit/537.36 (KHTML, like Gecko; compatible; Amazonbot/0.1; +https://developer.amazon.com/support/amazonbot) Chrome/119.0.6045.214 Safari/537.36"
69.39.225.240 - - [16/Aug/2026:11:46:13 -0400] "POST /wp-cron.php?doing_wp_cron=1786895173.5094220638275146484375 HTTP/1.1" 200 20 "-" "WordPress/7.0.4; https://www.biotechprocleaners.com"
3.81.253.213 - - [16/Aug/2026:11:46:12 -0400] "GET /product-category/recreational-convention-centers/?amp&surfaces=industrual-equipments HTTP/1.1" 200 40743 "-" "Mozilla/5.0 AppleWebKit/537.36 (KHTML, like Gecko; compatible; Amazonbot/0.1; +https://developer.amazon.com/support/amazonbot) Chrome/119.0.6045.214 Safari/537.36"
100.29.107.38 - - [16/Aug/2026:11:46:24 -0400] "GET /product-category/food/?surfaces=painted-surfaces HTTP/1.1" 200 40733 "-" "Mozilla/5.0 AppleWebKit/537.36 (KHTML, like Gecko; compatible; Amazonbot/0.1; +https://developer.amazon.com/support/amazonbot) Chrome/119.0.6045.214 Safari/537.36"
69.39.225.240 - - [16/Aug/2026:11:47:25 -0400] "POST /wp-cron.php?doing_wp_cron=1786895245.7684040069580078125000 HTTP/1.1" 200 20 "-" "WordPress/7.0.4; https://www.biotechprocleaners.com"
114.119.132.163 - - [16/Aug/2026:11:47:24 -0400] "GET /my-account/lost-password/ HTTP/1.1" 200 40554 "https://www.biotechprocleaners.com/my-account/lost-password" "Mozilla/5.0 (Linux; Android 7.0;) AppleWebKit/537.36 (HTML, like Gecko) Mobile Safari/537.36 (compatible; PetalBot;+https://webmaster.petalsearch.com/site/petalbot)"
69.39.225.240 - - [16/Aug/2026:11:48:09 -0400] "POST /wp-cron.php?doing_wp_cron=1786895289.7081038951873779296875 HTTP/1.1" 200 20 "-" "WordPress/7.0.4; https://www.biotechprocleaners.com"
34.231.77.232 - - [16/Aug/2026:11:48:08 -0400] "GET /product-category/food/?surfaces=truck-body HTTP/1.1" 200 40731 "-" "Mozilla/5.0 AppleWebKit/537.36 (KHTML, like Gecko; compatible; Amazonbot/0.1; +https://developer.amazon.com/support/amazonbot) Chrome/119.0.6045.214 Safari/537.36"
69.39.225.240 - - [16/Aug/2026:11:48:33 -0400] "POST /wp-cron.php?doing_wp_cron=1786895313.7118248939514160156250 HTTP/1.1" 200 20 "-" "WordPress/7.0.4; https://www.biotechprocleaners.com"
100.28.118.16 - - [16/Aug/2026:11:48:32 -0400] "GET /product-category/logistics-and-transportations/?amp&surfaces=counter-tops HTTP/1.1" 200 46944 "-" "Mozilla/5.0 AppleWebKit/537.36 (KHTML, like Gecko; compatible; Amazonbot/0.1; +https://developer.amazon.com/support/amazonbot) Chrome/119.0.6045.214 Safari/537.36"
69.39.225.240 - - [16/Aug/2026:11:48:49 -0400] "POST /wp-cron.php?doing_wp_cron=1786895329.5740869045257568359375 HTTP/1.1" 200 20 "-" "WordPress/7.0.4; https://www.biotechprocleaners.com"
114.119.132.228 - - [16/Aug/2026:11:48:48 -0400] "GET /category/uncategorized HTTP/1.1" 200 20 "https://www.biotechprocleaners.com/category/uncategorized" "Mozilla/5.0 (Linux; Android 7.0;) AppleWebKit/537.36 (HTML, like Gecko) Mobile Safari/537.36 (compatible; PetalBot;+https://webmaster.petalsearch.com/site/petalbot)"
114.119.132.228 - - [16/Aug/2026:11:48:50 -0400] "GET /category/uncategorized/ HTTP/1.1" 200 42327 "https://www.biotechprocleaners.com/category/uncategorized" "Mozilla/5.0 (Linux; Android 7.0;) AppleWebKit/537.36 (HTML, like Gecko) Mobile Safari/537.36 (compatible; PetalBot;+https://webmaster.petalsearch.com/site/petalbot)"
69.39.225.240 - - [16/Aug/2026:11:50:12 -0400] "POST /wp-cron.php?doing_wp_cron=1786895412.0730440616607666015625 HTTP/1.1" 200 20 "-" "WordPress/7.0.4; https://www.biotechprocleaners.com"
114.119.132.163 - - [16/Aug/2026:11:50:11 -0400] "GET /area/tires-marks HTTP/1.1" 200 20 "https://www.biotechprocleaners.com/area/tires-marks" "Mozilla/5.0 (Linux; Android 7.0;) AppleWebKit/537.36 (HTML, like Gecko) Mobile Safari/537.36 (compatible; PetalBot;+https://webmaster.petalsearch.com/site/petalbot)"
114.119.132.163 - - [16/Aug/2026:11:50:13 -0400] "GET /area/tires-marks/ HTTP/1.1" 200 47577 "https://www.biotechprocleaners.com/area/tires-marks" "Mozilla/5.0 (Linux; Android 7.0;) AppleWebKit/537.36 (HTML, like Gecko) Mobile Safari/537.36 (compatible; PetalBot;+https://webmaster.petalsearch.com/site/petalbot)"
69.39.225.240 - - [16/Aug/2026:11:51:35 -0400] "POST /wp-cron.php?doing_wp_cron=1786895495.2923200130462646484375 HTTP/1.1" 200 20 "-" "WordPress/7.0.4; https://www.biotechprocleaners.com"
114.119.132.163 - - [16/Aug/2026:11:51:34 -0400] "GET /area/soot HTTP/1.1" 200 20 "https://www.biotechprocleaners.com/area/soot" "Mozilla/5.0 (Linux; Android 7.0;) AppleWebKit/537.36 (HTML, like Gecko) Mobile Safari/537.36 (compatible; PetalBot;+https://webmaster.petalsearch.com/site/petalbot)"
114.119.132.163 - - [16/Aug/2026:11:51:36 -0400] "GET /area/soot/ HTTP/1.1" 200 32200 "https://www.biotechprocleaners.com/area/soot" "Mozilla/5.0 (Linux; Android 7.0;) AppleWebKit/537.36 (HTML, like Gecko) Mobile Safari/537.36 (compatible; PetalBot;+https://webmaster.petalsearch.com/site/petalbot)"
69.39.225.240 - - [16/Aug/2026:11:52:59 -0400] "POST /wp-cron.php?doing_wp_cron=1786895579.3390300273895263671875 HTTP/1.1" 200 20 "-" "WordPress/7.0.4; https://www.biotechprocleaners.com"
114.119.148.27 - - [16/Aug/2026:11:52:58 -0400] "GET /area/deposits HTTP/1.1" 200 20 "https://www.biotechprocleaners.com/area/deposits" "Mozilla/5.0 (Linux; Android 7.0;) AppleWebKit/537.36 (HTML, like Gecko) Mobile Safari/537.36 (compatible; PetalBot;+https://webmaster.petalsearch.com/site/petalbot)"
114.119.148.27 - - [16/Aug/2026:11:53:00 -0400] "GET /area/deposits/ HTTP/1.1" 200 32207 "https://www.biotechprocleaners.com/area/deposits" "Mozilla/5.0 (Linux; Android 7.0;) AppleWebKit/537.36 (HTML, like Gecko) Mobile Safari/537.36 (compatible; PetalBot;+https://webmaster.petalsearch.com/site/petalbot)"
69.39.225.240 - - [16/Aug/2026:11:56:06 -0400] "POST /wp-cron.php?doing_wp_cron=1786895766.2722051143646240234375 HTTP/1.1" 200 20 "-" "WordPress/7.0.4; https://www.biotechprocleaners.com"
52.45.9.143 - - [16/Aug/2026:11:56:04 -0400] "GET / HTTP/1.1" 200 20 "-" "Mozilla/5.0 (Macintosh; Intel Mac OS X 10_15_7) AppleWebKit/537.36 (KHTML, like Gecko) Chrome/124.0.0.0 Safari/537.36"
52.45.9.143 - - [16/Aug/2026:11:56:06 -0400] "GET / HTTP/1.1" 200 49545 "-" "Mozilla/5.0 (Macintosh; Intel Mac OS X 10_15_7) AppleWebKit/537.36 (KHTML, like Gecko) Chrome/124.0.0.0 Safari/537.36"
69.39.225.240 - - [16/Aug/2026:11:58:54 -0400] "POST /wp-cron.php?doing_wp_cron=1786895934.5351591110229492187500 HTTP/1.1" 200 20 "-" "WordPress/7.0.4; https://www.biotechprocleaners.com"
15.235.27.174 - - [16/Aug/2026:11:58:53 -0400] "GET /sitemap_index.xml HTTP/1.1" 200 469 "-" "Mozilla/5.0 (compatible; AhrefsBot/7.0; +http://ahrefs.com/robot/)"
142.44.225.98 - - [16/Aug/2026:11:58:55 -0400] "GET /post-sitemap.xml HTTP/1.1" 200 883 "-" "Mozilla/5.0 (compatible; AhrefsBot/7.0; +http://ahrefs.com/robot/)"
54.39.6.134 - - [16/Aug/2026:11:58:58 -0400] "GET /page-sitemap.xml HTTP/1.1" 200 1498 "-" "Mozilla/5.0 (compatible; AhrefsBot/7.0; +http://ahrefs.com/robot/)"
54.39.89.250 - - [16/Aug/2026:11:59:00 -0400] "GET /product-sitemap.xml HTTP/1.1" 200 1013 "-" "Mozilla/5.0 (compatible; AhrefsBot/7.0; +http://ahrefs.com/robot/)"
54.39.136.171 - - [16/Aug/2026:11:59:02 -0400] "GET /portfolio-sitemap.xml HTTP/1.1" 200 795 "-" "Mozilla/5.0 (compatible; AhrefsBot/7.0; +http://ahrefs.com/robot/)"
51.161.37.95 - - [16/Aug/2026:11:59:04 -0400] "GET /slider-item-sitemap.xml HTTP/1.1" 200 710 "-" "Mozilla/5.0 (compatible; AhrefsBot/7.0; +http://ahrefs.com/robot/)"
142.44.220.64 - - [16/Aug/2026:11:59:06 -0400] "GET /category-sitemap.xml HTTP/1.1" 200 463 "-" "Mozilla/5.0 (compatible; AhrefsBot/7.0; +http://ahrefs.com/robot/)"
142.44.233.128 - - [16/Aug/2026:11:59:09 -0400] "GET /post_tag-sitemap.xml HTTP/1.1" 200 483 "-" "Mozilla/5.0 (compatible; AhrefsBot/7.0; +http://ahrefs.com/robot/)"
54.39.0.193 - - [16/Aug/2026:11:59:11 -0400] "GET /product_cat-sitemap.xml HTTP/1.1" 200 537 "-" "Mozilla/5.0 (compatible; AhrefsBot/7.0; +http://ahrefs.com/robot/)"
69.39.225.240 - - [16/Aug/2026:11:59:14 -0400] "POST /wp-cron.php?doing_wp_cron=1786895954.5054800510406494140625 HTTP/1.1" 200 20 "-" "WordPress/7.0.4; https://www.biotechprocleaners.com"
142.44.233.123 - - [16/Aug/2026:11:59:13 -0400] "GET /surface-sitemap.xml HTTP/1.1" 200 1217 "-" "Mozilla/5.0 (compatible; AhrefsBot/7.0; +http://ahrefs.com/robot/)"
148.113.130.43 - - [16/Aug/2026:11:59:15 -0400] "GET /area-sitemap.xml HTTP/1.1" 200 1089 "-" "Mozilla/5.0 (compatible; AhrefsBot/7.0; +http://ahrefs.com/robot/)"
142.44.220.20 - - [16/Aug/2026:11:59:18 -0400] "GET /removal-sitemap.xml HTTP/1.1" 200 379 "-" "Mozilla/5.0 (compatible; AhrefsBot/7.0; +http://ahrefs.com/robot/)"
69.39.225.240 - - [16/Aug/2026:11:59:21 -0400] "POST /wp-cron.php?doing_wp_cron=1786895961.3861329555511474609375 HTTP/1.1" 200 20 "-" "WordPress/7.0.4; https://www.biotechprocleaners.com"
51.161.37.168 - - [16/Aug/2026:11:59:20 -0400] "GET /author-sitemap.xml HTTP/1.1" 200 377 "-" "Mozilla/5.0 (compatible; AhrefsBot/7.0; +http://ahrefs.com/robot/)"
148.222.185.49 - - [16/Aug/2026:12:11:07 -0400] "GET / HTTP/1.0" 200 475154 "https://www.biotechprocleaners.com/" "Mozilla/5.0 (Windows NT 10.0; Win64; x64) AppleWebKit/537.36 (KHTML, like Gecko) Chrome/129.0.0.0 Safari/537.36"
69.39.225.240 - - [16/Aug/2026:12:11:16 -0400] "POST /wp-cron.php?doing_wp_cron=1786896676.0228049755096435546875 HTTP/1.1" 200 20 "-" "WordPress/7.0.4; https://www.biotechprocleaners.com"
148.222.185.49 - - [16/Aug/2026:12:11:11 -0400] "POST / HTTP/1.0" 200 470210 "https://www.biotechprocleaners.com/" "Mozilla/5.0 (Windows NT 10.0; Win64; x64) AppleWebKit/537.36 (KHTML, like Gecko) Chrome/129.0.0.0 Safari/537.36"
198.235.24.164 - - [16/Aug/2026:12:16:28 -0400] "GET / HTTP/1.1" 200 475154 "http://www.biotechprocleaners.com/" "Hello from Palo Alto Networks, find out more about our scans in https://docs-cortex.paloaltonetworks.com/r/1/Cortex-Xpanse/Scanning-activity"
163.7.16.188 - - [16/Aug/2026:12:19:32 -0400] "GET / HTTP/1.1" 200 49545 "http://www.biotechprocleaners.com" "Mozilla/5.0 (Windows NT 10.0; Win64; x64) AppleWebKit/537.36 (KHTML, like Gecko) Chrome/103.0.0.0 Safari/537.36"
34.205.170.13 - - [16/Aug/2026:12:20:52 -0400] "GET /2022/05/11/hello-world/ HTTP/1.1" 200 43415 "-" "Mozilla/5.0 AppleWebKit/537.36 (KHTML, like Gecko; compatible; Amazonbot/0.1; +https://developer.amazon.com/support/amazonbot) Chrome/119.0.6045.214 Safari/537.36"
69.39.225.240 - - [16/Aug/2026:12:37:05 -0400] "POST /wp-cron.php?doing_wp_cron=1786898225.4867959022521972656250 HTTP/1.1" 200 20 "-" "WordPress/7.0.4; https://www.biotechprocleaners.com"
23.23.103.31 - - [16/Aug/2026:12:37:04 -0400] "GET /product-category/food/?areas=plastic-trim HTTP/1.1" 200 40731 "-" "Mozilla/5.0 AppleWebKit/537.36 (KHTML, like Gecko; compatible; Amazonbot/0.1; +https://developer.amazon.com/support/amazonbot) Chrome/119.0.6045.214 Safari/537.36"
69.39.225.240 - - [16/Aug/2026:12:37:31 -0400] "POST /wp-cron.php?doing_wp_cron=1786898251.7409429550170898437500 HTTP/1.1" 200 20 "-" "WordPress/7.0.4; https://www.biotechprocleaners.com"
216.73.216.64 - - [16/Aug/2026:12:37:30 -0400] "GET /robots.txt HTTP/1.1" 200 206 "-" "Mozilla/5.0 AppleWebKit/537.36 (KHTML, like Gecko; compatible; ClaudeBot/1.0; +claudebot@anthropic.com)"
216.73.216.64 - - [16/Aug/2026:12:37:31 -0400] "GET /sitemap_index.xml HTTP/1.1" 200 469 "-" "Mozilla/5.0 AppleWebKit/537.36 (KHTML, like Gecko; compatible; ClaudeBot/1.0; +claudebot@anthropic.com)"
69.39.225.240 - - [16/Aug/2026:13:00:33 -0400] "POST /wp-cron.php?doing_wp_cron=1786899633.7238988876342773437500 HTTP/1.1" 200 20 "-" "WordPress/7.0.4; https://www.biotechprocleaners.com"
23.21.227.240 - - [16/Aug/2026:13:00:32 -0400] "GET /product-category/retail/?areas=plastic-trim HTTP/1.1" 200 40686 "-" "Mozilla/5.0 AppleWebKit/537.36 (KHTML, like Gecko; compatible; Amazonbot/0.1; +https://developer.amazon.com/support/amazonbot) Chrome/119.0.6045.214 Safari/537.36"
57.141.4.2 - - [16/Aug/2026:13:00:36 -0400] "GET /xmlrpc.php?rsd HTTP/1.1" 200 312 "-" "Mozilla/5.0 (Windows NT 10.0; Win64; x64) AppleWebKit/537.36 (KHTML, like Gecko) Chrome/145.0.0.0 Safari/537.36 (compatible; meta-webindexer/1.1 (+https://developers.facebook.com/docs/sharing/webmasters/crawler))"
69.39.225.240 - - [16/Aug/2026:13:04:53 -0400] "POST /wp-cron.php?doing_wp_cron=1786899893.6390230655670166015625 HTTP/1.1" 200 20 "-" "WordPress/7.0.4; https://www.biotechprocleaners.com"
44.215.61.66 - - [16/Aug/2026:13:04:52 -0400] "GET /product-category/food/?areas=all-fabrics HTTP/1.1" 200 40731 "-" "Mozilla/5.0 AppleWebKit/537.36 (KHTML, like Gecko; compatible; Amazonbot/0.1; +https://developer.amazon.com/support/amazonbot) Chrome/119.0.6045.214 Safari/537.36"
69.39.225.240 - - [16/Aug/2026:13:04:54 -0400] "GET /product-category/government/ HTTP/1.1" 200 49848 "-" "WP Rocket/Preload"
3.229.95.193 - - [16/Aug/2026:13:04:56 -0400] "GET /product-category/retail/?surfaces=panels HTTP/1.1" 200 46988 "-" "Mozilla/5.0 AppleWebKit/537.36 (KHTML, like Gecko; compatible; Amazonbot/0.1; +https://developer.amazon.com/support/amazonbot) Chrome/119.0.6045.214 Safari/537.36"
69.39.225.240 - - [16/Aug/2026:13:04:56 -0400] "GET /product-category/government/ HTTP/1.1" 200 16384 "-" "WP Rocket/Preload Mozilla/5.0 (iPhone; CPU iPhone OS 9_1 like Mac OS X) AppleWebKit/601.1.46 (KHTML, like Gecko) Version/9.0 Mobile/13B143 Safari/601.1"
69.39.225.240 - - [16/Aug/2026:13:04:58 -0400] "GET /surface/cement/ HTTP/1.1" 200 16384 "-" "WP Rocket/Preload"
69.39.225.240 - - [16/Aug/2026:13:04:59 -0400] "GET /surface/cement/ HTTP/1.1" 200 16384 "-" "WP Rocket/Preload Mozilla/5.0 (iPhone; CPU iPhone OS 9_1 like Mac OS X) AppleWebKit/601.1.46 (KHTML, like Gecko) Version/9.0 Mobile/13B143 Safari/601.1"
69.39.225.240 - - [16/Aug/2026:13:05:01 -0400] "GET /surface/ceramic/ HTTP/1.1" 200 16384 "-" "WP Rocket/Preload"
3.223.181.32 - - [16/Aug/2026:13:05:01 -0400] "GET /product-category/hospitality/?areas=soap-scum HTTP/1.1" 200 46968 "-" "Mozilla/5.0 AppleWebKit/537.36 (KHTML, like Gecko; compatible; Amazonbot/0.1; +https://developer.amazon.com/support/amazonbot) Chrome/119.0.6045.214 Safari/537.36"
69.39.225.240 - - [16/Aug/2026:13:05:02 -0400] "GET /surface/ceramic/ HTTP/1.1" 200 16384 "-" "WP Rocket/Preload Mozilla/5.0 (iPhone; CPU iPhone OS 9_1 like Mac OS X) AppleWebKit/601.1.46 (KHTML, like Gecko) Version/9.0 Mobile/13B143 Safari/601.1"
69.39.225.240 - - [16/Aug/2026:13:05:04 -0400] "GET /surface/clothes/ HTTP/1.1" 200 16384 "-" "WP Rocket/Preload"
69.39.225.240 - - [16/Aug/2026:13:05:05 -0400] "GET /surface/clothes/ HTTP/1.1" 200 16384 "-" "WP Rocket/Preload Mozilla/5.0 (iPhone; CPU iPhone OS 9_1 like Mac OS X) AppleWebKit/601.1.46 (KHTML, like Gecko) Version/9.0 Mobile/13B143 Safari/601.1"
69.39.225.240 - - [16/Aug/2026:13:05:07 -0400] "GET /surface/concrete/ HTTP/1.1" 200 16384 "-" "WP Rocket/Preload"
52.6.5.24 - - [16/Aug/2026:13:05:08 -0400] "GET /product-category/hospitality/ HTTP/1.1" 200 49204 "-" "Mozilla/5.0 AppleWebKit/537.36 (KHTML, like Gecko; compatible; Amazonbot/0.1; +https://developer.amazon.com/support/amazonbot) Chrome/119.0.6045.214 Safari/537.36"
69.39.225.240 - - [16/Aug/2026:13:05:08 -0400] "GET /surface/concrete/ HTTP/1.1" 200 16384 "-" "WP Rocket/Preload Mozilla/5.0 (iPhone; CPU iPhone OS 9_1 like Mac OS X) AppleWebKit/601.1.46 (KHTML, like Gecko) Version/9.0 Mobile/13B143 Safari/601.1"
69.39.225.240 - - [16/Aug/2026:13:05:10 -0400] "GET /wp-json/jetpack/v4/sync/spawn-sync?time=1786899910&request_lock_id=1786899910.4149 HTTP/1.1" 200 37 "-" "WordPress/7.0.4; https://www.biotechprocleaners.com"
69.39.225.240 - - [16/Aug/2026:13:05:11 -0400] "GET /wp-json/jetpack/v4/sync/spawn-sync?time=1786899911&request_lock_id=1786899911.3778 HTTP/1.1" 200 37 "-" "WordPress/7.0.4; https://www.biotechprocleaners.com"
69.39.225.240 - - [16/Aug/2026:13:05:14 -0400] "POST /wp-cron.php?doing_wp_cron=1786899913.9005939960479736328125 HTTP/1.1" 200 20 "-" "WordPress/7.0.4; https://www.biotechprocleaners.com"
23.21.250.48 - - [16/Aug/2026:13:05:12 -0400] "GET /shop/?surfaces=nicotine HTTP/1.1" 200 46928 "-" "Mozilla/5.0 AppleWebKit/537.36 (KHTML, like Gecko; compatible; Amazonbot/0.1; +https://developer.amazon.com/support/amazonbot) Chrome/119.0.6045.214 Safari/537.36"
154.94.3.54 - - [16/Aug/2026:13:09:34 -0400] "GET /wp-content/uploads/2025/06/LRM1-640x640.png HTTP/1.1" 200 106830 "-" "Mozilla/5.0 (compatible; crawler)"
69.39.225.240 - - [16/Aug/2026:13:10:06 -0400] "POST /wp-cron.php?doing_wp_cron=1786900206.7619409561157226562500 HTTP/1.1" 200 20 "-" "WordPress/7.0.4; https://www.biotechprocleaners.com"
3.215.91.228 - - [16/Aug/2026:13:10:05 -0400] "GET /surface/workshops/?surfaces=work-tables HTTP/1.1" 200 47396 "-" "Mozilla/5.0 (Macintosh; Intel Mac OS X 10_15_7) AppleWebKit/605.1.15 (KHTML, like Gecko) Chrome/139.0.0.0 Safari/605.1.15"
69.39.225.240 - - [16/Aug/2026:13:10:08 -0400] "GET /surface/construction-sites/ HTTP/1.1" 200 48349 "-" "WP Rocket/Preload"
69.39.225.240 - - [16/Aug/2026:13:10:10 -0400] "GET /surface/construction-sites/ HTTP/1.1" 200 16384 "-" "WP Rocket/Preload Mozilla/5.0 (iPhone; CPU iPhone OS 9_1 like Mac OS X) AppleWebKit/601.1.46 (KHTML, like Gecko) Version/9.0 Mobile/13B143 Safari/601.1"
69.39.225.240 - - [16/Aug/2026:13:10:11 -0400] "GET /surface/counter-tops/ HTTP/1.1" 200 16384 "-" "WP Rocket/Preload"
69.39.225.240 - - [16/Aug/2026:13:10:13 -0400] "GET /surface/counter-tops/ HTTP/1.1" 200 16384 "-" "WP Rocket/Preload Mozilla/5.0 (iPhone; CPU iPhone OS 9_1 like Mac OS X) AppleWebKit/601.1.46 (KHTML, like Gecko) Version/9.0 Mobile/13B143 Safari/601.1"
69.39.225.240 - - [16/Aug/2026:13:10:14 -0400] "GET /surface/dashboards/ HTTP/1.1" 200 16384 "-" "WP Rocket/Preload"
69.39.225.240 - - [16/Aug/2026:13:10:16 -0400] "GET /surface/dashboards/ HTTP/1.1" 200 16384 "-" "WP Rocket/Preload Mozilla/5.0 (iPhone; CPU iPhone OS 9_1 like Mac OS X) AppleWebKit/601.1.46 (KHTML, like Gecko) Version/9.0 Mobile/13B143 Safari/601.1"
69.39.225.240 - - [16/Aug/2026:13:10:17 -0400] "GET /surface/desks/ HTTP/1.1" 200 16384 "-" "WP Rocket/Preload"
69.39.225.240 - - [16/Aug/2026:13:10:19 -0400] "GET /surface/desks/ HTTP/1.1" 200 16384 "-" "WP Rocket/Preload Mozilla/5.0 (iPhone; CPU iPhone OS 9_1 like Mac OS X) AppleWebKit/601.1.46 (KHTML, like Gecko) Version/9.0 Mobile/13B143 Safari/601.1"
69.39.225.240 - - [16/Aug/2026:13:10:20 -0400] "GET /surface/doors/ HTTP/1.1" 200 16384 "-" "WP Rocket/Preload"
69.39.225.240 - - [16/Aug/2026:13:10:22 -0400] "GET /surface/doors/ HTTP/1.1" 200 16384 "-" "WP Rocket/Preload Mozilla/5.0 (iPhone; CPU iPhone OS 9_1 like Mac OS X) AppleWebKit/601.1.46 (KHTML, like Gecko) Version/9.0 Mobile/13B143 Safari/601.1"
69.39.225.240 - - [16/Aug/2026:13:17:16 -0400] "POST /wp-cron.php?doing_wp_cron=1786900636.7155559062957763671875 HTTP/1.1" 200 20 "-" "WordPress/7.0.4; https://www.biotechprocleaners.com"
52.167.144.166 - - [16/Aug/2026:13:17:15 -0400] "GET /?s= HTTP/1.1" 200 43381 "-" "Mozilla/5.0 AppleWebKit/537.36 (KHTML, like Gecko; compatible; bingbot/2.0; +http://www.bing.com/bingbot.htm) Chrome/116.0.1938.76 Safari/537.36"
69.39.225.240 - - [16/Aug/2026:13:20:54 -0400] "POST /wp-cron.php?doing_wp_cron=1786900854.0315461158752441406250 HTTP/1.1" 200 20 "-" "WordPress/7.0.4; https://www.biotechprocleaners.com"
34.239.85.139 - - [16/Aug/2026:13:20:52 -0400] "GET /surface/workshops/?surfaces=work-tables HTTP/1.1" 200 47401 "-" "Mozilla/5.0 AppleWebKit/537.36 (KHTML, like Gecko; compatible; Amazonbot/0.1; +https://developer.amazon.com/support/amazonbot) Chrome/119.0.6045.214 Safari/537.36"
69.39.225.240 - - [16/Aug/2026:13:20:55 -0400] "GET /surface/electronics/ HTTP/1.1" 200 47927 "-" "WP Rocket/Preload"
69.39.225.240 - - [16/Aug/2026:13:20:56 -0400] "GET /surface/electronics/ HTTP/1.1" 200 16384 "-" "WP Rocket/Preload Mozilla/5.0 (iPhone; CPU iPhone OS 9_1 like Mac OS X) AppleWebKit/601.1.46 (KHTML, like Gecko) Version/9.0 Mobile/13B143 Safari/601.1"
69.39.225.240 - - [16/Aug/2026:13:20:58 -0400] "GET /surface/fine-floors/ HTTP/1.1" 200 16384 "-" "WP Rocket/Preload"
69.39.225.240 - - [16/Aug/2026:13:20:59 -0400] "GET /surface/fine-floors/ HTTP/1.1" 200 16384 "-" "WP Rocket/Preload Mozilla/5.0 (iPhone; CPU iPhone OS 9_1 like Mac OS X) AppleWebKit/601.1.46 (KHTML, like Gecko) Version/9.0 Mobile/13B143 Safari/601.1"
34.231.45.47 - - [16/Aug/2026:13:21:00 -0400] "GET /product-category/recreational-convention-centers/?surfaces=engines HTTP/1.1" 200 40721 "-" "Mozilla/5.0 AppleWebKit/537.36 (KHTML, like Gecko; compatible; Amazonbot/0.1; +https://developer.amazon.com/support/amazonbot) Chrome/119.0.6045.214 Safari/537.36"
69.39.225.240 - - [16/Aug/2026:13:21:01 -0400] "GET /surface/fitness-equipments/ HTTP/1.1" 200 16384 "-" "WP Rocket/Preload"
69.39.225.240 - - [16/Aug/2026:13:21:02 -0400] "GET /surface/fitness-equipments/ HTTP/1.1" 200 16384 "-" "WP Rocket/Preload Mozilla/5.0 (iPhone; CPU iPhone OS 9_1 like Mac OS X) AppleWebKit/601.1.46 (KHTML, like Gecko) Version/9.0 Mobile/13B143 Safari/601.1"
69.39.225.240 - - [16/Aug/2026:13:21:04 -0400] "GET /surface/floors-in-plant/ HTTP/1.1" 200 16384 "-" "WP Rocket/Preload"
69.39.225.240 - - [16/Aug/2026:13:21:05 -0400] "GET /surface/floors-in-plant/ HTTP/1.1" 200 16384 "-" "WP Rocket/Preload Mozilla/5.0 (iPhone; CPU iPhone OS 9_1 like Mac OS X) AppleWebKit/601.1.46 (KHTML, like Gecko) Version/9.0 Mobile/13B143 Safari/601.1"
69.39.225.240 - - [16/Aug/2026:13:21:07 -0400] "GET /surface/furniture/ HTTP/1.1" 200 16384 "-" "WP Rocket/Preload"
69.39.225.240 - - [16/Aug/2026:13:21:08 -0400] "GET /surface/furniture/ HTTP/1.1" 200 16384 "-" "WP Rocket/Preload Mozilla/5.0 (iPhone; CPU iPhone OS 9_1 like Mac OS X) AppleWebKit/601.1.46 (KHTML, like Gecko) Version/9.0 Mobile/13B143 Safari/601.1"
69.39.225.240 - - [16/Aug/2026:13:27:18 -0400] "POST /wp-cron.php?doing_wp_cron=1786901238.4019980430603027343750 HTTP/1.1" 200 20 "-" "WordPress/7.0.4; https://www.biotechprocleaners.com"
83.99.206.238 - - [16/Aug/2026:13:27:17 -0400] "GET /robots.txt HTTP/1.1" 200 20 "-" "Mozilla/5.0 (X11; Linux x86_64) AppleWebKit/537.36 (KHTML, like Gecko; GeedoShopProductFinder) Chrome/142.0.0.0 Safari/537.36"
83.99.206.238 - - [16/Aug/2026:13:27:19 -0400] "GET /robots.txt HTTP/1.1" 200 206 "-" "Mozilla/5.0 (X11; Linux x86_64) AppleWebKit/537.36 (KHTML, like Gecko; GeedoShopProductFinder) Chrome/142.0.0.0 Safari/537.36"
69.39.225.240 - - [16/Aug/2026:13:27:20 -0400] "GET /surface/glass-and-reflective-surfaces/ HTTP/1.1" 200 48548 "-" "WP Rocket/Preload"
69.39.225.240 - - [16/Aug/2026:13:27:22 -0400] "GET /surface/glass-and-reflective-surfaces/ HTTP/1.1" 200 16384 "-" "WP Rocket/Preload Mozilla/5.0 (iPhone; CPU iPhone OS 9_1 like Mac OS X) AppleWebKit/601.1.46 (KHTML, like Gecko) Version/9.0 Mobile/13B143 Safari/601.1"
83.99.206.76 - - [16/Aug/2026:13:27:22 -0400] "GET /robots.txt HTTP/1.1" 200 206 "-" "Mozilla/5.0 (X11; Linux x86_64) AppleWebKit/537.36 (KHTML, like Gecko; GeedoShopProductFinder) Chrome/142.0.0.0 Safari/537.36"
83.99.206.0 - - [16/Aug/2026:13:27:24 -0400] "GET / HTTP/1.1" 200 49545 "-" "Mozilla/5.0 (X11; Linux x86_64) AppleWebKit/537.36 (KHTML, like Gecko; GeedoShopProductFinder) Chrome/142.0.0.0 Safari/537.36"
69.39.225.240 - - [16/Aug/2026:13:27:23 -0400] "GET /surface/glasses/ HTTP/1.1" 200 16384 "-" "WP Rocket/Preload"
69.39.225.240 - - [16/Aug/2026:13:27:25 -0400] "GET /surface/glasses/ HTTP/1.1" 200 16384 "-" "WP Rocket/Preload Mozilla/5.0 (iPhone; CPU iPhone OS 9_1 like Mac OS X) AppleWebKit/601.1.46 (KHTML, like Gecko) Version/9.0 Mobile/13B143 Safari/601.1"
69.39.225.240 - - [16/Aug/2026:13:27:26 -0400] "GET /surface/grease/ HTTP/1.1" 200 16384 "-" "WP Rocket/Preload"
69.39.225.240 - - [16/Aug/2026:13:27:28 -0400] "GET /surface/grease/ HTTP/1.1" 200 16384 "-" "WP Rocket/Preload Mozilla/5.0 (iPhone; CPU iPhone OS 9_1 like Mac OS X) AppleWebKit/601.1.46 (KHTML, like Gecko) Version/9.0 Mobile/13B143 Safari/601.1"
69.39.225.240 - - [16/Aug/2026:13:27:29 -0400] "GET /surface/handles/ HTTP/1.1" 200 16384 "-" "WP Rocket/Preload"
69.39.225.240 - - [16/Aug/2026:13:27:31 -0400] "GET /surface/handles/ HTTP/1.1" 200 16384 "-" "WP Rocket/Preload Mozilla/5.0 (iPhone; CPU iPhone OS 9_1 like Mac OS X) AppleWebKit/601.1.46 (KHTML, like Gecko) Version/9.0 Mobile/13B143 Safari/601.1"
69.39.225.240 - - [16/Aug/2026:13:27:32 -0400] "GET /surface/hi-gloss-reflective-surfaces/ HTTP/1.1" 200 16384 "-" "WP Rocket/Preload"
69.39.225.240 - - [16/Aug/2026:13:27:34 -0400] "GET /surface/hi-gloss-reflective-surfaces/ HTTP/1.1" 200 16384 "-" "WP Rocket/Preload Mozilla/5.0 (iPhone; CPU iPhone OS 9_1 like Mac OS X) AppleWebKit/601.1.46 (KHTML, like Gecko) Version/9.0 Mobile/13B143 Safari/601.1"
69.39.225.240 - - [16/Aug/2026:13:27:35 -0400] "GET /surface/linoleum-flooring/ HTTP/1.1" 200 16384 "-" "WP Rocket/Preload"
69.39.225.240 - - [16/Aug/2026:13:27:37 -0400] "GET /surface/linoleum-flooring/ HTTP/1.1" 200 16384 "-" "WP Rocket/Preload Mozilla/5.0 (iPhone; CPU iPhone OS 9_1 like Mac OS X) AppleWebKit/601.1.46 (KHTML, like Gecko) Version/9.0 Mobile/13B143 Safari/601.1"
69.39.225.240 - - [16/Aug/2026:13:27:38 -0400] "GET /surface/plastic-panels/ HTTP/1.1" 200 16384 "-" "WP Rocket/Preload"
69.39.225.240 - - [16/Aug/2026:13:27:40 -0400] "GET /surface/plastic-panels/ HTTP/1.1" 200 16384 "-" "WP Rocket/Preload Mozilla/5.0 (iPhone; CPU iPhone OS 9_1 like Mac OS X) AppleWebKit/601.1.46 (KHTML, like Gecko) Version/9.0 Mobile/13B143 Safari/601.1"
83.99.206.115 - - [16/Aug/2026:13:27:59 -0400] "GET /sitemap_index.xml HTTP/1.1" 200 469 "-" "Mozilla/5.0 (X11; Linux x86_64) AppleWebKit/537.36 (KHTML, like Gecko; GeedoShopProductFinder) Chrome/142.0.0.0 Safari/537.36"
69.39.225.240 - - [16/Aug/2026:13:28:22 -0400] "POST /wp-cron.php?doing_wp_cron=1786901301.9379339218139648437500 HTTP/1.1" 200 20 "-" "WordPress/7.0.4; https://www.biotechprocleaners.com"
83.99.206.186 - - [16/Aug/2026:13:28:20 -0400] "GET /post-sitemap.xml HTTP/1.1" 200 883 "-" "Mozilla/5.0 (X11; Linux x86_64) AppleWebKit/537.36 (KHTML, like Gecko; GeedoShopProductFinder) Chrome/142.0.0.0 Safari/537.36"
69.39.225.240 - - [16/Aug/2026:13:28:23 -0400] "GET /surface/stainless-steel/ HTTP/1.1" 200 48732 "-" "WP Rocket/Preload"
69.39.225.240 - - [16/Aug/2026:13:28:24 -0400] "GET /surface/stainless-steel/ HTTP/1.1" 200 16384 "-" "WP Rocket/Preload Mozilla/5.0 (iPhone; CPU iPhone OS 9_1 like Mac OS X) AppleWebKit/601.1.46 (KHTML, like Gecko) Version/9.0 Mobile/13B143 Safari/601.1"
69.39.225.240 - - [16/Aug/2026:13:28:26 -0400] "GET /surface/tiles/ HTTP/1.1" 200 16384 "-" "WP Rocket/Preload"
69.39.225.240 - - [16/Aug/2026:13:28:27 -0400] "GET /surface/tiles/ HTTP/1.1" 200 16384 "-" "WP Rocket/Preload Mozilla/5.0 (iPhone; CPU iPhone OS 9_1 like Mac OS X) AppleWebKit/601.1.46 (KHTML, like Gecko) Version/9.0 Mobile/13B143 Safari/601.1"
69.39.225.240 - - [16/Aug/2026:13:28:29 -0400] "GET /surface/trash-bin/ HTTP/1.1" 200 16384 "-" "WP Rocket/Preload"
69.39.225.240 - - [16/Aug/2026:13:28:30 -0400] "GET /surface/trash-bin/ HTTP/1.1" 200 16384 "-" "WP Rocket/Preload Mozilla/5.0 (iPhone; CPU iPhone OS 9_1 like Mac OS X) AppleWebKit/601.1.46 (KHTML, like Gecko) Version/9.0 Mobile/13B143 Safari/601.1"
69.39.225.240 - - [16/Aug/2026:13:28:32 -0400] "GET /surface/workshops/ HTTP/1.1" 200 16384 "-" "WP Rocket/Preload"
69.39.225.240 - - [16/Aug/2026:13:28:33 -0400] "GET /surface/workshops/ HTTP/1.1" 200 16384 "-" "WP Rocket/Preload Mozilla/5.0 (iPhone; CPU iPhone OS 9_1 like Mac OS X) AppleWebKit/601.1.46 (KHTML, like Gecko) Version/9.0 Mobile/13B143 Safari/601.1"
69.39.225.240 - - [16/Aug/2026:13:28:35 -0400] "GET /removal/removal1/ HTTP/1.1" 200 16384 "-" "WP Rocket/Preload"
69.39.225.240 - - [16/Aug/2026:13:28:36 -0400] "GET /removal/removal1/ HTTP/1.1" 200 16384 "-" "WP Rocket/Preload Mozilla/5.0 (iPhone; CPU iPhone OS 9_1 like Mac OS X) AppleWebKit/601.1.46 (KHTML, like Gecko) Version/9.0 Mobile/13B143 Safari/601.1"
69.39.225.240 - - [16/Aug/2026:13:28:38 -0400] "GET /removal/removal2/ HTTP/1.1" 200 16384 "-" "WP Rocket/Preload"
69.39.225.240 - - [16/Aug/2026:13:28:39 -0400] "GET /removal/removal2/ HTTP/1.1" 200 16384 "-" "WP Rocket/Preload Mozilla/5.0 (iPhone; CPU iPhone OS 9_1 like Mac OS X) AppleWebKit/601.1.46 (KHTML, like Gecko) Version/9.0 Mobile/13B143 Safari/601.1"
69.39.225.240 - - [16/Aug/2026:13:28:41 -0400] "GET /product/power-industrial-degreaser/ HTTP/1.1" 200 16384 "-" "WP Rocket/Preload"
83.99.206.186 - - [16/Aug/2026:13:28:42 -0400] "GET /page-sitemap.xml HTTP/1.1" 200 1498 "-" "Mozilla/5.0 (X11; Linux x86_64) AppleWebKit/537.36 (KHTML, like Gecko; GeedoShopProductFinder) Chrome/142.0.0.0 Safari/537.36"
69.39.225.240 - - [16/Aug/2026:13:28:42 -0400] "GET /product/power-industrial-degreaser/ HTTP/1.1" 200 16384 "-" "WP Rocket/Preload Mozilla/5.0 (iPhone; CPU iPhone OS 9_1 like Mac OS X) AppleWebKit/601.1.46 (KHTML, like Gecko) Version/9.0 Mobile/13B143 Safari/601.1"
69.39.225.240 - - [16/Aug/2026:13:29:04 -0400] "POST /wp-cron.php?doing_wp_cron=1786901344.7607769966125488281250 HTTP/1.1" 200 20 "-" "WordPress/7.0.4; https://www.biotechprocleaners.com"
83.99.206.186 - - [16/Aug/2026:13:29:03 -0400] "GET /product-sitemap.xml HTTP/1.1" 200 1013 "-" "Mozilla/5.0 (X11; Linux x86_64) AppleWebKit/537.36 (KHTML, like Gecko; GeedoShopProductFinder) Chrome/142.0.0.0 Safari/537.36"
69.39.225.240 - - [16/Aug/2026:13:29:26 -0400] "POST /wp-cron.php?doing_wp_cron=1786901366.2236530780792236328125 HTTP/1.1" 200 20 "-" "WordPress/7.0.4; https://www.biotechprocleaners.com"
83.99.206.186 - - [16/Aug/2026:13:29:25 -0400] "GET /portfolio-sitemap.xml HTTP/1.1" 200 795 "-" "Mozilla/5.0 (X11; Linux x86_64) AppleWebKit/537.36 (KHTML, like Gecko; GeedoShopProductFinder) Chrome/142.0.0.0 Safari/537.36"
69.39.225.240 - - [16/Aug/2026:13:29:27 -0400] "GET /product/plastic-cleaner-ravisher/ HTTP/1.1" 200 50010 "-" "WP Rocket/Preload"
69.39.225.240 - - [16/Aug/2026:13:29:29 -0400] "GET /product/plastic-cleaner-ravisher/ HTTP/1.1" 200 16384 "-" "WP Rocket/Preload Mozilla/5.0 (iPhone; CPU iPhone OS 9_1 like Mac OS X) AppleWebKit/601.1.46 (KHTML, like Gecko) Version/9.0 Mobile/13B143 Safari/601.1"
69.39.225.240 - - [16/Aug/2026:13:29:30 -0400] "GET /product/floore-cleaner/ HTTP/1.1" 200 16384 "-" "WP Rocket/Preload"
69.39.225.240 - - [16/Aug/2026:13:29:32 -0400] "GET /product/floore-cleaner/ HTTP/1.1" 200 16384 "-" "WP Rocket/Preload Mozilla/5.0 (iPhone; CPU iPhone OS 9_1 like Mac OS X) AppleWebKit/601.1.46 (KHTML, like Gecko) Version/9.0 Mobile/13B143 Safari/601.1"
69.39.225.240 - - [16/Aug/2026:13:29:33 -0400] "GET /shop-single/ HTTP/1.1" 200 16384 "-" "WP Rocket/Preload"
69.39.225.240 - - [16/Aug/2026:13:29:35 -0400] "GET /shop-single/ HTTP/1.1" 200 16384 "-" "WP Rocket/Preload Mozilla/5.0 (iPhone; CPU iPhone OS 9_1 like Mac OS X) AppleWebKit/601.1.46 (KHTML, like Gecko) Version/9.0 Mobile/13B143 Safari/601.1"
69.39.225.240 - - [16/Aug/2026:13:29:36 -0400] "GET /privacy-policy/ HTTP/1.1" 200 16384 "-" "WP Rocket/Preload"
69.39.225.240 - - [16/Aug/2026:13:29:38 -0400] "GET /privacy-policy/ HTTP/1.1" 200 16384 "-" "WP Rocket/Preload Mozilla/5.0 (iPhone; CPU iPhone OS 9_1 like Mac OS X) AppleWebKit/601.1.46 (KHTML, like Gecko) Version/9.0 Mobile/13B143 Safari/601.1"
69.39.225.240 - - [16/Aug/2026:13:29:39 -0400] "GET /product/neutral-detergent/ HTTP/1.1" 200 16384 "-" "WP Rocket/Preload"
69.39.225.240 - - [16/Aug/2026:13:29:41 -0400] "GET /product/neutral-detergent/ HTTP/1.1" 200 16384 "-" "WP Rocket/Preload Mozilla/5.0 (iPhone; CPU iPhone OS 9_1 like Mac OS X) AppleWebKit/601.1.46 (KHTML, like Gecko) Version/9.0 Mobile/13B143 Safari/601.1"
69.39.225.240 - - [16/Aug/2026:13:29:42 -0400] "GET /about-us/ HTTP/1.1" 200 16384 "-" "WP Rocket/Preload"
69.39.225.240 - - [16/Aug/2026:13:29:44 -0400] "GET /about-us/ HTTP/1.1" 200 16384 "-" "WP Rocket/Preload Mozilla/5.0 (iPhone; CPU iPhone OS 9_1 like Mac OS X) AppleWebKit/601.1.46 (KHTML, like Gecko) Version/9.0 Mobile/13B143 Safari/601.1"
69.39.225.240 - - [16/Aug/2026:13:29:45 -0400] "GET /product/dishwashing-liquid-hard-water/ HTTP/1.1" 200 16384 "-" "WP Rocket/Preload"
83.99.206.186 - - [16/Aug/2026:13:29:46 -0400] "GET /slider-item-sitemap.xml HTTP/1.1" 200 710 "-" "Mozilla/5.0 (X11; Linux x86_64) AppleWebKit/537.36 (KHTML, like Gecko; GeedoShopProductFinder) Chrome/142.0.0.0 Safari/537.36"
69.39.225.240 - - [16/Aug/2026:13:29:47 -0400] "GET /product/dishwashing-liquid-hard-water/ HTTP/1.1" 200 16384 "-" "WP Rocket/Preload Mozilla/5.0 (iPhone; CPU iPhone OS 9_1 like Mac OS X) AppleWebKit/601.1.46 (KHTML, like Gecko) Version/9.0 Mobile/13B143 Safari/601.1"
69.39.225.240 - - [16/Aug/2026:13:29:48 -0400] "GET /portfolio/ HTTP/1.1" 200 16384 "-" "WP Rocket/Preload"
69.39.225.240 - - [16/Aug/2026:13:29:50 -0400] "GET /portfolio/ HTTP/1.1" 200 16384 "-" "WP Rocket/Preload Mozilla/5.0 (iPhone; CPU iPhone OS 9_1 like Mac OS X) AppleWebKit/601.1.46 (KHTML, like Gecko) Version/9.0 Mobile/13B143 Safari/601.1"
69.39.225.240 - - [16/Aug/2026:13:30:09 -0400] "POST /wp-cron.php?doing_wp_cron=1786901409.0553200244903564453125 HTTP/1.1" 200 20 "-" "WordPress/7.0.4; https://www.biotechprocleaners.com"
83.99.206.186 - - [16/Aug/2026:13:30:08 -0400] "GET /category-sitemap.xml HTTP/1.1" 200 463 "-" "Mozilla/5.0 (X11; Linux x86_64) AppleWebKit/537.36 (KHTML, like Gecko; GeedoShopProductFinder) Chrome/142.0.0.0 Safari/537.36"
69.39.225.240 - - [16/Aug/2026:13:30:30 -0400] "POST /wp-cron.php?doing_wp_cron=1786901430.5976119041442871093750 HTTP/1.1" 200 20 "-" "WordPress/7.0.4; https://www.biotechprocleaners.com"
83.99.206.186 - - [16/Aug/2026:13:30:29 -0400] "GET /post_tag-sitemap.xml HTTP/1.1" 200 483 "-" "Mozilla/5.0 (X11; Linux x86_64) AppleWebKit/537.36 (KHTML, like Gecko; GeedoShopProductFinder) Chrome/142.0.0.0 Safari/537.36"
69.39.225.240 - - [16/Aug/2026:13:30:31 -0400] "GET /product/high-performance-surface-degreaser/ HTTP/1.1" 200 50726 "-" "WP Rocket/Preload"
69.39.225.240 - - [16/Aug/2026:13:30:33 -0400] "GET /product/high-performance-surface-degreaser/ HTTP/1.1" 200 16384 "-" "WP Rocket/Preload Mozilla/5.0 (iPhone; CPU iPhone OS 9_1 like Mac OS X) AppleWebKit/601.1.46 (KHTML, like Gecko) Version/9.0 Mobile/13B143 Safari/601.1"
69.39.225.240 - - [16/Aug/2026:13:30:34 -0400] "GET /news-single/ HTTP/1.1" 200 16384 "-" "WP Rocket/Preload"
69.39.225.240 - - [16/Aug/2026:13:30:36 -0400] "GET /news-single/ HTTP/1.1" 200 16384 "-" "WP Rocket/Preload Mozilla/5.0 (iPhone; CPU iPhone OS 9_1 like Mac OS X) AppleWebKit/601.1.46 (KHTML, like Gecko) Version/9.0 Mobile/13B143 Safari/601.1"
69.39.225.240 - - [16/Aug/2026:13:30:37 -0400] "GET /news/news-tiles-four-columns/ HTTP/1.1" 200 16384 "-" "WP Rocket/Preload"
69.39.225.240 - - [16/Aug/2026:13:30:39 -0400] "GET /news/news-tiles-four-columns/ HTTP/1.1" 200 16384 "-" "WP Rocket/Preload Mozilla/5.0 (iPhone; CPU iPhone OS 9_1 like Mac OS X) AppleWebKit/601.1.46 (KHTML, like Gecko) Version/9.0 Mobile/13B143 Safari/601.1"
69.39.225.240 - - [16/Aug/2026:13:30:40 -0400] "GET /product/laundry-detergent/ HTTP/1.1" 200 16384 "-" "WP Rocket/Preload"
69.39.225.240 - - [16/Aug/2026:13:30:42 -0400] "GET /product/laundry-detergent/ HTTP/1.1" 200 16384 "-" "WP Rocket/Preload Mozilla/5.0 (iPhone; CPU iPhone OS 9_1 like Mac OS X) AppleWebKit/601.1.46 (KHTML, like Gecko) Version/9.0 Mobile/13B143 Safari/601.1"
69.39.225.240 - - [16/Aug/2026:13:30:43 -0400] "GET /portfolio-tiles-five-columns/ HTTP/1.1" 200 16384 "-" "WP Rocket/Preload"
69.39.225.240 - - [16/Aug/2026:13:30:45 -0400] "GET /portfolio-tiles-five-columns/ HTTP/1.1" 200 16384 "-" "WP Rocket/Preload Mozilla/5.0 (iPhone; CPU iPhone OS 9_1 like Mac OS X) AppleWebKit/601.1.46 (KHTML, like Gecko) Version/9.0 Mobile/13B143 Safari/601.1"
69.39.225.240 - - [16/Aug/2026:13:30:46 -0400] "GET /about-us/history/ HTTP/1.1" 200 16384 "-" "WP Rocket/Preload"
69.39.225.240 - - [16/Aug/2026:13:30:48 -0400] "GET /about-us/history/ HTTP/1.1" 200 16384 "-" "WP Rocket/Preload Mozilla/5.0 (iPhone; CPU iPhone OS 9_1 like Mac OS X) AppleWebKit/601.1.46 (KHTML, like Gecko) Version/9.0 Mobile/13B143 Safari/601.1"
69.39.225.240 - - [16/Aug/2026:13:30:50 -0400] "GET /services/solutions/ HTTP/1.1" 200 16384 "-" "WP Rocket/Preload"
83.99.206.186 - - [16/Aug/2026:13:30:51 -0400] "GET /product_cat-sitemap.xml HTTP/1.1" 200 537 "-" "Mozilla/5.0 (X11; Linux x86_64) AppleWebKit/537.36 (KHTML, like Gecko; GeedoShopProductFinder) Chrome/142.0.0.0 Safari/537.36"
69.39.225.240 - - [16/Aug/2026:13:30:51 -0400] "GET /services/solutions/ HTTP/1.1" 200 16384 "-" "WP Rocket/Preload Mozilla/5.0 (iPhone; CPU iPhone OS 9_1 like Mac OS X) AppleWebKit/601.1.46 (KHTML, like Gecko) Version/9.0 Mobile/13B143 Safari/601.1"
69.39.225.240 - - [16/Aug/2026:13:31:13 -0400] "POST /wp-cron.php?doing_wp_cron=1786901473.6994481086730957031250 HTTP/1.1" 200 20 "-" "WordPress/7.0.4; https://www.biotechprocleaners.com"
83.99.206.156 - - [16/Aug/2026:13:31:12 -0400] "GET /surface-sitemap.xml HTTP/1.1" 200 1217 "-" "Mozilla/5.0 (X11; Linux x86_64) AppleWebKit/537.36 (KHTML, like Gecko; GeedoShopProductFinder) Chrome/142.0.0.0 Safari/537.36"
69.39.225.240 - - [16/Aug/2026:13:31:15 -0400] "GET /services/ HTTP/1.1" 200 46317 "-" "WP Rocket/Preload"
69.39.225.240 - - [16/Aug/2026:13:31:15 -0400] "GET /services/ HTTP/1.1" 200 16384 "-" "WP Rocket/Preload Mozilla/5.0 (iPhone; CPU iPhone OS 9_1 like Mac OS X) AppleWebKit/601.1.46 (KHTML, like Gecko) Version/9.0 Mobile/13B143 Safari/601.1"
57.141.4.51 - - [16/Aug/2026:13:31:16 -0400] "GET /surface/industrual-equipments/ HTTP/1.1" 200 32250 "-" "Mozilla/5.0 (Windows NT 10.0; Win64; x64) AppleWebKit/537.36 (KHTML, like Gecko) Chrome/145.0.0.0 Safari/537.36 (compatible; meta-externalagent/1.1 (+https://developers.facebook.com/docs/sharing/webmasters/crawler))"
69.39.225.240 - - [16/Aug/2026:13:31:17 -0400] "GET /services/cost-calculator/ HTTP/1.1" 200 16384 "-" "WP Rocket/Preload"
69.39.225.240 - - [16/Aug/2026:13:31:18 -0400] "GET /services/cost-calculator/ HTTP/1.1" 200 16384 "-" "WP Rocket/Preload Mozilla/5.0 (iPhone; CPU iPhone OS 9_1 like Mac OS X) AppleWebKit/601.1.46 (KHTML, like Gecko) Version/9.0 Mobile/13B143 Safari/601.1"
69.39.225.240 - - [16/Aug/2026:13:31:20 -0400] "GET /news/news-tiles-three-columns/ HTTP/1.1" 200 16384 "-" "WP Rocket/Preload"
69.39.225.240 - - [16/Aug/2026:13:31:21 -0400] "GET /news/news-tiles-three-columns/ HTTP/1.1" 200 16384 "-" "WP Rocket/Preload Mozilla/5.0 (iPhone; CPU iPhone OS 9_1 like Mac OS X) AppleWebKit/601.1.46 (KHTML, like Gecko) Version/9.0 Mobile/13B143 Safari/601.1"
69.39.225.240 - - [16/Aug/2026:13:31:23 -0400] "GET /about-us/clients/ HTTP/1.1" 200 16384 "-" "WP Rocket/Preload"
69.39.225.240 - - [16/Aug/2026:13:31:24 -0400] "GET /about-us/clients/ HTTP/1.1" 200 16384 "-" "WP Rocket/Preload Mozilla/5.0 (iPhone; CPU iPhone OS 9_1 like Mac OS X) AppleWebKit/601.1.46 (KHTML, like Gecko) Version/9.0 Mobile/13B143 Safari/601.1"
69.39.225.240 - - [16/Aug/2026:13:31:26 -0400] "GET /product/rinsing-aid/ HTTP/1.1" 200 16384 "-" "WP Rocket/Preload"
69.39.225.240 - - [16/Aug/2026:13:31:27 -0400] "GET /product/rinsing-aid/ HTTP/1.1" 200 16384 "-" "WP Rocket/Preload Mozilla/5.0 (iPhone; CPU iPhone OS 9_1 like Mac OS X) AppleWebKit/601.1.46 (KHTML, like Gecko) Version/9.0 Mobile/13B143 Safari/601.1"
69.39.225.240 - - [16/Aug/2026:13:31:29 -0400] "GET /product/enzymatic-food-degreaser-cleaner/ HTTP/1.1" 200 16384 "-" "WP Rocket/Preload"
