185.225.105.153 - - [16/Aug/2026:17:39:10 -0400] "GET /wp-content/cache/min/1/wp-content/plugins/bt_cost_calculator/jquery.dd.js?ver=1774456999 HTTP/1.1" 200 8640 "https://www.biotechprocleaners.com/product/alkhaline-floor-cleaner-degreaser/" "Mozilla/5.0 (Linux; Android 8.0; Pixel 2 Build/OPD3.170816.012) AppleWebKit/537.36 (KHTML, like Gecko) Chrome/50.0.1004.1673 Mobile Safari/537.36"
27.126.181.117 - - [16/Aug/2026:17:39:10 -0400] "GET /wp-content/cache/min/1/wp-content/plugins/bold-timeline-lite/bold-builder-light/bt-bb-light.js?ver=1774456999 HTTP/1.1" 200 465 "https://www.biotechprocleaners.com/product/alkhaline-floor-cleaner-degreaser/" "Mozilla/5.0 (Linux; Android 8.0; Pixel 2 Build/OPD3.170816.012) AppleWebKit/537.36 (KHTML, like Gecko) Chrome/50.0.1004.1673 Mobile Safari/537.36"
185.172.22.110 - - [16/Aug/2026:17:39:10 -0400] "GET /wp-content/cache/min/1/wp-content/plugins/bt_cost_calculator/cc.main.js?ver=1774456999 HTTP/1.1" 200 4779 "https://www.biotechprocleaners.com/product/alkhaline-floor-cleaner-degreaser/" "Mozilla/5.0 (Linux; Android 8.0; Pixel 2 Build/OPD3.170816.012) AppleWebKit/537.36 (KHTML, like Gecko) Chrome/50.0.1004.1673 Mobile Safari/537.36"
173.254.244.126 - - [16/Aug/2026:17:39:10 -0400] "GET /wp-content/cache/min/1/wp-content/plugins/cf7-redirect-thank-you-page/assets/js/redirect_method.js?ver=1774456999 HTTP/1.1" 200 679 "https://www.biotechprocleaners.com/product/alkhaline-floor-cleaner-degreaser/" "Mozilla/5.0 (Linux; Android 8.0; Pixel 2 Build/OPD3.170816.012) AppleWebKit/537.36 (KHTML, like Gecko) Chrome/50.0.1004.1673 Mobile Safari/537.36"
69.39.225.240 - - [16/Aug/2026:17:39:10 -0400] "POST /wp-cron.php?doing_wp_cron=1786916350.7245450019836425781250 HTTP/1.1" 200 20 "-" "WordPress/7.0.4; https://www.biotechprocleaners.com"
208.66.92.158 - - [16/Aug/2026:17:39:09 -0400] "GET /wp-content/themes/amwerk-child/custom-slider.css?ver=7.0.4 HTTP/1.1" 200 39522 "https://www.biotechprocleaners.com/product/alkhaline-floor-cleaner-degreaser/" "Mozilla/5.0 (Linux; Android 8.0; Pixel 2 Build/OPD3.170816.012) AppleWebKit/537.36 (KHTML, like Gecko) Chrome/50.0.1004.1673 Mobile Safari/537.36"
27.126.181.117 - - [16/Aug/2026:17:39:10 -0400] "GET /wp-content/uploads/2024/02/Manufacturing-Industries.jpg HTTP/1.1" 206 500 "https://www.biotechprocleaners.com/product/alkhaline-floor-cleaner-degreaser/" "Mozilla/5.0 (Linux; Android 8.0; Pixel 2 Build/OPD3.170816.012) AppleWebKit/537.36 (KHTML, like Gecko) Chrome/50.0.1004.1673 Mobile Safari/537.36"
185.172.22.110 - - [16/Aug/2026:17:39:11 -0400] "GET /wp-content/uploads/2024/03/Safe-for-Daily-Use.png HTTP/1.1" 206 500 "https://www.biotechprocleaners.com/product/alkhaline-floor-cleaner-degreaser/" "Mozilla/5.0 (Linux; Android 8.0; Pixel 2 Build/OPD3.170816.012) AppleWebKit/537.36 (KHTML, like Gecko) Chrome/50.0.1004.1673 Mobile Safari/537.36"
173.254.244.126 - - [16/Aug/2026:17:39:11 -0400] "GET /wp-content/uploads/2024/03/Superior-Cleaning.png HTTP/1.1" 206 500 "https://www.biotechprocleaners.com/product/alkhaline-floor-cleaner-degreaser/" "Mozilla/5.0 (Linux; Android 8.0; Pixel 2 Build/OPD3.170816.012) AppleWebKit/537.36 (KHTML, like Gecko) Chrome/50.0.1004.1673 Mobile Safari/537.36"
192.161.164.7 - - [16/Aug/2026:17:39:11 -0400] "GET /wp-content/uploads/2024/03/100-Sustainable.png HTTP/1.1" 206 500 "https://www.biotechprocleaners.com/product/alkhaline-floor-cleaner-degreaser/" "Mozilla/5.0 (Linux; Android 8.0; Pixel 2 Build/OPD3.170816.012) AppleWebKit/537.36 (KHTML, like Gecko) Chrome/50.0.1004.1673 Mobile Safari/537.36"
185.225.105.153 - - [16/Aug/2026:17:39:11 -0400] "GET /wp-content/cache/min/1/wp-content/plugins/contact-form-7/includes/css/styles.css?ver=1774456999 HTTP/1.1" 200 908 "https://www.biotechprocleaners.com/product/alkhaline-floor-cleaner-degreaser/" "Mozilla/5.0 (Linux; Android 8.0; Pixel 2 Build/OPD3.170816.012) AppleWebKit/537.36 (KHTML, like Gecko) Chrome/50.0.1004.1673 Mobile Safari/537.36"
27.126.181.117 - - [16/Aug/2026:17:39:11 -0400] "GET /wp-content/plugins/amwerk/shortcodes/back_to_top/css/back_to_top.css?ver=7.0.4 HTTP/1.1" 200 346 "https://www.biotechprocleaners.com/product/alkhaline-floor-cleaner-degreaser/" "Mozilla/5.0 (Linux; Android 8.0; Pixel 2 Build/OPD3.170816.012) AppleWebKit/537.36 (KHTML, like Gecko) Chrome/50.0.1004.1673 Mobile Safari/537.36"
185.172.22.110 - - [16/Aug/2026:17:39:11 -0400] "GET /wp-content/uploads/2023/12/logo_white.png HTTP/1.1" 206 500 "https://www.biotechprocleaners.com/product/alkhaline-floor-cleaner-degreaser/" "Mozilla/5.0 (Linux; Android 8.0; Pixel 2 Build/OPD3.170816.012) AppleWebKit/537.36 (KHTML, like Gecko) Chrome/50.0.1004.1673 Mobile Safari/537.36"
173.254.244.126 - - [16/Aug/2026:17:39:11 -0400] "GET /wp-content/cache/min/1/242833184.js?ver=1774456999 HTTP/1.1" 200 536 "https://www.biotechprocleaners.com/product/alkhaline-floor-cleaner-degreaser/" "Mozilla/5.0 (Linux; Android 8.0; Pixel 2 Build/OPD3.170816.012) AppleWebKit/537.36 (KHTML, like Gecko) Chrome/50.0.1004.1673 Mobile Safari/537.36"
27.126.181.117 - - [16/Aug/2026:17:39:11 -0400] "GET /wp-content/uploads/2024/03/Logo-StickyNav.png HTTP/1.1" 206 500 "https://www.biotechprocleaners.com/product/alkhaline-floor-cleaner-degreaser/" "Mozilla/5.0 (Linux; Android 8.0; Pixel 2 Build/OPD3.170816.012) AppleWebKit/537.36 (KHTML, like Gecko) Chrome/50.0.1004.1673 Mobile Safari/537.36"
173.254.244.126 - - [16/Aug/2026:17:39:11 -0400] "GET /wp-content/cache/min/1/wp-content/themes/amwerk/framework/js/header.misc.js?ver=1774456999 HTTP/1.1" 200 2182 "https://www.biotechprocleaners.com/product/alkhaline-floor-cleaner-degreaser/" "Mozilla/5.0 (Linux; Android 8.0; Pixel 2 Build/OPD3.170816.012) AppleWebKit/537.36 (KHTML, like Gecko) Chrome/50.0.1004.1673 Mobile Safari/537.36"
185.225.105.153 - - [16/Aug/2026:17:39:11 -0400] "GET /wp-content/cache/min/1/wp-content/themes/amwerk-child/js/popup.js?ver=1774456999 HTTP/1.1" 200 271 "https://www.biotechprocleaners.com/product/alkhaline-floor-cleaner-degreaser/" "Mozilla/5.0 (Linux; Android 8.0; Pixel 2 Build/OPD3.170816.012) AppleWebKit/537.36 (KHTML, like Gecko) Chrome/50.0.1004.1673 Mobile Safari/537.36"
27.126.181.117 - - [16/Aug/2026:17:39:12 -0400] "GET /wp-content/cache/min/1/wp-content/themes/amwerk/framework/js/fancySelect.js?ver=1774456999 HTTP/1.1" 200 1465 "https://www.biotechprocleaners.com/product/alkhaline-floor-cleaner-degreaser/" "Mozilla/5.0 (Linux; Android 8.0; Pixel 2 Build/OPD3.170816.012) AppleWebKit/537.36 (KHTML, like Gecko) Chrome/50.0.1004.1673 Mobile Safari/537.36"
173.254.244.126 - - [16/Aug/2026:17:39:12 -0400] "GET /wp-content/cache/min/1/wp-content/themes/amwerk/js/amwerk.js?ver=1774457000 HTTP/1.1" 200 288 "https://www.biotechprocleaners.com/product/alkhaline-floor-cleaner-degreaser/" "Mozilla/5.0 (Linux; Android 8.0; Pixel 2 Build/OPD3.170816.012) AppleWebKit/537.36 (KHTML, like Gecko) Chrome/50.0.1004.1673 Mobile Safari/537.36"
185.225.105.153 - - [16/Aug/2026:17:39:12 -0400] "GET /wp-content/uploads/2024/02/Logistics-Transportation.jpg HTTP/1.1" 206 500 "https://www.biotechprocleaners.com/product/alkhaline-floor-cleaner-degreaser/" "Mozilla/5.0 (Linux; Android 8.0; Pixel 2 Build/OPD3.170816.012) AppleWebKit/537.36 (KHTML, like Gecko) Chrome/50.0.1004.1673 Mobile Safari/537.36"
27.126.181.117 - - [16/Aug/2026:17:39:12 -0400] "GET /wp-content/uploads/2024/02/Recreational-Convention-Centers.jpg HTTP/1.1" 206 500 "https://www.biotechprocleaners.com/product/alkhaline-floor-cleaner-degreaser/" "Mozilla/5.0 (Linux; Android 8.0; Pixel 2 Build/OPD3.170816.012) AppleWebKit/537.36 (KHTML, like Gecko) Chrome/50.0.1004.1673 Mobile Safari/537.36"
173.254.244.126 - - [16/Aug/2026:17:39:12 -0400] "GET /wp-content/uploads/2024/02/Corporate-Residential-Buildings.jpg HTTP/1.1" 206 500 "https://www.biotechprocleaners.com/product/alkhaline-floor-cleaner-degreaser/" "Mozilla/5.0 (Linux; Android 8.0; Pixel 2 Build/OPD3.170816.012) AppleWebKit/537.36 (KHTML, like Gecko) Chrome/50.0.1004.1673 Mobile Safari/537.36"
192.161.164.7 - - [16/Aug/2026:17:39:12 -0400] "GET /wp-content/uploads/2024/05/DIA2-450x450.png HTTP/1.1" 206 500 "https://www.biotechprocleaners.com/product/alkhaline-floor-cleaner-degreaser/" "Mozilla/5.0 (Linux; Android 8.0; Pixel 2 Build/OPD3.170816.012) AppleWebKit/537.36 (KHTML, like Gecko) Chrome/50.0.1004.1673 Mobile Safari/537.36"
185.172.22.110 - - [16/Aug/2026:17:39:11 -0400] "GET /wp-content/themes/amwerk-child/custom-slider.js?ver=1.0 HTTP/1.1" 200 39521 "https://www.biotechprocleaners.com/product/alkhaline-floor-cleaner-degreaser/" "Mozilla/5.0 (Linux; Android 8.0; Pixel 2 Build/OPD3.170816.012) AppleWebKit/537.36 (KHTML, like Gecko) Chrome/50.0.1004.1673 Mobile Safari/537.36"
95.175.80.164 - - [16/Aug/2026:17:39:12 -0400] "GET /wp-content/cache/min/1/wp-content/themes/amwerk/framework/js/misc.js?ver=1774457000 HTTP/1.1" 200 1540 "https://www.biotechprocleaners.com/product/alkhaline-floor-cleaner-degreaser/" "Mozilla/5.0 (Linux; Android 8.0; Pixel 2 Build/OPD3.170816.012) AppleWebKit/537.36 (KHTML, like Gecko) Chrome/50.0.1004.1673 Mobile Safari/537.36"
192.161.164.7 - - [16/Aug/2026:17:39:13 -0400] "GET /wp-content/plugins/woocommerce/assets/js/frontend/order-attribution.min.js?ver=10.2.4 HTTP/1.1" 200 1128 "https://www.biotechprocleaners.com/product/alkhaline-floor-cleaner-degreaser/" "Mozilla/5.0 (Linux; Android 8.0; Pixel 2 Build/OPD3.170816.012) AppleWebKit/537.36 (KHTML, like Gecko) Chrome/50.0.1004.1673 Mobile Safari/537.36"
185.172.22.110 - - [16/Aug/2026:17:39:13 -0400] "GET /wp-content/plugins/woocommerce/assets/js/sourcebuster/sourcebuster.min.js?ver=10.2.4 HTTP/1.1" 200 4807 "https://www.biotechprocleaners.com/product/alkhaline-floor-cleaner-degreaser/" "Mozilla/5.0 (Linux; Android 8.0; Pixel 2 Build/OPD3.170816.012) AppleWebKit/537.36 (KHTML, like Gecko) Chrome/50.0.1004.1673 Mobile Safari/537.36"
173.254.244.126 - - [16/Aug/2026:17:39:13 -0400] "GET /wp-includes/js/dist/vendor/wp-polyfill.min.js?ver=3.15.0 HTTP/1.1" 200 11897 "https://www.biotechprocleaners.com/product/alkhaline-floor-cleaner-degreaser/" "Mozilla/5.0 (Linux; Android 8.0; Pixel 2 Build/OPD3.170816.012) AppleWebKit/537.36 (KHTML, like Gecko) Chrome/50.0.1004.1673 Mobile Safari/537.36"
27.126.181.117 - - [16/Aug/2026:17:39:13 -0400] "GET /wp-includes/js/dist/hooks.min.js?ver=7496969728ca0f95732d HTTP/1.1" 200 1829 "https://www.biotechprocleaners.com/product/alkhaline-floor-cleaner-degreaser/" "Mozilla/5.0 (Linux; Android 8.0; Pixel 2 Build/OPD3.170816.012) AppleWebKit/537.36 (KHTML, like Gecko) Chrome/50.0.1004.1673 Mobile Safari/537.36"
95.175.80.164 - - [16/Aug/2026:17:39:13 -0400] "GET /wp-content/cache/min/1/wp-content/plugins/contact-form-7/modules/recaptcha/index.js?ver=1774457000 HTTP/1.1" 200 483 "https://www.biotechprocleaners.com/product/alkhaline-floor-cleaner-degreaser/" "Mozilla/5.0 (Linux; Android 8.0; Pixel 2 Build/OPD3.170816.012) AppleWebKit/537.36 (KHTML, like Gecko) Chrome/50.0.1004.1673 Mobile Safari/537.36"
185.225.105.153 - - [16/Aug/2026:17:39:13 -0400] "GET /wp-content/uploads/2024/02/Government-Public-Sector.jpg HTTP/1.1" 206 500 "https://www.biotechprocleaners.com/product/alkhaline-floor-cleaner-degreaser/" "Mozilla/5.0 (Linux; Android 8.0; Pixel 2 Build/OPD3.170816.012) AppleWebKit/537.36 (KHTML, like Gecko) Chrome/50.0.1004.1673 Mobile Safari/537.36"
192.161.164.7 - - [16/Aug/2026:17:39:13 -0400] "GET /wp-content/uploads/2024/02/Healthcare-Industry.jpg HTTP/1.1" 206 500 "https://www.biotechprocleaners.com/product/alkhaline-floor-cleaner-degreaser/" "Mozilla/5.0 (Linux; Android 8.0; Pixel 2 Build/OPD3.170816.012) AppleWebKit/537.36 (KHTML, like Gecko) Chrome/50.0.1004.1673 Mobile Safari/537.36"
95.175.80.164 - - [16/Aug/2026:17:39:13 -0400] "GET /wp-includes/js/dist/i18n.min.js?ver=781d11515ad3d91786ec HTTP/1.1" 200 2465 "https://www.biotechprocleaners.com/product/alkhaline-floor-cleaner-degreaser/" "Mozilla/5.0 (Linux; Android 8.0; Pixel 2 Build/OPD3.170816.012) AppleWebKit/537.36 (KHTML, like Gecko) Chrome/50.0.1004.1673 Mobile Safari/537.36"
95.175.80.164 - - [16/Aug/2026:17:39:14 -0400] "GET /wp-content/cache/min/1/wp-content/plugins/contact-form-7/includes/swv/js/index.js?ver=1774457000 HTTP/1.1" 200 3502 "https://www.biotechprocleaners.com/product/alkhaline-floor-cleaner-degreaser/" "Mozilla/5.0 (Linux; Android 8.0; Pixel 2 Build/OPD3.170816.012) AppleWebKit/537.36 (KHTML, like Gecko) Chrome/50.0.1004.1673 Mobile Safari/537.36"
95.175.80.164 - - [16/Aug/2026:17:39:14 -0400] "GET /wp-content/cache/min/1/wp-content/plugins/contact-form-7/includes/js/index.js?ver=1774457000 HTTP/1.1" 200 4264 "https://www.biotechprocleaners.com/product/alkhaline-floor-cleaner-degreaser/" "Mozilla/5.0 (Linux; Android 8.0; Pixel 2 Build/OPD3.170816.012) AppleWebKit/537.36 (KHTML, like Gecko) Chrome/50.0.1004.1673 Mobile Safari/537.36"
185.225.105.153 - - [16/Aug/2026:17:39:14 -0400] "GET /wp-content/cache/min/1/wp-content/plugins/bold-page-builder/content_elements/bt_bb_section/bt_bb_elements.js?ver=1774457000 HTTP/1.1" 200 656 "https://www.biotechprocleaners.com/product/alkhaline-floor-cleaner-degreaser/" "Mozilla/5.0 (Linux; Android 8.0; Pixel 2 Build/OPD3.170816.012) AppleWebKit/537.36 (KHTML, like Gecko) Chrome/50.0.1004.1673 Mobile Safari/537.36"
95.175.80.164 - - [16/Aug/2026:17:39:14 -0400] "GET /wp-includes/js/masonry.min.js?ver=4.2.2 HTTP/1.1" 200 7382 "https://www.biotechprocleaners.com/product/alkhaline-floor-cleaner-degreaser/" "Mozilla/5.0 (Linux; Android 8.0; Pixel 2 Build/OPD3.170816.012) AppleWebKit/537.36 (KHTML, like Gecko) Chrome/50.0.1004.1673 Mobile Safari/537.36"
192.161.164.7 - - [16/Aug/2026:17:39:14 -0400] "GET /wp-content/cache/min/1/wp-content/themes/amwerk/bold-page-builder/content_elements/bt_bb_masonry_portfolio_tiles/bt_bb_portfolio_tiles.js?ver=1774457000 HTTP/1.1" 200 1020 "https://www.biotechprocleaners.com/product/alkhaline-floor-cleaner-degreaser/" "Mozilla/5.0 (Linux; Android 8.0; Pixel 2 Build/OPD3.170816.012) AppleWebKit/537.36 (KHTML, like Gecko) Chrome/50.0.1004.1673 Mobile Safari/537.36"
185.225.105.153 - - [16/Aug/2026:17:39:15 -0400] "GET /wp-includes/js/imagesloaded.min.js?ver=5.0.0 HTTP/1.1" 200 1803 "https://www.biotechprocleaners.com/product/alkhaline-floor-cleaner-degreaser/" "Mozilla/5.0 (Linux; Android 8.0; Pixel 2 Build/OPD3.170816.012) AppleWebKit/537.36 (KHTML, like Gecko) Chrome/50.0.1004.1673 Mobile Safari/537.36"
95.175.80.164 - - [16/Aug/2026:17:39:15 -0400] "GET /wp-includes/js/jquery/jquery.masonry.min.js?ver=3.1.2b HTTP/1.1" 200 716 "https://www.biotechprocleaners.com/product/alkhaline-floor-cleaner-degreaser/" "Mozilla/5.0 (Linux; Android 8.0; Pixel 2 Build/OPD3.170816.012) AppleWebKit/537.36 (KHTML, like Gecko) Chrome/50.0.1004.1673 Mobile Safari/537.36"
192.161.164.7 - - [16/Aug/2026:17:39:15 -0400] "GET /wp-content/cache/min/1/wp-content/plugins/amwerk/shortcodes/back_to_top/js/back_to_top.js?ver=1774457000 HTTP/1.1" 200 285 "https://www.biotechprocleaners.com/product/alkhaline-floor-cleaner-degreaser/" "Mozilla/5.0 (Linux; Android 8.0; Pixel 2 Build/OPD3.170816.012) AppleWebKit/537.36 (KHTML, like Gecko) Chrome/50.0.1004.1673 Mobile Safari/537.36"
173.254.244.126 - - [16/Aug/2026:17:39:15 -0400] "GET /wp-content/plugins/woocommerce/assets/js/frontend/add-to-cart.min.js?ver=10.2.4 HTTP/1.1" 200 1368 "https://www.biotechprocleaners.com/product/alkhaline-floor-cleaner-degreaser/" "Mozilla/5.0 (Linux; Android 8.0; Pixel 2 Build/OPD3.170816.012) AppleWebKit/537.36 (KHTML, like Gecko) Chrome/50.0.1004.1673 Mobile Safari/537.36"
27.126.181.117 - - [16/Aug/2026:17:39:15 -0400] "GET /wp-content/plugins/woocommerce/assets/js/js-cookie/js.cookie.min.js?ver=2.1.4-wc.10.2.4 HTTP/1.1" 200 833 "https://www.biotechprocleaners.com/product/alkhaline-floor-cleaner-degreaser/" "Mozilla/5.0 (Linux; Android 8.0; Pixel 2 Build/OPD3.170816.012) AppleWebKit/537.36 (KHTML, like Gecko) Chrome/50.0.1004.1673 Mobile Safari/537.36"
185.225.105.153 - - [16/Aug/2026:17:39:15 -0400] "GET /wp-content/plugins/woocommerce/assets/js/jquery-blockui/jquery.blockUI.min.js?ver=2.7.0-wc.10.2.4 HTTP/1.1" 200 3537 "https://www.biotechprocleaners.com/product/alkhaline-floor-cleaner-degreaser/" "Mozilla/5.0 (Linux; Android 8.0; Pixel 2 Build/OPD3.170816.012) AppleWebKit/537.36 (KHTML, like Gecko) Chrome/50.0.1004.1673 Mobile Safari/537.36"
185.172.22.110 - - [16/Aug/2026:17:39:15 -0400] "GET /wp-content/uploads/2024/02/Food-Industry.jpg HTTP/1.1" 206 500 "https://www.biotechprocleaners.com/product/alkhaline-floor-cleaner-degreaser/" "Mozilla/5.0 (Linux; Android 8.0; Pixel 2 Build/OPD3.170816.012) AppleWebKit/537.36 (KHTML, like Gecko) Chrome/50.0.1004.1673 Mobile Safari/537.36"
95.175.80.164 - - [16/Aug/2026:17:39:15 -0400] "GET /wp-content/plugins/woocommerce/assets/js/frontend/woocommerce.min.js?ver=10.2.4 HTTP/1.1" 200 1474 "https://www.biotechprocleaners.com/product/alkhaline-floor-cleaner-degreaser/" "Mozilla/5.0 (Linux; Android 8.0; Pixel 2 Build/OPD3.170816.012) AppleWebKit/537.36 (KHTML, like Gecko) Chrome/50.0.1004.1673 Mobile Safari/537.36"
192.161.164.7 - - [16/Aug/2026:17:39:15 -0400] "GET /wp-content/uploads/2024/02/Hospitality-Industry.jpg HTTP/1.1" 206 500 "https://www.biotechprocleaners.com/product/alkhaline-floor-cleaner-degreaser/" "Mozilla/5.0 (Linux; Android 8.0; Pixel 2 Build/OPD3.170816.012) AppleWebKit/537.36 (KHTML, like Gecko) Chrome/50.0.1004.1673 Mobile Safari/537.36"
95.175.80.164 - - [16/Aug/2026:17:39:16 -0400] "GET /wp-content/uploads/2024/02/Retail-Industry.jpg HTTP/1.1" 206 500 "https://www.biotechprocleaners.com/product/alkhaline-floor-cleaner-degreaser/" "Mozilla/5.0 (Linux; Android 8.0; Pixel 2 Build/OPD3.170816.012) AppleWebKit/537.36 (KHTML, like Gecko) Chrome/50.0.1004.1673 Mobile Safari/537.36"
192.161.164.7 - - [16/Aug/2026:17:39:16 -0400] "GET /wp-json/contact-form-7/v1/contact-forms/2093/feedback/schema HTTP/1.1" 200 290 "https://www.biotechprocleaners.com/product/alkhaline-floor-cleaner-degreaser/" "Mozilla/5.0 (Linux; Android 8.0; Pixel 2 Build/OPD3.170816.012) AppleWebKit/537.36 (KHTML, like Gecko) Chrome/50.0.1004.1673 Mobile Safari/537.36"
95.175.80.164 - - [16/Aug/2026:17:39:16 -0400] "POST /wp-admin/admin-ajax.php HTTP/1.1" 200 1479 "https://www.biotechprocleaners.com/product/alkhaline-floor-cleaner-degreaser/" "Mozilla/5.0 (Linux; Android 8.0; Pixel 2 Build/OPD3.170816.012) AppleWebKit/537.36 (KHTML, like Gecko) Chrome/50.0.1004.1673 Mobile Safari/537.36"
185.172.22.110 - - [16/Aug/2026:17:39:16 -0400] "GET /wp-json/contact-form-7/v1/contact-forms/2091/feedback/schema HTTP/1.1" 200 378 "https://www.biotechprocleaners.com/product/alkhaline-floor-cleaner-degreaser/" "Mozilla/5.0 (Linux; Android 8.0; Pixel 2 Build/OPD3.170816.012) AppleWebKit/537.36 (KHTML, like Gecko) Chrome/50.0.1004.1673 Mobile Safari/537.36"
27.126.181.117 - - [16/Aug/2026:17:39:16 -0400] "GET /wp-json/contact-form-7/v1/contact-forms/1092/feedback/schema HTTP/1.1" 200 197 "https://www.biotechprocleaners.com/product/alkhaline-floor-cleaner-degreaser/" "Mozilla/5.0 (Linux; Android 8.0; Pixel 2 Build/OPD3.170816.012) AppleWebKit/537.36 (KHTML, like Gecko) Chrome/50.0.1004.1673 Mobile Safari/537.36"
69.39.225.240 - - [16/Aug/2026:17:39:18 -0400] "POST /wp-cron.php?doing_wp_cron=1786916358.6605188846588134765625 HTTP/1.1" 200 20 "-" "WordPress/7.0.4; https://www.biotechprocleaners.com"
173.254.244.126 - - [16/Aug/2026:17:39:15 -0400] "POST /wp-admin/admin-ajax.php HTTP/1.1" 200 36 "https://www.biotechprocleaners.com/product/alkhaline-floor-cleaner-degreaser/" "Mozilla/5.0 (Linux; Android 8.0; Pixel 2 Build/OPD3.170816.012) AppleWebKit/537.36 (KHTML, like Gecko) Chrome/50.0.1004.1673 Mobile Safari/537.36"
185.225.105.153 - - [16/Aug/2026:17:39:16 -0400] "GET /wp-json/contact-form-7/v1/contact-forms/1081/feedback/schema HTTP/1.1" 200 447 "https://www.biotechprocleaners.com/product/alkhaline-floor-cleaner-degreaser/" "Mozilla/5.0 (Linux; Android 8.0; Pixel 2 Build/OPD3.170816.012) AppleWebKit/537.36 (KHTML, like Gecko) Chrome/50.0.1004.1673 Mobile Safari/537.36"
185.172.22.110 - - [16/Aug/2026:17:39:19 -0400] "GET /wp-content/plugins/bold-page-builder/img/blank.gif HTTP/1.1" 206 500 "https://www.biotechprocleaners.com/product/alkhaline-floor-cleaner-degreaser/" "Mozilla/5.0 (Linux; Android 8.0; Pixel 2 Build/OPD3.170816.012) AppleWebKit/537.36 (KHTML, like Gecko) Chrome/50.0.1004.1673 Mobile Safari/537.36"
27.126.181.117 - - [16/Aug/2026:17:39:19 -0400] "GET /wp-content/uploads/2025/07/footer-logo-new.png HTTP/1.1" 206 500 "https://www.biotechprocleaners.com/product/alkhaline-floor-cleaner-degreaser/" "Mozilla/5.0 (Linux; Android 8.0; Pixel 2 Build/OPD3.170816.012) AppleWebKit/537.36 (KHTML, like Gecko) Chrome/50.0.1004.1673 Mobile Safari/537.36"
173.254.244.126 - - [16/Aug/2026:17:39:19 -0400] "GET /wp-content/themes/amwerk/print.css?ver=7.0.4 HTTP/1.1" 200 1145 "https://www.biotechprocleaners.com/product/alkhaline-floor-cleaner-degreaser/" "Mozilla/5.0 (Linux; Android 8.0; Pixel 2 Build/OPD3.170816.012) AppleWebKit/537.36 (KHTML, like Gecko) Chrome/50.0.1004.1673 Mobile Safari/537.36"
185.172.22.110 - - [16/Aug/2026:17:39:20 -0400] "GET /wp-content/uploads/2020/10/justus-menke-RSpq9P2vttE-unsplash-320x240.png HTTP/1.1" 206 500 "https://www.biotechprocleaners.com/product/alkhaline-floor-cleaner-degreaser/" "Mozilla/5.0 (Linux; Android 8.0; Pixel 2 Build/OPD3.170816.012) AppleWebKit/537.36 (KHTML, like Gecko) Chrome/50.0.1004.1673 Mobile Safari/537.36"
192.161.164.7 - - [16/Aug/2026:17:39:20 -0400] "GET /wp-content/uploads/2023/09/train-5150747-320x240.png HTTP/1.1" 206 500 "https://www.biotechprocleaners.com/product/alkhaline-floor-cleaner-degreaser/" "Mozilla/5.0 (Linux; Android 8.0; Pixel 2 Build/OPD3.170816.012) AppleWebKit/537.36 (KHTML, like Gecko) Chrome/50.0.1004.1673 Mobile Safari/537.36"
173.254.244.126 - - [16/Aug/2026:17:39:20 -0400] "GET /wp-content/uploads/2023/09/pexels-tom-fisk-3856433-320x240.png HTTP/1.1" 206 500 "https://www.biotechprocleaners.com/product/alkhaline-floor-cleaner-degreaser/" "Mozilla/5.0 (Linux; Android 8.0; Pixel 2 Build/OPD3.170816.012) AppleWebKit/537.36 (KHTML, like Gecko) Chrome/50.0.1004.1673 Mobile Safari/537.36"
95.175.80.164 - - [16/Aug/2026:17:39:20 -0400] "GET /wp-content/uploads/2023/09/pexels-pixabay-290275-1-1280x1035.png HTTP/1.1" 206 500 "https://www.biotechprocleaners.com/product/alkhaline-floor-cleaner-degreaser/" "Mozilla/5.0 (Linux; Android 8.0; Pixel 2 Build/OPD3.170816.012) AppleWebKit/537.36 (KHTML, like Gecko) Chrome/50.0.1004.1673 Mobile Safari/537.36"
27.126.181.117 - - [16/Aug/2026:17:39:20 -0400] "GET /wp-content/uploads/2023/09/worker-operating-industrial-machine-metal-workshop-320x240.png HTTP/1.1" 206 500 "https://www.biotechprocleaners.com/product/alkhaline-floor-cleaner-degreaser/" "Mozilla/5.0 (Linux; Android 8.0; Pixel 2 Build/OPD3.170816.012) AppleWebKit/537.36 (KHTML, like Gecko) Chrome/50.0.1004.1673 Mobile Safari/537.36"
185.225.105.153 - - [16/Aug/2026:17:39:20 -0400] "GET /wp-content/uploads/2023/09/pexels-maarten-van-den-heuvel-4254902-1280x1035.png HTTP/1.1" 206 500 "https://www.biotechprocleaners.com/product/alkhaline-floor-cleaner-degreaser/" "Mozilla/5.0 (Linux; Android 8.0; Pixel 2 Build/OPD3.170816.012) AppleWebKit/537.36 (KHTML, like Gecko) Chrome/50.0.1004.1673 Mobile Safari/537.36"
192.161.164.7 - - [16/Aug/2026:17:39:20 -0400] "GET /wp-content/uploads/2023/09/tony-yakovlenko-lDxxeAJrWpE-unsplash-1280x1035.png HTTP/1.1" 206 500 "https://www.biotechprocleaners.com/product/alkhaline-floor-cleaner-degreaser/" "Mozilla/5.0 (Linux; Android 8.0; Pixel 2 Build/OPD3.170816.012) AppleWebKit/537.36 (KHTML, like Gecko) Chrome/50.0.1004.1673 Mobile Safari/537.36"
95.175.80.164 - - [16/Aug/2026:17:39:20 -0400] "GET /wp-content/uploads/2023/09/pexels-artem-podrez-5726808-320x240.png HTTP/1.1" 206 500 "https://www.biotechprocleaners.com/product/alkhaline-floor-cleaner-degreaser/" "Mozilla/5.0 (Linux; Android 8.0; Pixel 2 Build/OPD3.170816.012) AppleWebKit/537.36 (KHTML, like Gecko) Chrome/50.0.1004.1673 Mobile Safari/537.36"
27.126.181.117 - - [16/Aug/2026:17:39:20 -0400] "GET /wp-content/uploads/2023/09/pexels-pixabay-54581-1-320x240.png HTTP/1.1" 206 500 "https://www.biotechprocleaners.com/product/alkhaline-floor-cleaner-degreaser/" "Mozilla/5.0 (Linux; Android 8.0; Pixel 2 Build/OPD3.170816.012) AppleWebKit/537.36 (KHTML, like Gecko) Chrome/50.0.1004.1673 Mobile Safari/537.36"
95.175.80.164 - - [16/Aug/2026:17:39:21 -0400] "GET /wp-content/uploads/2024/05/DIA2.png HTTP/1.1" 206 500 "https://www.biotechprocleaners.com/product/alkhaline-floor-cleaner-degreaser/" "Mozilla/5.0 (Linux; Android 8.0; Pixel 2 Build/OPD3.170816.012) AppleWebKit/537.36 (KHTML, like Gecko) Chrome/50.0.1004.1673 Mobile Safari/537.36"
69.39.225.240 - - [16/Aug/2026:17:39:23 -0400] "POST /wp-cron.php?doing_wp_cron=1786916363.1507160663604736328125 HTTP/1.1" 200 20 "-" "WordPress/7.0.4; https://www.biotechprocleaners.com"
27.126.181.117 - - [16/Aug/2026:17:39:21 -0400] "GET /wp-json/contact-form-7/v1/contact-forms/2091/refill HTTP/1.1" 200 22 "https://www.biotechprocleaners.com/product/alkhaline-floor-cleaner-degreaser/" "Mozilla/5.0 (Linux; Android 8.0; Pixel 2 Build/OPD3.170816.012) AppleWebKit/537.36 (KHTML, like Gecko) Chrome/50.0.1004.1673 Mobile Safari/537.36"
185.225.105.153 - - [16/Aug/2026:17:39:21 -0400] "GET /wp-json/contact-form-7/v1/contact-forms/1081/refill HTTP/1.1" 200 22 "https://www.biotechprocleaners.com/product/alkhaline-floor-cleaner-degreaser/" "Mozilla/5.0 (Linux; Android 8.0; Pixel 2 Build/OPD3.170816.012) AppleWebKit/537.36 (KHTML, like Gecko) Chrome/50.0.1004.1673 Mobile Safari/537.36"
173.254.244.126 - - [16/Aug/2026:17:39:21 -0400] "GET /wp-json/contact-form-7/v1/contact-forms/1092/refill HTTP/1.1" 200 22 "https://www.biotechprocleaners.com/product/alkhaline-floor-cleaner-degreaser/" "Mozilla/5.0 (Linux; Android 8.0; Pixel 2 Build/OPD3.170816.012) AppleWebKit/537.36 (KHTML, like Gecko) Chrome/50.0.1004.1673 Mobile Safari/537.36"
192.161.164.7 - - [16/Aug/2026:17:39:21 -0400] "GET /wp-json/contact-form-7/v1/contact-forms/2093/refill HTTP/1.1" 200 22 "https://www.biotechprocleaners.com/product/alkhaline-floor-cleaner-degreaser/" "Mozilla/5.0 (Linux; Android 8.0; Pixel 2 Build/OPD3.170816.012) AppleWebKit/537.36 (KHTML, like Gecko) Chrome/50.0.1004.1673 Mobile Safari/537.36"
173.254.244.126 - - [16/Aug/2026:17:39:23 -0400] "GET /wp-json/contact-form-7/v1/contact-forms/2093/refill HTTP/1.1" 200 22 "https://www.biotechprocleaners.com/product/alkhaline-floor-cleaner-degreaser/" "Mozilla/5.0 (Linux; Android 8.0; Pixel 2 Build/OPD3.170816.012) AppleWebKit/537.36 (KHTML, like Gecko) Chrome/50.0.1004.1673 Mobile Safari/537.36"
69.39.225.240 - - [16/Aug/2026:17:42:14 -0400] "POST /wp-cron.php?doing_wp_cron=1786916534.0218338966369628906250 HTTP/1.1" 200 20 "-" "WordPress/7.0.4; https://www.biotechprocleaners.com"
23.21.175.228 - - [16/Aug/2026:17:42:12 -0400] "GET /surface/counters/?surfaces=dashboards HTTP/1.1" 200 47354 "-" "Mozilla/5.0 AppleWebKit/537.36 (KHTML, like Gecko; compatible; Amazonbot/0.1; +https://developer.amazon.com/support/amazonbot) Chrome/119.0.6045.214 Safari/537.36"
69.39.225.240 - - [16/Aug/2026:17:43:31 -0400] "POST /wp-cron.php?doing_wp_cron=1786916611.4177060127258300781250 HTTP/1.1" 200 20 "-" "WordPress/7.0.4; https://www.biotechprocleaners.com"
54.84.93.8 - - [16/Aug/2026:17:43:30 -0400] "GET /product-category/recreational-convention-centers/?amp&surfaces=kitchen HTTP/1.1" 200 47046 "-" "Mozilla/5.0 AppleWebKit/537.36 (KHTML, like Gecko; compatible; Amazonbot/0.1; +https://developer.amazon.com/support/amazonbot) Chrome/119.0.6045.214 Safari/537.36"
69.39.225.240 - - [16/Aug/2026:17:44:02 -0400] "POST /wp-cron.php?doing_wp_cron=1786916642.7330889701843261718750 HTTP/1.1" 200 20 "-" "WordPress/7.0.4; https://www.biotechprocleaners.com"
3.215.221.125 - - [16/Aug/2026:17:44:01 -0400] "GET /surface/kitchen/?areas=kitchen HTTP/1.1" 200 47359 "-" "Mozilla/5.0 AppleWebKit/537.36 (KHTML, like Gecko; compatible; Amazonbot/0.1; +https://developer.amazon.com/support/amazonbot) Chrome/119.0.6045.214 Safari/537.36"
173.44.33.105 - - [16/Aug/2026:17:44:06 -0400] "GET /product-category/government/ HTTP/1.1" 200 49225 "-" "Mozilla/5.0 (Linux; Android 5.0; SM-G900P Build/LRX21T) AppleWebKit/537.36 (KHTML, like Gecko) Chrome/43.0.2153.1231 Mobile Safari/537.36"
173.254.228.121 - - [16/Aug/2026:17:44:08 -0400] "GET /wp-content/plugins/filter-everything/assets/css/filter-everything.min.css?ver=1.9.1 HTTP/1.1" 200 8525 "https://www.biotechprocleaners.com/product-category/government/" "Mozilla/5.0 (Linux; Android 5.0; SM-G900P Build/LRX21T) AppleWebKit/537.36 (KHTML, like Gecko) Chrome/43.0.2153.1231 Mobile Safari/537.36"
103.221.234.215 - - [16/Aug/2026:17:44:08 -0400] "GET /wp-content/cache/min/1/wp-content/uploads/cache/filter-everything/7a40fdfc964d00189c02337a39e974f8.css?ver=1774457020 HTTP/1.1" 200 2471 "https://www.biotechprocleaners.com/product-category/government/" "Mozilla/5.0 (Linux; Android 5.0; SM-G900P Build/LRX21T) AppleWebKit/537.36 (KHTML, like Gecko) Chrome/43.0.2153.1231 Mobile Safari/537.36"
173.254.228.121 - - [16/Aug/2026:17:44:08 -0400] "GET /wp-content/plugins/filter-everything/assets/js/select2/select2.min.js?ver=4.1.0 HTTP/1.1" 200 20013 "https://www.biotechprocleaners.com/product-category/government/" "Mozilla/5.0 (Linux; Android 5.0; SM-G900P Build/LRX21T) AppleWebKit/537.36 (KHTML, like Gecko) Chrome/43.0.2153.1231 Mobile Safari/537.36"
103.221.234.215 - - [16/Aug/2026:17:44:08 -0400] "GET /wp-content/plugins/filter-everything/assets/css/select2/select2.min.css?ver=4.1.0 HTTP/1.1" 200 2068 "https://www.biotechprocleaners.com/product-category/government/" "Mozilla/5.0 (Linux; Android 5.0; SM-G900P Build/LRX21T) AppleWebKit/537.36 (KHTML, like Gecko) Chrome/43.0.2153.1231 Mobile Safari/537.36"
173.44.33.105 - - [16/Aug/2026:17:44:07 -0400] "GET /wp-content/themes/amwerk-child/custom-slider.css?ver=7.0.4 HTTP/1.1" 200 39520 "https://www.biotechprocleaners.com/product-category/government/" "Mozilla/5.0 (Linux; Android 5.0; SM-G900P Build/LRX21T) AppleWebKit/537.36 (KHTML, like Gecko) Chrome/43.0.2153.1231 Mobile Safari/537.36"
103.221.234.215 - - [16/Aug/2026:17:44:09 -0400] "GET /wp-includes/js/jquery/ui/core.min.js?ver=1.13.3 HTTP/1.1" 200 7106 "https://www.biotechprocleaners.com/product-category/government/" "Mozilla/5.0 (Linux; Android 5.0; SM-G900P Build/LRX21T) AppleWebKit/537.36 (KHTML, like Gecko) Chrome/43.0.2153.1231 Mobile Safari/537.36"
173.254.228.121 - - [16/Aug/2026:17:44:09 -0400] "GET /wp-includes/js/jquery/ui/slider.min.js?ver=1.13.3 HTTP/1.1" 200 3138 "https://www.biotechprocleaners.com/product-category/government/" "Mozilla/5.0 (Linux; Android 5.0; SM-G900P Build/LRX21T) AppleWebKit/537.36 (KHTML, like Gecko) Chrome/43.0.2153.1231 Mobile Safari/537.36"
103.221.234.215 - - [16/Aug/2026:17:44:09 -0400] "GET /wp-content/plugins/filter-everything/assets/js/filter-everything.min.js?ver=1.9.1 HTTP/1.1" 200 8050 "https://www.biotechprocleaners.com/product-category/government/" "Mozilla/5.0 (Linux; Android 5.0; SM-G900P Build/LRX21T) AppleWebKit/537.36 (KHTML, like Gecko) Chrome/43.0.2153.1231 Mobile Safari/537.36"
185.225.104.95 - - [16/Aug/2026:17:44:09 -0400] "GET /wp-includes/js/jquery/ui/mouse.min.js?ver=1.13.3 HTTP/1.1" 200 1098 "https://www.biotechprocleaners.com/product-category/government/" "Mozilla/5.0 (Linux; Android 5.0; SM-G900P Build/LRX21T) AppleWebKit/537.36 (KHTML, like Gecko) Chrome/43.0.2153.1231 Mobile Safari/537.36"
103.221.234.215 - - [16/Aug/2026:17:44:10 -0400] "GET /wp-content/plugins/woocommerce/assets/js/jquery-ui-touch-punch/jquery-ui-touch-punch.min.js?ver=10.2.4 HTTP/1.1" 200 594 "https://www.biotechprocleaners.com/product-category/government/" "Mozilla/5.0 (Linux; Android 5.0; SM-G900P Build/LRX21T) AppleWebKit/537.36 (KHTML, like Gecko) Chrome/43.0.2153.1231 Mobile Safari/537.36"
103.228.201.94 - - [16/Aug/2026:17:44:08 -0400] "GET /wp-content/themes/amwerk-child/custom-slider.js?ver=1.0 HTTP/1.1" 200 39516 "https://www.biotechprocleaners.com/product-category/government/" "Mozilla/5.0 (Linux; Android 5.0; SM-G900P Build/LRX21T) AppleWebKit/537.36 (KHTML, like Gecko) Chrome/43.0.2153.1231 Mobile Safari/537.36"
173.254.228.121 - - [16/Aug/2026:17:44:10 -0400] "GET /wp-content/uploads/2025/06/LVEMD1-450x450.png HTTP/1.1" 206 500 "https://www.biotechprocleaners.com/product-category/government/" "Mozilla/5.0 (Linux; Android 5.0; SM-G900P Build/LRX21T) AppleWebKit/537.36 (KHTML, like Gecko) Chrome/43.0.2153.1231 Mobile Safari/537.36"
185.225.104.95 - - [16/Aug/2026:17:44:10 -0400] "GET /wp-content/uploads/2023/05/NDMS1-450x450.png HTTP/1.1" 206 500 "https://www.biotechprocleaners.com/product-category/government/" "Mozilla/5.0 (Linux; Android 5.0; SM-G900P Build/LRX21T) AppleWebKit/537.36 (KHTML, like Gecko) Chrome/43.0.2153.1231 Mobile Safari/537.36"
103.221.234.215 - - [16/Aug/2026:17:44:10 -0400] "GET /wp-content/uploads/2025/06/LVEM-450x450.png HTTP/1.1" 206 500 "https://www.biotechprocleaners.com/product-category/government/" "Mozilla/5.0 (Linux; Android 5.0; SM-G900P Build/LRX21T) AppleWebKit/537.36 (KHTML, like Gecko) Chrome/43.0.2153.1231 Mobile Safari/537.36"
173.254.228.121 - - [16/Aug/2026:17:44:10 -0400] "GET /wp-content/uploads/2024/02/category_top_banner.png HTTP/1.1" 206 500 "https://www.biotechprocleaners.com/product-category/government/" "Mozilla/5.0 (Linux; Android 5.0; SM-G900P Build/LRX21T) AppleWebKit/537.36 (KHTML, like Gecko) Chrome/43.0.2153.1231 Mobile Safari/537.36"
103.221.234.215 - - [16/Aug/2026:17:44:10 -0400] "GET /wp-content/uploads/2024/05/NES1-450x450.png HTTP/1.1" 206 500 "https://www.biotechprocleaners.com/product-category/government/" "Mozilla/5.0 (Linux; Android 5.0; SM-G900P Build/LRX21T) AppleWebKit/537.36 (KHTML, like Gecko) Chrome/43.0.2153.1231 Mobile Safari/537.36"
155.94.200.148 - - [16/Aug/2026:17:44:10 -0400] "GET /wp-content/uploads/2023/05/NDDA1-450x450.png HTTP/1.1" 206 500 "https://www.biotechprocleaners.com/product-category/government/" "Mozilla/5.0 (Linux; Android 5.0; SM-G900P Build/LRX21T) AppleWebKit/537.36 (KHTML, like Gecko) Chrome/43.0.2153.1231 Mobile Safari/537.36"
103.228.201.94 - - [16/Aug/2026:17:44:10 -0400] "GET /wp-content/uploads/2024/05/NDEA1-450x450.png HTTP/1.1" 206 500 "https://www.biotechprocleaners.com/product-category/government/" "Mozilla/5.0 (Linux; Android 5.0; SM-G900P Build/LRX21T) AppleWebKit/537.36 (KHTML, like Gecko) Chrome/43.0.2153.1231 Mobile Safari/537.36"
185.225.104.95 - - [16/Aug/2026:17:44:10 -0400] "GET /wp-content/uploads/2023/05/NDSS1-450x450.png HTTP/1.1" 206 500 "https://www.biotechprocleaners.com/product-category/government/" "Mozilla/5.0 (Linux; Android 5.0; SM-G900P Build/LRX21T) AppleWebKit/537.36 (KHTML, like Gecko) Chrome/43.0.2153.1231 Mobile Safari/537.36"
173.254.228.121 - - [16/Aug/2026:17:44:10 -0400] "GET /wp-content/uploads/2023/05/NBV1-450x450.png HTTP/1.1" 206 500 "https://www.biotechprocleaners.com/product-category/government/" "Mozilla/5.0 (Linux; Android 5.0; SM-G900P Build/LRX21T) AppleWebKit/537.36 (KHTML, like Gecko) Chrome/43.0.2153.1231 Mobile Safari/537.36"
103.221.234.215 - - [16/Aug/2026:17:44:10 -0400] "GET /wp-content/uploads/2026/01/NDDS1-450x450.jpg HTTP/1.1" 206 500 "https://www.biotechprocleaners.com/product-category/government/" "Mozilla/5.0 (Linux; Android 5.0; SM-G900P Build/LRX21T) AppleWebKit/537.36 (KHTML, like Gecko) Chrome/43.0.2153.1231 Mobile Safari/537.36"
103.228.201.94 - - [16/Aug/2026:17:44:11 -0400] "GET /wp-json/contact-form-7/v1/contact-forms/2093/feedback/schema HTTP/1.1" 200 290 "https://www.biotechprocleaners.com/product-category/government/" "Mozilla/5.0 (Linux; Android 5.0; SM-G900P Build/LRX21T) AppleWebKit/537.36 (KHTML, like Gecko) Chrome/43.0.2153.1231 Mobile Safari/537.36"
103.221.234.215 - - [16/Aug/2026:17:44:11 -0400] "POST /wp-admin/admin-ajax.php HTTP/1.1" 200 1479 "https://www.biotechprocleaners.com/product-category/government/" "Mozilla/5.0 (Linux; Android 5.0; SM-G900P Build/LRX21T) AppleWebKit/537.36 (KHTML, like Gecko) Chrome/43.0.2153.1231 Mobile Safari/537.36"
155.94.200.148 - - [16/Aug/2026:17:44:11 -0400] "GET /wp-json/contact-form-7/v1/contact-forms/1081/feedback/schema HTTP/1.1" 200 447 "https://www.biotechprocleaners.com/product-category/government/" "Mozilla/5.0 (Linux; Android 5.0; SM-G900P Build/LRX21T) AppleWebKit/537.36 (KHTML, like Gecko) Chrome/43.0.2153.1231 Mobile Safari/537.36"
69.39.225.240 - - [16/Aug/2026:17:44:13 -0400] "POST /wp-cron.php?doing_wp_cron=1786916653.0075979232788085937500 HTTP/1.1" 200 20 "-" "WordPress/7.0.4; https://www.biotechprocleaners.com"
173.254.228.121 - - [16/Aug/2026:17:44:11 -0400] "GET /wp-json/contact-form-7/v1/contact-forms/2091/feedback/schema HTTP/1.1" 200 378 "https://www.biotechprocleaners.com/product-category/government/" "Mozilla/5.0 (Linux; Android 5.0; SM-G900P Build/LRX21T) AppleWebKit/537.36 (KHTML, like Gecko) Chrome/43.0.2153.1231 Mobile Safari/537.36"
185.225.104.95 - - [16/Aug/2026:17:44:11 -0400] "GET /wp-json/contact-form-7/v1/contact-forms/1092/feedback/schema HTTP/1.1" 200 197 "https://www.biotechprocleaners.com/product-category/government/" "Mozilla/5.0 (Linux; Android 5.0; SM-G900P Build/LRX21T) AppleWebKit/537.36 (KHTML, like Gecko) Chrome/43.0.2153.1231 Mobile Safari/537.36"
103.221.234.215 - - [16/Aug/2026:17:44:13 -0400] "GET /wp-content/uploads/2025/07/LL1-450x450.png HTTP/1.1" 206 500 "https://www.biotechprocleaners.com/product-category/government/" "Mozilla/5.0 (Linux; Android 5.0; SM-G900P Build/LRX21T) AppleWebKit/537.36 (KHTML, like Gecko) Chrome/43.0.2153.1231 Mobile Safari/537.36"
155.94.200.148 - - [16/Aug/2026:17:44:13 -0400] "GET /wp-content/uploads/2023/05/NDN1-450x450.png HTTP/1.1" 206 500 "https://www.biotechprocleaners.com/product-category/government/" "Mozilla/5.0 (Linux; Android 5.0; SM-G900P Build/LRX21T) AppleWebKit/537.36 (KHTML, like Gecko) Chrome/43.0.2153.1231 Mobile Safari/537.36"
173.254.228.121 - - [16/Aug/2026:17:44:13 -0400] "GET /wp-content/uploads/2025/06/LRM1-450x450.png HTTP/1.1" 206 500 "https://www.biotechprocleaners.com/product-category/government/" "Mozilla/5.0 (Linux; Android 5.0; SM-G900P Build/LRX21T) AppleWebKit/537.36 (KHTML, like Gecko) Chrome/43.0.2153.1231 Mobile Safari/537.36"
103.228.201.94 - - [16/Aug/2026:17:44:13 -0400] "GET /wp-content/uploads/2023/05/NRPP1-450x450.png HTTP/1.1" 206 500 "https://www.biotechprocleaners.com/product-category/government/" "Mozilla/5.0 (Linux; Android 5.0; SM-G900P Build/LRX21T) AppleWebKit/537.36 (KHTML, like Gecko) Chrome/43.0.2153.1231 Mobile Safari/537.36"
103.221.234.215 - - [16/Aug/2026:17:44:13 -0400] "GET /wp-content/uploads/2024/05/GW1-450x450.png HTTP/1.1" 206 500 "https://www.biotechprocleaners.com/product-category/government/" "Mozilla/5.0 (Linux; Android 5.0; SM-G900P Build/LRX21T) AppleWebKit/537.36 (KHTML, like Gecko) Chrome/43.0.2153.1231 Mobile Safari/537.36"
185.225.104.95 - - [16/Aug/2026:17:44:13 -0400] "GET /wp-content/uploads/2023/05/NRI-450x450.png HTTP/1.1" 206 500 "https://www.biotechprocleaners.com/product-category/government/" "Mozilla/5.0 (Linux; Android 5.0; SM-G900P Build/LRX21T) AppleWebKit/537.36 (KHTML, like Gecko) Chrome/43.0.2153.1231 Mobile Safari/537.36"
173.254.228.121 - - [16/Aug/2026:17:44:13 -0400] "GET /wp-content/plugins/wp-rocket/assets/js/wpr-beacon.min.js HTTP/1.1" 200 8097 "https://www.biotechprocleaners.com/product-category/government/" "Mozilla/5.0 (Linux; Android 5.0; SM-G900P Build/LRX21T) AppleWebKit/537.36 (KHTML, like Gecko) Chrome/43.0.2153.1231 Mobile Safari/537.36"
103.228.201.94 - - [16/Aug/2026:17:44:13 -0400] "GET /wp-content/uploads/2026/01/NDDS1-450x450.jpg HTTP/1.1" 200 37442 "https://www.biotechprocleaners.com/product-category/government/" "Mozilla/5.0 (Linux; Android 5.0; SM-G900P Build/LRX21T) AppleWebKit/537.36 (KHTML, like Gecko) Chrome/43.0.2153.1231 Mobile Safari/537.36"
103.221.234.215 - - [16/Aug/2026:17:44:14 -0400] "GET /wp-json/contact-form-7/v1/contact-forms/1092/refill HTTP/1.1" 200 22 "https://www.biotechprocleaners.com/product-category/government/" "Mozilla/5.0 (Linux; Android 5.0; SM-G900P Build/LRX21T) AppleWebKit/537.36 (KHTML, like Gecko) Chrome/43.0.2153.1231 Mobile Safari/537.36"
155.94.200.148 - - [16/Aug/2026:17:44:14 -0400] "GET /wp-json/contact-form-7/v1/contact-forms/2091/refill HTTP/1.1" 200 22 "https://www.biotechprocleaners.com/product-category/government/" "Mozilla/5.0 (Linux; Android 5.0; SM-G900P Build/LRX21T) AppleWebKit/537.36 (KHTML, like Gecko) Chrome/43.0.2153.1231 Mobile Safari/537.36"
173.254.228.121 - - [16/Aug/2026:17:44:14 -0400] "GET /wp-json/contact-form-7/v1/contact-forms/1081/refill HTTP/1.1" 200 22 "https://www.biotechprocleaners.com/product-category/government/" "Mozilla/5.0 (Linux; Android 5.0; SM-G900P Build/LRX21T) AppleWebKit/537.36 (KHTML, like Gecko) Chrome/43.0.2153.1231 Mobile Safari/537.36"
185.225.104.95 - - [16/Aug/2026:17:44:14 -0400] "GET /wp-json/contact-form-7/v1/contact-forms/2093/refill HTTP/1.1" 200 22 "https://www.biotechprocleaners.com/product-category/government/" "Mozilla/5.0 (Linux; Android 5.0; SM-G900P Build/LRX21T) AppleWebKit/537.36 (KHTML, like Gecko) Chrome/43.0.2153.1231 Mobile Safari/537.36"
167.160.52.32 - - [16/Aug/2026:17:44:15 -0400] "POST /wp-admin/admin-ajax.php HTTP/1.1" 200 89 "https://www.biotechprocleaners.com/product-category/government/" "Mozilla/5.0 (Linux; Android 5.0; SM-G900P Build/LRX21T) AppleWebKit/537.36 (KHTML, like Gecko) Chrome/43.0.2153.1231 Mobile Safari/537.36"
167.160.52.32 - - [16/Aug/2026:17:44:16 -0400] "POST /wp-admin/admin-ajax.php HTTP/1.1" 200 628 "https://www.biotechprocleaners.com/product-category/government/" "Mozilla/5.0 (Linux; Android 5.0; SM-G900P Build/LRX21T) AppleWebKit/537.36 (KHTML, like Gecko) Chrome/43.0.2153.1231 Mobile Safari/537.36"
69.39.225.240 - - [16/Aug/2026:17:54:12 -0400] "POST /wp-cron.php?doing_wp_cron=1786917252.3847799301147460937500 HTTP/1.1" 200 20 "-" "WordPress/7.0.4; https://www.biotechprocleaners.com"
51.68.107.159 - - [16/Aug/2026:17:54:11 -0400] "GET /robots.txt HTTP/1.1" 200 20 "-" "Mozilla/5.0 (compatible; MJ12bot/v2.0.5; http://mj12bot.com/)"
51.68.107.159 - - [16/Aug/2026:17:54:13 -0400] "GET /robots.txt HTTP/1.1" 200 206 "-" "Mozilla/5.0 (compatible; MJ12bot/v2.0.5; http://mj12bot.com/)"
51.68.107.159 - - [16/Aug/2026:17:54:14 -0400] "GET / HTTP/1.1" 200 20 "-" "Mozilla/5.0 (compatible; MJ12bot/v2.0.5; http://mj12bot.com/)"
51.68.107.159 - - [16/Aug/2026:17:54:16 -0400] "GET / HTTP/1.1" 200 49545 "-" "Mozilla/5.0 (compatible; MJ12bot/v2.0.5; http://mj12bot.com/)"
51.68.107.159 - - [16/Aug/2026:17:54:17 -0400] "GET / HTTP/1.1" 200 49545 "-" "Mozilla/5.0 (compatible; MJ12bot/v2.0.5; http://mj12bot.com/)"
69.39.225.240 - - [16/Aug/2026:18:06:56 -0400] "POST /wp-cron.php?doing_wp_cron=1786918016.5240910053253173828125 HTTP/1.1" 200 20 "-" "WordPress/7.0.4; https://www.biotechprocleaners.com"
47.128.18.120 - - [16/Aug/2026:18:06:55 -0400] "GET /robots.txt HTTP/1.1" 200 206 "-" "Mozilla/5.0 (Linux; Android 5.0) AppleWebKit/537.36 (KHTML, like Gecko) Mobile Safari/537.36 (compatible; Bytespider; https://bytedance.sg.larkoffice.com/docx/K5bxdypulop3IIxrJb0lOjLVgFe)"
69.39.225.240 - - [16/Aug/2026:18:06:57 -0400] "GET /surface/aluminum/ HTTP/1.1" 200 48706 "-" "WP Rocket/Preload"
69.39.225.240 - - [16/Aug/2026:18:06:59 -0400] "GET /surface/aluminum/ HTTP/1.1" 200 16384 "-" "WP Rocket/Preload Mozilla/5.0 (iPhone; CPU iPhone OS 9_1 like Mac OS X) AppleWebKit/601.1.46 (KHTML, like Gecko) Version/9.0 Mobile/13B143 Safari/601.1"
69.39.225.240 - - [16/Aug/2026:18:07:00 -0400] "GET /surface/chromes/ HTTP/1.1" 200 16384 "-" "WP Rocket/Preload"
69.39.225.240 - - [16/Aug/2026:18:07:02 -0400] "GET /surface/chromes/ HTTP/1.1" 200 16384 "-" "WP Rocket/Preload Mozilla/5.0 (iPhone; CPU iPhone OS 9_1 like Mac OS X) AppleWebKit/601.1.46 (KHTML, like Gecko) Version/9.0 Mobile/13B143 Safari/601.1"
69.39.225.240 - - [16/Aug/2026:18:07:03 -0400] "GET /surface/ink/ HTTP/1.1" 200 16384 "-" "WP Rocket/Preload"
69.39.225.240 - - [16/Aug/2026:18:07:05 -0400] "GET /surface/ink/ HTTP/1.1" 200 16384 "-" "WP Rocket/Preload Mozilla/5.0 (iPhone; CPU iPhone OS 9_1 like Mac OS X) AppleWebKit/601.1.46 (KHTML, like Gecko) Version/9.0 Mobile/13B143 Safari/601.1"
69.39.225.240 - - [16/Aug/2026:18:07:06 -0400] "GET /surface/kitchen/ HTTP/1.1" 200 16384 "-" "WP Rocket/Preload"
69.39.225.240 - - [16/Aug/2026:18:07:08 -0400] "GET /surface/kitchen/ HTTP/1.1" 200 16384 "-" "WP Rocket/Preload Mozilla/5.0 (iPhone; CPU iPhone OS 9_1 like Mac OS X) AppleWebKit/601.1.46 (KHTML, like Gecko) Version/9.0 Mobile/13B143 Safari/601.1"
69.39.225.240 - - [16/Aug/2026:18:07:09 -0400] "GET /surface/kitchen-counters-tops/ HTTP/1.1" 200 16384 "-" "WP Rocket/Preload"
69.39.225.240 - - [16/Aug/2026:18:07:11 -0400] "GET /surface/kitchen-counters-tops/ HTTP/1.1" 200 16384 "-" "WP Rocket/Preload Mozilla/5.0 (iPhone; CPU iPhone OS 9_1 like Mac OS X) AppleWebKit/601.1.46 (KHTML, like Gecko) Version/9.0 Mobile/13B143 Safari/601.1"
89.124.70.29 - - [16/Aug/2026:18:08:19 -0400] "GET / HTTP/1.0" 200 475154 "https://www.biotechprocleaners.com/" "Mozilla/5.0 (Windows NT 10.0; Win64; x64) AppleWebKit/537.36 (KHTML, like Gecko) Chrome/129.0.0.0 Safari/537.36"
69.39.225.240 - - [16/Aug/2026:18:08:22 -0400] "POST /wp-cron.php?doing_wp_cron=1786918102.0351080894470214843750 HTTP/1.1" 200 20 "-" "WordPress/7.0.4; https://www.biotechprocleaners.com"
89.124.70.29 - - [16/Aug/2026:18:08:20 -0400] "POST / HTTP/1.0" 200 470758 "https://www.biotechprocleaners.com/" "Mozilla/5.0 (Windows NT 10.0; Win64; x64) AppleWebKit/537.36 (KHTML, like Gecko) Chrome/129.0.0.0 Safari/537.36"
69.39.225.240 - - [16/Aug/2026:18:09:54 -0400] "POST /wp-cron.php?doing_wp_cron=1786918194.5972919464111328125000 HTTP/1.1" 200 20 "-" "WordPress/7.0.4; https://www.biotechprocleaners.com"
51.161.65.109 - - [16/Aug/2026:18:09:53 -0400] "GET /sitemap_index.xml HTTP/1.1" 200 469 "-" "Mozilla/5.0 (compatible; AhrefsBot/7.0; +http://ahrefs.com/robot/)"
142.44.228.15 - - [16/Aug/2026:18:09:56 -0400] "GET /post-sitemap.xml HTTP/1.1" 200 883 "-" "Mozilla/5.0 (compatible; AhrefsBot/7.0; +http://ahrefs.com/robot/)"
69.39.225.240 - - [16/Aug/2026:18:09:55 -0400] "GET /surface/marbles/ HTTP/1.1" 200 47836 "-" "WP Rocket/Preload"
69.39.225.240 - - [16/Aug/2026:18:09:57 -0400] "GET /surface/marbles/ HTTP/1.1" 200 16384 "-" "WP Rocket/Preload Mozilla/5.0 (iPhone; CPU iPhone OS 9_1 like Mac OS X) AppleWebKit/601.1.46 (KHTML, like Gecko) Version/9.0 Mobile/13B143 Safari/601.1"
51.161.37.115 - - [16/Aug/2026:18:09:58 -0400] "GET /page-sitemap.xml HTTP/1.1" 200 1498 "-" "Mozilla/5.0 (compatible; AhrefsBot/7.0; +http://ahrefs.com/robot/)"
69.39.225.240 - - [16/Aug/2026:18:09:59 -0400] "GET /surface/medical-equipment/ HTTP/1.1" 200 16384 "-" "WP Rocket/Preload"
54.39.136.98 - - [16/Aug/2026:18:10:00 -0400] "GET /product-sitemap.xml HTTP/1.1" 200 1013 "-" "Mozilla/5.0 (compatible; AhrefsBot/7.0; +http://ahrefs.com/robot/)"
69.39.225.240 - - [16/Aug/2026:18:10:00 -0400] "GET /surface/medical-equipment/ HTTP/1.1" 200 16384 "-" "WP Rocket/Preload Mozilla/5.0 (iPhone; CPU iPhone OS 9_1 like Mac OS X) AppleWebKit/601.1.46 (KHTML, like Gecko) Version/9.0 Mobile/13B143 Safari/601.1"
69.39.225.240 - - [16/Aug/2026:18:10:02 -0400] "GET /surface/metal-pieces/ HTTP/1.1" 200 16384 "-" "WP Rocket/Preload"
51.161.65.81 - - [16/Aug/2026:18:10:02 -0400] "GET /portfolio-sitemap.xml HTTP/1.1" 200 795 "-" "Mozilla/5.0 (compatible; AhrefsBot/7.0; +http://ahrefs.com/robot/)"
69.39.225.240 - - [16/Aug/2026:18:10:03 -0400] "GET /surface/metal-pieces/ HTTP/1.1" 200 16384 "-" "WP Rocket/Preload Mozilla/5.0 (iPhone; CPU iPhone OS 9_1 like Mac OS X) AppleWebKit/601.1.46 (KHTML, like Gecko) Version/9.0 Mobile/13B143 Safari/601.1"
142.44.228.1 - - [16/Aug/2026:18:10:05 -0400] "GET /slider-item-sitemap.xml HTTP/1.1" 200 710 "-" "Mozilla/5.0 (compatible; AhrefsBot/7.0; +http://ahrefs.com/robot/)"
69.39.225.240 - - [16/Aug/2026:18:10:05 -0400] "GET /surface/metal-sheet/ HTTP/1.1" 200 16384 "-" "WP Rocket/Preload"
69.39.225.240 - - [16/Aug/2026:18:10:06 -0400] "GET /surface/metal-sheet/ HTTP/1.1" 200 16384 "-" "WP Rocket/Preload Mozilla/5.0 (iPhone; CPU iPhone OS 9_1 like Mac OS X) AppleWebKit/601.1.46 (KHTML, like Gecko) Version/9.0 Mobile/13B143 Safari/601.1"
54.39.210.3 - - [16/Aug/2026:18:10:07 -0400] "GET /category-sitemap.xml HTTP/1.1" 200 463 "-" "Mozilla/5.0 (compatible; AhrefsBot/7.0; +http://ahrefs.com/robot/)"
69.39.225.240 - - [16/Aug/2026:18:10:08 -0400] "GET /surface/natural-stones/ HTTP/1.1" 200 16384 "-" "WP Rocket/Preload"
148.113.130.95 - - [16/Aug/2026:18:10:09 -0400] "GET /post_tag-sitemap.xml HTTP/1.1" 200 483 "-" "Mozilla/5.0 (compatible; AhrefsBot/7.0; +http://ahrefs.com/robot/)"
69.39.225.240 - - [16/Aug/2026:18:10:09 -0400] "GET /surface/natural-stones/ HTTP/1.1" 200 16384 "-" "WP Rocket/Preload Mozilla/5.0 (iPhone; CPU iPhone OS 9_1 like Mac OS X) AppleWebKit/601.1.46 (KHTML, like Gecko) Version/9.0 Mobile/13B143 Safari/601.1"
69.39.225.240 - - [16/Aug/2026:18:10:11 -0400] "GET /category/uncategorized/ HTTP/1.1" 200 42332 "-" "WP Rocket/Preload"
69.39.225.240 - - [16/Aug/2026:18:10:11 -0400] "GET /category/uncategorized/ HTTP/1.1" 200 16384 "-" "WP Rocket/Preload Mozilla/5.0 (iPhone; CPU iPhone OS 9_1 like Mac OS X) AppleWebKit/601.1.46 (KHTML, like Gecko) Version/9.0 Mobile/13B143 Safari/601.1"
142.44.228.48 - - [16/Aug/2026:18:10:11 -0400] "GET /product_cat-sitemap.xml HTTP/1.1" 200 537 "-" "Mozilla/5.0 (compatible; AhrefsBot/7.0; +http://ahrefs.com/robot/)"
69.39.225.240 - - [16/Aug/2026:18:10:13 -0400] "GET /tag/community/ HTTP/1.1" 200 16384 "-" "WP Rocket/Preload"
51.222.168.50 - - [16/Aug/2026:18:10:14 -0400] "GET /surface-sitemap.xml HTTP/1.1" 200 1217 "-" "Mozilla/5.0 (compatible; AhrefsBot/7.0; +http://ahrefs.com/robot/)"
