69.39.225.240 - - [17/Aug/2026:08:46:11 -0400] "POST /wp-cron.php?doing_wp_cron=1786970771.0063030719757080078125 HTTP/1.1" 200 20 "-" "WordPress/7.0.4; https://www.biotechprocleaners.com"
34.194.95.99 - - [17/Aug/2026:08:46:08 -0400] "GET /surface/medical-equipment/?surfaces=car-body HTTP/1.1" 200 32393 "-" "Mozilla/5.0 AppleWebKit/537.36 (KHTML, like Gecko; compatible; Amazonbot/0.1; +https://developer.amazon.com/support/amazonbot) Chrome/119.0.6045.214 Safari/537.36"
69.39.225.240 - - [17/Aug/2026:08:46:29 -0400] "POST /wp-cron.php?doing_wp_cron=1786970789.8668980598449707031250 HTTP/1.1" 200 20 "-" "WordPress/7.0.4; https://www.biotechprocleaners.com"
54.85.109.140 - - [17/Aug/2026:08:46:28 -0400] "GET /surface/medical-equipment/?surfaces=counters HTTP/1.1" 200 32393 "-" "Mozilla/5.0 AppleWebKit/537.36 (KHTML, like Gecko; compatible; Amazonbot/0.1; +https://developer.amazon.com/support/amazonbot) Chrome/119.0.6045.214 Safari/537.36"
52.200.251.20 - - [17/Aug/2026:08:46:36 -0400] "GET /surface/medical-equipment/?surfaces=plastic-panels HTTP/1.1" 200 32401 "-" "Mozilla/5.0 AppleWebKit/537.36 (KHTML, like Gecko; compatible; Amazonbot/0.1; +https://developer.amazon.com/support/amazonbot) Chrome/119.0.6045.214 Safari/537.36"
69.39.225.240 - - [17/Aug/2026:08:47:17 -0400] "POST /wp-cron.php?doing_wp_cron=1786970837.7667379379272460937500 HTTP/1.1" 200 20 "-" "WordPress/7.0.4; https://www.biotechprocleaners.com"
54.164.106.236 - - [17/Aug/2026:08:47:16 -0400] "GET /surface/floors-in-plant/?areas=glass-panel HTTP/1.1" 200 32401 "-" "Mozilla/5.0 AppleWebKit/537.36 (KHTML, like Gecko; compatible; Amazonbot/0.1; +https://developer.amazon.com/support/amazonbot) Chrome/119.0.6045.214 Safari/537.36"
69.39.225.240 - - [17/Aug/2026:08:53:06 -0400] "POST /wp-cron.php?doing_wp_cron=1786971185.9496469497680664062500 HTTP/1.1" 200 20 "-" "WordPress/7.0.4; https://www.biotechprocleaners.com"
52.54.157.23 - - [17/Aug/2026:08:53:04 -0400] "GET /product-category/hospitality/?surfaces=construction-sites HTTP/1.1" 200 40755 "-" "Mozilla/5.0 AppleWebKit/537.36 (KHTML, like Gecko; compatible; Amazonbot/0.1; +https://developer.amazon.com/support/amazonbot) Chrome/119.0.6045.214 Safari/537.36"
69.39.225.240 - - [17/Aug/2026:08:56:58 -0400] "POST /wp-cron.php?doing_wp_cron=1786971418.5128641128540039062500 HTTP/1.1" 200 20 "-" "WordPress/7.0.4; https://www.biotechprocleaners.com"
54.225.98.148 - - [17/Aug/2026:08:56:57 -0400] "GET /product-category/corporate-and-residential-buildings/?amp&surfaces=fabrics HTTP/1.1" 200 40805 "-" "Mozilla/5.0 AppleWebKit/537.36 (KHTML, like Gecko; compatible; Amazonbot/0.1; +https://developer.amazon.com/support/amazonbot) Chrome/119.0.6045.214 Safari/537.36"
103.137.69.250 - - [17/Aug/2026:08:58:11 -0400] "GET /wp-content/uploads/2025/07/LL1-48x48.png HTTP/1.1" 200 2254 "-" "Mozilla/5.0 (Windows 98; nr-ZA; rv:1.9.0.20) Gecko/6792-03-12 08:51:35.906738 Firefox/3.6.7"
69.39.225.240 - - [17/Aug/2026:08:58:42 -0400] "POST /wp-cron.php?doing_wp_cron=1786971522.3009030818939208984375 HTTP/1.1" 200 20 "-" "WordPress/7.0.4; https://www.biotechprocleaners.com"
44.217.255.167 - - [17/Aug/2026:08:58:40 -0400] "GET /product-category/healthcare/?amp&surfaces=fine-floors HTTP/1.1" 200 47177 "-" "Mozilla/5.0 AppleWebKit/537.36 (KHTML, like Gecko; compatible; Amazonbot/0.1; +https://developer.amazon.com/support/amazonbot) Chrome/119.0.6045.214 Safari/537.36"
69.39.225.240 - - [17/Aug/2026:08:58:43 -0400] "GET /area/mud/ HTTP/1.1" 200 48294 "-" "WP Rocket/Preload"
69.39.225.240 - - [17/Aug/2026:08:58:45 -0400] "GET /area/mud/ HTTP/1.1" 200 16384 "-" "WP Rocket/Preload Mozilla/5.0 (iPhone; CPU iPhone OS 9_1 like Mac OS X) AppleWebKit/601.1.46 (KHTML, like Gecko) Version/9.0 Mobile/13B143 Safari/601.1"
69.39.225.240 - - [17/Aug/2026:08:58:47 -0400] "GET /news/ HTTP/1.1" 200 16384 "-" "WP Rocket/Preload"
69.39.225.240 - - [17/Aug/2026:08:58:48 -0400] "GET /news/ HTTP/1.1" 200 16384 "-" "WP Rocket/Preload Mozilla/5.0 (iPhone; CPU iPhone OS 9_1 like Mac OS X) AppleWebKit/601.1.46 (KHTML, like Gecko) Version/9.0 Mobile/13B143 Safari/601.1"
69.39.225.240 - - [17/Aug/2026:08:58:50 -0400] "GET /2020/06/11/amwerk-builds-for-aero-industry/ HTTP/1.1" 200 16384 "-" "WP Rocket/Preload"
69.39.225.240 - - [17/Aug/2026:08:58:51 -0400] "GET /2020/06/11/amwerk-builds-for-aero-industry/ HTTP/1.1" 200 16384 "-" "WP Rocket/Preload Mozilla/5.0 (iPhone; CPU iPhone OS 9_1 like Mac OS X) AppleWebKit/601.1.46 (KHTML, like Gecko) Version/9.0 Mobile/13B143 Safari/601.1"
69.39.225.240 - - [17/Aug/2026:08:58:53 -0400] "GET /2020/06/21/optimistic-about-regional-development/ HTTP/1.1" 200 16384 "-" "WP Rocket/Preload"
69.39.225.240 - - [17/Aug/2026:08:58:54 -0400] "GET /2020/06/21/optimistic-about-regional-development/ HTTP/1.1" 200 16384 "-" "WP Rocket/Preload Mozilla/5.0 (iPhone; CPU iPhone OS 9_1 like Mac OS X) AppleWebKit/601.1.46 (KHTML, like Gecko) Version/9.0 Mobile/13B143 Safari/601.1"
69.39.225.240 - - [17/Aug/2026:08:58:56 -0400] "GET /2020/07/03/clarence-wesley-assigned-to-lead-main-projects/ HTTP/1.1" 200 16384 "-" "WP Rocket/Preload"
69.39.225.240 - - [17/Aug/2026:08:58:57 -0400] "GET /2020/07/03/clarence-wesley-assigned-to-lead-main-projects/ HTTP/1.1" 200 16384 "-" "WP Rocket/Preload Mozilla/5.0 (iPhone; CPU iPhone OS 9_1 like Mac OS X) AppleWebKit/601.1.46 (KHTML, like Gecko) Version/9.0 Mobile/13B143 Safari/601.1"
52.204.253.129 - - [17/Aug/2026:08:59:00 -0400] "GET /area/glass/?surfaces=chromes HTTP/1.1" 200 47548 "-" "Mozilla/5.0 AppleWebKit/537.36 (KHTML, like Gecko; compatible; Amazonbot/0.1; +https://developer.amazon.com/support/amazonbot) Chrome/119.0.6045.214 Safari/537.36"
150.107.4.73 - - [17/Aug/2026:08:59:05 -0400] "GET /readme.html HTTP/1.1" 200 3018 "-" "Mozilla/5.0 (Macintosh; Intel Mac OS X 10_9_3) AppleWebKit/537.75.14 (KHTML, like Gecko) Version/7.0.3 Safari/E7FBAF"
150.107.4.73 - - [17/Aug/2026:08:59:06 -0400] "GET /feed/ HTTP/1.1" 200 20 "-" "Mozilla/5.0 (Macintosh; Intel Mac OS X 10_10) AppleWebKit/537.16 (KHTML, like Gecko) Version/8.0 Safari/537.16"
150.107.4.73 - - [17/Aug/2026:08:59:07 -0400] "GET / HTTP/1.1" 200 20 "-" "Mozilla/5.0 (Macintosh; Intel Mac OS X 10_15_7) AppleWebKit/605.1.15 (KHTML, like Gecko) Version/17.1.2 Mobile/15E148 Safari/604.1"
150.107.4.73 - - [17/Aug/2026:08:59:09 -0400] "GET /?rest_route=/ HTTP/1.1" 200 87174 "-" "Mozilla/5.0 (Debian; Linux i686) AppleWebKit/537.36 (KHTML, like Gecko) Chrome/138.0.0.0 Safari/537.36"
69.39.225.240 - - [17/Aug/2026:09:01:17 -0400] "POST /wp-cron.php?doing_wp_cron=1786971677.6245560646057128906250 HTTP/1.1" 200 20 "-" "WordPress/7.0.4; https://www.biotechprocleaners.com"
35.174.253.85 - - [17/Aug/2026:09:01:16 -0400] "GET /product-category/all-industries/?surfaces=industrial-machinery HTTP/1.1" 200 40799 "-" "Mozilla/5.0 AppleWebKit/537.36 (KHTML, like Gecko; compatible; Amazonbot/0.1; +https://developer.amazon.com/support/amazonbot) Chrome/119.0.6045.214 Safari/537.36"
69.39.225.240 - - [17/Aug/2026:09:01:18 -0400] "GET /2020/07/17/a-new-industry-venture-launched/ HTTP/1.1" 200 45645 "-" "WP Rocket/Preload"
69.39.225.240 - - [17/Aug/2026:09:01:20 -0400] "GET /2020/07/17/a-new-industry-venture-launched/ HTTP/1.1" 200 16384 "-" "WP Rocket/Preload Mozilla/5.0 (iPhone; CPU iPhone OS 9_1 like Mac OS X) AppleWebKit/601.1.46 (KHTML, like Gecko) Version/9.0 Mobile/13B143 Safari/601.1"
69.39.225.240 - - [17/Aug/2026:09:01:22 -0400] "GET /2020/07/22/competing-in-a-new-industry-branch/ HTTP/1.1" 200 16384 "-" "WP Rocket/Preload"
69.39.225.240 - - [17/Aug/2026:09:01:23 -0400] "GET /2020/07/22/competing-in-a-new-industry-branch/ HTTP/1.1" 200 16384 "-" "WP Rocket/Preload Mozilla/5.0 (iPhone; CPU iPhone OS 9_1 like Mac OS X) AppleWebKit/601.1.46 (KHTML, like Gecko) Version/9.0 Mobile/13B143 Safari/601.1"
69.39.225.240 - - [17/Aug/2026:09:01:25 -0400] "GET /2020/08/09/why-worlds-biggest-investors-choose-amwerk/ HTTP/1.1" 200 16384 "-" "WP Rocket/Preload"
69.39.225.240 - - [17/Aug/2026:09:01:26 -0400] "GET /2020/08/09/why-worlds-biggest-investors-choose-amwerk/ HTTP/1.1" 200 16384 "-" "WP Rocket/Preload Mozilla/5.0 (iPhone; CPU iPhone OS 9_1 like Mac OS X) AppleWebKit/601.1.46 (KHTML, like Gecko) Version/9.0 Mobile/13B143 Safari/601.1"
69.39.225.240 - - [17/Aug/2026:09:01:28 -0400] "GET /2020/08/21/amwerk-applies-for-studen-learning-project/ HTTP/1.1" 200 16384 "-" "WP Rocket/Preload"
69.39.225.240 - - [17/Aug/2026:09:01:29 -0400] "GET /2020/08/21/amwerk-applies-for-studen-learning-project/ HTTP/1.1" 200 16384 "-" "WP Rocket/Preload Mozilla/5.0 (iPhone; CPU iPhone OS 9_1 like Mac OS X) AppleWebKit/601.1.46 (KHTML, like Gecko) Version/9.0 Mobile/13B143 Safari/601.1"
69.39.225.240 - - [17/Aug/2026:09:01:31 -0400] "GET /2020/09/04/creating-aero-products-from-cnc-machines/ HTTP/1.1" 200 16384 "-" "WP Rocket/Preload"
69.39.225.240 - - [17/Aug/2026:09:01:32 -0400] "GET /2020/09/04/creating-aero-products-from-cnc-machines/ HTTP/1.1" 200 16384 "-" "WP Rocket/Preload Mozilla/5.0 (iPhone; CPU iPhone OS 9_1 like Mac OS X) AppleWebKit/601.1.46 (KHTML, like Gecko) Version/9.0 Mobile/13B143 Safari/601.1"
69.39.225.240 - - [17/Aug/2026:09:01:34 -0400] "GET /2020/09/17/amwerk-volunteer-for-local-charity/ HTTP/1.1" 200 16384 "-" "WP Rocket/Preload"
69.39.225.240 - - [17/Aug/2026:09:01:35 -0400] "GET /2020/09/17/amwerk-volunteer-for-local-charity/ HTTP/1.1" 200 16384 "-" "WP Rocket/Preload Mozilla/5.0 (iPhone; CPU iPhone OS 9_1 like Mac OS X) AppleWebKit/601.1.46 (KHTML, like Gecko) Version/9.0 Mobile/13B143 Safari/601.1"
69.39.225.240 - - [17/Aug/2026:09:01:37 -0400] "GET /2020/09/26/travis-kirkpatrick-appointed-eu-ceo/ HTTP/1.1" 200 16384 "-" "WP Rocket/Preload"
69.39.225.240 - - [17/Aug/2026:09:01:38 -0400] "GET /2020/09/26/travis-kirkpatrick-appointed-eu-ceo/ HTTP/1.1" 200 16384 "-" "WP Rocket/Preload Mozilla/5.0 (iPhone; CPU iPhone OS 9_1 like Mac OS X) AppleWebKit/601.1.46 (KHTML, like Gecko) Version/9.0 Mobile/13B143 Safari/601.1"
66.249.64.102 - - [17/Aug/2026:09:03:00 -0400] "GET /wp-content/uploads/2024/02/cropped-BTP-Favicon-32x32.png HTTP/1.1" 200 2150 "-" "Googlebot-Image/1.0"
69.39.225.240 - - [17/Aug/2026:09:03:49 -0400] "POST /wp-cron.php?doing_wp_cron=1786971829.7455730438232421875000 HTTP/1.1" 200 20 "-" "WordPress/7.0.4; https://www.biotechprocleaners.com"
3.212.219.113 - - [17/Aug/2026:09:03:48 -0400] "GET /product-category/recreational-convention-centers/?amp&areas=toilet-bowl-rings HTTP/1.1" 200 47231 "-" "Mozilla/5.0 AppleWebKit/537.36 (KHTML, like Gecko; compatible; Amazonbot/0.1; +https://developer.amazon.com/support/amazonbot) Chrome/119.0.6045.214 Safari/537.36"
69.39.225.240 - - [17/Aug/2026:09:03:51 -0400] "GET /2020/10/02/amwerk-named-industry-leader/ HTTP/1.1" 200 45207 "-" "WP Rocket/Preload"
69.39.225.240 - - [17/Aug/2026:09:03:52 -0400] "GET /2020/10/02/amwerk-named-industry-leader/ HTTP/1.1" 200 16384 "-" "WP Rocket/Preload Mozilla/5.0 (iPhone; CPU iPhone OS 9_1 like Mac OS X) AppleWebKit/601.1.46 (KHTML, like Gecko) Version/9.0 Mobile/13B143 Safari/601.1"
69.39.225.240 - - [17/Aug/2026:09:03:54 -0400] "GET /2022/05/11/hello-world/ HTTP/1.1" 200 16384 "-" "WP Rocket/Preload"
69.39.225.240 - - [17/Aug/2026:09:03:55 -0400] "GET /2022/05/11/hello-world/ HTTP/1.1" 200 16384 "-" "WP Rocket/Preload Mozilla/5.0 (iPhone; CPU iPhone OS 9_1 like Mac OS X) AppleWebKit/601.1.46 (KHTML, like Gecko) Version/9.0 Mobile/13B143 Safari/601.1"
52.6.97.88 - - [17/Aug/2026:09:03:56 -0400] "GET /surface/inox/?amp&surfaces=glass-and-reflective-surfaces HTTP/1.1" 200 47536 "-" "Mozilla/5.0 AppleWebKit/537.36 (KHTML, like Gecko; compatible; Amazonbot/0.1; +https://developer.amazon.com/support/amazonbot) Chrome/119.0.6045.214 Safari/537.36"
69.39.225.240 - - [17/Aug/2026:09:03:57 -0400] "GET /category/announcements/ HTTP/1.1" 200 16384 "-" "WP Rocket/Preload"
69.39.225.240 - - [17/Aug/2026:09:03:58 -0400] "GET /category/announcements/ HTTP/1.1" 200 16384 "-" "WP Rocket/Preload Mozilla/5.0 (iPhone; CPU iPhone OS 9_1 like Mac OS X) AppleWebKit/601.1.46 (KHTML, like Gecko) Version/9.0 Mobile/13B143 Safari/601.1"
69.39.225.240 - - [17/Aug/2026:09:04:00 -0400] "GET /category/community/ HTTP/1.1" 200 16384 "-" "WP Rocket/Preload"
69.39.225.240 - - [17/Aug/2026:09:04:01 -0400] "GET /category/community/ HTTP/1.1" 200 16384 "-" "WP Rocket/Preload Mozilla/5.0 (iPhone; CPU iPhone OS 9_1 like Mac OS X) AppleWebKit/601.1.46 (KHTML, like Gecko) Version/9.0 Mobile/13B143 Safari/601.1"
69.39.225.240 - - [17/Aug/2026:09:04:03 -0400] "GET /category/construction/ HTTP/1.1" 200 16384 "-" "WP Rocket/Preload"
69.39.225.240 - - [17/Aug/2026:09:04:05 -0400] "GET /category/construction/ HTTP/1.1" 200 16384 "-" "WP Rocket/Preload Mozilla/5.0 (iPhone; CPU iPhone OS 9_1 like Mac OS X) AppleWebKit/601.1.46 (KHTML, like Gecko) Version/9.0 Mobile/13B143 Safari/601.1"
69.39.225.240 - - [17/Aug/2026:09:04:06 -0400] "GET /category/news/ HTTP/1.1" 200 16384 "-" "WP Rocket/Preload"
69.39.225.240 - - [17/Aug/2026:09:04:08 -0400] "GET /category/news/ HTTP/1.1" 200 16384 "-" "WP Rocket/Preload Mozilla/5.0 (iPhone; CPU iPhone OS 9_1 like Mac OS X) AppleWebKit/601.1.46 (KHTML, like Gecko) Version/9.0 Mobile/13B143 Safari/601.1"
69.39.225.240 - - [17/Aug/2026:09:04:09 -0400] "GET /category/projects/ HTTP/1.1" 200 16384 "-" "WP Rocket/Preload"
69.39.225.240 - - [17/Aug/2026:09:04:11 -0400] "GET /category/projects/ HTTP/1.1" 200 16384 "-" "WP Rocket/Preload Mozilla/5.0 (iPhone; CPU iPhone OS 9_1 like Mac OS X) AppleWebKit/601.1.46 (KHTML, like Gecko) Version/9.0 Mobile/13B143 Safari/601.1"
216.73.216.229 - - [17/Aug/2026:09:04:12 -0400] "GET /robots.txt HTTP/1.1" 200 206 "-" "Mozilla/5.0 AppleWebKit/537.36 (KHTML, like Gecko; compatible; ClaudeBot/1.0; +claudebot@anthropic.com)"
69.39.225.240 - - [17/Aug/2026:09:04:15 -0400] "POST /wp-cron.php?doing_wp_cron=1786971855.2618219852447509765625 HTTP/1.1" 200 20 "-" "WordPress/7.0.4; https://www.biotechprocleaners.com"
216.73.216.229 - - [17/Aug/2026:09:04:13 -0400] "GET /sitemap_index.xml HTTP/1.1" 200 469 "-" "Mozilla/5.0 AppleWebKit/537.36 (KHTML, like Gecko; compatible; ClaudeBot/1.0; +claudebot@anthropic.com)"
69.39.225.240 - - [17/Aug/2026:09:04:16 -0400] "GET /category/uncategorized/ HTTP/1.1" 200 16384 "-" "WP Rocket/Preload"
69.39.225.240 - - [17/Aug/2026:09:04:18 -0400] "GET /category/uncategorized/ HTTP/1.1" 200 42325 "-" "WP Rocket/Preload Mozilla/5.0 (iPhone; CPU iPhone OS 9_1 like Mac OS X) AppleWebKit/601.1.46 (KHTML, like Gecko) Version/9.0 Mobile/13B143 Safari/601.1"
69.39.225.240 - - [17/Aug/2026:09:04:18 -0400] "GET /tag/hr/ HTTP/1.1" 200 43092 "-" "WP Rocket/Preload"
69.39.225.240 - - [17/Aug/2026:09:04:19 -0400] "GET /tag/hr/ HTTP/1.1" 200 16384 "-" "WP Rocket/Preload Mozilla/5.0 (iPhone; CPU iPhone OS 9_1 like Mac OS X) AppleWebKit/601.1.46 (KHTML, like Gecko) Version/9.0 Mobile/13B143 Safari/601.1"
69.39.225.240 - - [17/Aug/2026:09:04:20 -0400] "GET /tag/news/ HTTP/1.1" 200 16384 "-" "WP Rocket/Preload"
69.39.225.240 - - [17/Aug/2026:09:04:22 -0400] "GET /tag/news/ HTTP/1.1" 200 16384 "-" "WP Rocket/Preload Mozilla/5.0 (iPhone; CPU iPhone OS 9_1 like Mac OS X) AppleWebKit/601.1.46 (KHTML, like Gecko) Version/9.0 Mobile/13B143 Safari/601.1"
69.39.225.240 - - [17/Aug/2026:09:04:23 -0400] "GET /tag/people/ HTTP/1.1" 200 16384 "-" "WP Rocket/Preload"
69.39.225.240 - - [17/Aug/2026:09:04:25 -0400] "GET /tag/people/ HTTP/1.1" 200 16384 "-" "WP Rocket/Preload Mozilla/5.0 (iPhone; CPU iPhone OS 9_1 like Mac OS X) AppleWebKit/601.1.46 (KHTML, like Gecko) Version/9.0 Mobile/13B143 Safari/601.1"
69.39.225.240 - - [17/Aug/2026:09:04:26 -0400] "GET /tag/projects/ HTTP/1.1" 200 16384 "-" "WP Rocket/Preload"
69.39.225.240 - - [17/Aug/2026:09:04:28 -0400] "GET /tag/projects/ HTTP/1.1" 200 16384 "-" "WP Rocket/Preload Mozilla/5.0 (iPhone; CPU iPhone OS 9_1 like Mac OS X) AppleWebKit/601.1.46 (KHTML, like Gecko) Version/9.0 Mobile/13B143 Safari/601.1"
69.39.225.240 - - [17/Aug/2026:09:04:29 -0400] "GET /tag/properties/ HTTP/1.1" 200 16384 "-" "WP Rocket/Preload"
69.39.225.240 - - [17/Aug/2026:09:04:31 -0400] "GET /tag/properties/ HTTP/1.1" 200 16384 "-" "WP Rocket/Preload Mozilla/5.0 (iPhone; CPU iPhone OS 9_1 like Mac OS X) AppleWebKit/601.1.46 (KHTML, like Gecko) Version/9.0 Mobile/13B143 Safari/601.1"
69.39.225.240 - - [17/Aug/2026:09:04:32 -0400] "GET /tag/venture/ HTTP/1.1" 200 16384 "-" "WP Rocket/Preload"
69.39.225.240 - - [17/Aug/2026:09:04:34 -0400] "GET /tag/venture/ HTTP/1.1" 200 16384 "-" "WP Rocket/Preload Mozilla/5.0 (iPhone; CPU iPhone OS 9_1 like Mac OS X) AppleWebKit/601.1.46 (KHTML, like Gecko) Version/9.0 Mobile/13B143 Safari/601.1"
69.39.225.240 - - [17/Aug/2026:09:04:36 -0400] "GET /product-category/all-industries/ HTTP/1.1" 200 16384 "-" "WP Rocket/Preload"
69.39.225.240 - - [17/Aug/2026:09:04:37 -0400] "GET /product-category/all-industries/ HTTP/1.1" 200 16384 "-" "WP Rocket/Preload Mozilla/5.0 (iPhone; CPU iPhone OS 9_1 like Mac OS X) AppleWebKit/601.1.46 (KHTML, like Gecko) Version/9.0 Mobile/13B143 Safari/601.1"
69.39.225.240 - - [17/Aug/2026:09:04:57 -0400] "POST /wp-cron.php?doing_wp_cron=1786971897.3837730884552001953125 HTTP/1.1" 200 20 "-" "WordPress/7.0.4; https://www.biotechprocleaners.com"
52.44.148.203 - - [17/Aug/2026:09:04:56 -0400] "GET /product-category/healthcare/?amp&surfaces=bathroom HTTP/1.1" 200 46965 "-" "Mozilla/5.0 AppleWebKit/537.36 (KHTML, like Gecko; compatible; Amazonbot/0.1; +https://developer.amazon.com/support/amazonbot) Chrome/119.0.6045.214 Safari/537.36"
69.39.225.240 - - [17/Aug/2026:09:08:37 -0400] "POST /wp-cron.php?doing_wp_cron=1786972117.8361608982086181640625 HTTP/1.1" 200 20 "-" "WordPress/7.0.4; https://www.biotechprocleaners.com"
52.204.37.237 - - [17/Aug/2026:09:08:36 -0400] "GET /surface/floors-in-plant/?surfaces=linoleum-flooring HTTP/1.1" 200 47419 "-" "Mozilla/5.0 AppleWebKit/537.36 (KHTML, like Gecko; compatible; Amazonbot/0.1; +https://developer.amazon.com/support/amazonbot) Chrome/119.0.6045.214 Safari/537.36"
69.39.225.240 - - [17/Aug/2026:09:08:39 -0400] "GET /product-category/manufacturing-industries/ HTTP/1.1" 200 48734 "-" "WP Rocket/Preload"
69.39.225.240 - - [17/Aug/2026:09:08:40 -0400] "GET /product-category/manufacturing-industries/ HTTP/1.1" 200 16384 "-" "WP Rocket/Preload Mozilla/5.0 (iPhone; CPU iPhone OS 9_1 like Mac OS X) AppleWebKit/601.1.46 (KHTML, like Gecko) Version/9.0 Mobile/13B143 Safari/601.1"
69.39.225.240 - - [17/Aug/2026:09:08:42 -0400] "GET /product-category/logistics-and-transportations/ HTTP/1.1" 200 16384 "-" "WP Rocket/Preload"
69.39.225.240 - - [17/Aug/2026:09:08:43 -0400] "GET /product-category/logistics-and-transportations/ HTTP/1.1" 200 16384 "-" "WP Rocket/Preload Mozilla/5.0 (iPhone; CPU iPhone OS 9_1 like Mac OS X) AppleWebKit/601.1.46 (KHTML, like Gecko) Version/9.0 Mobile/13B143 Safari/601.1"
69.39.225.240 - - [17/Aug/2026:09:08:45 -0400] "GET /product-category/corporate-and-residential-buildings/ HTTP/1.1" 200 16384 "-" "WP Rocket/Preload"
69.39.225.240 - - [17/Aug/2026:09:08:46 -0400] "GET /product-category/corporate-and-residential-buildings/ HTTP/1.1" 200 16384 "-" "WP Rocket/Preload Mozilla/5.0 (iPhone; CPU iPhone OS 9_1 like Mac OS X) AppleWebKit/601.1.46 (KHTML, like Gecko) Version/9.0 Mobile/13B143 Safari/601.1"
69.39.225.240 - - [17/Aug/2026:09:08:48 -0400] "GET /product-category/retail/ HTTP/1.1" 200 16384 "-" "WP Rocket/Preload"
69.39.225.240 - - [17/Aug/2026:09:08:49 -0400] "GET /product-category/retail/ HTTP/1.1" 200 16384 "-" "WP Rocket/Preload Mozilla/5.0 (iPhone; CPU iPhone OS 9_1 like Mac OS X) AppleWebKit/601.1.46 (KHTML, like Gecko) Version/9.0 Mobile/13B143 Safari/601.1"
69.39.225.240 - - [17/Aug/2026:09:08:51 -0400] "GET /product-category/recreational-convention-centers/ HTTP/1.1" 200 16384 "-" "WP Rocket/Preload"
69.39.225.240 - - [17/Aug/2026:09:08:52 -0400] "GET /product-category/recreational-convention-centers/ HTTP/1.1" 200 16384 "-" "WP Rocket/Preload Mozilla/5.0 (iPhone; CPU iPhone OS 9_1 like Mac OS X) AppleWebKit/601.1.46 (KHTML, like Gecko) Version/9.0 Mobile/13B143 Safari/601.1"
69.39.225.240 - - [17/Aug/2026:09:08:54 -0400] "GET /product-category/food/ HTTP/1.1" 200 16384 "-" "WP Rocket/Preload"
69.39.225.240 - - [17/Aug/2026:09:08:55 -0400] "GET /product-category/food/ HTTP/1.1" 200 16384 "-" "WP Rocket/Preload Mozilla/5.0 (iPhone; CPU iPhone OS 9_1 like Mac OS X) AppleWebKit/601.1.46 (KHTML, like Gecko) Version/9.0 Mobile/13B143 Safari/601.1"
69.39.225.240 - - [17/Aug/2026:09:08:57 -0400] "GET /product-category/hospitality/ HTTP/1.1" 200 16384 "-" "WP Rocket/Preload"
69.39.225.240 - - [17/Aug/2026:09:08:58 -0400] "GET /product-category/hospitality/ HTTP/1.1" 200 16384 "-" "WP Rocket/Preload Mozilla/5.0 (iPhone; CPU iPhone OS 9_1 like Mac OS X) AppleWebKit/601.1.46 (KHTML, like Gecko) Version/9.0 Mobile/13B143 Safari/601.1"
45.32.151.65 - - [17/Aug/2026:09:09:04 -0400] "GET /admin-next.php HTTP/1.1" 200 20 "-" "Mozilla/5.0 (X11; Linux x86_64) AppleWebKit/537.36 (KHTML, like Gecko) Chrome/143.0.0.0 Safari/537.36"
45.32.151.65 - - [17/Aug/2026:09:09:06 -0400] "GET /admin-next.php HTTP/1.1" 200 39520 "-" "Mozilla/5.0 (X11; Linux x86_64) AppleWebKit/537.36 (KHTML, like Gecko) Chrome/143.0.0.0 Safari/537.36"
69.39.225.240 - - [17/Aug/2026:09:15:22 -0400] "POST /wp-cron.php?doing_wp_cron=1786972522.2263638973236083984375 HTTP/1.1" 200 20 "-" "WordPress/7.0.4; https://www.biotechprocleaners.com"
54.243.63.52 - - [17/Aug/2026:09:15:20 -0400] "GET /area/vehicle-windows/?amp&areas=vehicle-windows HTTP/1.1" 200 47433 "-" "Mozilla/5.0 AppleWebKit/537.36 (KHTML, like Gecko; compatible; Amazonbot/0.1; +https://developer.amazon.com/support/amazonbot) Chrome/119.0.6045.214 Safari/537.36"
69.39.225.240 - - [17/Aug/2026:09:15:24 -0400] "GET /product-category/healthcare/ HTTP/1.1" 200 49828 "-" "WP Rocket/Preload"
69.39.225.240 - - [17/Aug/2026:09:15:26 -0400] "GET /product-category/healthcare/ HTTP/1.1" 200 16384 "-" "WP Rocket/Preload Mozilla/5.0 (iPhone; CPU iPhone OS 9_1 like Mac OS X) AppleWebKit/601.1.46 (KHTML, like Gecko) Version/9.0 Mobile/13B143 Safari/601.1"
69.39.225.240 - - [17/Aug/2026:09:15:28 -0400] "GET /surface/chrome-and-enamel/ HTTP/1.1" 200 16384 "-" "WP Rocket/Preload"
69.39.225.240 - - [17/Aug/2026:09:15:29 -0400] "GET /surface/chrome-and-enamel/ HTTP/1.1" 200 16384 "-" "WP Rocket/Preload Mozilla/5.0 (iPhone; CPU iPhone OS 9_1 like Mac OS X) AppleWebKit/601.1.46 (KHTML, like Gecko) Version/9.0 Mobile/13B143 Safari/601.1"
69.39.225.240 - - [17/Aug/2026:09:15:31 -0400] "GET /surface/counters/ HTTP/1.1" 200 16384 "-" "WP Rocket/Preload"
69.39.225.240 - - [17/Aug/2026:09:15:32 -0400] "GET /surface/counters/ HTTP/1.1" 200 16384 "-" "WP Rocket/Preload Mozilla/5.0 (iPhone; CPU iPhone OS 9_1 like Mac OS X) AppleWebKit/601.1.46 (KHTML, like Gecko) Version/9.0 Mobile/13B143 Safari/601.1"
69.39.225.240 - - [17/Aug/2026:09:15:34 -0400] "GET /surface/engines/ HTTP/1.1" 200 16384 "-" "WP Rocket/Preload"
69.39.225.240 - - [17/Aug/2026:09:15:35 -0400] "GET /surface/engines/ HTTP/1.1" 200 16384 "-" "WP Rocket/Preload Mozilla/5.0 (iPhone; CPU iPhone OS 9_1 like Mac OS X) AppleWebKit/601.1.46 (KHTML, like Gecko) Version/9.0 Mobile/13B143 Safari/601.1"
69.39.225.240 - - [17/Aug/2026:09:15:37 -0400] "GET /surface/high-end-flooring/ HTTP/1.1" 200 16384 "-" "WP Rocket/Preload"
69.39.225.240 - - [17/Aug/2026:09:15:38 -0400] "GET /surface/high-end-flooring/ HTTP/1.1" 200 16384 "-" "WP Rocket/Preload Mozilla/5.0 (iPhone; CPU iPhone OS 9_1 like Mac OS X) AppleWebKit/601.1.46 (KHTML, like Gecko) Version/9.0 Mobile/13B143 Safari/601.1"
69.39.225.240 - - [17/Aug/2026:09:15:40 -0400] "GET /surface/inox/ HTTP/1.1" 200 16384 "-" "WP Rocket/Preload"
69.39.225.240 - - [17/Aug/2026:09:15:41 -0400] "GET /surface/inox/ HTTP/1.1" 200 16384 "-" "WP Rocket/Preload Mozilla/5.0 (iPhone; CPU iPhone OS 9_1 like Mac OS X) AppleWebKit/601.1.46 (KHTML, like Gecko) Version/9.0 Mobile/13B143 Safari/601.1"
69.39.225.240 - - [17/Aug/2026:09:15:43 -0400] "GET /surface/kitchen-appliances/ HTTP/1.1" 200 16384 "-" "WP Rocket/Preload"
69.39.225.240 - - [17/Aug/2026:09:15:44 -0400] "GET /surface/kitchen-appliances/ HTTP/1.1" 200 16384 "-" "WP Rocket/Preload Mozilla/5.0 (iPhone; CPU iPhone OS 9_1 like Mac OS X) AppleWebKit/601.1.46 (KHTML, like Gecko) Version/9.0 Mobile/13B143 Safari/601.1"
54.174.172.155 - - [17/Aug/2026:09:31:39 -0400] "GET / HTTP/1.1" 200 20 "-" "Mozilla/5.0 (compatible; Konqueror/4.5; NetBSD 5.0.2; X11; amd64; en_US) KHTML/4.5.4 (like Gecko)"
54.174.172.155 - - [17/Aug/2026:09:31:41 -0400] "GET / HTTP/1.1" 200 49538 "-" "NokiaN70-1/5.0609.2.0.1 Series60/2.8 Profile/MIDP-2.0 Configuration/CLDC-1.1 UP.Link/6.3.1.13.0"
69.39.225.240 - - [17/Aug/2026:09:31:42 -0400] "GET /surface/outdoor-furniture/ HTTP/1.1" 200 47957 "-" "WP Rocket/Preload"
69.39.225.240 - - [17/Aug/2026:09:31:43 -0400] "GET /surface/outdoor-furniture/ HTTP/1.1" 200 16384 "-" "WP Rocket/Preload Mozilla/5.0 (iPhone; CPU iPhone OS 9_1 like Mac OS X) AppleWebKit/601.1.46 (KHTML, like Gecko) Version/9.0 Mobile/13B143 Safari/601.1"
69.39.225.240 - - [17/Aug/2026:09:31:45 -0400] "GET /surface/plastic/ HTTP/1.1" 200 16384 "-" "WP Rocket/Preload"
69.39.225.240 - - [17/Aug/2026:09:31:46 -0400] "GET /surface/plastic/ HTTP/1.1" 200 16384 "-" "WP Rocket/Preload Mozilla/5.0 (iPhone; CPU iPhone OS 9_1 like Mac OS X) AppleWebKit/601.1.46 (KHTML, like Gecko) Version/9.0 Mobile/13B143 Safari/601.1"
69.39.225.240 - - [17/Aug/2026:09:31:48 -0400] "GET /surface/worktops/ HTTP/1.1" 200 16384 "-" "WP Rocket/Preload"
69.39.225.240 - - [17/Aug/2026:09:31:49 -0400] "GET /surface/worktops/ HTTP/1.1" 200 16384 "-" "WP Rocket/Preload Mozilla/5.0 (iPhone; CPU iPhone OS 9_1 like Mac OS X) AppleWebKit/601.1.46 (KHTML, like Gecko) Version/9.0 Mobile/13B143 Safari/601.1"
69.39.225.240 - - [17/Aug/2026:09:31:51 -0400] "GET /author/ntpadmin/ HTTP/1.1" 200 16384 "-" "WP Rocket/Preload"
69.39.225.240 - - [17/Aug/2026:09:31:52 -0400] "GET /author/ntpadmin/ HTTP/1.1" 200 16384 "-" "WP Rocket/Preload Mozilla/5.0 (iPhone; CPU iPhone OS 9_1 like Mac OS X) AppleWebKit/601.1.46 (KHTML, like Gecko) Version/9.0 Mobile/13B143 Safari/601.1"
69.39.225.240 - - [17/Aug/2026:09:31:54 -0400] "GET /portfolio/manufacturing-industries/ HTTP/1.1" 200 16384 "-" "WP Rocket/Preload"
69.39.225.240 - - [17/Aug/2026:09:31:55 -0400] "GET /portfolio/manufacturing-industries/ HTTP/1.1" 200 16384 "-" "WP Rocket/Preload Mozilla/5.0 (iPhone; CPU iPhone OS 9_1 like Mac OS X) AppleWebKit/601.1.46 (KHTML, like Gecko) Version/9.0 Mobile/13B143 Safari/601.1"
69.39.225.240 - - [17/Aug/2026:09:31:57 -0400] "GET /author/boldthemes/ HTTP/1.1" 200 16384 "-" "WP Rocket/Preload"
69.39.225.240 - - [17/Aug/2026:09:31:58 -0400] "GET /author/boldthemes/ HTTP/1.1" 200 16384 "-" "WP Rocket/Preload Mozilla/5.0 (iPhone; CPU iPhone OS 9_1 like Mac OS X) AppleWebKit/601.1.46 (KHTML, like Gecko) Version/9.0 Mobile/13B143 Safari/601.1"
69.39.225.240 - - [17/Aug/2026:09:32:00 -0400] "GET /about-us/team/ HTTP/1.1" 200 16384 "-" "WP Rocket/Preload"
69.39.225.240 - - [17/Aug/2026:09:32:01 -0400] "GET /about-us/team/ HTTP/1.1" 200 45001 "-" "WP Rocket/Preload Mozilla/5.0 (iPhone; CPU iPhone OS 9_1 like Mac OS X) AppleWebKit/601.1.46 (KHTML, like Gecko) Version/9.0 Mobile/13B143 Safari/601.1"
69.39.225.240 - - [17/Aug/2026:09:32:03 -0400] "GET / HTTP/1.1" 200 49538 "-" "WP Rocket/Preload Mozilla/5.0 (iPhone; CPU iPhone OS 9_1 like Mac OS X) AppleWebKit/601.1.46 (KHTML, like Gecko) Version/9.0 Mobile/13B143 Safari/601.1"
69.39.225.240 - - [17/Aug/2026:09:32:02 -0400] "GET / HTTP/1.1" 200 16384 "-" "WP Rocket/Preload"
69.39.225.240 - - [17/Aug/2026:09:32:06 -0400] "GET /wp-json/jetpack/v4/sync/spawn-sync?time=1786973526&request_lock_id=1786973526.0122 HTTP/1.1" 200 37 "-" "WordPress/7.0.4; https://www.biotechprocleaners.com"
69.39.225.240 - - [17/Aug/2026:09:35:19 -0400] "POST /wp-cron.php?doing_wp_cron=1786973719.2402710914611816406250 HTTP/1.1" 200 20 "-" "WordPress/7.0.4; https://www.biotechprocleaners.com"
57.141.4.28 - - [17/Aug/2026:09:35:17 -0400] "GET /comments/feed/ HTTP/1.1" 200 458 "-" "Mozilla/5.0 (Windows NT 10.0; Win64; x64) AppleWebKit/537.36 (KHTML, like Gecko) Chrome/145.0.0.0 Safari/537.36 (compatible; meta-externalagent/1.1 (+https://developers.facebook.com/docs/sharing/webmasters/crawler))"
69.39.225.240 - - [17/Aug/2026:09:36:34 -0400] "POST /wp-cron.php?doing_wp_cron=1786973794.1942789554595947265625 HTTP/1.1" 200 20 "-" "WordPress/7.0.4; https://www.biotechprocleaners.com"
209.212.222.52 - - [17/Aug/2026:09:36:32 -0400] "POST /xmlrpc.php HTTP/1.1" 200 403 "-" "Jetpack by WordPress.com (Jetpack 12.0; WordPress 6.1)"
69.39.225.240 - - [17/Aug/2026:09:36:43 -0400] "POST /wp-cron.php?doing_wp_cron=1786973803.3714361190795898437500 HTTP/1.1" 200 20 "-" "WordPress/7.0.4; https://www.biotechprocleaners.com"
209.212.222.52 - - [17/Aug/2026:09:36:42 -0400] "POST /xmlrpc.php HTTP/1.1" 200 403 "-" "WordPress.com; https://wordpress.com"
189.76.226.131 - - [17/Aug/2026:09:36:46 -0400] "GET /portfolio/government-public-sector/ HTTP/1.1" 200 20 "-" "Mozilla/5.0 (Macintosh; Intel Mac OS X 10_15_7) AppleWebKit/537.36 (KHTML, like Gecko) Chrome/133.0.0.0 Safari/537.36"
46.193.67.174 - - [17/Aug/2026:09:36:48 -0400] "GET /portfolio/government-public-sector/ HTTP/1.1" 200 47476 "-" "Mozilla/5.0 (Macintosh; Intel Mac OS X 10_15_7) AppleWebKit/537.36 (KHTML, like Gecko) Chrome/133.0.0.0 Safari/537.36"
209.212.222.52 - - [17/Aug/2026:09:36:53 -0400] "POST /xmlrpc.php HTTP/1.1" 200 403 "-" "Jetpack by WordPress.com"
209.212.222.52 - - [17/Aug/2026:09:37:05 -0400] "POST /xmlrpc.php HTTP/1.1" 200 403 "-" "WordPress.com; https://wordpress.com"
69.39.225.240 - - [17/Aug/2026:09:37:15 -0400] "POST /wp-cron.php?doing_wp_cron=1786973835.5681080818176269531250 HTTP/1.1" 200 20 "-" "WordPress/7.0.4; https://www.biotechprocleaners.com"
209.212.222.52 - - [17/Aug/2026:09:37:14 -0400] "POST /xmlrpc.php HTTP/1.1" 200 403 "-" "Jetpack/12.0; WordPress/6.1; http://site54080728.com"
209.212.222.52 - - [17/Aug/2026:09:37:25 -0400] "POST /xmlrpc.php HTTP/1.1" 200 403 "-" "Jetpack by WordPress.com (Jetpack 12.5; WordPress 6.1)"
209.212.222.52 - - [17/Aug/2026:09:37:37 -0400] "POST /xmlrpc.php HTTP/1.1" 200 403 "-" "Jetpack by WordPress.com"
69.39.225.240 - - [17/Aug/2026:09:37:49 -0400] "POST /wp-cron.php?doing_wp_cron=1786973869.0206689834594726562500 HTTP/1.1" 200 20 "-" "WordPress/7.0.4; https://www.biotechprocleaners.com"
209.212.222.52 - - [17/Aug/2026:09:37:47 -0400] "POST /xmlrpc.php HTTP/1.1" 200 403 "-" "WordPress.com; https://wordpress.com"
209.212.222.52 - - [17/Aug/2026:09:37:58 -0400] "POST /xmlrpc.php HTTP/1.1" 200 403 "-" "Jetpack/12.5; WordPress/6.4; http://site61659095.com"
209.212.222.52 - - [17/Aug/2026:09:38:10 -0400] "POST /xmlrpc.php HTTP/1.1" 200 403 "-" "WordPress.com; https://wordpress.com"
69.39.225.240 - - [17/Aug/2026:09:38:22 -0400] "POST /wp-cron.php?doing_wp_cron=1786973901.9048800468444824218750 HTTP/1.1" 200 20 "-" "WordPress/7.0.4; https://www.biotechprocleaners.com"
209.212.222.52 - - [17/Aug/2026:09:38:20 -0400] "POST /xmlrpc.php HTTP/1.1" 200 403 "-" "WordPress.com; https://wordpress.com"
209.212.222.52 - - [17/Aug/2026:09:38:31 -0400] "POST /xmlrpc.php HTTP/1.1" 200 403 "-" "Jetpack by WordPress.com"
69.39.225.240 - - [17/Aug/2026:09:38:43 -0400] "POST /wp-cron.php?doing_wp_cron=1786973923.7412390708923339843750 HTTP/1.1" 200 20 "-" "WordPress/7.0.4; https://www.biotechprocleaners.com"
209.212.222.52 - - [17/Aug/2026:09:38:42 -0400] "POST /xmlrpc.php HTTP/1.1" 200 403 "-" "Jetpack by WordPress.com (Jetpack 13.0; WordPress 6.4)"
209.212.222.52 - - [17/Aug/2026:09:38:53 -0400] "POST /xmlrpc.php HTTP/1.1" 200 403 "-" "Jetpack by WordPress.com"
209.212.222.52 - - [17/Aug/2026:09:39:04 -0400] "POST /xmlrpc.php HTTP/1.1" 200 403 "-" "Jetpack/12.1; WordPress/6.3; http://site24470630.com"
69.39.225.240 - - [17/Aug/2026:09:39:15 -0400] "POST /wp-cron.php?doing_wp_cron=1786973955.9214749336242675781250 HTTP/1.1" 200 20 "-" "WordPress/7.0.4; https://www.biotechprocleaners.com"
209.212.222.52 - - [17/Aug/2026:09:39:14 -0400] "POST /xmlrpc.php HTTP/1.1" 200 403 "-" "Jetpack by WordPress.com"
69.39.225.240 - - [17/Aug/2026:09:39:26 -0400] "POST /wp-cron.php?doing_wp_cron=1786973966.6919300556182861328125 HTTP/1.1" 200 20 "-" "WordPress/7.0.4; https://www.biotechprocleaners.com"
209.212.222.52 - - [17/Aug/2026:09:39:25 -0400] "POST /xmlrpc.php HTTP/1.1" 200 403 "-" "Jetpack/12.1; WordPress/6.4; http://site30383264.com"
209.212.222.52 - - [17/Aug/2026:09:39:36 -0400] "POST /xmlrpc.php HTTP/1.1" 200 403 "-" "Jetpack by WordPress.com"
69.39.225.240 - - [17/Aug/2026:09:39:48 -0400] "POST /wp-cron.php?doing_wp_cron=1786973988.0042619705200195312500 HTTP/1.1" 200 20 "-" "WordPress/7.0.4; https://www.biotechprocleaners.com"
209.212.222.52 - - [17/Aug/2026:09:39:46 -0400] "POST /xmlrpc.php HTTP/1.1" 200 403 "-" "Jetpack/13.0; WordPress/6.4; http://site75887335.com"
209.212.222.52 - - [17/Aug/2026:09:40:02 -0400] "POST /xmlrpc.php HTTP/1.1" 200 403 "-" "WordPress.com; https://wordpress.com"
209.212.222.52 - - [17/Aug/2026:09:40:08 -0400] "POST /xmlrpc.php HTTP/1.1" 200 403 "-" "Jetpack by WordPress.com (Jetpack 12.1; WordPress 6.4)"
69.39.225.240 - - [17/Aug/2026:09:40:32 -0400] "POST /wp-cron.php?doing_wp_cron=1786974032.6301820278167724609375 HTTP/1.1" 200 20 "-" "WordPress/7.0.4; https://www.biotechprocleaners.com"
209.212.222.52 - - [17/Aug/2026:09:40:31 -0400] "POST /xmlrpc.php HTTP/1.1" 200 403 "-" "Jetpack by WordPress.com (Jetpack 12.1; WordPress 6.3)"
69.39.225.240 - - [17/Aug/2026:09:40:43 -0400] "POST /wp-cron.php?doing_wp_cron=1786974043.8181250095367431640625 HTTP/1.1" 200 20 "-" "WordPress/7.0.4; https://www.biotechprocleaners.com"
209.212.222.52 - - [17/Aug/2026:09:40:42 -0400] "POST /xmlrpc.php HTTP/1.1" 200 403 "-" "Jetpack by WordPress.com (Jetpack 13.0; WordPress 6.1)"
209.212.222.52 - - [17/Aug/2026:09:40:52 -0400] "POST /xmlrpc.php HTTP/1.1" 200 403 "-" "Jetpack/12.1; WordPress/6.4; http://site42891618.com"
209.212.222.52 - - [17/Aug/2026:09:41:03 -0400] "POST /xmlrpc.php HTTP/1.1" 200 403 "-" "Jetpack by WordPress.com"
69.39.225.240 - - [17/Aug/2026:09:41:15 -0400] "POST /wp-cron.php?doing_wp_cron=1786974075.6824340820312500000000 HTTP/1.1" 200 20 "-" "WordPress/7.0.4; https://www.biotechprocleaners.com"
209.212.222.52 - - [17/Aug/2026:09:41:14 -0400] "POST /xmlrpc.php HTTP/1.1" 200 403 "-" "Jetpack by WordPress.com"
44.206.65.8 - - [17/Aug/2026:09:41:20 -0400] "GET /surface/workshops/?surfaces=desks HTTP/1.1" 200 32370 "-" "Mozilla/5.0 AppleWebKit/537.36 (KHTML, like Gecko; compatible; Amazonbot/0.1; +https://developer.amazon.com/support/amazonbot) Chrome/119.0.6045.214 Safari/537.36"
209.212.222.52 - - [17/Aug/2026:09:41:29 -0400] "POST /xmlrpc.php HTTP/1.1" 200 403 "-" "Jetpack by WordPress.com"
209.212.222.52 - - [17/Aug/2026:09:41:35 -0400] "POST /xmlrpc.php HTTP/1.1" 200 403 "-" "WordPress.com; https://wordpress.com"
69.39.225.240 - - [17/Aug/2026:09:41:42 -0400] "POST /wp-cron.php?doing_wp_cron=1786974101.8990490436553955078125 HTTP/1.1" 200 20 "-" "WordPress/7.0.4; https://www.biotechprocleaners.com"
98.83.178.66 - - [17/Aug/2026:09:41:40 -0400] "GET /surface/workshops/?surfaces=plastic-panels HTTP/1.1" 200 32383 "-" "Mozilla/5.0 AppleWebKit/537.36 (KHTML, like Gecko; compatible; Amazonbot/0.1; +https://developer.amazon.com/support/amazonbot) Chrome/119.0.6045.214 Safari/537.36"
52.7.33.248 - - [17/Aug/2026:09:41:44 -0400] "GET /surface/workshops/?surfaces=outdoor-furniture HTTP/1.1" 200 32387 "-" "Mozilla/5.0 AppleWebKit/537.36 (KHTML, like Gecko; compatible; Amazonbot/0.1; +https://developer.amazon.com/support/amazonbot) Chrome/119.0.6045.214 Safari/537.36"
209.212.222.52 - - [17/Aug/2026:09:41:48 -0400] "POST /xmlrpc.php HTTP/1.1" 200 403 "-" "Jetpack by WordPress.com (Jetpack 12.0; WordPress 6.4)"
209.212.222.52 - - [17/Aug/2026:09:41:58 -0400] "POST /xmlrpc.php HTTP/1.1" 200 403 "-" "Jetpack by WordPress.com"
69.39.225.240 - - [17/Aug/2026:09:43:14 -0400] "POST /wp-cron.php?doing_wp_cron=1786974194.0599820613861083984375 HTTP/1.1" 200 20 "-" "WordPress/7.0.4; https://www.biotechprocleaners.com"
52.6.232.201 - - [17/Aug/2026:09:43:12 -0400] "GET /surface/medical-equipment/?surfaces=plastic-objects HTTP/1.1" 200 32402 "-" "Mozilla/5.0 AppleWebKit/537.36 (KHTML, like Gecko; compatible; Amazonbot/0.1; +https://developer.amazon.com/support/amazonbot) Chrome/119.0.6045.214 Safari/537.36"
34.225.24.180 - - [17/Aug/2026:09:43:24 -0400] "GET /surface/kitchen/?amp&surfaces=scuff-marks HTTP/1.1" 200 32389 "-" "Mozilla/5.0 AppleWebKit/537.36 (KHTML, like Gecko; compatible; Amazonbot/0.1; +https://developer.amazon.com/support/amazonbot) Chrome/119.0.6045.214 Safari/537.36"
69.39.225.240 - - [17/Aug/2026:09:43:41 -0400] "POST /wp-cron.php?doing_wp_cron=1786974221.8281850814819335937500 HTTP/1.1" 200 20 "-" "WordPress/7.0.4; https://www.biotechprocleaners.com"
52.2.4.213 - - [17/Aug/2026:09:43:40 -0400] "GET /surface/kitchen/?amp&surfaces=plastic-panels HTTP/1.1" 200 32390 "-" "Mozilla/5.0 AppleWebKit/537.36 (KHTML, like Gecko; compatible; Amazonbot/0.1; +https://developer.amazon.com/support/amazonbot) Chrome/119.0.6045.214 Safari/537.36"
52.7.13.143 - - [17/Aug/2026:09:43:44 -0400] "GET /surface/kitchen/?amp&surfaces=counters HTTP/1.1" 200 32382 "-" "Mozilla/5.0 AppleWebKit/537.36 (KHTML, like Gecko; compatible; Amazonbot/0.1; +https://developer.amazon.com/support/amazonbot) Chrome/119.0.6045.214 Safari/537.36"
54.243.63.52 - - [17/Aug/2026:09:43:48 -0400] "GET /surface/kitchen/?amp&surfaces=oven-plates HTTP/1.1" 200 32385 "-" "Mozilla/5.0 AppleWebKit/537.36 (KHTML, like Gecko; compatible; Amazonbot/0.1; +https://developer.amazon.com/support/amazonbot) Chrome/119.0.6045.214 Safari/537.36"
69.39.225.240 - - [17/Aug/2026:09:44:17 -0400] "POST /wp-cron.php?doing_wp_cron=1786974257.5700581073760986328125 HTTP/1.1" 200 20 "-" "WordPress/7.0.4; https://www.biotechprocleaners.com"
107.20.181.148 - - [17/Aug/2026:09:44:16 -0400] "GET /surface/medical-equipment/?surfaces=covers HTTP/1.1" 200 32391 "-" "Mozilla/5.0 AppleWebKit/537.36 (KHTML, like Gecko; compatible; Amazonbot/0.1; +https://developer.amazon.com/support/amazonbot) Chrome/119.0.6045.214 Safari/537.36"
69.39.225.240 - - [17/Aug/2026:09:44:58 -0400] "POST /wp-cron.php?doing_wp_cron=1786974297.9508709907531738281250 HTTP/1.1" 200 20 "-" "WordPress/7.0.4; https://www.biotechprocleaners.com"
54.90.8.255 - - [17/Aug/2026:09:44:56 -0400] "GET /surface/medical-equipment/?surfaces=high-end-flooring HTTP/1.1" 200 32406 "-" "Mozilla/5.0 AppleWebKit/537.36 (KHTML, like Gecko; compatible; Amazonbot/0.1; +https://developer.amazon.com/support/amazonbot) Chrome/119.0.6045.214 Safari/537.36"
3.213.85.234 - - [17/Aug/2026:09:45:08 -0400] "GET /surface/medical-equipment/?surfaces=garages HTTP/1.1" 200 32393 "-" "Mozilla/5.0 AppleWebKit/537.36 (KHTML, like Gecko; compatible; Amazonbot/0.1; +https://developer.amazon.com/support/amazonbot) Chrome/119.0.6045.214 Safari/537.36"
69.39.225.240 - - [17/Aug/2026:09:45:41 -0400] "POST /wp-cron.php?doing_wp_cron=1786974341.6204259395599365234375 HTTP/1.1" 200 20 "-" "WordPress/7.0.4; https://www.biotechprocleaners.com"
23.23.212.212 - - [17/Aug/2026:09:45:40 -0400] "GET /surface/medical-equipment/?surfaces=hi-gloss-reflective-surfaces HTTP/1.1" 200 32416 "-" "Mozilla/5.0 AppleWebKit/537.36 (KHTML, like Gecko; compatible; Amazonbot/0.1; +https://developer.amazon.com/support/amazonbot) Chrome/119.0.6045.214 Safari/537.36"
69.39.225.240 - - [17/Aug/2026:09:46:13 -0400] "POST /wp-cron.php?doing_wp_cron=1786974373.6135759353637695312500 HTTP/1.1" 200 20 "-" "WordPress/7.0.4; https://www.biotechprocleaners.com"
35.174.253.85 - - [17/Aug/2026:09:46:12 -0400] "GET /surface/floors-in-plant/?areas=deposits HTTP/1.1" 200 32396 "-" "Mozilla/5.0 AppleWebKit/537.36 (KHTML, like Gecko; compatible; Amazonbot/0.1; +https://developer.amazon.com/support/amazonbot) Chrome/119.0.6045.214 Safari/537.36"
34.205.170.13 - - [17/Aug/2026:09:46:24 -0400] "GET /surface/floors-in-plant/?areas=water HTTP/1.1" 200 32394 "-" "Mozilla/5.0 AppleWebKit/537.36 (KHTML, like Gecko; compatible; Amazonbot/0.1; +https://developer.amazon.com/support/amazonbot) Chrome/119.0.6045.214 Safari/537.36"
167.148.117.225 - - [17/Aug/2026:09:46:31 -0400] "GET /wp-content/uploads/2024/03/Logo-StickyNav.png HTTP/1.1" 200 10336 "https://www.biotechprocleaners.com/" "Mozilla/5.0 (Windows NT 10.0; Win64; x64) AppleWebKit/537.36 (KHTML, like Gecko) Chrome/105.0.0.0 Safari/537.3"
69.39.225.240 - - [17/Aug/2026:09:50:50 -0400] "POST /wp-cron.php?doing_wp_cron=1786974650.6191089153289794921875 HTTP/1.1" 200 20 "-" "WordPress/7.0.4; https://www.biotechprocleaners.com"
44.223.116.149 - - [17/Aug/2026:09:50:48 -0400] "GET /product-category/corporate-and-residential-buildings/?amp&surfaces=plastic-objects HTTP/1.1" 200 46999 "-" "Mozilla/5.0 AppleWebKit/537.36 (KHTML, like Gecko; compatible; Amazonbot/0.1; +https://developer.amazon.com/support/amazonbot) Chrome/119.0.6045.214 Safari/537.36"
69.39.225.240 - - [17/Aug/2026:09:52:41 -0400] "POST /wp-cron.php?doing_wp_cron=1786974761.6480600833892822265625 HTTP/1.1" 200 20 "-" "WordPress/7.0.4; https://www.biotechprocleaners.com"
44.208.193.63 - - [17/Aug/2026:09:52:40 -0400] "GET /surface/medical-equipment/?surfaces=table-tops HTTP/1.1" 200 47499 "-" "Mozilla/5.0 AppleWebKit/537.36 (KHTML, like Gecko; compatible; Amazonbot/0.1; +https://developer.amazon.com/support/amazonbot) Chrome/119.0.6045.214 Safari/537.36"
69.39.225.240 - - [17/Aug/2026:09:53:47 -0400] "POST /wp-cron.php?doing_wp_cron=1786974827.4690279960632324218750 HTTP/1.1" 200 20 "-" "WordPress/7.0.4; https://www.biotechprocleaners.com"
44.218.6.93 - - [17/Aug/2026:09:53:46 -0400] "GET /surface/kitchen/?amp&surfaces=kitchen-appliances HTTP/1.1" 200 47437 "-" "Mozilla/5.0 AppleWebKit/537.36 (KHTML, like Gecko; compatible; Amazonbot/0.1; +https://developer.amazon.com/support/amazonbot) Chrome/119.0.6045.214 Safari/537.36"
69.39.225.240 - - [17/Aug/2026:09:54:30 -0400] "POST /wp-cron.php?doing_wp_cron=1786974870.0250370502471923828125 HTTP/1.1" 200 20 "-" "WordPress/7.0.4; https://www.biotechprocleaners.com"
54.83.180.239 - - [17/Aug/2026:09:54:28 -0400] "GET /product-category/healthcare/?amp&surfaces=fabrics HTTP/1.1" 200 40756 "-" "Mozilla/5.0 AppleWebKit/537.36 (KHTML, like Gecko; compatible; Amazonbot/0.1; +https://developer.amazon.com/support/amazonbot) Chrome/119.0.6045.214 Safari/537.36"
207.46.13.229 - - [17/Aug/2026:09:54:37 -0400] "GET /robots.txt HTTP/1.1" 200 20 "-" "Mozilla/5.0 AppleWebKit/537.36 (KHTML, like Gecko; compatible; bingbot/2.0; +http://www.bing.com/bingbot.htm) Chrome/116.0.1938.76 Safari/537.36"
207.46.13.229 - - [17/Aug/2026:09:54:38 -0400] "GET /robots.txt HTTP/1.1" 200 206 "-" "Mozilla/5.0 AppleWebKit/537.36 (KHTML, like Gecko; compatible; bingbot/2.0; +http://www.bing.com/bingbot.htm) Chrome/116.0.1938.76 Safari/537.36"
69.39.225.240 - - [17/Aug/2026:09:54:51 -0400] "POST /wp-cron.php?doing_wp_cron=1786974891.5813260078430175781250 HTTP/1.1" 200 20 "-" "WordPress/7.0.4; https://www.biotechprocleaners.com"
40.77.167.42 - - [17/Aug/2026:09:54:50 -0400] "GET /shop HTTP/1.1" 200 20 "-" "Mozilla/5.0 AppleWebKit/537.36 (KHTML, like Gecko; compatible; bingbot/2.0; +http://www.bing.com/bingbot.htm) Chrome/116.0.1938.76 Safari/537.36"
69.39.225.240 - - [17/Aug/2026:09:56:37 -0400] "POST /wp-cron.php?doing_wp_cron=1786974997.7912600040435791015625 HTTP/1.1" 200 20 "-" "WordPress/7.0.4; https://www.biotechprocleaners.com"
18.233.24.238 - - [17/Aug/2026:09:56:36 -0400] "GET /product-category/corporate-and-residential-buildings/?amp&surfaces=table-tops HTTP/1.1" 200 47052 "-" "Mozilla/5.0 AppleWebKit/537.36 (KHTML, like Gecko; compatible; Amazonbot/0.1; +https://developer.amazon.com/support/amazonbot) Chrome/119.0.6045.214 Safari/537.36"
69.39.225.240 - - [17/Aug/2026:09:58:26 -0400] "POST /wp-cron.php?doing_wp_cron=1786975106.3764109611511230468750 HTTP/1.1" 200 20 "-" "WordPress/7.0.4; https://www.biotechprocleaners.com"
54.157.99.244 - - [17/Aug/2026:09:58:24 -0400] "GET /product-category/all-industries/?surfaces=natural-stones HTTP/1.1" 200 46989 "-" "Mozilla/5.0 AppleWebKit/537.36 (KHTML, like Gecko; compatible; Amazonbot/0.1; +https://developer.amazon.com/support/amazonbot) Chrome/119.0.6045.214 Safari/537.36"
69.39.225.240 - - [17/Aug/2026:09:59:59 -0400] "POST /wp-cron.php?doing_wp_cron=1786975199.7008719444274902343750 HTTP/1.1" 200 20 "-" "WordPress/7.0.4; https://www.biotechprocleaners.com"
209.212.222.52 - - [17/Aug/2026:09:59:58 -0400] "POST /xmlrpc.php HTTP/1.1" 200 403 "-" "Jetpack/12.0; WordPress/6.1; http://site74882729.com"
209.212.222.52 - - [17/Aug/2026:10:00:10 -0400] "POST /xmlrpc.php HTTP/1.1" 200 403 "-" "Jetpack by WordPress.com"
69.39.225.240 - - [17/Aug/2026:10:00:22 -0400] "POST /wp-cron.php?doing_wp_cron=1786975222.1031289100646972656250 HTTP/1.1" 200 20 "-" "WordPress/7.0.4; https://www.biotechprocleaners.com"
209.212.222.52 - - [17/Aug/2026:10:00:20 -0400] "POST /xmlrpc.php HTTP/1.1" 200 403 "-" "WordPress.com; https://wordpress.com"
209.212.222.52 - - [17/Aug/2026:10:00:31 -0400] "POST /xmlrpc.php HTTP/1.1" 200 403 "-" "Jetpack/12.1; WordPress/6.1; http://site50472342.com"
69.39.225.240 - - [17/Aug/2026:10:00:43 -0400] "POST /wp-cron.php?doing_wp_cron=1786975242.9829809665679931640625 HTTP/1.1" 200 20 "-" "WordPress/7.0.4; https://www.biotechprocleaners.com"
209.212.222.52 - - [17/Aug/2026:10:00:41 -0400] "POST /xmlrpc.php HTTP/1.1" 200 403 "-" "WordPress.com; https://wordpress.com"
209.212.222.52 - - [17/Aug/2026:10:00:54 -0400] "POST /xmlrpc.php HTTP/1.1" 200 403 "-" "Jetpack by WordPress.com"
209.212.222.52 - - [17/Aug/2026:10:01:04 -0400] "POST /xmlrpc.php HTTP/1.1" 200 403 "-" "Jetpack by WordPress.com"
69.39.225.240 - - [17/Aug/2026:10:01:16 -0400] "POST /wp-cron.php?doing_wp_cron=1786975276.5950279235839843750000 HTTP/1.1" 200 20 "-" "WordPress/7.0.4; https://www.biotechprocleaners.com"
209.212.222.52 - - [17/Aug/2026:10:01:15 -0400] "POST /xmlrpc.php HTTP/1.1" 200 403 "-" "WordPress.com; https://wordpress.com"
209.212.222.52 - - [17/Aug/2026:10:01:27 -0400] "POST /xmlrpc.php HTTP/1.1" 200 403 "-" "Jetpack by WordPress.com (Jetpack 12.5; WordPress 6.3)"
209.212.222.52 - - [17/Aug/2026:10:01:37 -0400] "POST /xmlrpc.php HTTP/1.1" 200 403 "-" "Jetpack by WordPress.com (Jetpack 12.5; WordPress 6.1)"
69.39.225.240 - - [17/Aug/2026:10:01:49 -0400] "POST /wp-cron.php?doing_wp_cron=1786975309.3871829509735107421875 HTTP/1.1" 200 20 "-" "WordPress/7.0.4; https://www.biotechprocleaners.com"
209.212.222.52 - - [17/Aug/2026:10:01:48 -0400] "POST /xmlrpc.php HTTP/1.1" 200 403 "-" "Jetpack/12.1; WordPress/6.1; http://site95874627.com"
209.212.222.52 - - [17/Aug/2026:10:01:59 -0400] "POST /xmlrpc.php HTTP/1.1" 200 403 "-" "Jetpack by WordPress.com (Jetpack 13.0; WordPress 6.1)"
209.212.222.52 - - [17/Aug/2026:10:02:10 -0400] "POST /xmlrpc.php HTTP/1.1" 200 403 "-" "Jetpack/12.5; WordPress/6.2; http://site55791382.com"
69.39.225.240 - - [17/Aug/2026:10:05:01 -0400] "POST /wp-cron.php?doing_wp_cron=1786975501.6182310581207275390625 HTTP/1.1" 200 20 "-" "WordPress/7.0.4; https://www.biotechprocleaners.com"
69.165.67.17 - - [17/Aug/2026:10:05:00 -0400] "GET /index.php?rest_route=/wp/v2/posts&per_page=100&_fields=id%2Ccomment_status&page=1 HTTP/1.1" 200 94 "https://biotechprocleaners.com" "Mozilla/5.0 (Linux; Android 10; K) AppleWebKit/537.36 (KHTML, like Gecko) Chrome/134.0.0.0 Mobile Safari/537.36"
69.165.67.17 - - [17/Aug/2026:10:05:01 -0400] "POST /wp-comments-post.php HTTP/1.1" 200 20 "https://biotechprocleaners.com" "Mozilla/5.0 (Linux; Android 10; K) AppleWebKit/537.36 (KHTML, like Gecko) Chrome/134.0.0.0 Mobile Safari/537.36"
69.39.225.240 - - [17/Aug/2026:10:05:14 -0400] "POST /wp-cron.php?doing_wp_cron=1786975514.7942180633544921875000 HTTP/1.1" 200 20 "-" "WordPress/7.0.4; https://www.biotechprocleaners.com"
54.39.6.38 - - [17/Aug/2026:10:05:13 -0400] "GET /sitemap_index.xml HTTP/1.1" 200 469 "-" "Mozilla/5.0 (compatible; AhrefsBot/7.0; +http://ahrefs.com/robot/)"
54.39.89.114 - - [17/Aug/2026:10:05:16 -0400] "GET /post-sitemap.xml HTTP/1.1" 200 883 "-" "Mozilla/5.0 (compatible; AhrefsBot/7.0; +http://ahrefs.com/robot/)"
54.39.89.63 - - [17/Aug/2026:10:05:18 -0400] "GET /page-sitemap.xml HTTP/1.1" 200 1498 "-" "Mozilla/5.0 (compatible; AhrefsBot/7.0; +http://ahrefs.com/robot/)"
15.235.98.218 - - [17/Aug/2026:10:05:20 -0400] "GET /product-sitemap.xml HTTP/1.1" 200 1013 "-" "Mozilla/5.0 (compatible; AhrefsBot/7.0; +http://ahrefs.com/robot/)"
15.235.27.52 - - [17/Aug/2026:10:05:23 -0400] "GET /portfolio-sitemap.xml HTTP/1.1" 200 795 "-" "Mozilla/5.0 (compatible; AhrefsBot/7.0; +http://ahrefs.com/robot/)"
51.222.95.68 - - [17/Aug/2026:10:05:25 -0400] "GET /slider-item-sitemap.xml HTTP/1.1" 200 710 "-" "Mozilla/5.0 (compatible; AhrefsBot/7.0; +http://ahrefs.com/robot/)"
142.44.225.147 - - [17/Aug/2026:10:05:27 -0400] "GET /category-sitemap.xml HTTP/1.1" 200 463 "-" "Mozilla/5.0 (compatible; AhrefsBot/7.0; +http://ahrefs.com/robot/)"
15.235.27.206 - - [17/Aug/2026:10:05:30 -0400] "GET /post_tag-sitemap.xml HTTP/1.1" 200 483 "-" "Mozilla/5.0 (compatible; AhrefsBot/7.0; +http://ahrefs.com/robot/)"
51.222.95.154 - - [17/Aug/2026:10:05:32 -0400] "GET /product_cat-sitemap.xml HTTP/1.1" 200 537 "-" "Mozilla/5.0 (compatible; AhrefsBot/7.0; +http://ahrefs.com/robot/)"
54.39.210.3 - - [17/Aug/2026:10:05:34 -0400] "GET /surface-sitemap.xml HTTP/1.1" 200 1217 "-" "Mozilla/5.0 (compatible; AhrefsBot/7.0; +http://ahrefs.com/robot/)"
51.161.65.72 - - [17/Aug/2026:10:05:36 -0400] "GET /area-sitemap.xml HTTP/1.1" 200 1089 "-" "Mozilla/5.0 (compatible; AhrefsBot/7.0; +http://ahrefs.com/robot/)"
142.44.225.157 - - [17/Aug/2026:10:05:39 -0400] "GET /removal-sitemap.xml HTTP/1.1" 200 379 "-" "Mozilla/5.0 (compatible; AhrefsBot/7.0; +http://ahrefs.com/robot/)"
