65.21.113.248 - - [17/Aug/2026:08:01:49 -0400] "GET /portfolio/logistics-transportation/ HTTP/1.1" 200 48041 "-" "Mozilla/5.0 (compatible; AwarioBot/1.0; +https://awario.com/bots.html)"
65.21.113.248 - - [17/Aug/2026:08:01:53 -0400] "GET /portfolio/manufacturing-industries/ HTTP/1.1" 200 48581 "-" "Mozilla/5.0 (compatible; AwarioBot/1.0; +https://awario.com/bots.html)"
65.21.113.248 - - [17/Aug/2026:08:02:02 -0400] "GET /portfolio/offices-corporate-buildings/ HTTP/1.1" 200 48015 "-" "Mozilla/5.0 (compatible; AwarioBot/1.0; +https://awario.com/bots.html)"
65.21.113.248 - - [17/Aug/2026:08:02:05 -0400] "GET /portfolio/retail-industry/ HTTP/1.1" 200 47418 "-" "Mozilla/5.0 (compatible; AwarioBot/1.0; +https://awario.com/bots.html)"
65.21.113.248 - - [17/Aug/2026:08:02:08 -0400] "GET /portfolio/sport-recreational-convention/ HTTP/1.1" 200 47555 "-" "Mozilla/5.0 (compatible; AwarioBot/1.0; +https://awario.com/bots.html)"
65.21.113.248 - - [17/Aug/2026:08:02:14 -0400] "GET /privacy-policy/ HTTP/1.1" 200 44482 "-" "Mozilla/5.0 (compatible; AwarioBot/1.0; +https://awario.com/bots.html)"
65.21.113.248 - - [17/Aug/2026:08:02:18 -0400] "GET /product/bathroom-descaler/ HTTP/1.1" 200 49795 "-" "Mozilla/5.0 (compatible; AwarioBot/1.0; +https://awario.com/bots.html)"
114.119.132.163 - - [17/Aug/2026:08:02:18 -0400] "GET /surface/worktops/ HTTP/1.1" 200 47668 "https://www.biotechprocleaners.com/surface/worktops" "Mozilla/5.0 (Linux; Android 7.0;) AppleWebKit/537.36 (HTML, like Gecko) Mobile Safari/537.36 (compatible; PetalBot;+https://webmaster.petalsearch.com/site/petalbot)"
65.21.113.248 - - [17/Aug/2026:08:02:25 -0400] "GET /product/dishwashing-liquid-hard-water/ HTTP/1.1" 200 49769 "-" "Mozilla/5.0 (compatible; AwarioBot/1.0; +https://awario.com/bots.html)"
65.21.113.248 - - [17/Aug/2026:08:02:30 -0400] "GET /product/fragranced-floor-cleaner/ HTTP/1.1" 200 46862 "-" "Mozilla/5.0 (compatible; AwarioBot/1.0; +https://awario.com/bots.html)"
69.39.225.240 - - [17/Aug/2026:08:02:31 -0400] "POST /wp-cron.php?doing_wp_cron=1786968151.3153669834136962890625 HTTP/1.1" 200 20 "-" "WordPress/7.0.4; https://www.biotechprocleaners.com"
3.223.103.119 - - [17/Aug/2026:08:02:30 -0400] "GET /wp-json/wc/store/v1/products/food-desinfectant-degreaser-cleaner HTTP/1.1" 200 1543 "-" "Mozilla/5.0 (Macintosh; Intel Mac OS X 10_15_7) AppleWebKit/537.36 (KHTML, like Gecko) Chrome/150.0.0.0 Safari/537.36"
3.231.84.88 - - [17/Aug/2026:08:02:30 -0400] "GET /wp-json/wc/store/v1/products/high-performance-surface-degreaser HTTP/1.1" 200 1453 "-" "Mozilla/5.0 (iPhone; CPU iPhone OS 18_7 like Mac OS X) AppleWebKit/605.1.15 (KHTML, like Gecko) Version/27.0 EdgiOS/150.0.0.0 Mobile/15E148 Safari/604.1"
54.161.130.32 - - [17/Aug/2026:08:02:32 -0400] "GET /wp-json/wc/store/v1/products/1977 HTTP/1.1" 200 946 "-" "Mozilla/5.0 (Macintosh; Intel Mac OS X 10_15_7) AppleWebKit/537.36 (KHTML, like Gecko) Chrome/150.0.0.0 Safari/537.36"
3.231.84.88 - - [17/Aug/2026:08:02:32 -0400] "GET /wp-json/wc/store/v1/products/2600 HTTP/1.1" 200 941 "-" "Mozilla/5.0 (iPhone; CPU iPhone OS 18_7 like Mac OS X) AppleWebKit/605.1.15 (KHTML, like Gecko) Version/27.0 EdgiOS/150.0.0.0 Mobile/15E148 Safari/604.1"
65.21.113.248 - - [17/Aug/2026:08:02:35 -0400] "GET /product/laundry-detergent/ HTTP/1.1" 200 49704 "-" "Mozilla/5.0 (compatible; AwarioBot/1.0; +https://awario.com/bots.html)"
65.21.113.248 - - [17/Aug/2026:08:02:41 -0400] "GET /product/rinsing-aid/ HTTP/1.1" 200 49778 "-" "Mozilla/5.0 (compatible; AwarioBot/1.0; +https://awario.com/bots.html)"
65.21.113.248 - - [17/Aug/2026:08:02:44 -0400] "GET /shop/ HTTP/1.1" 200 49792 "-" "Mozilla/5.0 (compatible; AwarioBot/1.0; +https://awario.com/bots.html)"
69.39.225.240 - - [17/Aug/2026:08:03:22 -0400] "POST /wp-cron.php?doing_wp_cron=1786968202.5296149253845214843750 HTTP/1.1" 200 20 "-" "WordPress/7.0.4; https://www.biotechprocleaners.com"
114.119.132.163 - - [17/Aug/2026:08:03:20 -0400] "GET /portfolio/hospitality HTTP/1.1" 200 20 "https://www.biotechprocleaners.com/product-category/manufacturing-industries" "Mozilla/5.0 (Linux; Android 7.0;) AppleWebKit/537.36 (HTML, like Gecko) Mobile Safari/537.36 (compatible; PetalBot;+https://webmaster.petalsearch.com/site/petalbot)"
114.119.132.163 - - [17/Aug/2026:08:03:26 -0400] "GET /portfolio/hospitality/ HTTP/1.1" 200 47447 "https://www.biotechprocleaners.com/product-category/manufacturing-industries" "Mozilla/5.0 (Linux; Android 7.0;) AppleWebKit/537.36 (HTML, like Gecko) Mobile Safari/537.36 (compatible; PetalBot;+https://webmaster.petalsearch.com/site/petalbot)"
3.217.82.254 - - [17/Aug/2026:08:04:28 -0400] "GET /product-category/retail/?surfaces=kitchen-sink HTTP/1.1" 200 40687 "-" "Mozilla/5.0 AppleWebKit/537.36 (KHTML, like Gecko; compatible; Amazonbot/0.1; +https://developer.amazon.com/support/amazonbot) Chrome/119.0.6045.214 Safari/537.36"
69.39.225.240 - - [17/Aug/2026:08:04:31 -0400] "POST /wp-cron.php?doing_wp_cron=1786968271.0027439594268798828125 HTTP/1.1" 200 20 "-" "WordPress/7.0.4; https://www.biotechprocleaners.com"
114.119.148.27 - - [17/Aug/2026:08:04:28 -0400] "GET /portfolio-tiles-three-columns HTTP/1.1" 200 20 "https://www.biotechprocleaners.com/portfolio-tiles-three-columns" "Mozilla/5.0 (Linux; Android 7.0;) AppleWebKit/537.36 (HTML, like Gecko) Mobile Safari/537.36 (compatible; PetalBot;+https://webmaster.petalsearch.com/site/petalbot)"
114.119.148.27 - - [17/Aug/2026:08:04:32 -0400] "GET /portfolio-tiles-three-columns/ HTTP/1.1" 200 40870 "https://www.biotechprocleaners.com/portfolio-tiles-three-columns" "Mozilla/5.0 (Linux; Android 7.0;) AppleWebKit/537.36 (HTML, like Gecko) Mobile Safari/537.36 (compatible; PetalBot;+https://webmaster.petalsearch.com/site/petalbot)"
69.39.225.240 - - [17/Aug/2026:08:05:48 -0400] "POST /wp-cron.php?doing_wp_cron=1786968348.1667280197143554687500 HTTP/1.1" 200 20 "-" "WordPress/7.0.4; https://www.biotechprocleaners.com"
174.129.130.95 - - [17/Aug/2026:08:05:46 -0400] "GET /wp-json/wc/store/v1/products/stainless-steel-cleaner-reviver HTTP/1.1" 200 1718 "-" "Mozilla/5.0 (Windows NT 10.0; Win64; x64) AppleWebKit/537.36 (KHTML, like Gecko) Chrome/150.0.0.0 Safari/537.36 Edg/150.0.0.0"
114.119.132.163 - - [17/Aug/2026:08:05:49 -0400] "GET /performance-sustainable-cleaners/ HTTP/1.1" 200 44643 "https://www.biotechprocleaners.com/surface/worktops" "Mozilla/5.0 (Linux; Android 7.0;) AppleWebKit/537.36 (HTML, like Gecko) Mobile Safari/537.36 (compatible; PetalBot;+https://webmaster.petalsearch.com/site/petalbot)"
3.227.45.32 - - [17/Aug/2026:08:05:48 -0400] "GET /wp-json/wc/store/v1/products/cleaner-degreaser-high-performance HTTP/1.1" 200 1662 "-" "Mozilla/5.0 (iPhone; CPU iPhone OS 18_7 like Mac OS X) AppleWebKit/605.1.15 (KHTML, like Gecko) Version/27.0 EdgiOS/150.0.0.0 Mobile/15E148 Safari/604.1"
52.44.171.248 - - [17/Aug/2026:08:05:49 -0400] "GET /wp-json/wc/store/v1/products/stainless-steel-cleaner-reviver HTTP/1.1" 200 1718 "-" "Mozilla/5.0 (iPhone; CPU iPhone OS 18_7 like Mac OS X) AppleWebKit/605.1.15 (KHTML, like Gecko) CriOS/150.0.0.0 Mobile/15E148 Safari/604.1"
32.196.178.62 - - [17/Aug/2026:08:05:49 -0400] "GET /wp-json/wc/store/v1/products/1981 HTTP/1.1" 200 928 "-" "Mozilla/5.0 (Windows NT 10.0; Win64; x64) AppleWebKit/537.36 (KHTML, like Gecko) Chrome/150.0.0.0 Safari/537.36 Edg/150.0.0.0"
44.194.158.81 - - [17/Aug/2026:08:05:50 -0400] "GET /wp-json/wc/store/v1/products/laundry-detergent HTTP/1.1" 200 1626 "-" "Mozilla/5.0 (iPhone; CPU iPhone OS 18_7 like Mac OS X) AppleWebKit/605.1.15 (KHTML, like Gecko) Version/27.0 EdgiOS/150.0.0.0 Mobile/15E148 Safari/604.1"
44.194.158.81 - - [17/Aug/2026:08:05:51 -0400] "GET /wp-json/wc/store/v1/products/1958 HTTP/1.1" 200 917 "-" "Mozilla/5.0 (iPhone; CPU iPhone OS 18_7 like Mac OS X) AppleWebKit/605.1.15 (KHTML, like Gecko) Version/27.0 EdgiOS/150.0.0.0 Mobile/15E148 Safari/604.1"
32.199.127.47 - - [17/Aug/2026:08:05:52 -0400] "GET /wp-json/wc/store/v1/products/1982 HTTP/1.1" 200 931 "-" "Mozilla/5.0 (iPhone; CPU iPhone OS 18_7 like Mac OS X) AppleWebKit/605.1.15 (KHTML, like Gecko) CriOS/150.0.0.0 Mobile/15E148 Safari/604.1"
34.237.3.12 - - [17/Aug/2026:08:05:53 -0400] "GET /wp-json/wc/store/v1/products/2629 HTTP/1.1" 200 917 "-" "Mozilla/5.0 (iPhone; CPU iPhone OS 18_7 like Mac OS X) AppleWebKit/605.1.15 (KHTML, like Gecko) Version/27.0 EdgiOS/150.0.0.0 Mobile/15E148 Safari/604.1"
69.39.225.240 - - [17/Aug/2026:08:06:40 -0400] "POST /wp-cron.php?doing_wp_cron=1786968399.9280660152435302734375 HTTP/1.1" 200 20 "-" "WordPress/7.0.4; https://www.biotechprocleaners.com"
52.54.249.218 - - [17/Aug/2026:08:06:37 -0400] "GET /surface/medical-equipment/?surfaces=painted-surfaces HTTP/1.1" 200 47502 "-" "Mozilla/5.0 AppleWebKit/537.36 (KHTML, like Gecko; compatible; Amazonbot/0.1; +https://developer.amazon.com/support/amazonbot) Chrome/119.0.6045.214 Safari/537.36"
114.119.129.34 - - [17/Aug/2026:08:07:14 -0400] "GET /news/news-tiles-five-columns/ HTTP/1.1" 200 41111 "https://www.biotechprocleaners.com/news/news-tiles-five-columns" "Mozilla/5.0 (Linux; Android 7.0;) AppleWebKit/537.36 (HTML, like Gecko) Mobile Safari/537.36 (compatible; PetalBot;+https://webmaster.petalsearch.com/site/petalbot)"
69.39.225.240 - - [17/Aug/2026:08:07:31 -0400] "POST /wp-cron.php?doing_wp_cron=1786968451.0153470039367675781250 HTTP/1.1" 200 20 "-" "WordPress/7.0.4; https://www.biotechprocleaners.com"
17.22.245.110 - - [17/Aug/2026:08:07:29 -0400] "GET /robots.txt HTTP/1.1" 200 206 "-" "Mozilla/5.0 (Macintosh; Intel Mac OS X 10_15_7) AppleWebKit/605.1.15 (KHTML, like Gecko) Version/17.4 Safari/605.1.15 (Applebot/0.1; +http://www.apple.com/go/applebot)"
17.22.237.174 - - [17/Aug/2026:08:07:31 -0400] "GET / HTTP/1.1" 200 49542 "-" "Mozilla/5.0 (Macintosh; Intel Mac OS X 10_15_7) AppleWebKit/605.1.15 (KHTML, like Gecko) Version/17.4 Safari/605.1.15 (Applebot/0.1; +http://www.apple.com/go/applebot)"
69.39.225.240 - - [17/Aug/2026:08:08:39 -0400] "POST /wp-cron.php?doing_wp_cron=1786968518.9087760448455810546875 HTTP/1.1" 200 20 "-" "WordPress/7.0.4; https://www.biotechprocleaners.com"
114.119.132.163 - - [17/Aug/2026:08:08:37 -0400] "GET /news/news-grid-three-columns HTTP/1.1" 200 20 "https://www.biotechprocleaners.com/news/news-grid-three-columns" "Mozilla/5.0 (Linux; Android 7.0;) AppleWebKit/537.36 (HTML, like Gecko) Mobile Safari/537.36 (compatible; PetalBot;+https://webmaster.petalsearch.com/site/petalbot)"
114.119.132.163 - - [17/Aug/2026:08:08:39 -0400] "GET /news/news-grid-three-columns/ HTTP/1.1" 200 41258 "https://www.biotechprocleaners.com/news/news-grid-three-columns" "Mozilla/5.0 (Linux; Android 7.0;) AppleWebKit/537.36 (HTML, like Gecko) Mobile Safari/537.36 (compatible; PetalBot;+https://webmaster.petalsearch.com/site/petalbot)"
69.39.225.240 - - [17/Aug/2026:08:08:43 -0400] "POST /wp-cron.php?doing_wp_cron=1786968523.9177269935607910156250 HTTP/1.1" 200 20 "-" "WordPress/7.0.4; https://www.biotechprocleaners.com"
100.25.117.110 - - [17/Aug/2026:08:08:42 -0400] "GET /wp-json/wc/store/v1/products/laundry-detergent HTTP/1.1" 200 1626 "-" "Mozilla/5.0 (Linux; Android 10; K) AppleWebKit/537.36 (KHTML, like Gecko) Chrome/150.0.0.0 Mobile Safari/537.36 EdgA/150.0.0.0"
100.25.117.110 - - [17/Aug/2026:08:08:45 -0400] "GET /wp-json/wc/store/v1/products/2632 HTTP/1.1" 200 912 "-" "Mozilla/5.0 (Linux; Android 10; K) AppleWebKit/537.36 (KHTML, like Gecko) Chrome/150.0.0.0 Mobile Safari/537.36 EdgA/150.0.0.0"
114.119.132.228 - - [17/Aug/2026:08:10:01 -0400] "GET /category/announcements/ HTTP/1.1" 200 45474 "https://www.biotechprocleaners.com/2020/10/02/amwerk-named-industry-leader/" "Mozilla/5.0 (Linux; Android 7.0;) AppleWebKit/537.36 (HTML, like Gecko) Mobile Safari/537.36 (compatible; PetalBot;+https://webmaster.petalsearch.com/site/petalbot)"
69.39.225.240 - - [17/Aug/2026:08:11:26 -0400] "POST /wp-cron.php?doing_wp_cron=1786968686.6989140510559082031250 HTTP/1.1" 200 20 "-" "WordPress/7.0.4; https://www.biotechprocleaners.com"
114.119.132.163 - - [17/Aug/2026:08:11:24 -0400] "GET /author/boldthemes HTTP/1.1" 200 20 "https://www.biotechprocleaners.com/category/news" "Mozilla/5.0 (Linux; Android 7.0;) AppleWebKit/537.36 (HTML, like Gecko) Mobile Safari/537.36 (compatible; PetalBot;+https://webmaster.petalsearch.com/site/petalbot)"
114.119.132.163 - - [17/Aug/2026:08:11:27 -0400] "GET /author/boldthemes/ HTTP/1.1" 200 46465 "https://www.biotechprocleaners.com/category/news" "Mozilla/5.0 (Linux; Android 7.0;) AppleWebKit/537.36 (HTML, like Gecko) Mobile Safari/537.36 (compatible; PetalBot;+https://webmaster.petalsearch.com/site/petalbot)"
69.39.225.240 - - [17/Aug/2026:08:11:46 -0400] "POST /wp-cron.php?doing_wp_cron=1786968706.6543929576873779296875 HTTP/1.1" 200 20 "-" "WordPress/7.0.4; https://www.biotechprocleaners.com"
3.211.222.164 - - [17/Aug/2026:08:11:45 -0400] "GET /wp-json/wc/store/v1/products/enzymatic-food-degreaser-cleaner HTTP/1.1" 200 1535 "-" "Mozilla/5.0 (X11; Linux x86_64) AppleWebKit/537.36 (KHTML, like Gecko) Chrome/150.0.0.0 Safari/537.36 Edg/150.0.0.0"
3.223.103.119 - - [17/Aug/2026:08:11:46 -0400] "GET /wp-json/wc/store/v1/products/alkhaline-floor-cleaner-degreaser HTTP/1.1" 200 1528 "-" "Mozilla/5.0 (iPhone; CPU iPhone OS 18_7 like Mac OS X) AppleWebKit/605.1.15 (KHTML, like Gecko) CriOS/150.0.0.0 Mobile/15E148 Safari/604.1"
100.25.117.110 - - [17/Aug/2026:08:11:46 -0400] "GET /wp-json/wc/store/v1/products/enzymatic-food-degreaser-cleaner HTTP/1.1" 200 1535 "-" "Mozilla/5.0 (X11; Linux x86_64) AppleWebKit/537.36 (KHTML, like Gecko) Chrome/150.0.0.0 Safari/537.36"
32.196.178.62 - - [17/Aug/2026:08:11:47 -0400] "GET /wp-json/wc/store/v1/products/power-industrial-degreaser HTTP/1.1" 200 1478 "-" "Mozilla/5.0 (Macintosh; Intel Mac OS X 10_15_7) AppleWebKit/537.36 (KHTML, like Gecko) Chrome/150.0.0.0 Safari/537.36"
3.211.222.164 - - [17/Aug/2026:08:11:47 -0400] "GET /wp-json/wc/store/v1/products/2608 HTTP/1.1" 200 938 "-" "Mozilla/5.0 (X11; Linux x86_64) AppleWebKit/537.36 (KHTML, like Gecko) Chrome/150.0.0.0 Safari/537.36 Edg/150.0.0.0"
34.206.249.235 - - [17/Aug/2026:08:11:49 -0400] "GET /wp-json/wc/store/v1/products/2597 HTTP/1.1" 200 935 "-" "Mozilla/5.0 (iPhone; CPU iPhone OS 18_7 like Mac OS X) AppleWebKit/605.1.15 (KHTML, like Gecko) CriOS/150.0.0.0 Mobile/15E148 Safari/604.1"
100.57.49.57 - - [17/Aug/2026:08:11:49 -0400] "GET /wp-json/wc/store/v1/products/2609 HTTP/1.1" 200 942 "-" "Mozilla/5.0 (X11; Linux x86_64) AppleWebKit/537.36 (KHTML, like Gecko) Chrome/150.0.0.0 Safari/537.36"
3.217.39.63 - - [17/Aug/2026:08:11:50 -0400] "GET /wp-json/wc/store/v1/products/2590 HTTP/1.1" 200 943 "-" "Mozilla/5.0 (Macintosh; Intel Mac OS X 10_15_7) AppleWebKit/537.36 (KHTML, like Gecko) Chrome/150.0.0.0 Safari/537.36"
69.39.225.240 - - [17/Aug/2026:08:12:51 -0400] "POST /wp-cron.php?doing_wp_cron=1786968770.7934610843658447265625 HTTP/1.1" 200 20 "-" "WordPress/7.0.4; https://www.biotechprocleaners.com"
114.119.148.27 - - [17/Aug/2026:08:12:47 -0400] "GET /area/area1 HTTP/1.1" 200 20 "https://www.biotechprocleaners.com/area/area1" "Mozilla/5.0 (Linux; Android 7.0;) AppleWebKit/537.36 (HTML, like Gecko) Mobile Safari/537.36 (compatible; PetalBot;+https://webmaster.petalsearch.com/site/petalbot)"
114.119.148.27 - - [17/Aug/2026:08:12:51 -0400] "GET /area/area1/ HTTP/1.1" 200 32198 "https://www.biotechprocleaners.com/area/area1" "Mozilla/5.0 (Linux; Android 7.0;) AppleWebKit/537.36 (HTML, like Gecko) Mobile Safari/537.36 (compatible; PetalBot;+https://webmaster.petalsearch.com/site/petalbot)"
114.119.132.163 - - [17/Aug/2026:08:14:11 -0400] "GET /about-us/under-construction/ HTTP/1.1" 200 38226 "https://www.biotechprocleaners.com/about-us/under-construction" "Mozilla/5.0 (Linux; Android 7.0;) AppleWebKit/537.36 (HTML, like Gecko) Mobile Safari/537.36 (compatible; PetalBot;+https://webmaster.petalsearch.com/site/petalbot)"
17.22.237.139 - - [17/Aug/2026:08:14:41 -0400] "GET /wp-content/plugins/amwerk/css/amwerk.css?ver=7.0.4 HTTP/1.1" 200 2 "https://www.biotechprocleaners.com/" "Mozilla/5.0 (Macintosh; Intel Mac OS X 10_15_7) AppleWebKit/605.1.15 (KHTML, like Gecko) Version/17.4 Safari/605.1.15 (Applebot/0.1; +http://www.apple.com/go/applebot)"
17.22.237.139 - - [17/Aug/2026:08:14:42 -0400] "GET /wp-content/cache/min/1/wp-content/plugins/bold-timeline-lite/style.css?ver=1774456999 HTTP/1.1" 200 10667 "https://www.biotechprocleaners.com/" "Mozilla/5.0 (Macintosh; Intel Mac OS X 10_15_7) AppleWebKit/605.1.15 (KHTML, like Gecko) Version/17.4 Safari/605.1.15 (Applebot/0.1; +http://www.apple.com/go/applebot)"
17.22.237.139 - - [17/Aug/2026:08:14:44 -0400] "GET /wp-content/cache/min/1/wp-content/plugins/bold-page-builder/css/front_end/content_elements.crush.css?ver=1774456999 HTTP/1.1" 200 28641 "https://www.biotechprocleaners.com/" "Mozilla/5.0 (Macintosh; Intel Mac OS X 10_15_7) AppleWebKit/605.1.15 (KHTML, like Gecko) Version/17.4 Safari/605.1.15 (Applebot/0.1; +http://www.apple.com/go/applebot)"
17.22.237.139 - - [17/Aug/2026:08:14:45 -0400] "GET /wp-content/cache/min/1/wp-content/plugins/woocommerce/assets/client/blocks/wc-blocks.css?ver=1774456999 HTTP/1.1" 200 2616 "https://www.biotechprocleaners.com/" "Mozilla/5.0 (Macintosh; Intel Mac OS X 10_15_7) AppleWebKit/605.1.15 (KHTML, like Gecko) Version/17.4 Safari/605.1.15 (Applebot/0.1; +http://www.apple.com/go/applebot)"
17.22.237.139 - - [17/Aug/2026:08:14:47 -0400] "GET /wp-content/plugins/bt_cost_calculator/style.min.css?ver=7.0.4 HTTP/1.1" 200 6264 "https://www.biotechprocleaners.com/" "Mozilla/5.0 (Macintosh; Intel Mac OS X 10_15_7) AppleWebKit/605.1.15 (KHTML, like Gecko) Version/17.4 Safari/605.1.15 (Applebot/0.1; +http://www.apple.com/go/applebot)"
17.22.237.139 - - [17/Aug/2026:08:14:48 -0400] "GET /wp-content/cache/min/1/wp-content/plugins/bold-page-builder/slick/slick.css?ver=1774456999 HTTP/1.1" 200 490 "https://www.biotechprocleaners.com/" "Mozilla/5.0 (Macintosh; Intel Mac OS X 10_15_7) AppleWebKit/605.1.15 (KHTML, like Gecko) Version/17.4 Safari/605.1.15 (Applebot/0.1; +http://www.apple.com/go/applebot)"
17.22.237.139 - - [17/Aug/2026:08:14:50 -0400] "GET /wp-content/cache/min/1/wp-content/plugins/menu-image/includes/css/menu-image.css?ver=1774456999 HTTP/1.1" 200 732 "https://www.biotechprocleaners.com/" "Mozilla/5.0 (Macintosh; Intel Mac OS X 10_15_7) AppleWebKit/605.1.15 (KHTML, like Gecko) Version/17.4 Safari/605.1.15 (Applebot/0.1; +http://www.apple.com/go/applebot)"
17.22.237.139 - - [17/Aug/2026:08:14:51 -0400] "GET /wp-content/cache/min/1/wp-includes/css/dashicons.min.css?ver=1774456999 HTTP/1.1" 200 35760 "https://www.biotechprocleaners.com/" "Mozilla/5.0 (Macintosh; Intel Mac OS X 10_15_7) AppleWebKit/605.1.15 (KHTML, like Gecko) Version/17.4 Safari/605.1.15 (Applebot/0.1; +http://www.apple.com/go/applebot)"
17.22.237.139 - - [17/Aug/2026:08:14:53 -0400] "GET /wp-content/cache/min/1/wp-content/plugins/woo-product-slider/src/Frontend/assets/css/font-awesome.min.css?ver=1774456999 HTTP/1.1" 200 7009 "https://www.biotechprocleaners.com/" "Mozilla/5.0 (Macintosh; Intel Mac OS X 10_15_7) AppleWebKit/605.1.15 (KHTML, like Gecko) Version/17.4 Safari/605.1.15 (Applebot/0.1; +http://www.apple.com/go/applebot)"
17.22.237.139 - - [17/Aug/2026:08:14:54 -0400] "GET /wp-content/cache/min/1/wp-content/plugins/woo-product-slider/src/Frontend/assets/css/swiper.min.css?ver=1774456999 HTTP/1.1" 200 4408 "https://www.biotechprocleaners.com/" "Mozilla/5.0 (Macintosh; Intel Mac OS X 10_15_7) AppleWebKit/605.1.15 (KHTML, like Gecko) Version/17.4 Safari/605.1.15 (Applebot/0.1; +http://www.apple.com/go/applebot)"
17.22.237.139 - - [17/Aug/2026:08:14:56 -0400] "GET /wp-content/cache/min/1/wp-content/plugins/woo-product-slider/src/Admin/assets/css/fontello.min.css?ver=1774456999 HTTP/1.1" 200 881 "https://www.biotechprocleaners.com/" "Mozilla/5.0 (Macintosh; Intel Mac OS X 10_15_7) AppleWebKit/605.1.15 (KHTML, like Gecko) Version/17.4 Safari/605.1.15 (Applebot/0.1; +http://www.apple.com/go/applebot)"
17.22.237.139 - - [17/Aug/2026:08:14:57 -0400] "GET /wp-content/plugins/woo-product-slider/src/Frontend/assets/css/style.min.css?ver=2.8.8 HTTP/1.1" 200 2326 "https://www.biotechprocleaners.com/" "Mozilla/5.0 (Macintosh; Intel Mac OS X 10_15_7) AppleWebKit/605.1.15 (KHTML, like Gecko) Version/17.4 Safari/605.1.15 (Applebot/0.1; +http://www.apple.com/go/applebot)"
69.39.225.240 - - [17/Aug/2026:08:14:57 -0400] "POST /wp-cron.php?doing_wp_cron=1786968897.6695609092712402343750 HTTP/1.1" 200 20 "-" "WordPress/7.0.4; https://www.biotechprocleaners.com"
100.52.65.13 - - [17/Aug/2026:08:14:56 -0400] "GET /wp-json/wc/store/v1/products/plastic-cleaner-ravisher HTTP/1.1" 200 1628 "-" "Mozilla/5.0 (iPhone; CPU iPhone OS 18_7 like Mac OS X) AppleWebKit/605.1.15 (KHTML, like Gecko) Version/27.0 EdgiOS/150.0.0.0 Mobile/15E148 Safari/604.1"
17.22.237.139 - - [17/Aug/2026:08:14:59 -0400] "GET /wp-content/cache/min/1/wp-content/plugins/woocommerce/assets/css/brands.css?ver=1774456999 HTTP/1.1" 200 684 "https://www.biotechprocleaners.com/" "Mozilla/5.0 (Macintosh; Intel Mac OS X 10_15_7) AppleWebKit/605.1.15 (KHTML, like Gecko) Version/17.4 Safari/605.1.15 (Applebot/0.1; +http://www.apple.com/go/applebot)"
3.231.193.38 - - [17/Aug/2026:08:14:58 -0400] "GET /area/workshops/?areas=dirt-traces-and-soilure HTTP/1.1" 200 47438 "-" "Mozilla/5.0 AppleWebKit/537.36 (KHTML, like Gecko; compatible; Amazonbot/0.1; +https://developer.amazon.com/support/amazonbot) Chrome/119.0.6045.214 Safari/537.36"
44.196.61.235 - - [17/Aug/2026:08:14:58 -0400] "GET /wp-json/wc/store/v1/products/1985 HTTP/1.1" 200 938 "-" "Mozilla/5.0 (iPhone; CPU iPhone OS 18_7 like Mac OS X) AppleWebKit/605.1.15 (KHTML, like Gecko) Version/27.0 EdgiOS/150.0.0.0 Mobile/15E148 Safari/604.1"
17.22.237.139 - - [17/Aug/2026:08:15:00 -0400] "GET /wp-content/cache/min/1/wp-content/themes/amwerk/style.css?ver=1774456999 HTTP/1.1" 200 92651 "https://www.biotechprocleaners.com/" "Mozilla/5.0 (Macintosh; Intel Mac OS X 10_15_7) AppleWebKit/605.1.15 (KHTML, like Gecko) Version/17.4 Safari/605.1.15 (Applebot/0.1; +http://www.apple.com/go/applebot)"
17.22.237.139 - - [17/Aug/2026:08:15:02 -0400] "GET /wp-content/cache/min/1/wp-content/themes/amwerk-child/style.css?ver=1774456999 HTTP/1.1" 200 4559 "https://www.biotechprocleaners.com/" "Mozilla/5.0 (Macintosh; Intel Mac OS X 10_15_7) AppleWebKit/605.1.15 (KHTML, like Gecko) Version/17.4 Safari/605.1.15 (Applebot/0.1; +http://www.apple.com/go/applebot)"
3.217.39.63 - - [17/Aug/2026:08:15:02 -0400] "GET /wp-json/wc/store/v1/products/laundry-detergent HTTP/1.1" 200 1626 "-" "Mozilla/5.0 (Linux; Android 10; K) AppleWebKit/537.36 (KHTML, like Gecko) Chrome/150.0.0.0 Mobile Safari/537.36 EdgA/150.0.0.0"
17.22.237.139 - - [17/Aug/2026:08:15:03 -0400] "GET /wp-content/themes/amwerk-child/custom-slider.css?ver=7.0.4 HTTP/1.1" 200 39518 "https://www.biotechprocleaners.com/" "Mozilla/5.0 (Macintosh; Intel Mac OS X 10_15_7) AppleWebKit/605.1.15 (KHTML, like Gecko) Version/17.4 Safari/605.1.15 (Applebot/0.1; +http://www.apple.com/go/applebot)"
17.22.237.139 - - [17/Aug/2026:08:15:05 -0400] "GET /wp-content/cache/min/1/wp-content/themes/amwerk/framework/css/style.css?ver=1774456999 HTTP/1.1" 200 136 "https://www.biotechprocleaners.com/" "Mozilla/5.0 (Macintosh; Intel Mac OS X 10_15_7) AppleWebKit/605.1.15 (KHTML, like Gecko) Version/17.4 Safari/605.1.15 (Applebot/0.1; +http://www.apple.com/go/applebot)"
17.22.237.139 - - [17/Aug/2026:08:15:06 -0400] "GET /wp-includes/js/jquery/jquery.min.js?ver=3.7.1 HTTP/1.1" 200 30368 "https://www.biotechprocleaners.com/" "Mozilla/5.0 (Macintosh; Intel Mac OS X 10_15_7) AppleWebKit/605.1.15 (KHTML, like Gecko) Version/17.4 Safari/605.1.15 (Applebot/0.1; +http://www.apple.com/go/applebot)"
3.232.57.193 - - [17/Aug/2026:08:15:05 -0400] "GET /wp-json/wc/store/v1/products/2629 HTTP/1.1" 200 917 "-" "Mozilla/5.0 (Linux; Android 10; K) AppleWebKit/537.36 (KHTML, like Gecko) Chrome/150.0.0.0 Mobile Safari/537.36 EdgA/150.0.0.0"
17.22.237.139 - - [17/Aug/2026:08:15:08 -0400] "GET /wp-includes/js/jquery/jquery-migrate.min.js?ver=3.4.1 HTTP/1.1" 200 4872 "https://www.biotechprocleaners.com/" "Mozilla/5.0 (Macintosh; Intel Mac OS X 10_15_7) AppleWebKit/605.1.15 (KHTML, like Gecko) Version/17.4 Safari/605.1.15 (Applebot/0.1; +http://www.apple.com/go/applebot)"
17.22.237.139 - - [17/Aug/2026:08:15:09 -0400] "GET /wp-content/plugins/amwerk/js/amwerk.js?ver=7.0.4 HTTP/1.1" 200 2 "https://www.biotechprocleaners.com/" "Mozilla/5.0 (Macintosh; Intel Mac OS X 10_15_7) AppleWebKit/605.1.15 (KHTML, like Gecko) Version/17.4 Safari/605.1.15 (Applebot/0.1; +http://www.apple.com/go/applebot)"
17.22.237.139 - - [17/Aug/2026:08:15:11 -0400] "GET /wp-content/plugins/bold-page-builder/slick/slick.min.js?ver=5.4.7 HTTP/1.1" 200 10442 "https://www.biotechprocleaners.com/" "Mozilla/5.0 (Macintosh; Intel Mac OS X 10_15_7) AppleWebKit/605.1.15 (KHTML, like Gecko) Version/17.4 Safari/605.1.15 (Applebot/0.1; +http://www.apple.com/go/applebot)"
17.22.237.139 - - [17/Aug/2026:08:15:12 -0400] "GET /wp-content/plugins/bold-page-builder/content_elements_misc/js/jquery.magnific-popup.min.js?ver=5.4.7 HTTP/1.1" 200 7435 "https://www.biotechprocleaners.com/" "Mozilla/5.0 (Macintosh; Intel Mac OS X 10_15_7) AppleWebKit/605.1.15 (KHTML, like Gecko) Version/17.4 Safari/605.1.15 (Applebot/0.1; +http://www.apple.com/go/applebot)"
17.22.237.139 - - [17/Aug/2026:08:15:14 -0400] "GET /wp-content/cache/min/1/wp-content/plugins/bold-page-builder/content_elements_misc/js/content_elements.js?ver=1774456999 HTTP/1.1" 200 7213 "https://www.biotechprocleaners.com/" "Mozilla/5.0 (Macintosh; Intel Mac OS X 10_15_7) AppleWebKit/605.1.15 (KHTML, like Gecko) Version/17.4 Safari/605.1.15 (Applebot/0.1; +http://www.apple.com/go/applebot)"
17.22.237.139 - - [17/Aug/2026:08:15:15 -0400] "GET /wp-content/cache/min/1/wp-content/plugins/bold-timeline-lite/assets/js/bold-timeline.js?ver=1774456999 HTTP/1.1" 200 1517 "https://www.biotechprocleaners.com/" "Mozilla/5.0 (Macintosh; Intel Mac OS X 10_15_7) AppleWebKit/605.1.15 (KHTML, like Gecko) Version/17.4 Safari/605.1.15 (Applebot/0.1; +http://www.apple.com/go/applebot)"
17.22.237.139 - - [17/Aug/2026:08:15:17 -0400] "GET /wp-content/cache/min/1/wp-content/plugins/bold-timeline-lite/bold-builder-light/bt-bb-light.js?ver=1774456999 HTTP/1.1" 200 465 "https://www.biotechprocleaners.com/" "Mozilla/5.0 (Macintosh; Intel Mac OS X 10_15_7) AppleWebKit/605.1.15 (KHTML, like Gecko) Version/17.4 Safari/605.1.15 (Applebot/0.1; +http://www.apple.com/go/applebot)"
17.22.237.139 - - [17/Aug/2026:08:15:18 -0400] "GET /wp-content/cache/min/1/wp-content/plugins/bt_cost_calculator/jquery.dd.js?ver=1774456999 HTTP/1.1" 200 8640 "https://www.biotechprocleaners.com/" "Mozilla/5.0 (Macintosh; Intel Mac OS X 10_15_7) AppleWebKit/605.1.15 (KHTML, like Gecko) Version/17.4 Safari/605.1.15 (Applebot/0.1; +http://www.apple.com/go/applebot)"
17.22.237.139 - - [17/Aug/2026:08:15:20 -0400] "GET /wp-content/cache/min/1/wp-content/plugins/bt_cost_calculator/cc.main.js?ver=1774456999 HTTP/1.1" 200 4779 "https://www.biotechprocleaners.com/" "Mozilla/5.0 (Macintosh; Intel Mac OS X 10_15_7) AppleWebKit/605.1.15 (KHTML, like Gecko) Version/17.4 Safari/605.1.15 (Applebot/0.1; +http://www.apple.com/go/applebot)"
17.22.237.139 - - [17/Aug/2026:08:15:21 -0400] "GET /wp-content/cache/min/1/wp-content/plugins/cf7-redirect-thank-you-page/assets/js/redirect_method.js?ver=1774456999 HTTP/1.1" 200 679 "https://www.biotechprocleaners.com/" "Mozilla/5.0 (Macintosh; Intel Mac OS X 10_15_7) AppleWebKit/605.1.15 (KHTML, like Gecko) Version/17.4 Safari/605.1.15 (Applebot/0.1; +http://www.apple.com/go/applebot)"
17.22.237.139 - - [17/Aug/2026:08:15:22 -0400] "GET /wp-content/plugins/woocommerce/assets/js/jquery-blockui/jquery.blockUI.min.js?ver=2.7.0-wc.10.2.4 HTTP/1.1" 200 3537 "https://www.biotechprocleaners.com/" "Mozilla/5.0 (Macintosh; Intel Mac OS X 10_15_7) AppleWebKit/605.1.15 (KHTML, like Gecko) Version/17.4 Safari/605.1.15 (Applebot/0.1; +http://www.apple.com/go/applebot)"
17.22.237.139 - - [17/Aug/2026:08:15:24 -0400] "GET /wp-content/plugins/woocommerce/assets/js/frontend/add-to-cart.min.js?ver=10.2.4 HTTP/1.1" 200 1368 "https://www.biotechprocleaners.com/" "Mozilla/5.0 (Macintosh; Intel Mac OS X 10_15_7) AppleWebKit/605.1.15 (KHTML, like Gecko) Version/17.4 Safari/605.1.15 (Applebot/0.1; +http://www.apple.com/go/applebot)"
17.22.237.139 - - [17/Aug/2026:08:15:25 -0400] "GET /wp-content/plugins/woocommerce/assets/js/js-cookie/js.cookie.min.js?ver=2.1.4-wc.10.2.4 HTTP/1.1" 200 833 "https://www.biotechprocleaners.com/" "Mozilla/5.0 (Macintosh; Intel Mac OS X 10_15_7) AppleWebKit/605.1.15 (KHTML, like Gecko) Version/17.4 Safari/605.1.15 (Applebot/0.1; +http://www.apple.com/go/applebot)"
17.22.237.139 - - [17/Aug/2026:08:15:27 -0400] "GET /wp-content/plugins/woocommerce/assets/js/frontend/woocommerce.min.js?ver=10.2.4 HTTP/1.1" 200 1474 "https://www.biotechprocleaners.com/" "Mozilla/5.0 (Macintosh; Intel Mac OS X 10_15_7) AppleWebKit/605.1.15 (KHTML, like Gecko) Version/17.4 Safari/605.1.15 (Applebot/0.1; +http://www.apple.com/go/applebot)"
17.22.237.139 - - [17/Aug/2026:08:15:28 -0400] "GET /wp-content/cache/min/1/wp-content/plugins/contact-form-7/includes/css/styles.css?ver=1774456999 HTTP/1.1" 200 908 "https://www.biotechprocleaners.com/" "Mozilla/5.0 (Macintosh; Intel Mac OS X 10_15_7) AppleWebKit/605.1.15 (KHTML, like Gecko) Version/17.4 Safari/605.1.15 (Applebot/0.1; +http://www.apple.com/go/applebot)"
17.22.237.139 - - [17/Aug/2026:08:15:30 -0400] "GET /wp-content/plugins/amwerk/shortcodes/back_to_top/css/back_to_top.css?ver=7.0.4 HTTP/1.1" 200 346 "https://www.biotechprocleaners.com/" "Mozilla/5.0 (Macintosh; Intel Mac OS X 10_15_7) AppleWebKit/605.1.15 (KHTML, like Gecko) Version/17.4 Safari/605.1.15 (Applebot/0.1; +http://www.apple.com/go/applebot)"
17.22.237.139 - - [17/Aug/2026:08:15:31 -0400] "GET /wp-content/cache/min/1/242833184.js?ver=1774456999 HTTP/1.1" 200 536 "https://www.biotechprocleaners.com/" "Mozilla/5.0 (Macintosh; Intel Mac OS X 10_15_7) AppleWebKit/605.1.15 (KHTML, like Gecko) Version/17.4 Safari/605.1.15 (Applebot/0.1; +http://www.apple.com/go/applebot)"
17.22.237.139 - - [17/Aug/2026:08:15:33 -0400] "GET /wp-content/cache/min/1/wp-content/themes/amwerk-child/js/popup.js?ver=1774456999 HTTP/1.1" 200 271 "https://www.biotechprocleaners.com/" "Mozilla/5.0 (Macintosh; Intel Mac OS X 10_15_7) AppleWebKit/605.1.15 (KHTML, like Gecko) Version/17.4 Safari/605.1.15 (Applebot/0.1; +http://www.apple.com/go/applebot)"
69.39.225.240 - - [17/Aug/2026:08:15:35 -0400] "POST /wp-cron.php?doing_wp_cron=1786968935.6448609828948974609375 HTTP/1.1" 200 20 "-" "WordPress/7.0.4; https://www.biotechprocleaners.com"
114.119.132.163 - - [17/Aug/2026:08:15:34 -0400] "GET /about-us/team HTTP/1.1" 200 20 "https://www.biotechprocleaners.com/about-us/team" "Mozilla/5.0 (Linux; Android 7.0;) AppleWebKit/537.36 (HTML, like Gecko) Mobile Safari/537.36 (compatible; PetalBot;+https://webmaster.petalsearch.com/site/petalbot)"
17.22.237.139 - - [17/Aug/2026:08:15:34 -0400] "GET /wp-content/themes/amwerk-child/custom-slider.js?ver=1.0 HTTP/1.1" 200 39515 "https://www.biotechprocleaners.com/" "Mozilla/5.0 (Macintosh; Intel Mac OS X 10_15_7) AppleWebKit/605.1.15 (KHTML, like Gecko) Version/17.4 Safari/605.1.15 (Applebot/0.1; +http://www.apple.com/go/applebot)"
17.22.237.139 - - [17/Aug/2026:08:15:36 -0400] "GET /wp-content/cache/min/1/wp-content/themes/amwerk/framework/js/fancySelect.js?ver=1774456999 HTTP/1.1" 200 1465 "https://www.biotechprocleaners.com/" "Mozilla/5.0 (Macintosh; Intel Mac OS X 10_15_7) AppleWebKit/605.1.15 (KHTML, like Gecko) Version/17.4 Safari/605.1.15 (Applebot/0.1; +http://www.apple.com/go/applebot)"
114.119.132.163 - - [17/Aug/2026:08:15:36 -0400] "GET /about-us/team/ HTTP/1.1" 200 45001 "https://www.biotechprocleaners.com/about-us/team" "Mozilla/5.0 (Linux; Android 7.0;) AppleWebKit/537.36 (HTML, like Gecko) Mobile Safari/537.36 (compatible; PetalBot;+https://webmaster.petalsearch.com/site/petalbot)"
17.22.237.139 - - [17/Aug/2026:08:15:37 -0400] "GET /wp-content/cache/min/1/wp-content/themes/amwerk/framework/js/header.misc.js?ver=1774456999 HTTP/1.1" 200 2182 "https://www.biotechprocleaners.com/" "Mozilla/5.0 (Macintosh; Intel Mac OS X 10_15_7) AppleWebKit/605.1.15 (KHTML, like Gecko) Version/17.4 Safari/605.1.15 (Applebot/0.1; +http://www.apple.com/go/applebot)"
17.22.237.139 - - [17/Aug/2026:08:15:39 -0400] "GET /wp-content/cache/min/1/wp-content/themes/amwerk/framework/js/misc.js?ver=1774457000 HTTP/1.1" 200 1540 "https://www.biotechprocleaners.com/" "Mozilla/5.0 (Macintosh; Intel Mac OS X 10_15_7) AppleWebKit/605.1.15 (KHTML, like Gecko) Version/17.4 Safari/605.1.15 (Applebot/0.1; +http://www.apple.com/go/applebot)"
17.22.237.139 - - [17/Aug/2026:08:15:40 -0400] "GET /wp-content/cache/min/1/wp-content/themes/amwerk/js/amwerk.js?ver=1774457000 HTTP/1.1" 200 288 "https://www.biotechprocleaners.com/" "Mozilla/5.0 (Macintosh; Intel Mac OS X 10_15_7) AppleWebKit/605.1.15 (KHTML, like Gecko) Version/17.4 Safari/605.1.15 (Applebot/0.1; +http://www.apple.com/go/applebot)"
17.22.237.139 - - [17/Aug/2026:08:15:42 -0400] "GET /wp-content/plugins/woocommerce/assets/js/sourcebuster/sourcebuster.min.js?ver=10.2.4 HTTP/1.1" 200 4807 "https://www.biotechprocleaners.com/" "Mozilla/5.0 (Macintosh; Intel Mac OS X 10_15_7) AppleWebKit/605.1.15 (KHTML, like Gecko) Version/17.4 Safari/605.1.15 (Applebot/0.1; +http://www.apple.com/go/applebot)"
17.22.237.139 - - [17/Aug/2026:08:15:43 -0400] "GET /wp-content/plugins/woocommerce/assets/js/frontend/order-attribution.min.js?ver=10.2.4 HTTP/1.1" 200 1128 "https://www.biotechprocleaners.com/" "Mozilla/5.0 (Macintosh; Intel Mac OS X 10_15_7) AppleWebKit/605.1.15 (KHTML, like Gecko) Version/17.4 Safari/605.1.15 (Applebot/0.1; +http://www.apple.com/go/applebot)"
17.22.237.139 - - [17/Aug/2026:08:15:45 -0400] "GET /wp-includes/js/dist/vendor/wp-polyfill.min.js?ver=3.15.0 HTTP/1.1" 200 11897 "https://www.biotechprocleaners.com/" "Mozilla/5.0 (Macintosh; Intel Mac OS X 10_15_7) AppleWebKit/605.1.15 (KHTML, like Gecko) Version/17.4 Safari/605.1.15 (Applebot/0.1; +http://www.apple.com/go/applebot)"
17.22.237.139 - - [17/Aug/2026:08:15:46 -0400] "GET /wp-content/cache/min/1/wp-content/plugins/contact-form-7/modules/recaptcha/index.js?ver=1774457000 HTTP/1.1" 200 483 "https://www.biotechprocleaners.com/" "Mozilla/5.0 (Macintosh; Intel Mac OS X 10_15_7) AppleWebKit/605.1.15 (KHTML, like Gecko) Version/17.4 Safari/605.1.15 (Applebot/0.1; +http://www.apple.com/go/applebot)"
17.22.237.139 - - [17/Aug/2026:08:15:47 -0400] "GET /wp-includes/js/dist/hooks.min.js?ver=7496969728ca0f95732d HTTP/1.1" 200 1829 "https://www.biotechprocleaners.com/" "Mozilla/5.0 (Macintosh; Intel Mac OS X 10_15_7) AppleWebKit/605.1.15 (KHTML, like Gecko) Version/17.4 Safari/605.1.15 (Applebot/0.1; +http://www.apple.com/go/applebot)"
17.22.237.139 - - [17/Aug/2026:08:15:49 -0400] "GET /wp-includes/js/dist/i18n.min.js?ver=781d11515ad3d91786ec HTTP/1.1" 200 2465 "https://www.biotechprocleaners.com/" "Mozilla/5.0 (Macintosh; Intel Mac OS X 10_15_7) AppleWebKit/605.1.15 (KHTML, like Gecko) Version/17.4 Safari/605.1.15 (Applebot/0.1; +http://www.apple.com/go/applebot)"
17.22.237.139 - - [17/Aug/2026:08:15:50 -0400] "GET /wp-content/cache/min/1/wp-content/plugins/contact-form-7/includes/swv/js/index.js?ver=1774457000 HTTP/1.1" 200 3502 "https://www.biotechprocleaners.com/" "Mozilla/5.0 (Macintosh; Intel Mac OS X 10_15_7) AppleWebKit/605.1.15 (KHTML, like Gecko) Version/17.4 Safari/605.1.15 (Applebot/0.1; +http://www.apple.com/go/applebot)"
17.22.237.139 - - [17/Aug/2026:08:15:52 -0400] "GET /wp-content/cache/min/1/wp-content/plugins/contact-form-7/includes/js/index.js?ver=1774457000 HTTP/1.1" 200 4264 "https://www.biotechprocleaners.com/" "Mozilla/5.0 (Macintosh; Intel Mac OS X 10_15_7) AppleWebKit/605.1.15 (KHTML, like Gecko) Version/17.4 Safari/605.1.15 (Applebot/0.1; +http://www.apple.com/go/applebot)"
17.22.237.139 - - [17/Aug/2026:08:15:53 -0400] "GET /wp-content/cache/min/1/wp-content/plugins/bold-page-builder/content_elements/bt_bb_section/bt_bb_elements.js?ver=1774457000 HTTP/1.1" 200 656 "https://www.biotechprocleaners.com/" "Mozilla/5.0 (Macintosh; Intel Mac OS X 10_15_7) AppleWebKit/605.1.15 (KHTML, like Gecko) Version/17.4 Safari/605.1.15 (Applebot/0.1; +http://www.apple.com/go/applebot)"
17.22.237.139 - - [17/Aug/2026:08:15:55 -0400] "GET /wp-content/cache/min/1/wp-content/themes/amwerk/bold-page-builder/content_elements/bt_bb_floating_element/bt_bb_floating_element.js?ver=1774457000 HTTP/1.1" 200 518 "https://www.biotechprocleaners.com/" "Mozilla/5.0 (Macintosh; Intel Mac OS X 10_15_7) AppleWebKit/605.1.15 (KHTML, like Gecko) Version/17.4 Safari/605.1.15 (Applebot/0.1; +http://www.apple.com/go/applebot)"
17.22.237.139 - - [17/Aug/2026:08:15:56 -0400] "GET /wp-includes/js/imagesloaded.min.js?ver=5.0.0 HTTP/1.1" 200 1803 "https://www.biotechprocleaners.com/" "Mozilla/5.0 (Macintosh; Intel Mac OS X 10_15_7) AppleWebKit/605.1.15 (KHTML, like Gecko) Version/17.4 Safari/605.1.15 (Applebot/0.1; +http://www.apple.com/go/applebot)"
17.22.237.139 - - [17/Aug/2026:08:15:58 -0400] "GET /wp-includes/js/masonry.min.js?ver=4.2.2 HTTP/1.1" 200 7382 "https://www.biotechprocleaners.com/" "Mozilla/5.0 (Macintosh; Intel Mac OS X 10_15_7) AppleWebKit/605.1.15 (KHTML, like Gecko) Version/17.4 Safari/605.1.15 (Applebot/0.1; +http://www.apple.com/go/applebot)"
17.22.237.139 - - [17/Aug/2026:08:15:59 -0400] "GET /wp-includes/js/jquery/jquery.masonry.min.js?ver=3.1.2b HTTP/1.1" 200 716 "https://www.biotechprocleaners.com/" "Mozilla/5.0 (Macintosh; Intel Mac OS X 10_15_7) AppleWebKit/605.1.15 (KHTML, like Gecko) Version/17.4 Safari/605.1.15 (Applebot/0.1; +http://www.apple.com/go/applebot)"
17.22.237.139 - - [17/Aug/2026:08:16:00 -0400] "GET /wp-content/cache/min/1/wp-content/themes/amwerk/bold-page-builder/content_elements/bt_bb_masonry_portfolio_tiles/bt_bb_portfolio_tiles.js?ver=1774457000 HTTP/1.1" 200 1020 "https://www.biotechprocleaners.com/" "Mozilla/5.0 (Macintosh; Intel Mac OS X 10_15_7) AppleWebKit/605.1.15 (KHTML, like Gecko) Version/17.4 Safari/605.1.15 (Applebot/0.1; +http://www.apple.com/go/applebot)"
17.22.237.139 - - [17/Aug/2026:08:16:02 -0400] "GET /wp-content/plugins/woo-product-slider/src/Frontend/assets/js/swiper.min.js?ver=2.8.8 HTTP/1.1" 200 39457 "https://www.biotechprocleaners.com/" "Mozilla/5.0 (Macintosh; Intel Mac OS X 10_15_7) AppleWebKit/605.1.15 (KHTML, like Gecko) Version/17.4 Safari/605.1.15 (Applebot/0.1; +http://www.apple.com/go/applebot)"
17.22.237.139 - - [17/Aug/2026:08:16:03 -0400] "GET /wp-content/plugins/woo-product-slider/src/Frontend/assets/js/scripts.min.js?ver=2.8.8 HTTP/1.1" 200 864 "https://www.biotechprocleaners.com/" "Mozilla/5.0 (Macintosh; Intel Mac OS X 10_15_7) AppleWebKit/605.1.15 (KHTML, like Gecko) Version/17.4 Safari/605.1.15 (Applebot/0.1; +http://www.apple.com/go/applebot)"
17.22.237.139 - - [17/Aug/2026:08:16:05 -0400] "GET /wp-content/cache/min/1/wp-content/plugins/amwerk/shortcodes/back_to_top/js/back_to_top.js?ver=1774457000 HTTP/1.1" 200 285 "https://www.biotechprocleaners.com/" "Mozilla/5.0 (Macintosh; Intel Mac OS X 10_15_7) AppleWebKit/605.1.15 (KHTML, like Gecko) Version/17.4 Safari/605.1.15 (Applebot/0.1; +http://www.apple.com/go/applebot)"
17.22.237.139 - - [17/Aug/2026:08:16:06 -0400] "GET /wp-content/themes/amwerk/print.css?ver=7.0.4 HTTP/1.1" 200 1145 "https://www.biotechprocleaners.com/" "Mozilla/5.0 (Macintosh; Intel Mac OS X 10_15_7) AppleWebKit/605.1.15 (KHTML, like Gecko) Version/17.4 Safari/605.1.15 (Applebot/0.1; +http://www.apple.com/go/applebot)"
69.39.225.240 - - [17/Aug/2026:08:16:09 -0400] "POST /wp-cron.php?doing_wp_cron=1786968969.7923119068145751953125 HTTP/1.1" 200 20 "-" "WordPress/7.0.4; https://www.biotechprocleaners.com"
17.22.237.139 - - [17/Aug/2026:08:16:08 -0400] "GET /wp-json/contact-form-7/v1/contact-forms/2093/feedback/schema HTTP/1.1" 200 290 "https://www.biotechprocleaners.com/" "Mozilla/5.0 (Macintosh; Intel Mac OS X 10_15_7) AppleWebKit/605.1.15 (KHTML, like Gecko) Version/17.4 Safari/605.1.15 (Applebot/0.1; +http://www.apple.com/go/applebot)"
17.22.253.68 - - [17/Aug/2026:08:16:09 -0400] "GET /wp-json/contact-form-7/v1/contact-forms/1092/feedback/schema HTTP/1.1" 200 197 "https://www.biotechprocleaners.com/" "Mozilla/5.0 (Macintosh; Intel Mac OS X 10_15_7) AppleWebKit/605.1.15 (KHTML, like Gecko) Version/17.4 Safari/605.1.15 (Applebot/0.1; +http://www.apple.com/go/applebot)"
17.22.237.139 - - [17/Aug/2026:08:16:11 -0400] "GET /wp-json/contact-form-7/v1/contact-forms/1081/feedback/schema HTTP/1.1" 200 447 "https://www.biotechprocleaners.com/" "Mozilla/5.0 (Macintosh; Intel Mac OS X 10_15_7) AppleWebKit/605.1.15 (KHTML, like Gecko) Version/17.4 Safari/605.1.15 (Applebot/0.1; +http://www.apple.com/go/applebot)"
69.39.225.240 - - [17/Aug/2026:08:16:13 -0400] "POST /wp-cron.php?doing_wp_cron=1786968973.5597190856933593750000 HTTP/1.1" 200 20 "-" "WordPress/7.0.4; https://www.biotechprocleaners.com"
17.22.237.139 - - [17/Aug/2026:08:16:12 -0400] "GET /wp-json/contact-form-7/v1/contact-forms/2091/feedback/schema HTTP/1.1" 200 378 "https://www.biotechprocleaners.com/" "Mozilla/5.0 (Macintosh; Intel Mac OS X 10_15_7) AppleWebKit/605.1.15 (KHTML, like Gecko) Version/17.4 Safari/605.1.15 (Applebot/0.1; +http://www.apple.com/go/applebot)"
17.22.237.139 - - [17/Aug/2026:08:16:13 -0400] "POST /wp-admin/admin-ajax.php HTTP/1.1" 200 1479 "https://www.biotechprocleaners.com/" "Mozilla/5.0 (Macintosh; Intel Mac OS X 10_15_7) AppleWebKit/605.1.15 (KHTML, like Gecko) Version/17.4 Safari/605.1.15 (Applebot/0.1; +http://www.apple.com/go/applebot)"
114.119.148.27 - - [17/Aug/2026:08:16:59 -0400] "GET /2020/08/21/amwerk-applies-for-studen-learning-project/ HTTP/1.1" 200 44981 "https://www.biotechprocleaners.com/news/latest-posts-four-columns" "Mozilla/5.0 (Linux; Android 7.0;) AppleWebKit/537.36 (HTML, like Gecko) Mobile Safari/537.36 (compatible; PetalBot;+https://webmaster.petalsearch.com/site/petalbot)"
114.119.149.81 - - [17/Aug/2026:08:18:22 -0400] "GET /2020/08/09/why-worlds-biggest-investors-choose-amwerk/ HTTP/1.1" 200 44956 "https://www.biotechprocleaners.com/news/latest-posts-four-columns" "Mozilla/5.0 (Linux; Android 7.0;) AppleWebKit/537.36 (HTML, like Gecko) Mobile Safari/537.36 (compatible; PetalBot;+https://webmaster.petalsearch.com/site/petalbot)"
69.39.225.240 - - [17/Aug/2026:08:19:47 -0400] "POST /wp-cron.php?doing_wp_cron=1786969187.3693289756774902343750 HTTP/1.1" 200 20 "-" "WordPress/7.0.4; https://www.biotechprocleaners.com"
114.119.137.80 - - [17/Aug/2026:08:19:46 -0400] "GET /2020/08/09/why-worlds-biggest-investors-choose-amwerk HTTP/1.1" 200 20 "https://www.biotechprocleaners.com/category/news" "Mozilla/5.0 (Linux; Android 7.0;) AppleWebKit/537.36 (HTML, like Gecko) Mobile Safari/537.36 (compatible; PetalBot;+https://webmaster.petalsearch.com/site/petalbot)"
114.119.137.80 - - [17/Aug/2026:08:19:48 -0400] "GET /2020/08/09/why-worlds-biggest-investors-choose-amwerk/ HTTP/1.1" 200 44956 "https://www.biotechprocleaners.com/category/news" "Mozilla/5.0 (Linux; Android 7.0;) AppleWebKit/537.36 (HTML, like Gecko) Mobile Safari/537.36 (compatible; PetalBot;+https://webmaster.petalsearch.com/site/petalbot)"
114.119.132.228 - - [17/Aug/2026:08:21:09 -0400] "GET /2020/07/22/competing-in-a-new-industry-branch/ HTTP/1.1" 200 43905 "https://www.biotechprocleaners.com/news/latest-posts-four-columns" "Mozilla/5.0 (Linux; Android 7.0;) AppleWebKit/537.36 (HTML, like Gecko) Mobile Safari/537.36 (compatible; PetalBot;+https://webmaster.petalsearch.com/site/petalbot)"
69.39.225.240 - - [17/Aug/2026:08:30:25 -0400] "POST /wp-cron.php?doing_wp_cron=1786969825.6137139797210693359375 HTTP/1.1" 200 20 "-" "WordPress/7.0.4; https://www.biotechprocleaners.com"
89.167.32.97 - - [17/Aug/2026:08:30:24 -0400] "GET /robots.txt HTTP/1.1" 200 206 "-" "Mozilla/5.0 AppleWebKit/537.36 (KHTML, like Gecko; compatible; Bravebot/1.0; +https://search.brave.com/help/brave-search-crawler) Chrome/W.X.Y.Z Safari/537.36"
69.39.225.240 - - [17/Aug/2026:08:33:04 -0400] "POST /wp-cron.php?doing_wp_cron=1786969984.4023430347442626953125 HTTP/1.1" 200 20 "-" "WordPress/7.0.4; https://www.biotechprocleaners.com"
92.222.104.212 - - [17/Aug/2026:08:33:02 -0400] "GET /robots.txt HTTP/1.1" 200 206 "-" "Mozilla/5.0 (compatible; AhrefsBot/7.0; +http://ahrefs.com/robot/)"
51.161.37.96 - - [17/Aug/2026:08:33:06 -0400] "GET /sitemap_index.xml HTTP/1.1" 200 469 "-" "Mozilla/5.0 (compatible; AhrefsBot/7.0; +http://ahrefs.com/robot/)"
54.39.6.56 - - [17/Aug/2026:08:33:09 -0400] "GET /post-sitemap.xml HTTP/1.1" 200 883 "-" "Mozilla/5.0 (compatible; AhrefsBot/7.0; +http://ahrefs.com/robot/)"
51.161.65.174 - - [17/Aug/2026:08:33:11 -0400] "GET /page-sitemap.xml HTTP/1.1" 200 1498 "-" "Mozilla/5.0 (compatible; AhrefsBot/7.0; +http://ahrefs.com/robot/)"
69.39.225.240 - - [17/Aug/2026:08:33:14 -0400] "POST /wp-cron.php?doing_wp_cron=1786969994.8081240653991699218750 HTTP/1.1" 200 20 "-" "WordPress/7.0.4; https://www.biotechprocleaners.com"
54.39.210.199 - - [17/Aug/2026:08:33:13 -0400] "GET /product-sitemap.xml HTTP/1.1" 200 1013 "-" "Mozilla/5.0 (compatible; AhrefsBot/7.0; +http://ahrefs.com/robot/)"
148.113.128.219 - - [17/Aug/2026:08:33:16 -0400] "GET /portfolio-sitemap.xml HTTP/1.1" 200 795 "-" "Mozilla/5.0 (compatible; AhrefsBot/7.0; +http://ahrefs.com/robot/)"
51.222.168.177 - - [17/Aug/2026:08:33:18 -0400] "GET /slider-item-sitemap.xml HTTP/1.1" 200 710 "-" "Mozilla/5.0 (compatible; AhrefsBot/7.0; +http://ahrefs.com/robot/)"
51.222.95.232 - - [17/Aug/2026:08:33:21 -0400] "GET /category-sitemap.xml HTTP/1.1" 200 463 "-" "Mozilla/5.0 (compatible; AhrefsBot/7.0; +http://ahrefs.com/robot/)"
54.39.203.130 - - [17/Aug/2026:08:33:24 -0400] "GET /post_tag-sitemap.xml HTTP/1.1" 200 483 "-" "Mozilla/5.0 (compatible; AhrefsBot/7.0; +http://ahrefs.com/robot/)"
51.161.37.74 - - [17/Aug/2026:08:33:26 -0400] "GET /product_cat-sitemap.xml HTTP/1.1" 200 537 "-" "Mozilla/5.0 (compatible; AhrefsBot/7.0; +http://ahrefs.com/robot/)"
51.222.168.47 - - [17/Aug/2026:08:33:29 -0400] "GET /surface-sitemap.xml HTTP/1.1" 200 1217 "-" "Mozilla/5.0 (compatible; AhrefsBot/7.0; +http://ahrefs.com/robot/)"
148.113.128.129 - - [17/Aug/2026:08:33:31 -0400] "GET /area-sitemap.xml HTTP/1.1" 200 1089 "-" "Mozilla/5.0 (compatible; AhrefsBot/7.0; +http://ahrefs.com/robot/)"
54.39.203.40 - - [17/Aug/2026:08:33:33 -0400] "GET /removal-sitemap.xml HTTP/1.1" 200 379 "-" "Mozilla/5.0 (compatible; AhrefsBot/7.0; +http://ahrefs.com/robot/)"
51.161.65.204 - - [17/Aug/2026:08:33:35 -0400] "GET /author-sitemap.xml HTTP/1.1" 200 377 "-" "Mozilla/5.0 (compatible; AhrefsBot/7.0; +http://ahrefs.com/robot/)"
146.103.110.4 - - [17/Aug/2026:08:37:16 -0400] "GET / HTTP/1.0" 200 475154 "https://www.biotechprocleaners.com/" "Mozilla/5.0 (Windows NT 10.0; Win64; x64) AppleWebKit/537.36 (KHTML, like Gecko) Chrome/130.0.0.0 Safari/537.36"
69.39.225.240 - - [17/Aug/2026:08:37:20 -0400] "POST /wp-cron.php?doing_wp_cron=1786970240.0943949222564697265625 HTTP/1.1" 200 20 "-" "WordPress/7.0.4; https://www.biotechprocleaners.com"
146.103.110.4 - - [17/Aug/2026:08:37:17 -0400] "POST / HTTP/1.0" 200 471041 "https://www.biotechprocleaners.com/" "Mozilla/5.0 (Windows NT 10.0; Win64; x64) AppleWebKit/537.36 (KHTML, like Gecko) Chrome/130.0.0.0 Safari/537.36"
69.39.225.240 - - [17/Aug/2026:08:43:13 -0400] "POST /wp-cron.php?doing_wp_cron=1786970593.5495910644531250000000 HTTP/1.1" 200 20 "-" "WordPress/7.0.4; https://www.biotechprocleaners.com"
34.239.197.197 - - [17/Aug/2026:08:43:12 -0400] "GET /surface/workshops/?surfaces=plastic-kitchenware HTTP/1.1" 200 32385 "-" "Mozilla/5.0 AppleWebKit/537.36 (KHTML, like Gecko; compatible; Amazonbot/0.1; +https://developer.amazon.com/support/amazonbot) Chrome/119.0.6045.214 Safari/537.36"
54.90.8.255 - - [17/Aug/2026:08:43:17 -0400] "GET /surface/workshops/?surfaces=kitchen HTTP/1.1" 200 32375 "-" "Mozilla/5.0 AppleWebKit/537.36 (KHTML, like Gecko; compatible; Amazonbot/0.1; +https://developer.amazon.com/support/amazonbot) Chrome/119.0.6045.214 Safari/537.36"
34.225.243.131 - - [17/Aug/2026:08:43:20 -0400] "GET /surface/workshops/?surfaces=hi-gloss-reflective-surfaces HTTP/1.1" 200 32397 "-" "Mozilla/5.0 AppleWebKit/537.36 (KHTML, like Gecko; compatible; Amazonbot/0.1; +https://developer.amazon.com/support/amazonbot) Chrome/119.0.6045.214 Safari/537.36"
3.212.205.90 - - [17/Aug/2026:08:43:24 -0400] "GET /surface/workshops/?surfaces=oven HTTP/1.1" 200 32373 "-" "Mozilla/5.0 AppleWebKit/537.36 (KHTML, like Gecko; compatible; Amazonbot/0.1; +https://developer.amazon.com/support/amazonbot) Chrome/119.0.6045.214 Safari/537.36"
44.209.35.147 - - [17/Aug/2026:08:43:28 -0400] "GET /surface/workshops/?surfaces=equipments HTTP/1.1" 200 32374 "-" "Mozilla/5.0 AppleWebKit/537.36 (KHTML, like Gecko; compatible; Amazonbot/0.1; +https://developer.amazon.com/support/amazonbot) Chrome/119.0.6045.214 Safari/537.36"
69.39.225.240 - - [17/Aug/2026:08:44:57 -0400] "POST /wp-cron.php?doing_wp_cron=1786970697.5491380691528320312500 HTTP/1.1" 200 20 "-" "WordPress/7.0.4; https://www.biotechprocleaners.com"
107.20.181.148 - - [17/Aug/2026:08:44:56 -0400] "GET /surface/kitchen/?amp&surfaces=varnish HTTP/1.1" 200 32381 "-" "Mozilla/5.0 AppleWebKit/537.36 (KHTML, like Gecko; compatible; Amazonbot/0.1; +https://developer.amazon.com/support/amazonbot) Chrome/119.0.6045.214 Safari/537.36"
69.39.225.240 - - [17/Aug/2026:08:45:30 -0400] "POST /wp-cron.php?doing_wp_cron=1786970730.3234980106353759765625 HTTP/1.1" 200 20 "-" "WordPress/7.0.4; https://www.biotechprocleaners.com"
52.0.63.151 - - [17/Aug/2026:08:45:28 -0400] "GET /surface/kitchen/?amp&surfaces=clothes HTTP/1.1" 200 32382 "-" "Mozilla/5.0 AppleWebKit/537.36 (KHTML, like Gecko; compatible; Amazonbot/0.1; +https://developer.amazon.com/support/amazonbot) Chrome/119.0.6045.214 Safari/537.36"
