| Server IP : 69.39.225.240 / Your IP : 216.73.216.138 Web Server : Apache System : Linux bronze7.serverhost.net 3.10.0-1160.105.1.el7.x86_64 #1 SMP Thu Dec 7 15:39:45 UTC 2023 x86_64 User : reademotions ( 1074) PHP Version : 7.4.33 Disable Function : NONE MySQL : OFF | cURL : ON | WGET : ON | Perl : ON | Python : ON | Sudo : ON | Pkexec : ON Directory : /var/log/httpd/ |
Upload File : |
42.116.209.132 - - [16/Aug/2026:07:00:44 -0400] "GET /wp-content/uploads/2025/06/NDS1-768x768.png HTTP/1.1" 200 212852 "-" "Mozilla/5.0 (X11; Linux i686; rv:1.9.7.20) Gecko/8576-10-27 17:41:25.711029 Firefox/3.8"
57.141.4.22 - - [16/Aug/2026:07:03:42 -0400] "GET /surface/buildings/ HTTP/1.1" 200 47360 "-" "Mozilla/5.0 (Windows NT 10.0; Win64; x64) AppleWebKit/537.36 (KHTML, like Gecko) Chrome/145.0.0.0 Safari/537.36 (compatible; meta-externalagent/1.1 (+https://developers.facebook.com/docs/sharing/webmasters/crawler))"
69.39.225.240 - - [16/Aug/2026:07:03:53 -0400] "POST /wp-cron.php?doing_wp_cron=1786878233.0525879859924316406250 HTTP/1.1" 200 20 "-" "WordPress/7.0.4; https://www.biotechprocleaners.com"
57.141.4.21 - - [16/Aug/2026:07:03:52 -0400] "GET /removal-sitemap.xml HTTP/1.1" 200 379 "-" "Mozilla/5.0 (Windows NT 10.0; Win64; x64) AppleWebKit/537.36 (KHTML, like Gecko) Chrome/145.0.0.0 Safari/537.36 (compatible; meta-webindexer/1.1 (+https://developers.facebook.com/docs/sharing/webmasters/crawler))"
69.39.225.240 - - [16/Aug/2026:07:04:51 -0400] "POST /wp-cron.php?doing_wp_cron=1786878291.0310111045837402343750 HTTP/1.1" 200 20 "-" "WordPress/7.0.4; https://www.biotechprocleaners.com"
57.141.4.52 - - [16/Aug/2026:07:04:50 -0400] "GET /product_cat-sitemap.xml HTTP/1.1" 200 537 "-" "Mozilla/5.0 (Windows NT 10.0; Win64; x64) AppleWebKit/537.36 (KHTML, like Gecko) Chrome/145.0.0.0 Safari/537.36 (compatible; meta-webindexer/1.1 (+https://developers.facebook.com/docs/sharing/webmasters/crawler))"
57.141.4.46 - - [16/Aug/2026:07:05:01 -0400] "GET /post-sitemap.xml HTTP/1.1" 200 883 "-" "Mozilla/5.0 (Macintosh; Intel Mac OS X 10_15_7) AppleWebKit/537.36 (KHTML, like Gecko) Chrome/145.0.0.0 Safari/537.36 (compatible; meta-webindexer/1.1 (+https://developers.facebook.com/docs/sharing/webmasters/crawler))"
69.39.225.240 - - [16/Aug/2026:07:08:05 -0400] "POST /wp-cron.php?doing_wp_cron=1786878485.1530869007110595703125 HTTP/1.1" 200 20 "-" "WordPress/7.0.4; https://www.biotechprocleaners.com"
57.141.4.10 - - [16/Aug/2026:07:08:04 -0400] "GET /category-sitemap.xml HTTP/1.1" 200 463 "-" "Mozilla/5.0 (Macintosh; Intel Mac OS X 10_15_7) AppleWebKit/537.36 (KHTML, like Gecko) Chrome/145.0.0.0 Safari/537.36 (compatible; meta-webindexer/1.1 (+https://developers.facebook.com/docs/sharing/webmasters/crawler))"
69.39.225.240 - - [16/Aug/2026:07:09:00 -0400] "POST /wp-cron.php?doing_wp_cron=1786878540.3750650882720947265625 HTTP/1.1" 200 20 "-" "WordPress/7.0.4; https://www.biotechprocleaners.com"
57.141.4.59 - - [16/Aug/2026:07:08:59 -0400] "GET /product-sitemap.xml HTTP/1.1" 200 1013 "-" "Mozilla/5.0 (Windows NT 10.0; Win64; x64) AppleWebKit/537.36 (KHTML, like Gecko) Chrome/145.0.0.0 Safari/537.36 (compatible; meta-webindexer/1.1 (+https://developers.facebook.com/docs/sharing/webmasters/crawler))"
57.141.4.22 - - [16/Aug/2026:07:09:10 -0400] "GET /slider-item-sitemap.xml HTTP/1.1" 200 710 "-" "Mozilla/5.0 (Windows NT 10.0; Win64; x64) AppleWebKit/537.36 (KHTML, like Gecko) Chrome/145.0.0.0 Safari/537.36 (compatible; meta-webindexer/1.1 (+https://developers.facebook.com/docs/sharing/webmasters/crawler))"
69.39.225.240 - - [16/Aug/2026:07:10:43 -0400] "POST /wp-cron.php?doing_wp_cron=1786878643.1281569004058837890625 HTTP/1.1" 200 20 "-" "WordPress/7.0.4; https://www.biotechprocleaners.com"
57.141.4.64 - - [16/Aug/2026:07:10:42 -0400] "GET /area-sitemap.xml HTTP/1.1" 200 1089 "-" "Mozilla/5.0 (Macintosh; Intel Mac OS X 10_15_7) AppleWebKit/537.36 (KHTML, like Gecko) Chrome/145.0.0.0 Safari/537.36 (compatible; meta-webindexer/1.1 (+https://developers.facebook.com/docs/sharing/webmasters/crawler))"
69.39.225.240 - - [16/Aug/2026:07:13:33 -0400] "POST /wp-cron.php?doing_wp_cron=1786878813.6898150444030761718750 HTTP/1.1" 200 20 "-" "WordPress/7.0.4; https://www.biotechprocleaners.com"
57.141.4.71 - - [16/Aug/2026:07:13:32 -0400] "GET /wp-sitemap.xml HTTP/1.1" 200 20 "-" "Mozilla/5.0 (Macintosh; Intel Mac OS X 10_15_7) AppleWebKit/537.36 (KHTML, like Gecko) Chrome/145.0.0.0 Safari/537.36 (compatible; meta-webindexer/1.1 (+https://developers.facebook.com/docs/sharing/webmasters/crawler))"
57.141.4.33 - - [16/Aug/2026:07:13:35 -0400] "GET /sitemap_index.xml HTTP/1.1" 200 469 "-" "Mozilla/5.0 (Macintosh; Intel Mac OS X 10_15_7) AppleWebKit/537.36 (KHTML, like Gecko) Chrome/145.0.0.0 Safari/537.36 (compatible; meta-webindexer/1.1 (+https://developers.facebook.com/docs/sharing/webmasters/crawler))"
69.39.225.240 - - [16/Aug/2026:07:15:48 -0400] "POST /wp-cron.php?doing_wp_cron=1786878948.7458369731903076171875 HTTP/1.1" 200 20 "-" "WordPress/7.0.4; https://www.biotechprocleaners.com"
57.141.4.17 - - [16/Aug/2026:07:15:47 -0400] "GET /post_tag-sitemap.xml HTTP/1.1" 200 483 "-" "Mozilla/5.0 (Macintosh; Intel Mac OS X 10_15_7) AppleWebKit/537.36 (KHTML, like Gecko) Chrome/145.0.0.0 Safari/537.36 (compatible; meta-webindexer/1.1 (+https://developers.facebook.com/docs/sharing/webmasters/crawler))"
69.39.225.240 - - [16/Aug/2026:07:20:46 -0400] "POST /wp-cron.php?doing_wp_cron=1786879246.7648699283599853515625 HTTP/1.1" 200 20 "-" "WordPress/7.0.4; https://www.biotechprocleaners.com"
216.73.216.255 - - [16/Aug/2026:07:20:45 -0400] "GET /sitemap_index.xml HTTP/1.1" 200 469 "-" "Mozilla/5.0 AppleWebKit/537.36 (KHTML, like Gecko; compatible; ClaudeBot/1.0; +claudebot@anthropic.com)"
69.39.225.240 - - [16/Aug/2026:07:31:00 -0400] "POST /wp-cron.php?doing_wp_cron=1786879860.0547599792480468750000 HTTP/1.1" 200 20 "-" "WordPress/7.0.4; https://www.biotechprocleaners.com"
54.37.118.81 - - [16/Aug/2026:07:30:58 -0400] "GET /robots.txt HTTP/1.1" 200 206 "-" "Mozilla/5.0 (compatible; AhrefsBot/7.0; +http://ahrefs.com/robot/)"
51.161.37.224 - - [16/Aug/2026:07:31:01 -0400] "GET /sitemap_index.xml HTTP/1.1" 200 469 "-" "Mozilla/5.0 (compatible; AhrefsBot/7.0; +http://ahrefs.com/robot/)"
54.39.89.65 - - [16/Aug/2026:07:31:03 -0400] "GET /post-sitemap.xml HTTP/1.1" 200 883 "-" "Mozilla/5.0 (compatible; AhrefsBot/7.0; +http://ahrefs.com/robot/)"
51.161.37.20 - - [16/Aug/2026:07:31:05 -0400] "GET /page-sitemap.xml HTTP/1.1" 200 1498 "-" "Mozilla/5.0 (compatible; AhrefsBot/7.0; +http://ahrefs.com/robot/)"
51.222.168.153 - - [16/Aug/2026:07:31:08 -0400] "GET /product-sitemap.xml HTTP/1.1" 200 1013 "-" "Mozilla/5.0 (compatible; AhrefsBot/7.0; +http://ahrefs.com/robot/)"
142.44.225.236 - - [16/Aug/2026:07:31:10 -0400] "GET /portfolio-sitemap.xml HTTP/1.1" 200 795 "-" "Mozilla/5.0 (compatible; AhrefsBot/7.0; +http://ahrefs.com/robot/)"
69.39.225.240 - - [16/Aug/2026:07:31:13 -0400] "POST /wp-cron.php?doing_wp_cron=1786879873.4416129589080810546875 HTTP/1.1" 200 20 "-" "WordPress/7.0.4; https://www.biotechprocleaners.com"
51.222.95.52 - - [16/Aug/2026:07:31:12 -0400] "GET /slider-item-sitemap.xml HTTP/1.1" 200 710 "-" "Mozilla/5.0 (compatible; AhrefsBot/7.0; +http://ahrefs.com/robot/)"
142.44.228.43 - - [16/Aug/2026:07:31:14 -0400] "GET /category-sitemap.xml HTTP/1.1" 200 463 "-" "Mozilla/5.0 (compatible; AhrefsBot/7.0; +http://ahrefs.com/robot/)"
148.113.130.15 - - [16/Aug/2026:07:31:17 -0400] "GET /post_tag-sitemap.xml HTTP/1.1" 200 483 "-" "Mozilla/5.0 (compatible; AhrefsBot/7.0; +http://ahrefs.com/robot/)"
51.161.37.46 - - [16/Aug/2026:07:31:19 -0400] "GET /product_cat-sitemap.xml HTTP/1.1" 200 537 "-" "Mozilla/5.0 (compatible; AhrefsBot/7.0; +http://ahrefs.com/robot/)"
54.39.6.188 - - [16/Aug/2026:07:31:21 -0400] "GET /surface-sitemap.xml HTTP/1.1" 200 1217 "-" "Mozilla/5.0 (compatible; AhrefsBot/7.0; +http://ahrefs.com/robot/)"
54.39.203.205 - - [16/Aug/2026:07:31:23 -0400] "GET /area-sitemap.xml HTTP/1.1" 200 1089 "-" "Mozilla/5.0 (compatible; AhrefsBot/7.0; +http://ahrefs.com/robot/)"
54.39.210.149 - - [16/Aug/2026:07:31:26 -0400] "GET /removal-sitemap.xml HTTP/1.1" 200 379 "-" "Mozilla/5.0 (compatible; AhrefsBot/7.0; +http://ahrefs.com/robot/)"
148.113.128.69 - - [16/Aug/2026:07:31:28 -0400] "GET /author-sitemap.xml HTTP/1.1" 200 377 "-" "Mozilla/5.0 (compatible; AhrefsBot/7.0; +http://ahrefs.com/robot/)"
69.39.225.240 - - [16/Aug/2026:07:34:21 -0400] "POST /wp-cron.php?doing_wp_cron=1786880061.3668949604034423828125 HTTP/1.1" 200 20 "-" "WordPress/7.0.4; https://www.biotechprocleaners.com"
18.215.24.66 - - [16/Aug/2026:07:34:20 -0400] "GET /surface/dashboards/?surfaces=tiles HTTP/1.1" 200 32373 "-" "Mozilla/5.0 AppleWebKit/537.36 (KHTML, like Gecko; compatible; Amazonbot/0.1; +https://developer.amazon.com/support/amazonbot) Chrome/119.0.6045.214 Safari/537.36"
18.235.158.19 - - [16/Aug/2026:07:34:24 -0400] "GET /area/vehicle-windows/?areas=soot HTTP/1.1" 200 32379 "-" "Mozilla/5.0 AppleWebKit/537.36 (KHTML, like Gecko; compatible; Amazonbot/0.1; +https://developer.amazon.com/support/amazonbot) Chrome/119.0.6045.214 Safari/537.36"
18.207.89.138 - - [16/Aug/2026:07:34:28 -0400] "GET /surface/dashboards/?surfaces=plastic-kitchenware HTTP/1.1" 200 32385 "-" "Mozilla/5.0 AppleWebKit/537.36 (KHTML, like Gecko; compatible; Amazonbot/0.1; +https://developer.amazon.com/support/amazonbot) Chrome/119.0.6045.214 Safari/537.36"
69.39.225.240 - - [16/Aug/2026:07:34:41 -0400] "POST /wp-cron.php?doing_wp_cron=1786880081.4222359657287597656250 HTTP/1.1" 200 20 "-" "WordPress/7.0.4; https://www.biotechprocleaners.com"
100.29.107.38 - - [16/Aug/2026:07:34:40 -0400] "GET /surface/dashboards/?surfaces=kitchen-appliances HTTP/1.1" 200 32387 "-" "Mozilla/5.0 AppleWebKit/537.36 (KHTML, like Gecko; compatible; Amazonbot/0.1; +https://developer.amazon.com/support/amazonbot) Chrome/119.0.6045.214 Safari/537.36"
3.212.86.97 - - [16/Aug/2026:07:34:44 -0400] "GET /product-category/recreational-convention-centers/?amp&surfaces=work-tables HTTP/1.1" 200 40735 "-" "Mozilla/5.0 AppleWebKit/537.36 (KHTML, like Gecko; compatible; Amazonbot/0.1; +https://developer.amazon.com/support/amazonbot) Chrome/119.0.6045.214 Safari/537.36"
52.200.93.170 - - [16/Aug/2026:07:34:48 -0400] "GET /product-category/recreational-convention-centers/?amp&surfaces=table-tops HTTP/1.1" 200 46968 "-" "Mozilla/5.0 AppleWebKit/537.36 (KHTML, like Gecko; compatible; Amazonbot/0.1; +https://developer.amazon.com/support/amazonbot) Chrome/119.0.6045.214 Safari/537.36"
107.22.208.39 - - [16/Aug/2026:07:34:53 -0400] "GET /product-category/recreational-convention-centers/?amp&surfaces=scuff-marks HTTP/1.1" 200 40733 "-" "Mozilla/5.0 AppleWebKit/537.36 (KHTML, like Gecko; compatible; Amazonbot/0.1; +https://developer.amazon.com/support/amazonbot) Chrome/119.0.6045.214 Safari/537.36"
100.28.118.16 - - [16/Aug/2026:07:34:56 -0400] "GET /product-category/recreational-convention-centers/?amp&surfaces=metals HTTP/1.1" 200 40726 "-" "Mozilla/5.0 AppleWebKit/537.36 (KHTML, like Gecko; compatible; Amazonbot/0.1; +https://developer.amazon.com/support/amazonbot) Chrome/119.0.6045.214 Safari/537.36"
184.73.239.35 - - [16/Aug/2026:07:35:00 -0400] "GET /product-category/recreational-convention-centers/?amp&surfaces=outdoor-furniture HTTP/1.1" 200 46966 "-" "Mozilla/5.0 AppleWebKit/537.36 (KHTML, like Gecko; compatible; Amazonbot/0.1; +https://developer.amazon.com/support/amazonbot) Chrome/119.0.6045.214 Safari/537.36"
35.169.102.85 - - [16/Aug/2026:07:35:05 -0400] "GET /product-category/recreational-convention-centers/?amp&surfaces=panels HTTP/1.1" 200 46954 "-" "Mozilla/5.0 AppleWebKit/537.36 (KHTML, like Gecko; compatible; Amazonbot/0.1; +https://developer.amazon.com/support/amazonbot) Chrome/119.0.6045.214 Safari/537.36"
34.196.114.170 - - [16/Aug/2026:07:35:08 -0400] "GET /surface/inox/?surfaces=surfaces-with-oil-and-grease HTTP/1.1" 200 32391 "-" "Mozilla/5.0 AppleWebKit/537.36 (KHTML, like Gecko; compatible; Amazonbot/0.1; +https://developer.amazon.com/support/amazonbot) Chrome/119.0.6045.214 Safari/537.36"
69.39.225.240 - - [16/Aug/2026:07:35:13 -0400] "POST /wp-cron.php?doing_wp_cron=1786880113.4424989223480224609375 HTTP/1.1" 200 20 "-" "WordPress/7.0.4; https://www.biotechprocleaners.com"
54.152.163.42 - - [16/Aug/2026:07:35:12 -0400] "GET /area/vehicle-windows/?amp&surfaces=factories HTTP/1.1" 200 32392 "-" "Mozilla/5.0 AppleWebKit/537.36 (KHTML, like Gecko; compatible; Amazonbot/0.1; +https://developer.amazon.com/support/amazonbot) Chrome/119.0.6045.214 Safari/537.36"
98.83.178.66 - - [16/Aug/2026:07:35:16 -0400] "GET /area/vehicle-windows/?amp&surfaces=nicotine HTTP/1.1" 200 32391 "-" "Mozilla/5.0 AppleWebKit/537.36 (KHTML, like Gecko; compatible; Amazonbot/0.1; +https://developer.amazon.com/support/amazonbot) Chrome/119.0.6045.214 Safari/537.36"
3.223.181.32 - - [16/Aug/2026:07:35:21 -0400] "GET /surface/scuff-marks/?areas=windows-glass HTTP/1.1" 200 32394 "-" "Mozilla/5.0 AppleWebKit/537.36 (KHTML, like Gecko; compatible; Amazonbot/0.1; +https://developer.amazon.com/support/amazonbot) Chrome/119.0.6045.214 Safari/537.36"
44.197.76.210 - - [16/Aug/2026:07:35:24 -0400] "GET /product-category/recreational-convention-centers/?amp&surfaces=trash-bin HTTP/1.1" 200 40733 "-" "Mozilla/5.0 AppleWebKit/537.36 (KHTML, like Gecko; compatible; Amazonbot/0.1; +https://developer.amazon.com/support/amazonbot) Chrome/119.0.6045.214 Safari/537.36"
44.212.131.50 - - [16/Aug/2026:07:35:32 -0400] "GET /area/vehicle-windows/?areas=grease-residues HTTP/1.1" 200 32389 "-" "Mozilla/5.0 AppleWebKit/537.36 (KHTML, like Gecko; compatible; Amazonbot/0.1; +https://developer.amazon.com/support/amazonbot) Chrome/119.0.6045.214 Safari/537.36"
34.203.111.15 - - [16/Aug/2026:07:35:38 -0400] "GET /surface/scuff-marks/?surfaces=engines HTTP/1.1" 200 32386 "-" "Mozilla/5.0 AppleWebKit/537.36 (KHTML, like Gecko; compatible; Amazonbot/0.1; +https://developer.amazon.com/support/amazonbot) Chrome/119.0.6045.214 Safari/537.36"
69.39.225.240 - - [16/Aug/2026:07:35:42 -0400] "POST /wp-cron.php?doing_wp_cron=1786880142.0825929641723632812500 HTTP/1.1" 200 20 "-" "WordPress/7.0.4; https://www.biotechprocleaners.com"
18.204.152.114 - - [16/Aug/2026:07:35:41 -0400] "GET /surface/scuff-marks/?areas=production-facilities HTTP/1.1" 200 32400 "-" "Mozilla/5.0 AppleWebKit/537.36 (KHTML, like Gecko; compatible; Amazonbot/0.1; +https://developer.amazon.com/support/amazonbot) Chrome/119.0.6045.214 Safari/537.36"
54.235.191.179 - - [16/Aug/2026:07:35:44 -0400] "GET /surface/scuff-marks/?areas=aluminium HTTP/1.1" 200 32391 "-" "Mozilla/5.0 AppleWebKit/537.36 (KHTML, like Gecko; compatible; Amazonbot/0.1; +https://developer.amazon.com/support/amazonbot) Chrome/119.0.6045.214 Safari/537.36"
18.233.24.238 - - [16/Aug/2026:07:36:06 -0400] "GET /surface/scuff-marks/?surfaces=industrual-equipments HTTP/1.1" 200 32401 "-" "Mozilla/5.0 AppleWebKit/537.36 (KHTML, like Gecko; compatible; Amazonbot/0.1; +https://developer.amazon.com/support/amazonbot) Chrome/119.0.6045.214 Safari/537.36"
69.39.225.240 - - [16/Aug/2026:07:36:13 -0400] "POST /wp-cron.php?doing_wp_cron=1786880173.2873799800872802734375 HTTP/1.1" 200 20 "-" "WordPress/7.0.4; https://www.biotechprocleaners.com"
100.27.153.9 - - [16/Aug/2026:07:36:12 -0400] "GET /surface/scuff-marks/?surfaces=oven HTTP/1.1" 200 32387 "-" "Mozilla/5.0 AppleWebKit/537.36 (KHTML, like Gecko; compatible; Amazonbot/0.1; +https://developer.amazon.com/support/amazonbot) Chrome/119.0.6045.214 Safari/537.36"
23.23.212.212 - - [16/Aug/2026:07:36:24 -0400] "GET /surface/scuff-marks/?surfaces=bathroom HTTP/1.1" 200 32390 "-" "Mozilla/5.0 AppleWebKit/537.36 (KHTML, like Gecko; compatible; Amazonbot/0.1; +https://developer.amazon.com/support/amazonbot) Chrome/119.0.6045.214 Safari/537.36"
34.231.181.240 - - [16/Aug/2026:07:36:32 -0400] "GET /surface/scuff-marks/?surfaces=equipments HTTP/1.1" 200 32389 "-" "Mozilla/5.0 AppleWebKit/537.36 (KHTML, like Gecko; compatible; Amazonbot/0.1; +https://developer.amazon.com/support/amazonbot) Chrome/119.0.6045.214 Safari/537.36"
69.39.225.240 - - [16/Aug/2026:07:36:56 -0400] "POST /wp-cron.php?doing_wp_cron=1786880215.9158520698547363281250 HTTP/1.1" 200 20 "-" "WordPress/7.0.4; https://www.biotechprocleaners.com"
3.221.244.28 - - [16/Aug/2026:07:36:54 -0400] "GET /surface/kitchen/?areas=tires-marks HTTP/1.1" 200 32380 "-" "Mozilla/5.0 AppleWebKit/537.36 (KHTML, like Gecko; compatible; Amazonbot/0.1; +https://developer.amazon.com/support/amazonbot) Chrome/119.0.6045.214 Safari/537.36"
34.197.28.78 - - [16/Aug/2026:07:37:04 -0400] "GET /surface/tiles/?areas=production-facilities HTTP/1.1" 200 32379 "-" "Mozilla/5.0 AppleWebKit/537.36 (KHTML, like Gecko; compatible; Amazonbot/0.1; +https://developer.amazon.com/support/amazonbot) Chrome/119.0.6045.214 Safari/537.36"
69.39.225.240 - - [16/Aug/2026:07:37:53 -0400] "POST /wp-cron.php?doing_wp_cron=1786880273.3645510673522949218750 HTTP/1.1" 200 20 "-" "WordPress/7.0.4; https://www.biotechprocleaners.com"
3.218.35.239 - - [16/Aug/2026:07:37:52 -0400] "GET /surface/tiles/?amp&surfaces=metals HTTP/1.1" 200 32374 "-" "Mozilla/5.0 AppleWebKit/537.36 (KHTML, like Gecko; compatible; Amazonbot/0.1; +https://developer.amazon.com/support/amazonbot) Chrome/119.0.6045.214 Safari/537.36"
44.212.106.171 - - [16/Aug/2026:07:37:57 -0400] "GET /surface/tiles/?amp&surfaces=high-end-flooring HTTP/1.1" 200 32390 "-" "Mozilla/5.0 AppleWebKit/537.36 (KHTML, like Gecko; compatible; Amazonbot/0.1; +https://developer.amazon.com/support/amazonbot) Chrome/119.0.6045.214 Safari/537.36"
69.39.225.240 - - [16/Aug/2026:07:38:45 -0400] "POST /wp-cron.php?doing_wp_cron=1786880325.6046380996704101562500 HTTP/1.1" 200 20 "-" "WordPress/7.0.4; https://www.biotechprocleaners.com"
98.82.214.73 - - [16/Aug/2026:07:38:44 -0400] "GET /surface/counters/?areas=stainless-steel HTTP/1.1" 200 32378 "-" "Mozilla/5.0 AppleWebKit/537.36 (KHTML, like Gecko; compatible; Amazonbot/0.1; +https://developer.amazon.com/support/amazonbot) Chrome/119.0.6045.214 Safari/537.36"
34.225.24.180 - - [16/Aug/2026:07:38:49 -0400] "GET /surface/counters/?areas=more-powerful-towards-soilure-from-oil-and-grease HTTP/1.1" 200 32416 "-" "Mozilla/5.0 AppleWebKit/537.36 (KHTML, like Gecko; compatible; Amazonbot/0.1; +https://developer.amazon.com/support/amazonbot) Chrome/119.0.6045.214 Safari/537.36"
34.225.138.57 - - [16/Aug/2026:07:38:52 -0400] "GET /surface/counters/?areas=dirt HTTP/1.1" 200 32366 "-" "Mozilla/5.0 AppleWebKit/537.36 (KHTML, like Gecko; compatible; Amazonbot/0.1; +https://developer.amazon.com/support/amazonbot) Chrome/119.0.6045.214 Safari/537.36"
178.20.47.39 - - [16/Aug/2026:07:40:50 -0400] "GET / HTTP/1.0" 200 475154 "https://www.biotechprocleaners.com/" "Mozilla/5.0 (Windows NT 10.0; Win64; x64) AppleWebKit/537.36 (KHTML, like Gecko) Chrome/130.0.0.0 Safari/537.36"
178.20.47.39 - - [16/Aug/2026:07:40:52 -0400] "POST / HTTP/1.0" 200 473008 "https://www.biotechprocleaners.com/" "Mozilla/5.0 (Windows NT 10.0; Win64; x64) AppleWebKit/537.36 (KHTML, like Gecko) Chrome/130.0.0.0 Safari/537.36"
69.39.225.240 - - [16/Aug/2026:07:49:09 -0400] "POST /wp-cron.php?doing_wp_cron=1786880949.6335029602050781250000 HTTP/1.1" 200 20 "-" "WordPress/7.0.4; https://www.biotechprocleaners.com"
100.28.133.214 - - [16/Aug/2026:07:49:08 -0400] "GET /product-category/food/?surfaces=marbles HTTP/1.1" 200 40724 "-" "Mozilla/5.0 AppleWebKit/537.36 (KHTML, like Gecko; compatible; Amazonbot/0.1; +https://developer.amazon.com/support/amazonbot) Chrome/119.0.6045.214 Safari/537.36"
69.39.225.240 - - [16/Aug/2026:07:49:32 -0400] "POST /wp-cron.php?doing_wp_cron=1786880972.3593249320983886718750 HTTP/1.1" 200 20 "-" "WordPress/7.0.4; https://www.biotechprocleaners.com"
103.93.104.222 - - [16/Aug/2026:07:49:31 -0400] "POST /xmlrpc.php HTTP/1.1" 200 403 "-" "Jetpack/12.5; WordPress/6.1; http://site83685657.com"
57.141.4.9 - - [16/Aug/2026:07:49:35 -0400] "GET /area/hardwood-floors/ HTTP/1.1" 200 47678 "-" "Mozilla/5.0 (Macintosh; Intel Mac OS X 10_15_7) AppleWebKit/537.36 (KHTML, like Gecko) Chrome/145.0.0.0 Safari/537.36 (compatible; meta-externalagent/1.1 (+https://developers.facebook.com/docs/sharing/webmasters/crawler))"
69.39.225.240 - - [16/Aug/2026:07:49:43 -0400] "POST /wp-cron.php?doing_wp_cron=1786880982.8670620918273925781250 HTTP/1.1" 200 20 "-" "WordPress/7.0.4; https://www.biotechprocleaners.com"
103.93.104.222 - - [16/Aug/2026:07:49:41 -0400] "POST /xmlrpc.php HTTP/1.1" 200 403 "-" "WordPress.com; https://wordpress.com"
103.93.104.222 - - [16/Aug/2026:07:49:52 -0400] "POST /xmlrpc.php HTTP/1.1" 200 403 "-" "Jetpack by WordPress.com"
69.39.225.240 - - [16/Aug/2026:07:50:03 -0400] "POST /wp-cron.php?doing_wp_cron=1786881003.8847639560699462890625 HTTP/1.1" 200 20 "-" "WordPress/7.0.4; https://www.biotechprocleaners.com"
103.93.104.222 - - [16/Aug/2026:07:50:02 -0400] "POST /xmlrpc.php HTTP/1.1" 200 403 "-" "WordPress.com; https://wordpress.com"
69.39.225.240 - - [16/Aug/2026:07:50:14 -0400] "POST /wp-cron.php?doing_wp_cron=1786881014.5567269325256347656250 HTTP/1.1" 200 20 "-" "WordPress/7.0.4; https://www.biotechprocleaners.com"
103.93.104.222 - - [16/Aug/2026:07:50:13 -0400] "POST /xmlrpc.php HTTP/1.1" 200 403 "-" "Jetpack/12.0; WordPress/6.3; http://site14554956.com"
103.93.104.222 - - [16/Aug/2026:07:50:23 -0400] "POST /xmlrpc.php HTTP/1.1" 200 403 "-" "WordPress.com; https://wordpress.com"
103.93.104.222 - - [16/Aug/2026:07:50:34 -0400] "POST /xmlrpc.php HTTP/1.1" 200 403 "-" "Jetpack by WordPress.com"
69.39.225.240 - - [16/Aug/2026:07:50:46 -0400] "POST /wp-cron.php?doing_wp_cron=1786881046.0185749530792236328125 HTTP/1.1" 200 20 "-" "WordPress/7.0.4; https://www.biotechprocleaners.com"
103.93.104.222 - - [16/Aug/2026:07:50:45 -0400] "POST /xmlrpc.php HTTP/1.1" 200 403 "-" "Jetpack by WordPress.com"
103.93.104.222 - - [16/Aug/2026:07:50:55 -0400] "POST /xmlrpc.php HTTP/1.1" 200 403 "-" "Jetpack/12.1; WordPress/6.3; http://site10005332.com"
103.93.104.222 - - [16/Aug/2026:07:51:06 -0400] "POST /xmlrpc.php HTTP/1.1" 200 403 "-" "Jetpack/13.0; WordPress/6.3; http://site86953203.com"
69.39.225.240 - - [16/Aug/2026:07:51:17 -0400] "POST /wp-cron.php?doing_wp_cron=1786881077.8325390815734863281250 HTTP/1.1" 200 20 "-" "WordPress/7.0.4; https://www.biotechprocleaners.com"
103.93.104.222 - - [16/Aug/2026:07:51:16 -0400] "POST /xmlrpc.php HTTP/1.1" 200 403 "-" "Jetpack by WordPress.com"
69.39.225.240 - - [16/Aug/2026:07:51:19 -0400] "GET /category/uncategorized/ HTTP/1.1" 200 42329 "-" "WP Rocket/Preload"
69.39.225.240 - - [16/Aug/2026:07:51:19 -0400] "GET /category/uncategorized/ HTTP/1.1" 200 16384 "-" "WP Rocket/Preload Mozilla/5.0 (iPhone; CPU iPhone OS 9_1 like Mac OS X) AppleWebKit/601.1.46 (KHTML, like Gecko) Version/9.0 Mobile/13B143 Safari/601.1"
69.39.225.240 - - [16/Aug/2026:07:51:21 -0400] "GET /tag/community/ HTTP/1.1" 200 16384 "-" "WP Rocket/Preload"
69.39.225.240 - - [16/Aug/2026:07:51:22 -0400] "GET /tag/community/ HTTP/1.1" 200 16384 "-" "WP Rocket/Preload Mozilla/5.0 (iPhone; CPU iPhone OS 9_1 like Mac OS X) AppleWebKit/601.1.46 (KHTML, like Gecko) Version/9.0 Mobile/13B143 Safari/601.1"
69.39.225.240 - - [16/Aug/2026:07:51:24 -0400] "GET /tag/development/ HTTP/1.1" 200 16384 "-" "WP Rocket/Preload"
69.39.225.240 - - [16/Aug/2026:07:51:25 -0400] "GET /tag/development/ HTTP/1.1" 200 16384 "-" "WP Rocket/Preload Mozilla/5.0 (iPhone; CPU iPhone OS 9_1 like Mac OS X) AppleWebKit/601.1.46 (KHTML, like Gecko) Version/9.0 Mobile/13B143 Safari/601.1"
103.93.104.222 - - [16/Aug/2026:07:51:27 -0400] "POST /xmlrpc.php HTTP/1.1" 200 403 "-" "Jetpack/13.0; WordPress/6.3; http://site39952786.com"
69.39.225.240 - - [16/Aug/2026:07:51:27 -0400] "GET /tag/future/ HTTP/1.1" 200 16384 "-" "WP Rocket/Preload"
69.39.225.240 - - [16/Aug/2026:07:51:29 -0400] "GET /tag/future/ HTTP/1.1" 200 16384 "-" "WP Rocket/Preload Mozilla/5.0 (iPhone; CPU iPhone OS 9_1 like Mac OS X) AppleWebKit/601.1.46 (KHTML, like Gecko) Version/9.0 Mobile/13B143 Safari/601.1"
69.39.225.240 - - [16/Aug/2026:07:51:30 -0400] "GET /tag/hr/ HTTP/1.1" 200 16384 "-" "WP Rocket/Preload"
69.39.225.240 - - [16/Aug/2026:07:51:32 -0400] "GET /tag/hr/ HTTP/1.1" 200 43088 "-" "WP Rocket/Preload Mozilla/5.0 (iPhone; CPU iPhone OS 9_1 like Mac OS X) AppleWebKit/601.1.46 (KHTML, like Gecko) Version/9.0 Mobile/13B143 Safari/601.1"
103.93.104.222 - - [16/Aug/2026:07:51:37 -0400] "POST /xmlrpc.php HTTP/1.1" 200 403 "-" "WordPress.com; https://wordpress.com"
69.39.225.240 - - [16/Aug/2026:07:51:49 -0400] "POST /wp-cron.php?doing_wp_cron=1786881109.4040300846099853515625 HTTP/1.1" 200 20 "-" "WordPress/7.0.4; https://www.biotechprocleaners.com"
103.93.104.222 - - [16/Aug/2026:07:51:48 -0400] "POST /xmlrpc.php HTTP/1.1" 200 403 "-" "Jetpack/12.1; WordPress/6.4; http://site78919990.com"
103.93.104.222 - - [16/Aug/2026:07:51:59 -0400] "POST /xmlrpc.php HTTP/1.1" 200 403 "-" "WordPress.com; https://wordpress.com"
103.93.104.222 - - [16/Aug/2026:07:52:09 -0400] "POST /xmlrpc.php HTTP/1.1" 200 403 "-" "Jetpack by WordPress.com (Jetpack 13.0; WordPress 6.3)"
69.39.225.240 - - [16/Aug/2026:07:52:21 -0400] "POST /wp-cron.php?doing_wp_cron=1786881141.3337159156799316406250 HTTP/1.1" 200 20 "-" "WordPress/7.0.4; https://www.biotechprocleaners.com"
103.93.104.222 - - [16/Aug/2026:07:52:20 -0400] "POST /xmlrpc.php HTTP/1.1" 200 403 "-" "Jetpack by WordPress.com"
69.39.225.240 - - [16/Aug/2026:07:52:22 -0400] "GET /surface/aluminum/ HTTP/1.1" 200 48706 "-" "WP Rocket/Preload"
69.39.225.240 - - [16/Aug/2026:07:52:24 -0400] "GET /surface/aluminum/ HTTP/1.1" 200 16384 "-" "WP Rocket/Preload Mozilla/5.0 (iPhone; CPU iPhone OS 9_1 like Mac OS X) AppleWebKit/601.1.46 (KHTML, like Gecko) Version/9.0 Mobile/13B143 Safari/601.1"
69.39.225.240 - - [16/Aug/2026:07:52:25 -0400] "GET /surface/chromes/ HTTP/1.1" 200 16384 "-" "WP Rocket/Preload"
69.39.225.240 - - [16/Aug/2026:07:52:27 -0400] "GET /surface/chromes/ HTTP/1.1" 200 16384 "-" "WP Rocket/Preload Mozilla/5.0 (iPhone; CPU iPhone OS 9_1 like Mac OS X) AppleWebKit/601.1.46 (KHTML, like Gecko) Version/9.0 Mobile/13B143 Safari/601.1"
69.39.225.240 - - [16/Aug/2026:07:52:28 -0400] "GET /surface/equipments/ HTTP/1.1" 200 16384 "-" "WP Rocket/Preload"
69.39.225.240 - - [16/Aug/2026:07:52:30 -0400] "GET /surface/equipments/ HTTP/1.1" 200 16384 "-" "WP Rocket/Preload Mozilla/5.0 (iPhone; CPU iPhone OS 9_1 like Mac OS X) AppleWebKit/601.1.46 (KHTML, like Gecko) Version/9.0 Mobile/13B143 Safari/601.1"
103.93.104.222 - - [16/Aug/2026:07:52:30 -0400] "POST /xmlrpc.php HTTP/1.1" 200 403 "-" "Jetpack by WordPress.com (Jetpack 13.0; WordPress 6.2)"
69.39.225.240 - - [16/Aug/2026:07:52:31 -0400] "GET /surface/ink/ HTTP/1.1" 200 16384 "-" "WP Rocket/Preload"
69.39.225.240 - - [16/Aug/2026:07:52:33 -0400] "GET /surface/ink/ HTTP/1.1" 200 16384 "-" "WP Rocket/Preload Mozilla/5.0 (iPhone; CPU iPhone OS 9_1 like Mac OS X) AppleWebKit/601.1.46 (KHTML, like Gecko) Version/9.0 Mobile/13B143 Safari/601.1"
69.39.225.240 - - [16/Aug/2026:07:52:34 -0400] "GET /surface/kitchen/ HTTP/1.1" 200 16384 "-" "WP Rocket/Preload"
69.39.225.240 - - [16/Aug/2026:07:52:36 -0400] "GET /surface/kitchen/ HTTP/1.1" 200 16384 "-" "WP Rocket/Preload Mozilla/5.0 (iPhone; CPU iPhone OS 9_1 like Mac OS X) AppleWebKit/601.1.46 (KHTML, like Gecko) Version/9.0 Mobile/13B143 Safari/601.1"
69.39.225.240 - - [16/Aug/2026:07:52:37 -0400] "GET /surface/kitchen-counters-tops/ HTTP/1.1" 200 16384 "-" "WP Rocket/Preload"
69.39.225.240 - - [16/Aug/2026:07:52:39 -0400] "GET /surface/kitchen-counters-tops/ HTTP/1.1" 200 16384 "-" "WP Rocket/Preload Mozilla/5.0 (iPhone; CPU iPhone OS 9_1 like Mac OS X) AppleWebKit/601.1.46 (KHTML, like Gecko) Version/9.0 Mobile/13B143 Safari/601.1"
69.39.225.240 - - [16/Aug/2026:07:52:40 -0400] "GET /surface/leatherette-seats/ HTTP/1.1" 200 16384 "-" "WP Rocket/Preload"
103.93.104.222 - - [16/Aug/2026:07:52:41 -0400] "POST /xmlrpc.php HTTP/1.1" 200 403 "-" "WordPress.com; https://wordpress.com"
69.39.225.240 - - [16/Aug/2026:07:52:42 -0400] "GET /surface/leatherette-seats/ HTTP/1.1" 200 16384 "-" "WP Rocket/Preload Mozilla/5.0 (iPhone; CPU iPhone OS 9_1 like Mac OS X) AppleWebKit/601.1.46 (KHTML, like Gecko) Version/9.0 Mobile/13B143 Safari/601.1"
69.39.225.240 - - [16/Aug/2026:07:52:53 -0400] "POST /wp-cron.php?doing_wp_cron=1786881173.1828660964965820312500 HTTP/1.1" 200 20 "-" "WordPress/7.0.4; https://www.biotechprocleaners.com"
103.93.104.222 - - [16/Aug/2026:07:52:52 -0400] "POST /xmlrpc.php HTTP/1.1" 200 403 "-" "Jetpack/12.5; WordPress/6.4; http://site61487790.com"
103.93.104.222 - - [16/Aug/2026:07:53:02 -0400] "POST /xmlrpc.php HTTP/1.1" 200 403 "-" "Jetpack by WordPress.com (Jetpack 12.1; WordPress 6.3)"
69.39.225.240 - - [16/Aug/2026:07:53:14 -0400] "POST /wp-cron.php?doing_wp_cron=1786881194.1476829051971435546875 HTTP/1.1" 200 20 "-" "WordPress/7.0.4; https://www.biotechprocleaners.com"
103.93.104.222 - - [16/Aug/2026:07:53:13 -0400] "POST /xmlrpc.php HTTP/1.1" 200 403 "-" "Jetpack/12.5; WordPress/6.4; http://site91544542.com"
69.39.225.240 - - [16/Aug/2026:07:53:15 -0400] "GET /surface/marbles/ HTTP/1.1" 200 16384 "-" "WP Rocket/Preload"
52.7.13.143 - - [16/Aug/2026:07:53:16 -0400] "GET /product-category/logistics-and-transportations/?amp&surfaces=glass-and-reflective-surfaces HTTP/1.1" 200 40808 "-" "Mozilla/5.0 AppleWebKit/537.36 (KHTML, like Gecko; compatible; Amazonbot/0.1; +https://developer.amazon.com/support/amazonbot) Chrome/119.0.6045.214 Safari/537.36"
69.39.225.240 - - [16/Aug/2026:07:53:16 -0400] "GET /surface/marbles/ HTTP/1.1" 200 16384 "-" "WP Rocket/Preload Mozilla/5.0 (iPhone; CPU iPhone OS 9_1 like Mac OS X) AppleWebKit/601.1.46 (KHTML, like Gecko) Version/9.0 Mobile/13B143 Safari/601.1"
69.39.225.240 - - [16/Aug/2026:07:53:18 -0400] "GET /surface/medical-equipment/ HTTP/1.1" 200 16384 "-" "WP Rocket/Preload"
69.39.225.240 - - [16/Aug/2026:07:53:19 -0400] "GET /surface/medical-equipment/ HTTP/1.1" 200 16384 "-" "WP Rocket/Preload Mozilla/5.0 (iPhone; CPU iPhone OS 9_1 like Mac OS X) AppleWebKit/601.1.46 (KHTML, like Gecko) Version/9.0 Mobile/13B143 Safari/601.1"
69.39.225.240 - - [16/Aug/2026:07:53:21 -0400] "GET /surface/metal-pieces/ HTTP/1.1" 200 16384 "-" "WP Rocket/Preload"
69.39.225.240 - - [16/Aug/2026:07:53:22 -0400] "GET /surface/metal-pieces/ HTTP/1.1" 200 16384 "-" "WP Rocket/Preload Mozilla/5.0 (iPhone; CPU iPhone OS 9_1 like Mac OS X) AppleWebKit/601.1.46 (KHTML, like Gecko) Version/9.0 Mobile/13B143 Safari/601.1"
103.93.104.222 - - [16/Aug/2026:07:53:23 -0400] "POST /xmlrpc.php HTTP/1.1" 200 403 "-" "Jetpack/12.5; WordPress/6.3; http://site20748459.com"
69.39.225.240 - - [16/Aug/2026:07:53:24 -0400] "GET /surface/metal-sheet/ HTTP/1.1" 200 16384 "-" "WP Rocket/Preload"
69.39.225.240 - - [16/Aug/2026:07:53:25 -0400] "GET /surface/metal-sheet/ HTTP/1.1" 200 16384 "-" "WP Rocket/Preload Mozilla/5.0 (iPhone; CPU iPhone OS 9_1 like Mac OS X) AppleWebKit/601.1.46 (KHTML, like Gecko) Version/9.0 Mobile/13B143 Safari/601.1"
69.39.225.240 - - [16/Aug/2026:07:53:27 -0400] "GET /surface/metals/ HTTP/1.1" 200 47961 "-" "WP Rocket/Preload"
69.39.225.240 - - [16/Aug/2026:07:53:28 -0400] "GET /surface/metals/ HTTP/1.1" 200 16384 "-" "WP Rocket/Preload Mozilla/5.0 (iPhone; CPU iPhone OS 9_1 like Mac OS X) AppleWebKit/601.1.46 (KHTML, like Gecko) Version/9.0 Mobile/13B143 Safari/601.1"
69.39.225.240 - - [16/Aug/2026:07:53:30 -0400] "GET /surface/motors/ HTTP/1.1" 200 16384 "-" "WP Rocket/Preload"
69.39.225.240 - - [16/Aug/2026:07:53:31 -0400] "GET /surface/motors/ HTTP/1.1" 200 16384 "-" "WP Rocket/Preload Mozilla/5.0 (iPhone; CPU iPhone OS 9_1 like Mac OS X) AppleWebKit/601.1.46 (KHTML, like Gecko) Version/9.0 Mobile/13B143 Safari/601.1"
69.39.225.240 - - [16/Aug/2026:07:53:33 -0400] "GET /surface/natural-stones/ HTTP/1.1" 200 16384 "-" "WP Rocket/Preload"
103.93.104.222 - - [16/Aug/2026:07:53:34 -0400] "POST /xmlrpc.php HTTP/1.1" 200 403 "-" "Jetpack/13.0; WordPress/6.2; http://site69904868.com"
69.39.225.240 - - [16/Aug/2026:07:53:34 -0400] "GET /surface/natural-stones/ HTTP/1.1" 200 16384 "-" "WP Rocket/Preload Mozilla/5.0 (iPhone; CPU iPhone OS 9_1 like Mac OS X) AppleWebKit/601.1.46 (KHTML, like Gecko) Version/9.0 Mobile/13B143 Safari/601.1"
69.39.225.240 - - [16/Aug/2026:07:53:46 -0400] "POST /wp-cron.php?doing_wp_cron=1786881226.3737459182739257812500 HTTP/1.1" 200 20 "-" "WordPress/7.0.4; https://www.biotechprocleaners.com"
103.93.104.222 - - [16/Aug/2026:07:53:45 -0400] "POST /xmlrpc.php HTTP/1.1" 200 403 "-" "Jetpack/13.0; WordPress/6.1; http://site47828600.com"
103.93.104.222 - - [16/Aug/2026:07:53:55 -0400] "POST /xmlrpc.php HTTP/1.1" 200 403 "-" "Jetpack by WordPress.com"
103.93.104.222 - - [16/Aug/2026:07:54:06 -0400] "POST /xmlrpc.php HTTP/1.1" 200 403 "-" "Jetpack/13.0; WordPress/6.3; http://site28952451.com"
69.39.225.240 - - [16/Aug/2026:07:54:17 -0400] "POST /wp-cron.php?doing_wp_cron=1786881257.4984021186828613281250 HTTP/1.1" 200 20 "-" "WordPress/7.0.4; https://www.biotechprocleaners.com"
50.19.221.48 - - [16/Aug/2026:07:54:16 -0400] "GET /area/production-facilities/?surfaces=motors HTTP/1.1" 200 47403 "-" "Mozilla/5.0 AppleWebKit/537.36 (KHTML, like Gecko; compatible; Amazonbot/0.1; +https://developer.amazon.com/support/amazonbot) Chrome/119.0.6045.214 Safari/537.36"
103.93.104.222 - - [16/Aug/2026:07:54:16 -0400] "POST /xmlrpc.php HTTP/1.1" 200 403 "-" "WordPress.com; https://wordpress.com"
69.39.225.240 - - [16/Aug/2026:07:54:18 -0400] "GET /surface/nicotine/ HTTP/1.1" 200 16384 "-" "WP Rocket/Preload"
69.39.225.240 - - [16/Aug/2026:07:54:20 -0400] "GET /surface/nicotine/ HTTP/1.1" 200 16384 "-" "WP Rocket/Preload Mozilla/5.0 (iPhone; CPU iPhone OS 9_1 like Mac OS X) AppleWebKit/601.1.46 (KHTML, like Gecko) Version/9.0 Mobile/13B143 Safari/601.1"
69.39.225.240 - - [16/Aug/2026:07:54:21 -0400] "GET /surface/oil-residues/ HTTP/1.1" 200 16384 "-" "WP Rocket/Preload"
69.39.225.240 - - [16/Aug/2026:07:54:23 -0400] "GET /surface/oil-residues/ HTTP/1.1" 200 16384 "-" "WP Rocket/Preload Mozilla/5.0 (iPhone; CPU iPhone OS 9_1 like Mac OS X) AppleWebKit/601.1.46 (KHTML, like Gecko) Version/9.0 Mobile/13B143 Safari/601.1"
69.39.225.240 - - [16/Aug/2026:07:54:24 -0400] "GET /surface/painted-floors/ HTTP/1.1" 200 16384 "-" "WP Rocket/Preload"
69.39.225.240 - - [16/Aug/2026:07:54:26 -0400] "GET /surface/painted-floors/ HTTP/1.1" 200 16384 "-" "WP Rocket/Preload Mozilla/5.0 (iPhone; CPU iPhone OS 9_1 like Mac OS X) AppleWebKit/601.1.46 (KHTML, like Gecko) Version/9.0 Mobile/13B143 Safari/601.1"
103.93.104.222 - - [16/Aug/2026:07:54:27 -0400] "POST /xmlrpc.php HTTP/1.1" 200 403 "-" "Jetpack/12.1; WordPress/6.2; http://site84387445.com"
69.39.225.240 - - [16/Aug/2026:07:54:27 -0400] "GET /surface/painted-surfaces/ HTTP/1.1" 200 16384 "-" "WP Rocket/Preload"
69.39.225.240 - - [16/Aug/2026:07:54:29 -0400] "GET /surface/painted-surfaces/ HTTP/1.1" 200 16384 "-" "WP Rocket/Preload Mozilla/5.0 (iPhone; CPU iPhone OS 9_1 like Mac OS X) AppleWebKit/601.1.46 (KHTML, like Gecko) Version/9.0 Mobile/13B143 Safari/601.1"
69.39.225.240 - - [16/Aug/2026:07:54:30 -0400] "GET /surface/panels/ HTTP/1.1" 200 48487 "-" "WP Rocket/Preload"
69.39.225.240 - - [16/Aug/2026:07:54:33 -0400] "GET /surface/panels/ HTTP/1.1" 200 16384 "-" "WP Rocket/Preload Mozilla/5.0 (iPhone; CPU iPhone OS 9_1 like Mac OS X) AppleWebKit/601.1.46 (KHTML, like Gecko) Version/9.0 Mobile/13B143 Safari/601.1"
69.39.225.240 - - [16/Aug/2026:07:54:35 -0400] "GET /surface/plastic-furniture/ HTTP/1.1" 200 16384 "-" "WP Rocket/Preload"
69.39.225.240 - - [16/Aug/2026:07:54:36 -0400] "GET /surface/plastic-furniture/ HTTP/1.1" 200 16384 "-" "WP Rocket/Preload Mozilla/5.0 (iPhone; CPU iPhone OS 9_1 like Mac OS X) AppleWebKit/601.1.46 (KHTML, like Gecko) Version/9.0 Mobile/13B143 Safari/601.1"
103.93.104.222 - - [16/Aug/2026:07:54:38 -0400] "POST /xmlrpc.php HTTP/1.1" 200 403 "-" "Jetpack/12.0; WordPress/6.4; http://site26387852.com"
69.39.225.240 - - [16/Aug/2026:07:54:49 -0400] "POST /wp-cron.php?doing_wp_cron=1786881289.8303039073944091796875 HTTP/1.1" 200 20 "-" "WordPress/7.0.4; https://www.biotechprocleaners.com"
103.93.104.222 - - [16/Aug/2026:07:54:48 -0400] "POST /xmlrpc.php HTTP/1.1" 200 403 "-" "Jetpack/12.0; WordPress/6.2; http://site95234127.com"
103.93.104.222 - - [16/Aug/2026:07:54:59 -0400] "POST /xmlrpc.php HTTP/1.1" 200 403 "-" "Jetpack by WordPress.com"
103.93.104.222 - - [16/Aug/2026:07:55:09 -0400] "POST /xmlrpc.php HTTP/1.1" 200 403 "-" "Jetpack by WordPress.com"
69.39.225.240 - - [16/Aug/2026:07:55:21 -0400] "POST /wp-cron.php?doing_wp_cron=1786881321.3999199867248535156250 HTTP/1.1" 200 20 "-" "WordPress/7.0.4; https://www.biotechprocleaners.com"
103.93.104.222 - - [16/Aug/2026:07:55:20 -0400] "POST /xmlrpc.php HTTP/1.1" 200 403 "-" "WordPress.com; https://wordpress.com"
69.39.225.240 - - [16/Aug/2026:07:55:22 -0400] "GET /surface/plastic-objects/ HTTP/1.1" 200 16384 "-" "WP Rocket/Preload"
69.39.225.240 - - [16/Aug/2026:07:55:24 -0400] "GET /surface/plastic-objects/ HTTP/1.1" 200 16384 "-" "WP Rocket/Preload Mozilla/5.0 (iPhone; CPU iPhone OS 9_1 like Mac OS X) AppleWebKit/601.1.46 (KHTML, like Gecko) Version/9.0 Mobile/13B143 Safari/601.1"
69.39.225.240 - - [16/Aug/2026:07:55:25 -0400] "GET /surface/plastic-surfaces/ HTTP/1.1" 200 16384 "-" "WP Rocket/Preload"
69.39.225.240 - - [16/Aug/2026:07:55:27 -0400] "GET /surface/plastic-surfaces/ HTTP/1.1" 200 16384 "-" "WP Rocket/Preload Mozilla/5.0 (iPhone; CPU iPhone OS 9_1 like Mac OS X) AppleWebKit/601.1.46 (KHTML, like Gecko) Version/9.0 Mobile/13B143 Safari/601.1"
69.39.225.240 - - [16/Aug/2026:07:55:28 -0400] "GET /surface/scuff-marks/ HTTP/1.1" 200 16384 "-" "WP Rocket/Preload"
69.39.225.240 - - [16/Aug/2026:07:55:30 -0400] "GET /surface/scuff-marks/ HTTP/1.1" 200 47576 "-" "WP Rocket/Preload Mozilla/5.0 (iPhone; CPU iPhone OS 9_1 like Mac OS X) AppleWebKit/601.1.46 (KHTML, like Gecko) Version/9.0 Mobile/13B143 Safari/601.1"
69.39.225.240 - - [16/Aug/2026:07:55:30 -0400] "GET /surface/table-tops/ HTTP/1.1" 200 16384 "-" "WP Rocket/Preload"
103.93.104.222 - - [16/Aug/2026:07:55:31 -0400] "POST /xmlrpc.php HTTP/1.1" 200 403 "-" "Jetpack by WordPress.com (Jetpack 12.1; WordPress 6.3)"
69.39.225.240 - - [16/Aug/2026:07:55:32 -0400] "GET /surface/table-tops/ HTTP/1.1" 200 16384 "-" "WP Rocket/Preload Mozilla/5.0 (iPhone; CPU iPhone OS 9_1 like Mac OS X) AppleWebKit/601.1.46 (KHTML, like Gecko) Version/9.0 Mobile/13B143 Safari/601.1"
69.39.225.240 - - [16/Aug/2026:07:55:33 -0400] "GET /surface/toilets/ HTTP/1.1" 200 16384 "-" "WP Rocket/Preload"
69.39.225.240 - - [16/Aug/2026:07:55:35 -0400] "GET /surface/toilets/ HTTP/1.1" 200 16384 "-" "WP Rocket/Preload Mozilla/5.0 (iPhone; CPU iPhone OS 9_1 like Mac OS X) AppleWebKit/601.1.46 (KHTML, like Gecko) Version/9.0 Mobile/13B143 Safari/601.1"
69.39.225.240 - - [16/Aug/2026:07:55:36 -0400] "GET /surface/work-tables/ HTTP/1.1" 200 48334 "-" "WP Rocket/Preload"
69.39.225.240 - - [16/Aug/2026:07:55:38 -0400] "GET /surface/work-tables/ HTTP/1.1" 200 16384 "-" "WP Rocket/Preload Mozilla/5.0 (iPhone; CPU iPhone OS 9_1 like Mac OS X) AppleWebKit/601.1.46 (KHTML, like Gecko) Version/9.0 Mobile/13B143 Safari/601.1"
69.39.225.240 - - [16/Aug/2026:07:55:39 -0400] "GET /services/ HTTP/1.1" 200 16384 "-" "WP Rocket/Preload"
69.39.225.240 - - [16/Aug/2026:07:55:41 -0400] "GET /services/ HTTP/1.1" 200 46316 "-" "WP Rocket/Preload Mozilla/5.0 (iPhone; CPU iPhone OS 9_1 like Mac OS X) AppleWebKit/601.1.46 (KHTML, like Gecko) Version/9.0 Mobile/13B143 Safari/601.1"
103.93.104.222 - - [16/Aug/2026:07:55:41 -0400] "POST /xmlrpc.php HTTP/1.1" 200 403 "-" "Jetpack by WordPress.com"
69.39.225.240 - - [16/Aug/2026:07:55:41 -0400] "GET /area/glass-panel/ HTTP/1.1" 200 16384 "-" "WP Rocket/Preload"
69.39.225.240 - - [16/Aug/2026:07:55:43 -0400] "GET /area/glass-panel/ HTTP/1.1" 200 16384 "-" "WP Rocket/Preload Mozilla/5.0 (iPhone; CPU iPhone OS 9_1 like Mac OS X) AppleWebKit/601.1.46 (KHTML, like Gecko) Version/9.0 Mobile/13B143 Safari/601.1"
69.39.225.240 - - [16/Aug/2026:07:55:53 -0400] "POST /wp-cron.php?doing_wp_cron=1786881353.3237760066986083984375 HTTP/1.1" 200 20 "-" "WordPress/7.0.4; https://www.biotechprocleaners.com"
103.93.104.222 - - [16/Aug/2026:07:55:52 -0400] "POST /xmlrpc.php HTTP/1.1" 200 403 "-" "Jetpack/12.0; WordPress/6.2; http://site65069998.com"
103.93.104.222 - - [16/Aug/2026:07:56:02 -0400] "POST /xmlrpc.php HTTP/1.1" 200 403 "-" "Jetpack by WordPress.com (Jetpack 12.5; WordPress 6.2)"
69.39.225.240 - - [16/Aug/2026:07:56:14 -0400] "POST /wp-cron.php?doing_wp_cron=1786881374.3997159004211425781250 HTTP/1.1" 200 20 "-" "WordPress/7.0.4; https://www.biotechprocleaners.com"
103.93.104.222 - - [16/Aug/2026:07:56:13 -0400] "POST /xmlrpc.php HTTP/1.1" 200 403 "-" "Jetpack by WordPress.com"
69.39.225.240 - - [16/Aug/2026:07:56:15 -0400] "GET /area/glass-shelves/ HTTP/1.1" 200 16384 "-" "WP Rocket/Preload"
69.39.225.240 - - [16/Aug/2026:07:56:16 -0400] "GET /area/glass-shelves/ HTTP/1.1" 200 16384 "-" "WP Rocket/Preload Mozilla/5.0 (iPhone; CPU iPhone OS 9_1 like Mac OS X) AppleWebKit/601.1.46 (KHTML, like Gecko) Version/9.0 Mobile/13B143 Safari/601.1"
69.39.225.240 - - [16/Aug/2026:07:56:18 -0400] "GET /surface/different-types-of-flooring/ HTTP/1.1" 200 16384 "-" "WP Rocket/Preload"
69.39.225.240 - - [16/Aug/2026:07:56:19 -0400] "GET /surface/different-types-of-flooring/ HTTP/1.1" 200 16384 "-" "WP Rocket/Preload Mozilla/5.0 (iPhone; CPU iPhone OS 9_1 like Mac OS X) AppleWebKit/601.1.46 (KHTML, like Gecko) Version/9.0 Mobile/13B143 Safari/601.1"
38.107.232.38 - - [16/Aug/2026:07:56:21 -0400] "GET / HTTP/1.1" 200 49544 "-" "Mozilla/5.0 (Windows NT 10.0; Win64; x64) AppleWebKit/537.36 (KHTML, like Gecko) Chrome/120.0.0.0 Safari/537.36"
69.39.225.240 - - [16/Aug/2026:07:56:21 -0400] "GET /shop/ HTTP/1.1" 200 16384 "-" "WP Rocket/Preload"
69.39.225.240 - - [16/Aug/2026:07:56:22 -0400] "GET /shop/ HTTP/1.1" 200 16384 "-" "WP Rocket/Preload Mozilla/5.0 (iPhone; CPU iPhone OS 9_1 like Mac OS X) AppleWebKit/601.1.46 (KHTML, like Gecko) Version/9.0 Mobile/13B143 Safari/601.1"
103.93.104.222 - - [16/Aug/2026:07:56:24 -0400] "POST /xmlrpc.php HTTP/1.1" 200 403 "-" "Jetpack by WordPress.com (Jetpack 12.1; WordPress 6.3)"
103.93.104.222 - - [16/Aug/2026:07:56:34 -0400] "POST /xmlrpc.php HTTP/1.1" 200 403 "-" "Jetpack by WordPress.com (Jetpack 12.5; WordPress 6.3)"
69.39.225.240 - - [16/Aug/2026:07:56:46 -0400] "POST /wp-cron.php?doing_wp_cron=1786881406.2860949039459228515625 HTTP/1.1" 200 20 "-" "WordPress/7.0.4; https://www.biotechprocleaners.com"
103.93.104.222 - - [16/Aug/2026:07:56:45 -0400] "POST /xmlrpc.php HTTP/1.1" 200 403 "-" "Jetpack/12.1; WordPress/6.2; http://site50897254.com"
103.93.104.222 - - [16/Aug/2026:07:56:55 -0400] "POST /xmlrpc.php HTTP/1.1" 200 403 "-" "Jetpack/12.1; WordPress/6.1; http://site18502991.com"
103.93.104.222 - - [16/Aug/2026:07:57:06 -0400] "POST /xmlrpc.php HTTP/1.1" 200 403 "-" "Jetpack by WordPress.com (Jetpack 13.0; WordPress 6.3)"
69.39.225.240 - - [16/Aug/2026:07:57:18 -0400] "POST /wp-cron.php?doing_wp_cron=1786881438.1955709457397460937500 HTTP/1.1" 200 20 "-" "WordPress/7.0.4; https://www.biotechprocleaners.com"
103.93.104.222 - - [16/Aug/2026:07:57:17 -0400] "POST /xmlrpc.php HTTP/1.1" 200 403 "-" "Jetpack by WordPress.com (Jetpack 12.0; WordPress 6.1)"
66.249.64.102 - - [16/Aug/2026:08:02:31 -0400] "GET /product/glass-cleaner-shiner/ HTTP/1.1" 200 49010 "-" "Mozilla/5.0 (Linux; Android 6.0.1; Nexus 5X Build/MMB29P) AppleWebKit/537.36 (KHTML, like Gecko) Chrome/150.0.7871.186 Mobile Safari/537.36 (compatible; Googlebot/2.1; +http://www.google.com/bot.html)"
69.39.225.240 - - [16/Aug/2026:08:09:53 -0400] "POST /wp-cron.php?doing_wp_cron=1786882193.8521900177001953125000 HTTP/1.1" 200 20 "-" "WordPress/7.0.4; https://www.biotechprocleaners.com"
23.22.59.87 - - [16/Aug/2026:08:09:52 -0400] "GET /product-category/government/?areas=aluminium HTTP/1.1" 200 47194 "-" "Mozilla/5.0 AppleWebKit/537.36 (KHTML, like Gecko; compatible; Amazonbot/0.1; +https://developer.amazon.com/support/amazonbot) Chrome/119.0.6045.214 Safari/537.36"
52.204.81.148 - - [16/Aug/2026:08:09:56 -0400] "GET /surface/engines/?surfaces=engines HTTP/1.1" 200 47371 "-" "Mozilla/5.0 AppleWebKit/537.36 (KHTML, like Gecko; compatible; Amazonbot/0.1; +https://developer.amazon.com/support/amazonbot) Chrome/119.0.6045.214 Safari/537.36"
54.83.180.239 - - [16/Aug/2026:08:10:00 -0400] "GET /product-category/food/?surfaces=fabrics HTTP/1.1" 200 40724 "-" "Mozilla/5.0 AppleWebKit/537.36 (KHTML, like Gecko; compatible; Amazonbot/0.1; +https://developer.amazon.com/support/amazonbot) Chrome/119.0.6045.214 Safari/537.36"
23.21.204.95 - - [16/Aug/2026:08:10:04 -0400] "GET /shop/?areas=dirt-traces-and-soilure HTTP/1.1" 200 47343 "-" "Mozilla/5.0 AppleWebKit/537.36 (KHTML, like Gecko; compatible; Amazonbot/0.1; +https://developer.amazon.com/support/amazonbot) Chrome/119.0.6045.214 Safari/537.36"
52.2.4.213 - - [16/Aug/2026:08:10:09 -0400] "GET /shop/?surfaces=trucks HTTP/1.1" 200 46926 "-" "Mozilla/5.0 AppleWebKit/537.36 (KHTML, like Gecko; compatible; Amazonbot/0.1; +https://developer.amazon.com/support/amazonbot) Chrome/119.0.6045.214 Safari/537.36"
69.39.225.240 - - [16/Aug/2026:08:10:13 -0400] "POST /wp-cron.php?doing_wp_cron=1786882213.4013450145721435546875 HTTP/1.1" 200 20 "-" "WordPress/7.0.4; https://www.biotechprocleaners.com"
52.205.113.104 - - [16/Aug/2026:08:10:12 -0400] "GET /shop/?areas=covers HTTP/1.1" 200 46984 "-" "Mozilla/5.0 AppleWebKit/537.36 (KHTML, like Gecko; compatible; Amazonbot/0.1; +https://developer.amazon.com/support/amazonbot) Chrome/119.0.6045.214 Safari/537.36"
18.205.91.101 - - [16/Aug/2026:08:10:16 -0400] "GET /shop/?areas=synthetic-leather HTTP/1.1" 200 47013 "-" "Mozilla/5.0 AppleWebKit/537.36 (KHTML, like Gecko; compatible; Amazonbot/0.1; +https://developer.amazon.com/support/amazonbot) Chrome/119.0.6045.214 Safari/537.36"
69.39.225.240 - - [16/Aug/2026:08:18:45 -0400] "POST /wp-cron.php?doing_wp_cron=1786882725.4142079353332519531250 HTTP/1.1" 200 20 "-" "WordPress/7.0.4; https://www.biotechprocleaners.com"
44.215.61.66 - - [16/Aug/2026:08:18:44 -0400] "GET /area/vehicle-windows/?areas=all-fabrics HTTP/1.1" 200 32388 "-" "Mozilla/5.0 AppleWebKit/537.36 (KHTML, like Gecko; compatible; Amazonbot/0.1; +https://developer.amazon.com/support/amazonbot) Chrome/119.0.6045.214 Safari/537.36"
44.213.202.136 - - [16/Aug/2026:08:18:48 -0400] "GET /surface/dashboards/?surfaces=stones HTTP/1.1" 200 32375 "-" "Mozilla/5.0 AppleWebKit/537.36 (KHTML, like Gecko; compatible; Amazonbot/0.1; +https://developer.amazon.com/support/amazonbot) Chrome/119.0.6045.214 Safari/537.36"
52.70.138.176 - - [16/Aug/2026:08:18:52 -0400] "GET /surface/dashboards/?surfaces=ink HTTP/1.1" 200 32369 "-" "Mozilla/5.0 AppleWebKit/537.36 (KHTML, like Gecko; compatible; Amazonbot/0.1; +https://developer.amazon.com/support/amazonbot) Chrome/119.0.6045.214 Safari/537.36"
54.91.122.193 - - [16/Aug/2026:08:18:56 -0400] "GET /surface/dashboards/?surfaces=clothes HTTP/1.1" 200 32375 "-" "Mozilla/5.0 AppleWebKit/537.36 (KHTML, like Gecko; compatible; Amazonbot/0.1; +https://developer.amazon.com/support/amazonbot) Chrome/119.0.6045.214 Safari/537.36"
3.217.82.254 - - [16/Aug/2026:08:19:00 -0400] "GET /area/vehicle-windows/?areas=production-facilities HTTP/1.1" 200 32394 "-" "Mozilla/5.0 AppleWebKit/537.36 (KHTML, like Gecko; compatible; Amazonbot/0.1; +https://developer.amazon.com/support/amazonbot) Chrome/119.0.6045.214 Safari/537.36"
69.39.225.240 - - [16/Aug/2026:08:19:17 -0400] "POST /wp-cron.php?doing_wp_cron=1786882757.6442699432373046875000 HTTP/1.1" 200 20 "-" "WordPress/7.0.4; https://www.biotechprocleaners.com"
50.19.221.48 - - [16/Aug/2026:08:19:16 -0400] "GET /product-category/recreational-convention-centers/?amp&surfaces=aluminum HTTP/1.1" 200 46960 "-" "Mozilla/5.0 AppleWebKit/537.36 (KHTML, like Gecko; compatible; Amazonbot/0.1; +https://developer.amazon.com/support/amazonbot) Chrome/119.0.6045.214 Safari/537.36"
69.39.225.240 - - [16/Aug/2026:08:19:29 -0400] "POST /wp-cron.php?doing_wp_cron=1786882769.7149438858032226562500 HTTP/1.1" 200 20 "-" "WordPress/7.0.4; https://www.biotechprocleaners.com"
23.23.180.225 - - [16/Aug/2026:08:19:28 -0400] "GET /surface/inox/?surfaces=ink HTTP/1.1" 200 32361 "-" "Mozilla/5.0 AppleWebKit/537.36 (KHTML, like Gecko; compatible; Amazonbot/0.1; +https://developer.amazon.com/support/amazonbot) Chrome/119.0.6045.214 Safari/537.36"
54.235.158.162 - - [16/Aug/2026:08:19:32 -0400] "GET /surface/inox/?surfaces=buildings HTTP/1.1" 200 32365 "-" "Mozilla/5.0 AppleWebKit/537.36 (KHTML, like Gecko; compatible; Amazonbot/0.1; +https://developer.amazon.com/support/amazonbot) Chrome/119.0.6045.214 Safari/537.36"
44.209.187.99 - - [16/Aug/2026:08:19:36 -0400] "GET /area/vehicle-windows/?amp&surfaces=trucks HTTP/1.1" 200 32390 "-" "Mozilla/5.0 AppleWebKit/537.36 (KHTML, like Gecko; compatible; Amazonbot/0.1; +https://developer.amazon.com/support/amazonbot) Chrome/119.0.6045.214 Safari/537.36"
69.39.225.240 - - [16/Aug/2026:08:19:41 -0400] "POST /wp-cron.php?doing_wp_cron=1786882781.7114129066467285156250 HTTP/1.1" 200 20 "-" "WordPress/7.0.4; https://www.biotechprocleaners.com"
100.29.107.38 - - [16/Aug/2026:08:19:40 -0400] "GET /surface/inox/?surfaces=carpets HTTP/1.1" 200 32367 "-" "Mozilla/5.0 AppleWebKit/537.36 (KHTML, like Gecko; compatible; Amazonbot/0.1; +https://developer.amazon.com/support/amazonbot) Chrome/119.0.6045.214 Safari/537.36"
44.210.213.220 - - [16/Aug/2026:08:19:44 -0400] "GET /area/vehicle-windows/?amp&surfaces=seats HTTP/1.1" 200 32389 "-" "Mozilla/5.0 AppleWebKit/537.36 (KHTML, like Gecko; compatible; Amazonbot/0.1; +https://developer.amazon.com/support/amazonbot) Chrome/119.0.6045.214 Safari/537.36"
