69.39.225.240 - - [17/Aug/2026:05:53:25 -0400] "GET /area/glass-shelves/ HTTP/1.1" 200 16384 "-" "WP Rocket/Preload"
69.39.225.240 - - [17/Aug/2026:05:53:26 -0400] "GET /area/glass-shelves/ HTTP/1.1" 200 16384 "-" "WP Rocket/Preload Mozilla/5.0 (iPhone; CPU iPhone OS 9_1 like Mac OS X) AppleWebKit/601.1.46 (KHTML, like Gecko) Version/9.0 Mobile/13B143 Safari/601.1"
69.39.225.240 - - [17/Aug/2026:05:53:28 -0400] "GET /surface/different-types-of-flooring/ HTTP/1.1" 200 16384 "-" "WP Rocket/Preload"
69.39.225.240 - - [17/Aug/2026:05:53:29 -0400] "GET /surface/different-types-of-flooring/ HTTP/1.1" 200 16384 "-" "WP Rocket/Preload Mozilla/5.0 (iPhone; CPU iPhone OS 9_1 like Mac OS X) AppleWebKit/601.1.46 (KHTML, like Gecko) Version/9.0 Mobile/13B143 Safari/601.1"
69.39.225.240 - - [17/Aug/2026:05:53:31 -0400] "GET /shop/ HTTP/1.1" 200 50446 "-" "WP Rocket/Preload"
69.39.225.240 - - [17/Aug/2026:05:53:32 -0400] "GET /shop/ HTTP/1.1" 200 16384 "-" "WP Rocket/Preload Mozilla/5.0 (iPhone; CPU iPhone OS 9_1 like Mac OS X) AppleWebKit/601.1.46 (KHTML, like Gecko) Version/9.0 Mobile/13B143 Safari/601.1"
52.167.144.227 - - [17/Aug/2026:05:53:37 -0400] "GET /?s= HTTP/1.1" 200 43383 "-" "Mozilla/5.0 AppleWebKit/537.36 (KHTML, like Gecko; compatible; bingbot/2.0; +http://www.bing.com/bingbot.htm) Chrome/116.0.1938.76 Safari/537.36"
69.39.225.240 - - [17/Aug/2026:05:57:37 -0400] "POST /wp-cron.php?doing_wp_cron=1786960657.7120919227600097656250 HTTP/1.1" 200 20 "-" "WordPress/7.0.4; https://www.biotechprocleaners.com"
216.73.216.229 - - [17/Aug/2026:05:57:36 -0400] "GET /robots.txt HTTP/1.1" 200 206 "-" "Mozilla/5.0 AppleWebKit/537.36 (KHTML, like Gecko; compatible; ClaudeBot/1.0; +claudebot@anthropic.com)"
216.73.216.229 - - [17/Aug/2026:05:57:37 -0400] "GET /sitemap_index.xml HTTP/1.1" 200 469 "-" "Mozilla/5.0 AppleWebKit/537.36 (KHTML, like Gecko; compatible; ClaudeBot/1.0; +claudebot@anthropic.com)"
180.73.12.226 - - [17/Aug/2026:05:59:14 -0400] "GET /performance-sustainable-cleaners/ HTTP/1.1" 200 44642 "-" "Mozilla/5.0 (Macintosh; Intel Mac OS X 10_7_5 rv:4.0; id-ID) AppleWebKit/535.30.2 (KHTML, like Gecko) Version/5.0.1 Safari/535.30.2"
173.27.33.57 - - [17/Aug/2026:05:59:20 -0400] "GET /portfolio/logistics-transportation/ HTTP/1.1" 200 48041 "-" "Mozilla/5.0 (X11; Linux x86_64) AppleWebKit/535.0 (KHTML, like Gecko) Chrome/31.0.852.0 Safari/535.0"
24.189.144.12 - - [17/Aug/2026:05:59:20 -0400] "GET /product-category/corporate-and-residential-buildings/ HTTP/1.1" 200 48679 "-" "Opera/9.91.(Windows NT 11.0; pt-PT) Presto/2.9.189 Version/12.00"
78.105.148.77 - - [17/Aug/2026:05:59:20 -0400] "GET /portfolio/food-industry/ HTTP/1.1" 200 48155 "-" "Mozilla/5.0 (Macintosh; PPC Mac OS X 10_10_3 rv:3.0; ast-ES) AppleWebKit/532.45.7 (KHTML, like Gecko) Version/4.1 Safari/532.45.7"
14.233.146.182 - - [17/Aug/2026:05:59:33 -0400] "GET /portfolio/logistics-transportation/ HTTP/1.1" 200 48041 "-" "Opera/9.34.(X11; Linux x86_64; af-ZA) Presto/2.9.171 Version/12.00"
216.73.216.229 - - [17/Aug/2026:05:59:37 -0400] "GET / HTTP/1.1" 200 49542 "-" "Mozilla/5.0 AppleWebKit/537.36 (KHTML, like Gecko; compatible; ClaudeBot/1.0; +claudebot@anthropic.com)"
69.39.225.240 - - [17/Aug/2026:06:02:09 -0400] "POST /wp-cron.php?doing_wp_cron=1786960929.4119539260864257812500 HTTP/1.1" 200 20 "-" "WordPress/7.0.4; https://www.biotechprocleaners.com"
50.6.231.19 - - [17/Aug/2026:06:02:08 -0400] "GET / HTTP/1.1" 200 20 "-" "Mozilla/5.0 (Windows NT 10.0; Win64; x64) AppleWebKit/537.36 (KHTML, like Gecko) Chrome/151.0.0.0 Safari/537.36, Mozilla/5.0 (Macintosh; Intel Mac OS X 10_15_7) AppleWebKit/537.36 (KHTML, like Gecko) Chrome/151.0.0.0 Safari/537.36"
50.6.231.19 - - [17/Aug/2026:06:02:14 -0400] "GET / HTTP/1.1" 200 49542 "-" "Mozilla/5.0 (Windows NT 10.0; Win64; x64) AppleWebKit/537.36 (KHTML, like Gecko) Chrome/151.0.0.0 Safari/537.36, Mozilla/5.0 (Macintosh; Intel Mac OS X 10_15_7) AppleWebKit/537.36 (KHTML, like Gecko) Chrome/151.0.0.0 Safari/537.36"
69.39.225.240 - - [17/Aug/2026:06:02:24 -0400] "POST /wp-cron.php?doing_wp_cron=1786960944.3873488903045654296875 HTTP/1.1" 200 20 "-" "WordPress/7.0.4; https://www.biotechprocleaners.com"
43.160.241.42 - - [17/Aug/2026:06:02:22 -0400] "GET /wp-json/wp/v2/users?_fields=slug&per_page=100&page=1 HTTP/1.1" 200 56 "-" "Mozilla/5.0 (Windows NT 10.0; Win64; x64) AppleWebKit/537.36 (KHTML, like Gecko) Chrome/151.0.0.0 Safari/537.36, Mozilla/5.0 (Windows NT 10.0; Win64; x64) AppleWebKit/537.36 (KHTML, like Gecko) Chrome/151.0.0.0 Safari/537.36"
173.254.104.138 - - [17/Aug/2026:06:02:25 -0400] "GET /feed/ HTTP/1.1" 200 20 "-" "Mozilla/5.0 (Windows NT 10.0; Win64; x64) AppleWebKit/537.36 (KHTML, like Gecko) Chrome/151.0.0.0 Safari/537.36, Mozilla/5.0 (Macintosh; Intel Mac OS X 10_15_7) AppleWebKit/537.36 (KHTML, like Gecko) Chrome/151.0.0.0 Safari/537.36"
173.254.104.138 - - [17/Aug/2026:06:02:27 -0400] "GET /feed/ HTTP/1.1" 200 5884 "-" "Mozilla/5.0 (Windows NT 10.0; Win64; x64) AppleWebKit/537.36 (KHTML, like Gecko) Chrome/151.0.0.0 Safari/537.36, Mozilla/5.0 (Macintosh; Intel Mac OS X 10_15_7) AppleWebKit/537.36 (KHTML, like Gecko) Chrome/151.0.0.0 Safari/537.36"
152.53.241.200 - - [17/Aug/2026:06:02:29 -0400] "GET /rss/ HTTP/1.1" 200 20 "-" "Mozilla/5.0 (Windows NT 10.0; Win64; x64) AppleWebKit/537.36 (KHTML, like Gecko) Chrome/151.0.0.0 Safari/537.36, Mozilla/5.0 (Macintosh; Intel Mac OS X 10_15_7) AppleWebKit/537.36 (KHTML, like Gecko) Chrome/151.0.0.0 Safari/537.36"
152.53.241.200 - - [17/Aug/2026:06:02:30 -0400] "GET /feed/ HTTP/1.1" 200 5884 "-" "Mozilla/5.0 (Windows NT 10.0; Win64; x64) AppleWebKit/537.36 (KHTML, like Gecko) Chrome/151.0.0.0 Safari/537.36, Mozilla/5.0 (Macintosh; Intel Mac OS X 10_15_7) AppleWebKit/537.36 (KHTML, like Gecko) Chrome/151.0.0.0 Safari/537.36"
50.6.231.19 - - [17/Aug/2026:06:02:31 -0400] "GET /feed/atom/ HTTP/1.1" 200 20 "-" "Mozilla/5.0 (Windows NT 10.0; Win64; x64) AppleWebKit/537.36 (KHTML, like Gecko) Chrome/151.0.0.0 Safari/537.36, Mozilla/5.0 (X11; Linux x86_64) AppleWebKit/537.36 (KHTML, like Gecko) Chrome/151.0.0.0 Safari/537.36"
152.42.137.70 - - [17/Aug/2026:06:02:35 -0400] "GET /wp-sitemap-users-1.xml HTTP/1.1" 200 20 "-" "Mozilla/5.0 (Windows NT 10.0; Win64; x64) AppleWebKit/537.36 (KHTML, like Gecko) Chrome/151.0.0.0 Safari/537.36, Mozilla/5.0 (X11; Linux x86_64) AppleWebKit/537.36 (KHTML, like Gecko) Chrome/151.0.0.0 Safari/537.36"
152.42.137.70 - - [17/Aug/2026:06:02:36 -0400] "GET /author-sitemap.xml HTTP/1.1" 200 377 "-" "Mozilla/5.0 (Windows NT 10.0; Win64; x64) AppleWebKit/537.36 (KHTML, like Gecko) Chrome/151.0.0.0 Safari/537.36, Mozilla/5.0 (X11; Linux x86_64) AppleWebKit/537.36 (KHTML, like Gecko) Chrome/151.0.0.0 Safari/537.36"
69.39.225.240 - - [17/Aug/2026:06:02:44 -0400] "POST /wp-cron.php?doing_wp_cron=1786960964.8010039329528808593750 HTTP/1.1" 200 20 "-" "WordPress/7.0.4; https://www.biotechprocleaners.com"
162.144.21.160 - - [17/Aug/2026:06:02:43 -0400] "GET /wp-json/wp/v2/posts?per_page=20&_embed=author&_fields=_embedded HTTP/1.1" 200 26 "-" "Mozilla/5.0 (Windows NT 10.0; Win64; x64) AppleWebKit/537.36 (KHTML, like Gecko) Chrome/151.0.0.0 Safari/537.36, Mozilla/5.0 (Windows NT 10.0; Win64; x64) AppleWebKit/537.36 (KHTML, like Gecko) Chrome/151.0.0.0 Safari/537.36"
173.254.104.138 - - [17/Aug/2026:06:02:48 -0400] "POST /graphql HTTP/1.1" 200 39517 "-" "Mozilla/5.0 (Windows NT 10.0; Win64; x64) AppleWebKit/537.36 (KHTML, like Gecko) Chrome/151.0.0.0 Safari/537.36, Mozilla/5.0 (Macintosh; Intel Mac OS X 10_15_7) AppleWebKit/537.36 (KHTML, like Gecko) Chrome/151.0.0.0 Safari/537.36"
108.167.161.148 - - [17/Aug/2026:06:03:11 -0400] "GET /author-sitemap.xml HTTP/1.1" 200 377 "-" "Mozilla/5.0 (Windows NT 10.0; Win64; x64) AppleWebKit/537.36 (KHTML, like Gecko) Chrome/151.0.0.0 Safari/537.36, Mozilla/5.0 (X11; Linux x86_64) AppleWebKit/537.36 (KHTML, like Gecko) Chrome/151.0.0.0 Safari/537.36"
69.39.225.240 - - [17/Aug/2026:06:03:14 -0400] "POST /wp-cron.php?doing_wp_cron=1786960994.4787731170654296875000 HTTP/1.1" 200 20 "-" "WordPress/7.0.4; https://www.biotechprocleaners.com"
152.53.241.200 - - [17/Aug/2026:06:03:13 -0400] "GET /wp-json/rankmath/v1/getHead?url=https://biotechprocleaners.com HTTP/1.1" 200 117 "-" "Mozilla/5.0 (Windows NT 10.0; Win64; x64) AppleWebKit/537.36 (KHTML, like Gecko) Chrome/151.0.0.0 Safari/537.36, Mozilla/5.0 (Windows NT 10.0; Win64; x64) AppleWebKit/537.36 (KHTML, like Gecko) Chrome/151.0.0.0 Safari/537.36"
69.39.225.240 - - [17/Aug/2026:06:04:41 -0400] "POST /wp-cron.php?doing_wp_cron=1786961081.4275629520416259765625 HTTP/1.1" 200 20 "-" "WordPress/7.0.4; https://www.biotechprocleaners.com"
108.167.161.148 - - [17/Aug/2026:06:04:40 -0400] "GET /?rest_route=/wp/v2/users&_jsonp=callback&per_page=100&_fields=id,slug HTTP/1.1" 200 79 "-" "Mozilla/5.0 (Windows NT 10.0; Win64; x64) AppleWebKit/537.36 (KHTML, like Gecko) Chrome/151.0.0.0 Safari/537.36, Mozilla/5.0 (X11; Linux x86_64) AppleWebKit/537.36 (KHTML, like Gecko) Chrome/151.0.0.0 Safari/537.36"
69.39.225.240 - - [17/Aug/2026:06:08:01 -0400] "POST /wp-cron.php?doing_wp_cron=1786961281.7208290100097656250000 HTTP/1.1" 200 20 "-" "WordPress/7.0.4; https://www.biotechprocleaners.com"
170.245.94.154 - - [17/Aug/2026:06:08:00 -0400] "GET /portfolio-sitemap.xml HTTP/1.1" 200 795 "-" "Mozilla/5.0 (Macintosh; Intel Mac OS X 15.1; rv:127.0) Gecko/20100101 Firefox/127.0"
69.39.225.240 - - [17/Aug/2026:06:10:10 -0400] "POST /wp-cron.php?doing_wp_cron=1786961409.9119849205017089843750 HTTP/1.1" 200 20 "-" "WordPress/7.0.4; https://www.biotechprocleaners.com"
18.215.49.176 - - [17/Aug/2026:06:10:08 -0400] "GET /surface/workshops/?areas=storage-sheds HTTP/1.1" 200 32382 "-" "Mozilla/5.0 AppleWebKit/537.36 (KHTML, like Gecko; compatible; Amazonbot/0.1; +https://developer.amazon.com/support/amazonbot) Chrome/119.0.6045.214 Safari/537.36"
69.39.225.240 - - [17/Aug/2026:06:10:17 -0400] "POST /wp-cron.php?doing_wp_cron=1786961417.4382939338684082031250 HTTP/1.1" 200 20 "-" "WordPress/7.0.4; https://www.biotechprocleaners.com"
18.213.27.222 - - [17/Aug/2026:06:10:16 -0400] "GET /surface/workshops/?surfaces=fabrics HTTP/1.1" 200 32373 "-" "Mozilla/5.0 AppleWebKit/537.36 (KHTML, like Gecko; compatible; Amazonbot/0.1; +https://developer.amazon.com/support/amazonbot) Chrome/119.0.6045.214 Safari/537.36"
52.200.251.20 - - [17/Aug/2026:06:10:20 -0400] "GET /surface/workshops/?surfaces=natural-stones HTTP/1.1" 200 32384 "-" "Mozilla/5.0 AppleWebKit/537.36 (KHTML, like Gecko; compatible; Amazonbot/0.1; +https://developer.amazon.com/support/amazonbot) Chrome/119.0.6045.214 Safari/537.36"
54.85.7.119 - - [17/Aug/2026:06:10:32 -0400] "GET /surface/workshops/?surfaces=plastic HTTP/1.1" 200 32371 "-" "Mozilla/5.0 AppleWebKit/537.36 (KHTML, like Gecko; compatible; Amazonbot/0.1; +https://developer.amazon.com/support/amazonbot) Chrome/119.0.6045.214 Safari/537.36"
69.39.225.240 - - [17/Aug/2026:06:11:25 -0400] "POST /wp-cron.php?doing_wp_cron=1786961485.4342219829559326171875 HTTP/1.1" 200 20 "-" "WordPress/7.0.4; https://www.biotechprocleaners.com"
52.23.112.144 - - [17/Aug/2026:06:11:24 -0400] "GET /surface/floors-in-plant/?areas=limescale HTTP/1.1" 200 32395 "-" "Mozilla/5.0 AppleWebKit/537.36 (KHTML, like Gecko; compatible; Amazonbot/0.1; +https://developer.amazon.com/support/amazonbot) Chrome/119.0.6045.214 Safari/537.36"
69.39.225.240 - - [17/Aug/2026:06:11:53 -0400] "POST /wp-cron.php?doing_wp_cron=1786961513.7980120182037353515625 HTTP/1.1" 200 20 "-" "WordPress/7.0.4; https://www.biotechprocleaners.com"
98.84.60.17 - - [17/Aug/2026:06:11:52 -0400] "GET /surface/kitchen/?amp&surfaces=covers HTTP/1.1" 200 32379 "-" "Mozilla/5.0 AppleWebKit/537.36 (KHTML, like Gecko; compatible; Amazonbot/0.1; +https://developer.amazon.com/support/amazonbot) Chrome/119.0.6045.214 Safari/537.36"
52.45.194.165 - - [17/Aug/2026:06:12:00 -0400] "GET /surface/kitchen/?amp&surfaces=medical-equipment HTTP/1.1" 200 32392 "-" "Mozilla/5.0 AppleWebKit/537.36 (KHTML, like Gecko; compatible; Amazonbot/0.1; +https://developer.amazon.com/support/amazonbot) Chrome/119.0.6045.214 Safari/537.36"
69.39.225.240 - - [17/Aug/2026:06:12:17 -0400] "POST /wp-cron.php?doing_wp_cron=1786961537.3323791027069091796875 HTTP/1.1" 200 20 "-" "WordPress/7.0.4; https://www.biotechprocleaners.com"
44.218.6.93 - - [17/Aug/2026:06:12:16 -0400] "GET /surface/kitchen/?amp&surfaces=oil-residues HTTP/1.1" 200 32385 "-" "Mozilla/5.0 AppleWebKit/537.36 (KHTML, like Gecko; compatible; Amazonbot/0.1; +https://developer.amazon.com/support/amazonbot) Chrome/119.0.6045.214 Safari/537.36"
52.21.62.139 - - [17/Aug/2026:06:12:20 -0400] "GET /surface/kitchen/?amp&surfaces=factories HTTP/1.1" 200 32382 "-" "Mozilla/5.0 AppleWebKit/537.36 (KHTML, like Gecko; compatible; Amazonbot/0.1; +https://developer.amazon.com/support/amazonbot) Chrome/119.0.6045.214 Safari/537.36"
54.84.147.79 - - [17/Aug/2026:06:12:28 -0400] "GET /surface/kitchen/?amp&surfaces=industrial-machinery HTTP/1.1" 200 32392 "-" "Mozilla/5.0 AppleWebKit/537.36 (KHTML, like Gecko; compatible; Amazonbot/0.1; +https://developer.amazon.com/support/amazonbot) Chrome/119.0.6045.214 Safari/537.36"
69.39.225.240 - - [17/Aug/2026:06:13:45 -0400] "POST /wp-cron.php?doing_wp_cron=1786961625.6524410247802734375000 HTTP/1.1" 200 20 "-" "WordPress/7.0.4; https://www.biotechprocleaners.com"
44.215.235.20 - - [17/Aug/2026:06:13:44 -0400] "GET /surface/medical-equipment/?surfaces=marbles HTTP/1.1" 200 32391 "-" "Mozilla/5.0 AppleWebKit/537.36 (KHTML, like Gecko; compatible; Amazonbot/0.1; +https://developer.amazon.com/support/amazonbot) Chrome/119.0.6045.214 Safari/537.36"
18.207.79.144 - - [17/Aug/2026:06:13:48 -0400] "GET /surface/medical-equipment/?surfaces=kitchen-sink HTTP/1.1" 200 32400 "-" "Mozilla/5.0 AppleWebKit/537.36 (KHTML, like Gecko; compatible; Amazonbot/0.1; +https://developer.amazon.com/support/amazonbot) Chrome/119.0.6045.214 Safari/537.36"
98.83.177.42 - - [17/Aug/2026:06:13:52 -0400] "GET /product-category/recreational-convention-centers/?amp&areas=soap-scum HTTP/1.1" 200 40731 "-" "Mozilla/5.0 AppleWebKit/537.36 (KHTML, like Gecko; compatible; Amazonbot/0.1; +https://developer.amazon.com/support/amazonbot) Chrome/119.0.6045.214 Safari/537.36"
69.39.225.240 - - [17/Aug/2026:06:14:21 -0400] "POST /wp-cron.php?doing_wp_cron=1786961661.5492780208587646484375 HTTP/1.1" 200 20 "-" "WordPress/7.0.4; https://www.biotechprocleaners.com"
18.215.24.66 - - [17/Aug/2026:06:14:20 -0400] "GET /surface/floors-in-plant/?areas=covers HTTP/1.1" 200 32395 "-" "Mozilla/5.0 AppleWebKit/537.36 (KHTML, like Gecko; compatible; Amazonbot/0.1; +https://developer.amazon.com/support/amazonbot) Chrome/119.0.6045.214 Safari/537.36"
52.5.242.243 - - [17/Aug/2026:06:14:24 -0400] "GET /surface/floors-in-plant/?areas=tires-marks HTTP/1.1" 200 32405 "-" "Mozilla/5.0 AppleWebKit/537.36 (KHTML, like Gecko; compatible; Amazonbot/0.1; +https://developer.amazon.com/support/amazonbot) Chrome/119.0.6045.214 Safari/537.36"
34.231.45.47 - - [17/Aug/2026:06:14:32 -0400] "GET /surface/floors-in-plant/?areas=soot HTTP/1.1" 200 32393 "-" "Mozilla/5.0 AppleWebKit/537.36 (KHTML, like Gecko; compatible; Amazonbot/0.1; +https://developer.amazon.com/support/amazonbot) Chrome/119.0.6045.214 Safari/537.36"
52.1.157.90 - - [17/Aug/2026:06:14:36 -0400] "GET /surface/floors-in-plant/?areas=inox HTTP/1.1" 200 32393 "-" "Mozilla/5.0 AppleWebKit/537.36 (KHTML, like Gecko; compatible; Amazonbot/0.1; +https://developer.amazon.com/support/amazonbot) Chrome/119.0.6045.214 Safari/537.36"
43.133.91.48 - - [17/Aug/2026:06:14:46 -0400] "GET / HTTP/1.1" 200 49538 "http://biotechprocleaners.com" "Mozilla/5.0 (iPhone; CPU iPhone OS 13_2_3 like Mac OS X) AppleWebKit/605.1.15 (KHTML, like Gecko) Version/13.0.3 Mobile/15E148 Safari/604.1"
69.39.225.240 - - [17/Aug/2026:06:18:23 -0400] "POST /wp-cron.php?doing_wp_cron=1786961903.0045919418334960937500 HTTP/1.1" 200 20 "-" "WordPress/7.0.4; https://www.biotechprocleaners.com"
50.19.102.70 - - [17/Aug/2026:06:18:21 -0400] "GET /product-category/retail/?amp&surfaces=ink HTTP/1.1" 200 40678 "-" "Mozilla/5.0 AppleWebKit/537.36 (KHTML, like Gecko; compatible; Amazonbot/0.1; +https://developer.amazon.com/support/amazonbot) Chrome/119.0.6045.214 Safari/537.36"
69.39.225.240 - - [17/Aug/2026:06:21:02 -0400] "POST /wp-cron.php?doing_wp_cron=1786962062.5053930282592773437500 HTTP/1.1" 200 20 "-" "WordPress/7.0.4; https://www.biotechprocleaners.com"
18.213.240.226 - - [17/Aug/2026:06:21:00 -0400] "GET /product-category/all-industries/?surfaces=ink HTTP/1.1" 200 46912 "-" "Mozilla/5.0 AppleWebKit/537.36 (KHTML, like Gecko; compatible; Amazonbot/0.1; +https://developer.amazon.com/support/amazonbot) Chrome/119.0.6045.214 Safari/537.36"
69.39.225.240 - - [17/Aug/2026:06:21:55 -0400] "POST /wp-cron.php?doing_wp_cron=1786962115.3808369636535644531250 HTTP/1.1" 200 20 "-" "WordPress/7.0.4; https://www.biotechprocleaners.com"
45.12.3.48 - - [17/Aug/2026:06:21:54 -0400] "GET //images/images/cache.php HTTP/1.1" 200 20 "-" "Mozilla/5.0 (Windows NT 10.0; Win64; x64; rv:81.0) Gecko/20100101 Firefox/81.0"
69.39.225.240 - - [17/Aug/2026:06:22:25 -0400] "POST /wp-cron.php?doing_wp_cron=1786962145.8158910274505615234375 HTTP/1.1" 200 20 "-" "WordPress/7.0.4; https://www.biotechprocleaners.com"
188.72.13.211 - - [17/Aug/2026:06:22:24 -0400] "GET /removal-sitemap.xml HTTP/1.1" 200 379 "-" "Mozilla/5.0 (Macintosh; Intel Mac OS X 11_7_0) AppleWebKit/537.36 (KHTML, like Gecko) Chrome/134.0.6998.88 Safari/537.36"
69.39.225.240 - - [17/Aug/2026:06:23:33 -0400] "POST /wp-cron.php?doing_wp_cron=1786962213.1466701030731201171875 HTTP/1.1" 200 20 "-" "WordPress/7.0.4; https://www.biotechprocleaners.com"
52.20.199.241 - - [17/Aug/2026:06:23:32 -0400] "GET /wp-json/wc/store/v1/products/dishwashing-liquid-hard-water HTTP/1.1" 200 1612 "-" "Mozilla/5.0 (Macintosh; Intel Mac OS X 10_15_7) AppleWebKit/537.36 (KHTML, like Gecko) Chrome/150.0.0.0 Safari/537.36 Edg/150.0.0.0"
34.233.171.55 - - [17/Aug/2026:06:23:34 -0400] "GET /wp-json/wc/store/v1/products/disinfectant-cleaner HTTP/1.1" 200 1743 "-" "Mozilla/5.0 (iPhone; CPU iPhone OS 18_7 like Mac OS X) AppleWebKit/605.1.15 (KHTML, like Gecko) Version/27.0 EdgiOS/150.0.0.0 Mobile/15E148 Safari/604.1"
34.200.110.83 - - [17/Aug/2026:06:23:34 -0400] "GET /wp-json/wc/store/v1/products/2616 HTTP/1.1" 200 946 "-" "Mozilla/5.0 (Macintosh; Intel Mac OS X 10_15_7) AppleWebKit/537.36 (KHTML, like Gecko) Chrome/150.0.0.0 Safari/537.36 Edg/150.0.0.0"
52.207.30.153 - - [17/Aug/2026:06:23:36 -0400] "GET /wp-json/wc/store/v1/products/1999 HTTP/1.1" 200 919 "-" "Mozilla/5.0 (iPhone; CPU iPhone OS 18_7 like Mac OS X) AppleWebKit/605.1.15 (KHTML, like Gecko) Version/27.0 EdgiOS/150.0.0.0 Mobile/15E148 Safari/604.1"
3.229.132.224 - - [17/Aug/2026:06:23:37 -0400] "GET /wp-json/wc/store/v1/products/high-performance-surface-degreaser HTTP/1.1" 200 1453 "-" "Mozilla/5.0 (Macintosh; Intel Mac OS X 10_15_7) AppleWebKit/537.36 (KHTML, like Gecko) Chrome/150.0.0.0 Safari/537.36 Edg/150.0.0.0"
18.204.188.86 - - [17/Aug/2026:06:23:37 -0400] "GET /wp-json/wc/store/v1/products/alkhaline-floor-cleaner-degreaser HTTP/1.1" 200 1528 "-" "Mozilla/5.0 (Macintosh; Intel Mac OS X 10_15_7) AppleWebKit/537.36 (KHTML, like Gecko) Chrome/150.0.0.0 Safari/537.36 Edg/150.0.0.0"
100.57.49.57 - - [17/Aug/2026:06:23:38 -0400] "GET /wp-json/wc/store/v1/products/cleaner-degreaser-hard-floors HTTP/1.1" 200 2136 "-" "Mozilla/5.0 (Windows NT 10.0; Win64; x64) AppleWebKit/537.36 (KHTML, like Gecko) Chrome/150.0.0.0 Safari/537.36 Edg/150.0.0.0"
34.237.199.186 - - [17/Aug/2026:06:23:39 -0400] "GET /wp-json/wc/store/v1/products/trash-bin-cleaner HTTP/1.1" 200 1436 "-" "Mozilla/5.0 (iPhone; CPU iPhone OS 18_7 like Mac OS X) AppleWebKit/605.1.15 (KHTML, like Gecko) CriOS/150.0.0.0 Mobile/15E148 Safari/604.1"
54.163.142.183 - - [17/Aug/2026:06:23:39 -0400] "GET /product/disinfectant-cleaner/?attribute_size=20+L HTTP/1.1" 200 50014 "-" "Mozilla/5.0 (Macintosh; Intel Mac OS X 10_15_7) AppleWebKit/537.36 (KHTML, like Gecko) Chrome/148.0.0.0 Safari/537.36"
34.199.15.83 - - [17/Aug/2026:06:23:39 -0400] "GET /wp-json/wc/store/v1/products/2601 HTTP/1.1" 200 938 "-" "Mozilla/5.0 (Macintosh; Intel Mac OS X 10_15_7) AppleWebKit/537.36 (KHTML, like Gecko) Chrome/150.0.0.0 Safari/537.36 Edg/150.0.0.0"
54.163.142.183 - - [17/Aug/2026:06:23:40 -0400] "GET /wp-content/plugins/woocommerce/assets/client/blocks/wc-blocks.css?ver=wc-10.2.4 HTTP/1.1" 200 2618 "https://www.biotechprocleaners.com/product/disinfectant-cleaner/?attribute_size=20+L" "Mozilla/5.0 (Macintosh; Intel Mac OS X 10_15_7) AppleWebKit/537.36 (KHTML, like Gecko) Chrome/148.0.0.0 Safari/537.36"
54.163.142.183 - - [17/Aug/2026:06:23:40 -0400] "GET /wp-content/plugins/amwerk/css/amwerk.css?ver=7.0.4 HTTP/1.1" 200 2 "https://www.biotechprocleaners.com/product/disinfectant-cleaner/?attribute_size=20+L" "Mozilla/5.0 (Macintosh; Intel Mac OS X 10_15_7) AppleWebKit/537.36 (KHTML, like Gecko) Chrome/148.0.0.0 Safari/537.36"
52.54.226.47 - - [17/Aug/2026:06:23:39 -0400] "GET /product/dishwashing-liquid-hard-water/?attribute_pa_size=24kg HTTP/1.1" 200 49224 "-" "Mozilla/5.0 (Macintosh; Intel Mac OS X 10_15_7) AppleWebKit/537.36 (KHTML, like Gecko) Chrome/148.0.0.0 Safari/537.36"
44.208.210.193 - - [17/Aug/2026:06:23:40 -0400] "GET /wp-content/plugins/bold-page-builder/slick/slick.css?ver=5.4.7 HTTP/1.1" 200 569 "https://www.biotechprocleaners.com/product/disinfectant-cleaner/?attribute_size=20+L" "Mozilla/5.0 (Macintosh; Intel Mac OS X 10_15_7) AppleWebKit/537.36 (KHTML, like Gecko) Chrome/148.0.0.0 Safari/537.36"
100.60.35.16 - - [17/Aug/2026:06:23:40 -0400] "GET /wp-content/plugins/bt_cost_calculator/style.min.css?ver=7.0.4 HTTP/1.1" 200 6264 "https://www.biotechprocleaners.com/product/disinfectant-cleaner/?attribute_size=20+L" "Mozilla/5.0 (Macintosh; Intel Mac OS X 10_15_7) AppleWebKit/537.36 (KHTML, like Gecko) Chrome/148.0.0.0 Safari/537.36"
44.208.210.193 - - [17/Aug/2026:06:23:40 -0400] "GET /wp-content/plugins/menu-image/includes/css/menu-image.css?ver=3.13 HTTP/1.1" 200 825 "https://www.biotechprocleaners.com/product/disinfectant-cleaner/?attribute_size=20+L" "Mozilla/5.0 (Macintosh; Intel Mac OS X 10_15_7) AppleWebKit/537.36 (KHTML, like Gecko) Chrome/148.0.0.0 Safari/537.36"
3.227.170.148 - - [17/Aug/2026:06:23:40 -0400] "GET /wp-content/plugins/bold-timeline-lite/style.css?ver=7.0.4 HTTP/1.1" 200 11859 "https://www.biotechprocleaners.com/product/disinfectant-cleaner/?attribute_size=20+L" "Mozilla/5.0 (Macintosh; Intel Mac OS X 10_15_7) AppleWebKit/537.36 (KHTML, like Gecko) Chrome/148.0.0.0 Safari/537.36"
54.163.142.183 - - [17/Aug/2026:06:23:40 -0400] "GET /wp-content/plugins/bold-page-builder/css/front_end/content_elements.crush.css?ver=5.4.7 HTTP/1.1" 200 31261 "https://www.biotechprocleaners.com/product/disinfectant-cleaner/?attribute_size=20+L" "Mozilla/5.0 (Macintosh; Intel Mac OS X 10_15_7) AppleWebKit/537.36 (KHTML, like Gecko) Chrome/148.0.0.0 Safari/537.36"
54.163.142.183 - - [17/Aug/2026:06:23:40 -0400] "GET /wp-includes/css/dashicons.min.css?ver=7.0.4 HTTP/1.1" 200 35721 "https://www.biotechprocleaners.com/product/disinfectant-cleaner/?attribute_size=20+L" "Mozilla/5.0 (Macintosh; Intel Mac OS X 10_15_7) AppleWebKit/537.36 (KHTML, like Gecko) Chrome/148.0.0.0 Safari/537.36"
44.208.210.193 - - [17/Aug/2026:06:23:40 -0400] "GET /wp-content/plugins/woocommerce/assets/css/photoswipe/photoswipe.min.css?ver=10.2.4 HTTP/1.1" 200 997 "https://www.biotechprocleaners.com/product/disinfectant-cleaner/?attribute_size=20+L" "Mozilla/5.0 (Macintosh; Intel Mac OS X 10_15_7) AppleWebKit/537.36 (KHTML, like Gecko) Chrome/148.0.0.0 Safari/537.36"
54.163.142.183 - - [17/Aug/2026:06:23:41 -0400] "GET /wp-content/themes/amwerk-child/style.css?ver=1.0.0 HTTP/1.1" 200 5759 "https://www.biotechprocleaners.com/product/disinfectant-cleaner/?attribute_size=20+L" "Mozilla/5.0 (Macintosh; Intel Mac OS X 10_15_7) AppleWebKit/537.36 (KHTML, like Gecko) Chrome/148.0.0.0 Safari/537.36"
3.227.170.148 - - [17/Aug/2026:06:23:41 -0400] "GET /wp-content/plugins/woocommerce/assets/css/brands.css?ver=10.2.4 HTTP/1.1" 200 684 "https://www.biotechprocleaners.com/product/disinfectant-cleaner/?attribute_size=20+L" "Mozilla/5.0 (Macintosh; Intel Mac OS X 10_15_7) AppleWebKit/537.36 (KHTML, like Gecko) Chrome/148.0.0.0 Safari/537.36"
100.60.35.16 - - [17/Aug/2026:06:23:41 -0400] "GET /wp-content/plugins/woocommerce/assets/css/photoswipe/default-skin/default-skin.min.css?ver=10.2.4 HTTP/1.1" 200 1952 "https://www.biotechprocleaners.com/product/disinfectant-cleaner/?attribute_size=20+L" "Mozilla/5.0 (Macintosh; Intel Mac OS X 10_15_7) AppleWebKit/537.36 (KHTML, like Gecko) Chrome/148.0.0.0 Safari/537.36"
54.163.142.183 - - [17/Aug/2026:06:23:41 -0400] "GET /wp-content/themes/amwerk/framework/css/style.css?ver=7.0.4 HTTP/1.1" 200 149 "https://www.biotechprocleaners.com/product/disinfectant-cleaner/?attribute_size=20+L" "Mozilla/5.0 (Macintosh; Intel Mac OS X 10_15_7) AppleWebKit/537.36 (KHTML, like Gecko) Chrome/148.0.0.0 Safari/537.36"
44.208.210.193 - - [17/Aug/2026:06:23:40 -0400] "GET /wp-content/themes/amwerk/style.css?ver=7.0.4 HTTP/1.1" 200 101092 "https://www.biotechprocleaners.com/product/disinfectant-cleaner/?attribute_size=20+L" "Mozilla/5.0 (Macintosh; Intel Mac OS X 10_15_7) AppleWebKit/537.36 (KHTML, like Gecko) Chrome/148.0.0.0 Safari/537.36"
54.163.142.183 - - [17/Aug/2026:06:23:41 -0400] "GET /wp-content/plugins/bold-page-builder/slick/slick.min.js?ver=5.4.7 HTTP/1.1" 200 10442 "https://www.biotechprocleaners.com/product/disinfectant-cleaner/?attribute_size=20+L" "Mozilla/5.0 (Macintosh; Intel Mac OS X 10_15_7) AppleWebKit/537.36 (KHTML, like Gecko) Chrome/148.0.0.0 Safari/537.36"
100.60.35.16 - - [17/Aug/2026:06:23:41 -0400] "GET /wp-content/plugins/amwerk/js/amwerk.js?ver=7.0.4 HTTP/1.1" 200 2 "https://www.biotechprocleaners.com/product/disinfectant-cleaner/?attribute_size=20+L" "Mozilla/5.0 (Macintosh; Intel Mac OS X 10_15_7) AppleWebKit/537.36 (KHTML, like Gecko) Chrome/148.0.0.0 Safari/537.36"
3.227.170.148 - - [17/Aug/2026:06:23:41 -0400] "GET /wp-includes/js/jquery/jquery-migrate.min.js?ver=3.4.1 HTTP/1.1" 200 4872 "https://www.biotechprocleaners.com/product/disinfectant-cleaner/?attribute_size=20+L" "Mozilla/5.0 (Macintosh; Intel Mac OS X 10_15_7) AppleWebKit/537.36 (KHTML, like Gecko) Chrome/148.0.0.0 Safari/537.36"
54.163.142.183 - - [17/Aug/2026:06:23:41 -0400] "GET /wp-includes/js/jquery/jquery.min.js?ver=3.7.1 HTTP/1.1" 200 30368 "https://www.biotechprocleaners.com/product/disinfectant-cleaner/?attribute_size=20+L" "Mozilla/5.0 (Macintosh; Intel Mac OS X 10_15_7) AppleWebKit/537.36 (KHTML, like Gecko) Chrome/148.0.0.0 Safari/537.36"
52.54.226.47 - - [17/Aug/2026:06:23:41 -0400] "GET /wp-content/plugins/woocommerce/assets/client/blocks/wc-blocks.css?ver=wc-10.2.4 HTTP/1.1" 200 2618 "https://www.biotechprocleaners.com/product/dishwashing-liquid-hard-water/?attribute_pa_size=24kg" "Mozilla/5.0 (Macintosh; Intel Mac OS X 10_15_7) AppleWebKit/537.36 (KHTML, like Gecko) Chrome/148.0.0.0 Safari/537.36"
100.60.35.16 - - [17/Aug/2026:06:23:41 -0400] "GET /wp-content/plugins/bold-page-builder/content_elements_misc/js/jquery.magnific-popup.min.js?ver=5.4.7 HTTP/1.1" 200 7435 "https://www.biotechprocleaners.com/product/disinfectant-cleaner/?attribute_size=20+L" "Mozilla/5.0 (Macintosh; Intel Mac OS X 10_15_7) AppleWebKit/537.36 (KHTML, like Gecko) Chrome/148.0.0.0 Safari/537.36"
54.163.142.183 - - [17/Aug/2026:06:23:41 -0400] "GET /wp-content/plugins/bold-timeline-lite/assets/js/bold-timeline.js?ver=7.0.4 HTTP/1.1" 200 2279 "https://www.biotechprocleaners.com/product/disinfectant-cleaner/?attribute_size=20+L" "Mozilla/5.0 (Macintosh; Intel Mac OS X 10_15_7) AppleWebKit/537.36 (KHTML, like Gecko) Chrome/148.0.0.0 Safari/537.36"
52.54.226.47 - - [17/Aug/2026:06:23:41 -0400] "GET /wp-content/plugins/amwerk/css/amwerk.css?ver=7.0.4 HTTP/1.1" 200 2 "https://www.biotechprocleaners.com/product/dishwashing-liquid-hard-water/?attribute_pa_size=24kg" "Mozilla/5.0 (Macintosh; Intel Mac OS X 10_15_7) AppleWebKit/537.36 (KHTML, like Gecko) Chrome/148.0.0.0 Safari/537.36"
54.163.142.183 - - [17/Aug/2026:06:23:41 -0400] "GET /wp-content/plugins/bold-timeline-lite/bold-builder-light/bt-bb-light.js?ver=7.0.4 HTTP/1.1" 200 553 "https://www.biotechprocleaners.com/product/disinfectant-cleaner/?attribute_size=20+L" "Mozilla/5.0 (Macintosh; Intel Mac OS X 10_15_7) AppleWebKit/537.36 (KHTML, like Gecko) Chrome/148.0.0.0 Safari/537.36"
3.227.170.148 - - [17/Aug/2026:06:23:41 -0400] "GET /wp-content/plugins/bold-page-builder/content_elements_misc/js/content_elements.js?ver=5.4.7 HTTP/1.1" 200 8986 "https://www.biotechprocleaners.com/product/disinfectant-cleaner/?attribute_size=20+L" "Mozilla/5.0 (Macintosh; Intel Mac OS X 10_15_7) AppleWebKit/537.36 (KHTML, like Gecko) Chrome/148.0.0.0 Safari/537.36"
35.153.252.25 - - [17/Aug/2026:06:23:41 -0400] "GET /wp-content/plugins/bold-page-builder/slick/slick.css?ver=5.4.7 HTTP/1.1" 200 569 "https://www.biotechprocleaners.com/product/dishwashing-liquid-hard-water/?attribute_pa_size=24kg" "Mozilla/5.0 (Macintosh; Intel Mac OS X 10_15_7) AppleWebKit/537.36 (KHTML, like Gecko) Chrome/148.0.0.0 Safari/537.36"
100.62.230.153 - - [17/Aug/2026:06:23:41 -0400] "GET /wp-content/plugins/bold-page-builder/css/front_end/content_elements.crush.css?ver=5.4.7 HTTP/1.1" 200 31261 "https://www.biotechprocleaners.com/product/dishwashing-liquid-hard-water/?attribute_pa_size=24kg" "Mozilla/5.0 (Macintosh; Intel Mac OS X 10_15_7) AppleWebKit/537.36 (KHTML, like Gecko) Chrome/148.0.0.0 Safari/537.36"
100.62.230.153 - - [17/Aug/2026:06:23:41 -0400] "GET /wp-content/plugins/bt_cost_calculator/style.min.css?ver=7.0.4 HTTP/1.1" 200 6264 "https://www.biotechprocleaners.com/product/dishwashing-liquid-hard-water/?attribute_pa_size=24kg" "Mozilla/5.0 (Macintosh; Intel Mac OS X 10_15_7) AppleWebKit/537.36 (KHTML, like Gecko) Chrome/148.0.0.0 Safari/537.36"
100.62.230.153 - - [17/Aug/2026:06:23:41 -0400] "GET /wp-content/plugins/bold-timeline-lite/style.css?ver=7.0.4 HTTP/1.1" 200 11859 "https://www.biotechprocleaners.com/product/dishwashing-liquid-hard-water/?attribute_pa_size=24kg" "Mozilla/5.0 (Macintosh; Intel Mac OS X 10_15_7) AppleWebKit/537.36 (KHTML, like Gecko) Chrome/148.0.0.0 Safari/537.36"
52.44.135.199 - - [17/Aug/2026:06:23:41 -0400] "GET /wp-content/plugins/menu-image/includes/css/menu-image.css?ver=3.13 HTTP/1.1" 200 825 "https://www.biotechprocleaners.com/product/dishwashing-liquid-hard-water/?attribute_pa_size=24kg" "Mozilla/5.0 (Macintosh; Intel Mac OS X 10_15_7) AppleWebKit/537.36 (KHTML, like Gecko) Chrome/148.0.0.0 Safari/537.36"
52.54.226.47 - - [17/Aug/2026:06:23:41 -0400] "GET /wp-includes/css/dashicons.min.css?ver=7.0.4 HTTP/1.1" 200 35721 "https://www.biotechprocleaners.com/product/dishwashing-liquid-hard-water/?attribute_pa_size=24kg" "Mozilla/5.0 (Macintosh; Intel Mac OS X 10_15_7) AppleWebKit/537.36 (KHTML, like Gecko) Chrome/148.0.0.0 Safari/537.36"
35.153.252.25 - - [17/Aug/2026:06:23:41 -0400] "GET /wp-content/plugins/woocommerce/assets/css/photoswipe/photoswipe.min.css?ver=10.2.4 HTTP/1.1" 200 997 "https://www.biotechprocleaners.com/product/dishwashing-liquid-hard-water/?attribute_pa_size=24kg" "Mozilla/5.0 (Macintosh; Intel Mac OS X 10_15_7) AppleWebKit/537.36 (KHTML, like Gecko) Chrome/148.0.0.0 Safari/537.36"
54.163.142.183 - - [17/Aug/2026:06:23:41 -0400] "GET /wp-content/plugins/cf7-redirect-thank-you-page/assets/js/redirect_method.js HTTP/1.1" 200 1175 "https://www.biotechprocleaners.com/product/disinfectant-cleaner/?attribute_size=20+L" "Mozilla/5.0 (Macintosh; Intel Mac OS X 10_15_7) AppleWebKit/537.36 (KHTML, like Gecko) Chrome/148.0.0.0 Safari/537.36"
44.208.210.193 - - [17/Aug/2026:06:23:41 -0400] "GET /wp-content/plugins/bt_cost_calculator/cc.main.js?ver=7.0.4 HTTP/1.1" 200 6052 "https://www.biotechprocleaners.com/product/disinfectant-cleaner/?attribute_size=20+L" "Mozilla/5.0 (Macintosh; Intel Mac OS X 10_15_7) AppleWebKit/537.36 (KHTML, like Gecko) Chrome/148.0.0.0 Safari/537.36"
100.60.35.16 - - [17/Aug/2026:06:23:41 -0400] "GET /wp-content/plugins/bt_cost_calculator/jquery.dd.js?ver=7.0.4 HTTP/1.1" 200 11604 "https://www.biotechprocleaners.com/product/disinfectant-cleaner/?attribute_size=20+L" "Mozilla/5.0 (Macintosh; Intel Mac OS X 10_15_7) AppleWebKit/537.36 (KHTML, like Gecko) Chrome/148.0.0.0 Safari/537.36"
3.227.170.148 - - [17/Aug/2026:06:23:41 -0400] "GET /wp-content/uploads/2024/03/Superior-Cleaning.png HTTP/1.1" 200 10800 "https://www.biotechprocleaners.com/product/disinfectant-cleaner/?attribute_size=20+L" "Mozilla/5.0 (Macintosh; Intel Mac OS X 10_15_7) AppleWebKit/537.36 (KHTML, like Gecko) Chrome/148.0.0.0 Safari/537.36"
100.62.230.153 - - [17/Aug/2026:06:23:41 -0400] "GET /wp-content/plugins/woocommerce/assets/css/photoswipe/default-skin/default-skin.min.css?ver=10.2.4 HTTP/1.1" 200 1952 "https://www.biotechprocleaners.com/product/dishwashing-liquid-hard-water/?attribute_pa_size=24kg" "Mozilla/5.0 (Macintosh; Intel Mac OS X 10_15_7) AppleWebKit/537.36 (KHTML, like Gecko) Chrome/148.0.0.0 Safari/537.36"
100.62.230.153 - - [17/Aug/2026:06:23:41 -0400] "GET /wp-content/plugins/woocommerce/assets/css/brands.css?ver=10.2.4 HTTP/1.1" 200 684 "https://www.biotechprocleaners.com/product/dishwashing-liquid-hard-water/?attribute_pa_size=24kg" "Mozilla/5.0 (Macintosh; Intel Mac OS X 10_15_7) AppleWebKit/537.36 (KHTML, like Gecko) Chrome/148.0.0.0 Safari/537.36"
54.163.142.183 - - [17/Aug/2026:06:23:41 -0400] "GET /wp-content/uploads/2024/02/Manufacturing-Industries.jpg HTTP/1.1" 200 199205 "https://www.biotechprocleaners.com/product/disinfectant-cleaner/?attribute_size=20+L" "Mozilla/5.0 (Macintosh; Intel Mac OS X 10_15_7) AppleWebKit/537.36 (KHTML, like Gecko) Chrome/148.0.0.0 Safari/537.36"
52.54.226.47 - - [17/Aug/2026:06:23:41 -0400] "GET /wp-content/themes/amwerk-child/style.css?ver=1.0.0 HTTP/1.1" 200 5759 "https://www.biotechprocleaners.com/product/dishwashing-liquid-hard-water/?attribute_pa_size=24kg" "Mozilla/5.0 (Macintosh; Intel Mac OS X 10_15_7) AppleWebKit/537.36 (KHTML, like Gecko) Chrome/148.0.0.0 Safari/537.36"
100.62.230.153 - - [17/Aug/2026:06:23:41 -0400] "GET /wp-content/themes/amwerk/framework/css/style.css?ver=7.0.4 HTTP/1.1" 200 149 "https://www.biotechprocleaners.com/product/dishwashing-liquid-hard-water/?attribute_pa_size=24kg" "Mozilla/5.0 (Macintosh; Intel Mac OS X 10_15_7) AppleWebKit/537.36 (KHTML, like Gecko) Chrome/148.0.0.0 Safari/537.36"
54.163.142.183 - - [17/Aug/2026:06:23:41 -0400] "GET /wp-content/uploads/2024/03/Safe-for-Daily-Use.png HTTP/1.1" 200 12912 "https://www.biotechprocleaners.com/product/disinfectant-cleaner/?attribute_size=20+L" "Mozilla/5.0 (Macintosh; Intel Mac OS X 10_15_7) AppleWebKit/537.36 (KHTML, like Gecko) Chrome/148.0.0.0 Safari/537.36"
52.44.135.199 - - [17/Aug/2026:06:23:41 -0400] "GET /wp-content/themes/amwerk/style.css?ver=7.0.4 HTTP/1.1" 200 101092 "https://www.biotechprocleaners.com/product/dishwashing-liquid-hard-water/?attribute_pa_size=24kg" "Mozilla/5.0 (Macintosh; Intel Mac OS X 10_15_7) AppleWebKit/537.36 (KHTML, like Gecko) Chrome/148.0.0.0 Safari/537.36"
100.62.230.153 - - [17/Aug/2026:06:23:41 -0400] "GET /wp-content/plugins/bold-page-builder/slick/slick.min.js?ver=5.4.7 HTTP/1.1" 200 10442 "https://www.biotechprocleaners.com/product/dishwashing-liquid-hard-water/?attribute_pa_size=24kg" "Mozilla/5.0 (Macintosh; Intel Mac OS X 10_15_7) AppleWebKit/537.36 (KHTML, like Gecko) Chrome/148.0.0.0 Safari/537.36"
52.54.226.47 - - [17/Aug/2026:06:23:41 -0400] "GET /wp-content/plugins/amwerk/js/amwerk.js?ver=7.0.4 HTTP/1.1" 200 2 "https://www.biotechprocleaners.com/product/dishwashing-liquid-hard-water/?attribute_pa_size=24kg" "Mozilla/5.0 (Macintosh; Intel Mac OS X 10_15_7) AppleWebKit/537.36 (KHTML, like Gecko) Chrome/148.0.0.0 Safari/537.36"
100.62.230.153 - - [17/Aug/2026:06:23:41 -0400] "GET /wp-includes/js/jquery/jquery-migrate.min.js?ver=3.4.1 HTTP/1.1" 200 4872 "https://www.biotechprocleaners.com/product/dishwashing-liquid-hard-water/?attribute_pa_size=24kg" "Mozilla/5.0 (Macintosh; Intel Mac OS X 10_15_7) AppleWebKit/537.36 (KHTML, like Gecko) Chrome/148.0.0.0 Safari/537.36"
100.62.230.153 - - [17/Aug/2026:06:23:41 -0400] "GET /wp-includes/js/jquery/jquery.min.js?ver=3.7.1 HTTP/1.1" 200 30368 "https://www.biotechprocleaners.com/product/dishwashing-liquid-hard-water/?attribute_pa_size=24kg" "Mozilla/5.0 (Macintosh; Intel Mac OS X 10_15_7) AppleWebKit/537.36 (KHTML, like Gecko) Chrome/148.0.0.0 Safari/537.36"
54.163.142.183 - - [17/Aug/2026:06:23:41 -0400] "GET /wp-content/uploads/2024/03/100-Sustainable.png HTTP/1.1" 200 13308 "https://www.biotechprocleaners.com/product/disinfectant-cleaner/?attribute_size=20+L" "Mozilla/5.0 (Macintosh; Intel Mac OS X 10_15_7) AppleWebKit/537.36 (KHTML, like Gecko) Chrome/148.0.0.0 Safari/537.36"
54.163.142.183 - - [17/Aug/2026:06:23:41 -0400] "GET /wp-content/plugins/contact-form-7/includes/css/styles.css?ver=6.1.2 HTTP/1.1" 200 1031 "https://www.biotechprocleaners.com/product/disinfectant-cleaner/?attribute_size=20+L" "Mozilla/5.0 (Macintosh; Intel Mac OS X 10_15_7) AppleWebKit/537.36 (KHTML, like Gecko) Chrome/148.0.0.0 Safari/537.36"
100.62.230.153 - - [17/Aug/2026:06:23:41 -0400] "GET /wp-content/plugins/bold-page-builder/content_elements_misc/js/jquery.magnific-popup.min.js?ver=5.4.7 HTTP/1.1" 200 7435 "https://www.biotechprocleaners.com/product/dishwashing-liquid-hard-water/?attribute_pa_size=24kg" "Mozilla/5.0 (Macintosh; Intel Mac OS X 10_15_7) AppleWebKit/537.36 (KHTML, like Gecko) Chrome/148.0.0.0 Safari/537.36"
100.62.230.153 - - [17/Aug/2026:06:23:41 -0400] "GET /wp-content/plugins/bold-timeline-lite/assets/js/bold-timeline.js?ver=7.0.4 HTTP/1.1" 200 2279 "https://www.biotechprocleaners.com/product/dishwashing-liquid-hard-water/?attribute_pa_size=24kg" "Mozilla/5.0 (Macintosh; Intel Mac OS X 10_15_7) AppleWebKit/537.36 (KHTML, like Gecko) Chrome/148.0.0.0 Safari/537.36"
52.54.226.47 - - [17/Aug/2026:06:23:41 -0400] "GET /wp-content/plugins/bold-page-builder/content_elements_misc/js/content_elements.js?ver=5.4.7 HTTP/1.1" 200 8986 "https://www.biotechprocleaners.com/product/dishwashing-liquid-hard-water/?attribute_pa_size=24kg" "Mozilla/5.0 (Macintosh; Intel Mac OS X 10_15_7) AppleWebKit/537.36 (KHTML, like Gecko) Chrome/148.0.0.0 Safari/537.36"
100.62.230.153 - - [17/Aug/2026:06:23:41 -0400] "GET /wp-content/plugins/bold-timeline-lite/bold-builder-light/bt-bb-light.js?ver=7.0.4 HTTP/1.1" 200 553 "https://www.biotechprocleaners.com/product/dishwashing-liquid-hard-water/?attribute_pa_size=24kg" "Mozilla/5.0 (Macintosh; Intel Mac OS X 10_15_7) AppleWebKit/537.36 (KHTML, like Gecko) Chrome/148.0.0.0 Safari/537.36"
54.163.142.183 - - [17/Aug/2026:06:23:41 -0400] "GET /wp-content/plugins/amwerk/shortcodes/back_to_top/css/back_to_top.css?ver=7.0.4 HTTP/1.1" 200 346 "https://www.biotechprocleaners.com/product/disinfectant-cleaner/?attribute_size=20+L" "Mozilla/5.0 (Macintosh; Intel Mac OS X 10_15_7) AppleWebKit/537.36 (KHTML, like Gecko) Chrome/148.0.0.0 Safari/537.36"
54.163.142.183 - - [17/Aug/2026:06:23:41 -0400] "GET /wp-content/uploads/2023/12/logo_white.png HTTP/1.1" 200 41658 "https://www.biotechprocleaners.com/product/disinfectant-cleaner/?attribute_size=20+L" "Mozilla/5.0 (Macintosh; Intel Mac OS X 10_15_7) AppleWebKit/537.36 (KHTML, like Gecko) Chrome/148.0.0.0 Safari/537.36"
100.62.230.153 - - [17/Aug/2026:06:23:41 -0400] "GET /wp-content/plugins/bt_cost_calculator/jquery.dd.js?ver=7.0.4 HTTP/1.1" 200 11604 "https://www.biotechprocleaners.com/product/dishwashing-liquid-hard-water/?attribute_pa_size=24kg" "Mozilla/5.0 (Macintosh; Intel Mac OS X 10_15_7) AppleWebKit/537.36 (KHTML, like Gecko) Chrome/148.0.0.0 Safari/537.36"
52.44.135.199 - - [17/Aug/2026:06:23:41 -0400] "GET /wp-content/plugins/bt_cost_calculator/cc.main.js?ver=7.0.4 HTTP/1.1" 200 6052 "https://www.biotechprocleaners.com/product/dishwashing-liquid-hard-water/?attribute_pa_size=24kg" "Mozilla/5.0 (Macintosh; Intel Mac OS X 10_15_7) AppleWebKit/537.36 (KHTML, like Gecko) Chrome/148.0.0.0 Safari/537.36"
52.54.226.47 - - [17/Aug/2026:06:23:41 -0400] "GET /wp-content/plugins/cf7-redirect-thank-you-page/assets/js/redirect_method.js HTTP/1.1" 200 1175 "https://www.biotechprocleaners.com/product/dishwashing-liquid-hard-water/?attribute_pa_size=24kg" "Mozilla/5.0 (Macintosh; Intel Mac OS X 10_15_7) AppleWebKit/537.36 (KHTML, like Gecko) Chrome/148.0.0.0 Safari/537.36"
100.62.230.153 - - [17/Aug/2026:06:23:41 -0400] "GET /wp-content/uploads/2024/03/Superior-Cleaning.png HTTP/1.1" 200 10800 "https://www.biotechprocleaners.com/product/dishwashing-liquid-hard-water/?attribute_pa_size=24kg" "Mozilla/5.0 (Macintosh; Intel Mac OS X 10_15_7) AppleWebKit/537.36 (KHTML, like Gecko) Chrome/148.0.0.0 Safari/537.36"
54.163.142.183 - - [17/Aug/2026:06:23:41 -0400] "GET /wp-content/uploads/2024/03/Logo-StickyNav.png HTTP/1.1" 200 10336 "https://www.biotechprocleaners.com/product/disinfectant-cleaner/?attribute_size=20+L" "Mozilla/5.0 (Macintosh; Intel Mac OS X 10_15_7) AppleWebKit/537.36 (KHTML, like Gecko) Chrome/148.0.0.0 Safari/537.36"
100.62.230.153 - - [17/Aug/2026:06:23:41 -0400] "GET /wp-content/uploads/2024/03/Safe-for-Daily-Use.png HTTP/1.1" 200 12912 "https://www.biotechprocleaners.com/product/dishwashing-liquid-hard-water/?attribute_pa_size=24kg" "Mozilla/5.0 (Macintosh; Intel Mac OS X 10_15_7) AppleWebKit/537.36 (KHTML, like Gecko) Chrome/148.0.0.0 Safari/537.36"
100.62.230.153 - - [17/Aug/2026:06:23:41 -0400] "GET /wp-content/uploads/2024/02/Manufacturing-Industries.jpg HTTP/1.1" 200 199205 "https://www.biotechprocleaners.com/product/dishwashing-liquid-hard-water/?attribute_pa_size=24kg" "Mozilla/5.0 (Macintosh; Intel Mac OS X 10_15_7) AppleWebKit/537.36 (KHTML, like Gecko) Chrome/148.0.0.0 Safari/537.36"
54.163.142.183 - - [17/Aug/2026:06:23:41 -0400] "GET /wp-content/themes/amwerk-child/js/popup.js HTTP/1.1" 200 298 "https://www.biotechprocleaners.com/product/disinfectant-cleaner/?attribute_size=20+L" "Mozilla/5.0 (Macintosh; Intel Mac OS X 10_15_7) AppleWebKit/537.36 (KHTML, like Gecko) Chrome/148.0.0.0 Safari/537.36"
100.62.230.153 - - [17/Aug/2026:06:23:41 -0400] "GET /wp-content/uploads/2024/03/100-Sustainable.png HTTP/1.1" 200 13308 "https://www.biotechprocleaners.com/product/dishwashing-liquid-hard-water/?attribute_pa_size=24kg" "Mozilla/5.0 (Macintosh; Intel Mac OS X 10_15_7) AppleWebKit/537.36 (KHTML, like Gecko) Chrome/148.0.0.0 Safari/537.36"
100.62.230.153 - - [17/Aug/2026:06:23:41 -0400] "GET /wp-content/plugins/contact-form-7/includes/css/styles.css?ver=6.1.2 HTTP/1.1" 200 1031 "https://www.biotechprocleaners.com/product/dishwashing-liquid-hard-water/?attribute_pa_size=24kg" "Mozilla/5.0 (Macintosh; Intel Mac OS X 10_15_7) AppleWebKit/537.36 (KHTML, like Gecko) Chrome/148.0.0.0 Safari/537.36"
100.62.230.153 - - [17/Aug/2026:06:23:41 -0400] "GET /wp-content/uploads/2023/12/logo_white.png HTTP/1.1" 200 41658 "https://www.biotechprocleaners.com/product/dishwashing-liquid-hard-water/?attribute_pa_size=24kg" "Mozilla/5.0 (Macintosh; Intel Mac OS X 10_15_7) AppleWebKit/537.36 (KHTML, like Gecko) Chrome/148.0.0.0 Safari/537.36"
100.62.230.153 - - [17/Aug/2026:06:23:41 -0400] "GET /wp-content/plugins/amwerk/shortcodes/back_to_top/css/back_to_top.css?ver=7.0.4 HTTP/1.1" 200 346 "https://www.biotechprocleaners.com/product/dishwashing-liquid-hard-water/?attribute_pa_size=24kg" "Mozilla/5.0 (Macintosh; Intel Mac OS X 10_15_7) AppleWebKit/537.36 (KHTML, like Gecko) Chrome/148.0.0.0 Safari/537.36"
100.62.230.153 - - [17/Aug/2026:06:23:41 -0400] "GET /wp-content/uploads/2024/03/Logo-StickyNav.png HTTP/1.1" 200 10336 "https://www.biotechprocleaners.com/product/dishwashing-liquid-hard-water/?attribute_pa_size=24kg" "Mozilla/5.0 (Macintosh; Intel Mac OS X 10_15_7) AppleWebKit/537.36 (KHTML, like Gecko) Chrome/148.0.0.0 Safari/537.36"
100.62.230.153 - - [17/Aug/2026:06:23:41 -0400] "GET /wp-content/themes/amwerk-child/js/popup.js HTTP/1.1" 200 298 "https://www.biotechprocleaners.com/product/dishwashing-liquid-hard-water/?attribute_pa_size=24kg" "Mozilla/5.0 (Macintosh; Intel Mac OS X 10_15_7) AppleWebKit/537.36 (KHTML, like Gecko) Chrome/148.0.0.0 Safari/537.36"
54.163.142.183 - - [17/Aug/2026:06:23:41 -0400] "GET /wp-content/themes/amwerk/framework/js/fancySelect.js?ver=7.0.4 HTTP/1.1" 200 1727 "https://www.biotechprocleaners.com/product/disinfectant-cleaner/?attribute_size=20+L" "Mozilla/5.0 (Macintosh; Intel Mac OS X 10_15_7) AppleWebKit/537.36 (KHTML, like Gecko) Chrome/148.0.0.0 Safari/537.36"
69.39.225.240 - - [17/Aug/2026:06:23:41 -0400] "POST /wp-cron.php?doing_wp_cron=1786962221.2927300930023193359375 HTTP/1.1" 200 20 "-" "WordPress/7.0.4; https://www.biotechprocleaners.com"
100.62.230.153 - - [17/Aug/2026:06:23:41 -0400] "GET /wp-content/themes/amwerk/framework/js/fancySelect.js?ver=7.0.4 HTTP/1.1" 200 1727 "https://www.biotechprocleaners.com/product/dishwashing-liquid-hard-water/?attribute_pa_size=24kg" "Mozilla/5.0 (Macintosh; Intel Mac OS X 10_15_7) AppleWebKit/537.36 (KHTML, like Gecko) Chrome/148.0.0.0 Safari/537.36"
52.70.102.73 - - [17/Aug/2026:06:23:39 -0400] "GET /wp-json/wc/store/v1/products/2595 HTTP/1.1" 200 938 "-" "Mozilla/5.0 (Macintosh; Intel Mac OS X 10_15_7) AppleWebKit/537.36 (KHTML, like Gecko) Chrome/150.0.0.0 Safari/537.36 Edg/150.0.0.0"
54.163.142.183 - - [17/Aug/2026:06:23:41 -0400] "GET /wp-content/themes/amwerk/framework/js/header.misc.js?ver=7.0.4 HTTP/1.1" 200 2792 "https://www.biotechprocleaners.com/product/disinfectant-cleaner/?attribute_size=20+L" "Mozilla/5.0 (Macintosh; Intel Mac OS X 10_15_7) AppleWebKit/537.36 (KHTML, like Gecko) Chrome/148.0.0.0 Safari/537.36"
100.62.230.153 - - [17/Aug/2026:06:23:41 -0400] "GET /wp-content/themes/amwerk/framework/js/header.misc.js?ver=7.0.4 HTTP/1.1" 200 2792 "https://www.biotechprocleaners.com/product/dishwashing-liquid-hard-water/?attribute_pa_size=24kg" "Mozilla/5.0 (Macintosh; Intel Mac OS X 10_15_7) AppleWebKit/537.36 (KHTML, like Gecko) Chrome/148.0.0.0 Safari/537.36"
54.163.142.183 - - [17/Aug/2026:06:23:41 -0400] "GET /wp-content/themes/amwerk/framework/js/misc.js?ver=7.0.4 HTTP/1.1" 200 1958 "https://www.biotechprocleaners.com/product/disinfectant-cleaner/?attribute_size=20+L" "Mozilla/5.0 (Macintosh; Intel Mac OS X 10_15_7) AppleWebKit/537.36 (KHTML, like Gecko) Chrome/148.0.0.0 Safari/537.36"
100.62.230.153 - - [17/Aug/2026:06:23:41 -0400] "GET /wp-content/themes/amwerk/framework/js/misc.js?ver=7.0.4 HTTP/1.1" 200 1958 "https://www.biotechprocleaners.com/product/dishwashing-liquid-hard-water/?attribute_pa_size=24kg" "Mozilla/5.0 (Macintosh; Intel Mac OS X 10_15_7) AppleWebKit/537.36 (KHTML, like Gecko) Chrome/148.0.0.0 Safari/537.36"
54.163.142.183 - - [17/Aug/2026:06:23:41 -0400] "GET /wp-content/themes/amwerk/js/amwerk.js?ver=7.0.4 HTTP/1.1" 200 334 "https://www.biotechprocleaners.com/product/disinfectant-cleaner/?attribute_size=20+L" "Mozilla/5.0 (Macintosh; Intel Mac OS X 10_15_7) AppleWebKit/537.36 (KHTML, like Gecko) Chrome/148.0.0.0 Safari/537.36"
100.62.230.153 - - [17/Aug/2026:06:23:41 -0400] "GET /wp-content/themes/amwerk/js/amwerk.js?ver=7.0.4 HTTP/1.1" 200 334 "https://www.biotechprocleaners.com/product/dishwashing-liquid-hard-water/?attribute_pa_size=24kg" "Mozilla/5.0 (Macintosh; Intel Mac OS X 10_15_7) AppleWebKit/537.36 (KHTML, like Gecko) Chrome/148.0.0.0 Safari/537.36"
54.163.142.183 - - [17/Aug/2026:06:23:41 -0400] "GET /wp-content/plugins/woocommerce/assets/js/sourcebuster/sourcebuster.min.js?ver=10.2.4 HTTP/1.1" 200 4807 "https://www.biotechprocleaners.com/product/disinfectant-cleaner/?attribute_size=20+L" "Mozilla/5.0 (Macintosh; Intel Mac OS X 10_15_7) AppleWebKit/537.36 (KHTML, like Gecko) Chrome/148.0.0.0 Safari/537.36"
100.57.49.57 - - [17/Aug/2026:06:23:40 -0400] "GET /wp-json/wc/store/v1/products/1932 HTTP/1.1" 200 925 "-" "Mozilla/5.0 (Windows NT 10.0; Win64; x64) AppleWebKit/537.36 (KHTML, like Gecko) Chrome/150.0.0.0 Safari/537.36 Edg/150.0.0.0"
100.62.230.153 - - [17/Aug/2026:06:23:41 -0400] "GET /wp-content/plugins/woocommerce/assets/js/sourcebuster/sourcebuster.min.js?ver=10.2.4 HTTP/1.1" 200 4807 "https://www.biotechprocleaners.com/product/dishwashing-liquid-hard-water/?attribute_pa_size=24kg" "Mozilla/5.0 (Macintosh; Intel Mac OS X 10_15_7) AppleWebKit/537.36 (KHTML, like Gecko) Chrome/148.0.0.0 Safari/537.36"
54.163.142.183 - - [17/Aug/2026:06:23:41 -0400] "GET /wp-content/plugins/woocommerce/assets/js/frontend/order-attribution.min.js?ver=10.2.4 HTTP/1.1" 200 1128 "https://www.biotechprocleaners.com/product/disinfectant-cleaner/?attribute_size=20+L" "Mozilla/5.0 (Macintosh; Intel Mac OS X 10_15_7) AppleWebKit/537.36 (KHTML, like Gecko) Chrome/148.0.0.0 Safari/537.36"
100.62.230.153 - - [17/Aug/2026:06:23:41 -0400] "GET /wp-content/plugins/woocommerce/assets/js/frontend/order-attribution.min.js?ver=10.2.4 HTTP/1.1" 200 1128 "https://www.biotechprocleaners.com/product/dishwashing-liquid-hard-water/?attribute_pa_size=24kg" "Mozilla/5.0 (Macintosh; Intel Mac OS X 10_15_7) AppleWebKit/537.36 (KHTML, like Gecko) Chrome/148.0.0.0 Safari/537.36"
54.163.142.183 - - [17/Aug/2026:06:23:41 -0400] "GET /wp-includes/js/dist/vendor/wp-polyfill.min.js?ver=3.15.0 HTTP/1.1" 200 11897 "https://www.biotechprocleaners.com/product/disinfectant-cleaner/?attribute_size=20+L" "Mozilla/5.0 (Macintosh; Intel Mac OS X 10_15_7) AppleWebKit/537.36 (KHTML, like Gecko) Chrome/148.0.0.0 Safari/537.36"
100.62.230.153 - - [17/Aug/2026:06:23:41 -0400] "GET /wp-includes/js/dist/vendor/wp-polyfill.min.js?ver=3.15.0 HTTP/1.1" 200 11897 "https://www.biotechprocleaners.com/product/dishwashing-liquid-hard-water/?attribute_pa_size=24kg" "Mozilla/5.0 (Macintosh; Intel Mac OS X 10_15_7) AppleWebKit/537.36 (KHTML, like Gecko) Chrome/148.0.0.0 Safari/537.36"
