54.163.142.183 - - [17/Aug/2026:06:23:52 -0400] "GET /wp-content/plugins/amwerk/shortcodes/back_to_top/css/back_to_top.css?ver=7.0.4 HTTP/1.1" 200 346 "https://www.biotechprocleaners.com/product/food-desinfectant-degreaser-cleaner/?attribute_size=20+L" "Mozilla/5.0 (X11; Linux x86_64) AppleWebKit/537.36 (KHTML, like Gecko) Chrome/148.0.0.0 Safari/537.36 Edg/148.0.0.0"
100.60.35.16 - - [17/Aug/2026:06:23:52 -0400] "GET /wp-content/uploads/2023/12/logo_white.png HTTP/1.1" 200 41658 "https://www.biotechprocleaners.com/product/food-desinfectant-degreaser-cleaner/?attribute_size=20+L" "Mozilla/5.0 (X11; Linux x86_64) AppleWebKit/537.36 (KHTML, like Gecko) Chrome/148.0.0.0 Safari/537.36 Edg/148.0.0.0"
54.163.142.183 - - [17/Aug/2026:06:23:52 -0400] "GET /wp-content/uploads/2024/03/Logo-StickyNav.png HTTP/1.1" 200 10336 "https://www.biotechprocleaners.com/product/food-desinfectant-degreaser-cleaner/?attribute_size=20+L" "Mozilla/5.0 (X11; Linux x86_64) AppleWebKit/537.36 (KHTML, like Gecko) Chrome/148.0.0.0 Safari/537.36 Edg/148.0.0.0"
54.163.142.183 - - [17/Aug/2026:06:23:52 -0400] "GET /wp-content/themes/amwerk-child/js/popup.js HTTP/1.1" 200 298 "https://www.biotechprocleaners.com/product/food-desinfectant-degreaser-cleaner/?attribute_size=20+L" "Mozilla/5.0 (X11; Linux x86_64) AppleWebKit/537.36 (KHTML, like Gecko) Chrome/148.0.0.0 Safari/537.36 Edg/148.0.0.0"
54.163.142.183 - - [17/Aug/2026:06:23:52 -0400] "GET /wp-content/themes/amwerk/framework/js/fancySelect.js?ver=7.0.4 HTTP/1.1" 200 1727 "https://www.biotechprocleaners.com/product/food-desinfectant-degreaser-cleaner/?attribute_size=20+L" "Mozilla/5.0 (X11; Linux x86_64) AppleWebKit/537.36 (KHTML, like Gecko) Chrome/148.0.0.0 Safari/537.36 Edg/148.0.0.0"
100.51.62.183 - - [17/Aug/2026:06:23:48 -0400] "GET /wp-content/themes/amwerk-child/custom-slider.css?ver=7.0.4 HTTP/1.1" 200 39517 "https://www.biotechprocleaners.com/product/alkhaline-floor-cleaner-degreaser/?attribute_pa_size=1000l" "Mozilla/5.0 (Windows NT 10.0; Win64; x64) AppleWebKit/537.36 (KHTML, like Gecko) Chrome/148.0.0.0 Safari/537.36 Edg/148.0.0.0"
54.163.142.183 - - [17/Aug/2026:06:23:52 -0400] "GET /wp-content/themes/amwerk/framework/js/header.misc.js?ver=7.0.4 HTTP/1.1" 200 2792 "https://www.biotechprocleaners.com/product/food-desinfectant-degreaser-cleaner/?attribute_size=20+L" "Mozilla/5.0 (X11; Linux x86_64) AppleWebKit/537.36 (KHTML, like Gecko) Chrome/148.0.0.0 Safari/537.36 Edg/148.0.0.0"
44.205.46.138 - - [17/Aug/2026:06:23:52 -0400] "GET /wp-content/plugins/woocommerce/assets/js/jquery-blockui/jquery.blockUI.min.js?ver=2.7.0-wc.10.2.4 HTTP/1.1" 200 3537 "https://www.biotechprocleaners.com/product/alkhaline-floor-cleaner-degreaser/?attribute_pa_size=1000l" "Mozilla/5.0 (Windows NT 10.0; Win64; x64) AppleWebKit/537.36 (KHTML, like Gecko) Chrome/148.0.0.0 Safari/537.36 Edg/148.0.0.0"
54.163.142.183 - - [17/Aug/2026:06:23:52 -0400] "GET /wp-content/themes/amwerk/framework/js/misc.js?ver=7.0.4 HTTP/1.1" 200 1958 "https://www.biotechprocleaners.com/product/food-desinfectant-degreaser-cleaner/?attribute_size=20+L" "Mozilla/5.0 (X11; Linux x86_64) AppleWebKit/537.36 (KHTML, like Gecko) Chrome/148.0.0.0 Safari/537.36 Edg/148.0.0.0"
54.163.142.183 - - [17/Aug/2026:06:23:52 -0400] "GET /wp-content/themes/amwerk/js/amwerk.js?ver=7.0.4 HTTP/1.1" 200 334 "https://www.biotechprocleaners.com/product/food-desinfectant-degreaser-cleaner/?attribute_size=20+L" "Mozilla/5.0 (X11; Linux x86_64) AppleWebKit/537.36 (KHTML, like Gecko) Chrome/148.0.0.0 Safari/537.36 Edg/148.0.0.0"
44.205.46.138 - - [17/Aug/2026:06:23:52 -0400] "GET /wp-content/plugins/woocommerce/assets/js/frontend/add-to-cart.min.js?ver=10.2.4 HTTP/1.1" 200 1368 "https://www.biotechprocleaners.com/product/alkhaline-floor-cleaner-degreaser/?attribute_pa_size=1000l" "Mozilla/5.0 (Windows NT 10.0; Win64; x64) AppleWebKit/537.36 (KHTML, like Gecko) Chrome/148.0.0.0 Safari/537.36 Edg/148.0.0.0"
100.59.151.39 - - [17/Aug/2026:06:23:52 -0400] "GET /wp-content/plugins/woocommerce/assets/js/zoom/jquery.zoom.min.js?ver=1.7.21-wc.10.2.4 HTTP/1.1" 200 1192 "https://www.biotechprocleaners.com/product/alkhaline-floor-cleaner-degreaser/?attribute_pa_size=1000l" "Mozilla/5.0 (Windows NT 10.0; Win64; x64) AppleWebKit/537.36 (KHTML, like Gecko) Chrome/148.0.0.0 Safari/537.36 Edg/148.0.0.0"
100.63.13.4 - - [17/Aug/2026:06:23:52 -0400] "GET /wp-content/plugins/woocommerce/assets/js/photoswipe/photoswipe.min.js?ver=4.1.1-wc.10.2.4 HTTP/1.1" 200 12042 "https://www.biotechprocleaners.com/product/alkhaline-floor-cleaner-degreaser/?attribute_pa_size=1000l" "Mozilla/5.0 (Windows NT 10.0; Win64; x64) AppleWebKit/537.36 (KHTML, like Gecko) Chrome/148.0.0.0 Safari/537.36 Edg/148.0.0.0"
44.205.46.138 - - [17/Aug/2026:06:23:52 -0400] "GET /wp-content/plugins/woocommerce/assets/js/photoswipe/photoswipe-ui-default.min.js?ver=4.1.1-wc.10.2.4 HTTP/1.1" 200 3674 "https://www.biotechprocleaners.com/product/alkhaline-floor-cleaner-degreaser/?attribute_pa_size=1000l" "Mozilla/5.0 (Windows NT 10.0; Win64; x64) AppleWebKit/537.36 (KHTML, like Gecko) Chrome/148.0.0.0 Safari/537.36 Edg/148.0.0.0"
54.163.142.183 - - [17/Aug/2026:06:23:52 -0400] "GET /wp-content/plugins/woocommerce/assets/js/sourcebuster/sourcebuster.min.js?ver=10.2.4 HTTP/1.1" 200 4807 "https://www.biotechprocleaners.com/product/food-desinfectant-degreaser-cleaner/?attribute_size=20+L" "Mozilla/5.0 (X11; Linux x86_64) AppleWebKit/537.36 (KHTML, like Gecko) Chrome/148.0.0.0 Safari/537.36 Edg/148.0.0.0"
100.59.151.39 - - [17/Aug/2026:06:23:52 -0400] "GET /wp-content/plugins/woocommerce/assets/js/js-cookie/js.cookie.min.js?ver=2.1.4-wc.10.2.4 HTTP/1.1" 200 833 "https://www.biotechprocleaners.com/product/alkhaline-floor-cleaner-degreaser/?attribute_pa_size=1000l" "Mozilla/5.0 (Windows NT 10.0; Win64; x64) AppleWebKit/537.36 (KHTML, like Gecko) Chrome/148.0.0.0 Safari/537.36 Edg/148.0.0.0"
44.205.46.138 - - [17/Aug/2026:06:23:52 -0400] "GET /wp-content/plugins/woocommerce/assets/js/frontend/single-product.min.js?ver=10.2.4 HTTP/1.1" 200 2917 "https://www.biotechprocleaners.com/product/alkhaline-floor-cleaner-degreaser/?attribute_pa_size=1000l" "Mozilla/5.0 (Windows NT 10.0; Win64; x64) AppleWebKit/537.36 (KHTML, like Gecko) Chrome/148.0.0.0 Safari/537.36 Edg/148.0.0.0"
44.205.46.138 - - [17/Aug/2026:06:23:52 -0400] "GET /wp-content/plugins/woocommerce/assets/js/frontend/woocommerce.min.js?ver=10.2.4 HTTP/1.1" 200 1474 "https://www.biotechprocleaners.com/product/alkhaline-floor-cleaner-degreaser/?attribute_pa_size=1000l" "Mozilla/5.0 (Windows NT 10.0; Win64; x64) AppleWebKit/537.36 (KHTML, like Gecko) Chrome/148.0.0.0 Safari/537.36 Edg/148.0.0.0"
54.163.142.183 - - [17/Aug/2026:06:23:52 -0400] "GET /wp-content/plugins/woocommerce/assets/js/frontend/order-attribution.min.js?ver=10.2.4 HTTP/1.1" 200 1128 "https://www.biotechprocleaners.com/product/food-desinfectant-degreaser-cleaner/?attribute_size=20+L" "Mozilla/5.0 (X11; Linux x86_64) AppleWebKit/537.36 (KHTML, like Gecko) Chrome/148.0.0.0 Safari/537.36 Edg/148.0.0.0"
184.73.126.157 - - [17/Aug/2026:06:23:52 -0400] "GET /wp-content/uploads/2024/02/Food-Industry.jpg HTTP/1.1" 200 68418 "https://www.biotechprocleaners.com/product/alkhaline-floor-cleaner-degreaser/?attribute_pa_size=1000l" "Mozilla/5.0 (Windows NT 10.0; Win64; x64) AppleWebKit/537.36 (KHTML, like Gecko) Chrome/148.0.0.0 Safari/537.36 Edg/148.0.0.0"
100.63.13.4 - - [17/Aug/2026:06:23:52 -0400] "GET /wp-content/uploads/2024/02/Logistics-Transportation.jpg HTTP/1.1" 200 219251 "https://www.biotechprocleaners.com/product/alkhaline-floor-cleaner-degreaser/?attribute_pa_size=1000l" "Mozilla/5.0 (Windows NT 10.0; Win64; x64) AppleWebKit/537.36 (KHTML, like Gecko) Chrome/148.0.0.0 Safari/537.36 Edg/148.0.0.0"
44.205.46.138 - - [17/Aug/2026:06:23:52 -0400] "GET /wp-content/uploads/2024/02/Corporate-Residential-Buildings.jpg HTTP/1.1" 200 107754 "https://www.biotechprocleaners.com/product/alkhaline-floor-cleaner-degreaser/?attribute_pa_size=1000l" "Mozilla/5.0 (Windows NT 10.0; Win64; x64) AppleWebKit/537.36 (KHTML, like Gecko) Chrome/148.0.0.0 Safari/537.36 Edg/148.0.0.0"
44.205.46.138 - - [17/Aug/2026:06:23:52 -0400] "GET /wp-content/uploads/2024/02/Recreational-Convention-Centers.jpg HTTP/1.1" 200 176455 "https://www.biotechprocleaners.com/product/alkhaline-floor-cleaner-degreaser/?attribute_pa_size=1000l" "Mozilla/5.0 (Windows NT 10.0; Win64; x64) AppleWebKit/537.36 (KHTML, like Gecko) Chrome/148.0.0.0 Safari/537.36 Edg/148.0.0.0"
100.59.151.39 - - [17/Aug/2026:06:23:52 -0400] "GET /wp-content/uploads/2024/02/Hospitality-Industry.jpg HTTP/1.1" 200 84885 "https://www.biotechprocleaners.com/product/alkhaline-floor-cleaner-degreaser/?attribute_pa_size=1000l" "Mozilla/5.0 (Windows NT 10.0; Win64; x64) AppleWebKit/537.36 (KHTML, like Gecko) Chrome/148.0.0.0 Safari/537.36 Edg/148.0.0.0"
54.163.142.183 - - [17/Aug/2026:06:23:52 -0400] "GET /wp-includes/js/dist/vendor/wp-polyfill.min.js?ver=3.15.0 HTTP/1.1" 200 11897 "https://www.biotechprocleaners.com/product/food-desinfectant-degreaser-cleaner/?attribute_size=20+L" "Mozilla/5.0 (X11; Linux x86_64) AppleWebKit/537.36 (KHTML, like Gecko) Chrome/148.0.0.0 Safari/537.36 Edg/148.0.0.0"
100.63.13.4 - - [17/Aug/2026:06:23:52 -0400] "GET /wp-content/themes/amwerk/fonts/Icon7Stroke/Icon7Stroke.woff HTTP/1.1" 200 28526 "https://www.biotechprocleaners.com/product/alkhaline-floor-cleaner-degreaser/?attribute_pa_size=1000l" "Mozilla/5.0 (Windows NT 10.0; Win64; x64) AppleWebKit/537.36 (KHTML, like Gecko) Chrome/148.0.0.0 Safari/537.36 Edg/148.0.0.0"
100.55.106.63 - - [17/Aug/2026:06:23:48 -0400] "GET /wp-content/themes/amwerk-child/custom-slider.js?ver=1.0 HTTP/1.1" 200 39513 "https://www.biotechprocleaners.com/product/alkhaline-floor-cleaner-degreaser/?attribute_pa_size=1000l" "Mozilla/5.0 (Windows NT 10.0; Win64; x64) AppleWebKit/537.36 (KHTML, like Gecko) Chrome/148.0.0.0 Safari/537.36 Edg/148.0.0.0"
100.59.151.39 - - [17/Aug/2026:06:23:52 -0400] "GET /wp-content/themes/amwerk/fonts/Charts/Charts.woff HTTP/1.1" 200 18429 "https://www.biotechprocleaners.com/product/alkhaline-floor-cleaner-degreaser/?attribute_pa_size=1000l" "Mozilla/5.0 (Windows NT 10.0; Win64; x64) AppleWebKit/537.36 (KHTML, like Gecko) Chrome/148.0.0.0 Safari/537.36 Edg/148.0.0.0"
184.73.126.157 - - [17/Aug/2026:06:23:52 -0400] "GET /wp-content/themes/amwerk/fonts/FontAwesome5Solid/FontAwesome5Solid.woff HTTP/1.1" 200 104027 "https://www.biotechprocleaners.com/product/alkhaline-floor-cleaner-degreaser/?attribute_pa_size=1000l" "Mozilla/5.0 (Windows NT 10.0; Win64; x64) AppleWebKit/537.36 (KHTML, like Gecko) Chrome/148.0.0.0 Safari/537.36 Edg/148.0.0.0"
54.163.142.183 - - [17/Aug/2026:06:23:52 -0400] "GET /wp-content/plugins/contact-form-7/modules/recaptcha/index.js?ver=6.1.2 HTTP/1.1" 200 483 "https://www.biotechprocleaners.com/product/food-desinfectant-degreaser-cleaner/?attribute_size=20+L" "Mozilla/5.0 (X11; Linux x86_64) AppleWebKit/537.36 (KHTML, like Gecko) Chrome/148.0.0.0 Safari/537.36 Edg/148.0.0.0"
100.63.13.4 - - [17/Aug/2026:06:23:52 -0400] "GET /wp-content/themes/amwerk/fonts/FontAwesome/FontAwesome.woff HTTP/1.1" 200 97913 "https://www.biotechprocleaners.com/product/alkhaline-floor-cleaner-degreaser/?attribute_pa_size=1000l" "Mozilla/5.0 (Windows NT 10.0; Win64; x64) AppleWebKit/537.36 (KHTML, like Gecko) Chrome/148.0.0.0 Safari/537.36 Edg/148.0.0.0"
100.55.106.63 - - [17/Aug/2026:06:23:52 -0400] "GET /wp-content/uploads/2024/06/down-arrow.png HTTP/1.1" 200 2054 "https://www.biotechprocleaners.com/wp-content/themes/amwerk-child/style.css?ver=1.0.0" "Mozilla/5.0 (Windows NT 10.0; Win64; x64) AppleWebKit/537.36 (KHTML, like Gecko) Chrome/148.0.0.0 Safari/537.36 Edg/148.0.0.0"
54.163.142.183 - - [17/Aug/2026:06:23:52 -0400] "GET /wp-includes/js/dist/hooks.min.js?ver=7496969728ca0f95732d HTTP/1.1" 200 1829 "https://www.biotechprocleaners.com/product/food-desinfectant-degreaser-cleaner/?attribute_size=20+L" "Mozilla/5.0 (X11; Linux x86_64) AppleWebKit/537.36 (KHTML, like Gecko) Chrome/148.0.0.0 Safari/537.36 Edg/148.0.0.0"
44.205.46.138 - - [17/Aug/2026:06:23:52 -0400] "GET /wp-content/themes/amwerk/fonts/Werkmann/Werkmann.woff HTTP/1.1" 200 75952 "https://www.biotechprocleaners.com/product/alkhaline-floor-cleaner-degreaser/?attribute_pa_size=1000l" "Mozilla/5.0 (Windows NT 10.0; Win64; x64) AppleWebKit/537.36 (KHTML, like Gecko) Chrome/148.0.0.0 Safari/537.36 Edg/148.0.0.0"
44.205.46.138 - - [17/Aug/2026:06:23:52 -0400] "GET /wp-content/themes/amwerk/fonts/Amwerk/Amwerk.woff HTTP/1.1" 200 100552 "https://www.biotechprocleaners.com/product/alkhaline-floor-cleaner-degreaser/?attribute_pa_size=1000l" "Mozilla/5.0 (Windows NT 10.0; Win64; x64) AppleWebKit/537.36 (KHTML, like Gecko) Chrome/148.0.0.0 Safari/537.36 Edg/148.0.0.0"
100.59.151.39 - - [17/Aug/2026:06:23:52 -0400] "GET /wp-content/uploads/2024/02/btp-Item-page-top-banner.jpg HTTP/1.1" 200 799173 "https://www.biotechprocleaners.com/product/alkhaline-floor-cleaner-degreaser/?attribute_pa_size=1000l" "Mozilla/5.0 (Windows NT 10.0; Win64; x64) AppleWebKit/537.36 (KHTML, like Gecko) Chrome/148.0.0.0 Safari/537.36 Edg/148.0.0.0"
54.163.142.183 - - [17/Aug/2026:06:23:52 -0400] "GET /wp-includes/js/dist/i18n.min.js?ver=781d11515ad3d91786ec HTTP/1.1" 200 2465 "https://www.biotechprocleaners.com/product/food-desinfectant-degreaser-cleaner/?attribute_size=20+L" "Mozilla/5.0 (X11; Linux x86_64) AppleWebKit/537.36 (KHTML, like Gecko) Chrome/148.0.0.0 Safari/537.36 Edg/148.0.0.0"
100.55.106.63 - - [17/Aug/2026:06:23:52 -0400] "GET /wp-content/uploads/2024/02/Government-Public-Sector.jpg HTTP/1.1" 200 157637 "https://www.biotechprocleaners.com/product/alkhaline-floor-cleaner-degreaser/?attribute_pa_size=1000l" "Mozilla/5.0 (Windows NT 10.0; Win64; x64) AppleWebKit/537.36 (KHTML, like Gecko) Chrome/148.0.0.0 Safari/537.36 Edg/148.0.0.0"
44.205.46.138 - - [17/Aug/2026:06:23:52 -0400] "GET /wp-content/uploads/2024/02/Retail-Industry.jpg HTTP/1.1" 200 152861 "https://www.biotechprocleaners.com/product/alkhaline-floor-cleaner-degreaser/?attribute_pa_size=1000l" "Mozilla/5.0 (Windows NT 10.0; Win64; x64) AppleWebKit/537.36 (KHTML, like Gecko) Chrome/148.0.0.0 Safari/537.36 Edg/148.0.0.0"
44.205.46.138 - - [17/Aug/2026:06:23:52 -0400] "GET /wp-content/uploads/2024/02/Healthcare-Industry.jpg HTTP/1.1" 200 90794 "https://www.biotechprocleaners.com/product/alkhaline-floor-cleaner-degreaser/?attribute_pa_size=1000l" "Mozilla/5.0 (Windows NT 10.0; Win64; x64) AppleWebKit/537.36 (KHTML, like Gecko) Chrome/148.0.0.0 Safari/537.36 Edg/148.0.0.0"
100.63.13.4 - - [17/Aug/2026:06:23:52 -0400] "GET /wp-content/themes/amwerk-child/images/file-icon.png HTTP/1.1" 200 514 "https://www.biotechprocleaners.com/product/alkhaline-floor-cleaner-degreaser/?attribute_pa_size=1000l" "Mozilla/5.0 (Windows NT 10.0; Win64; x64) AppleWebKit/537.36 (KHTML, like Gecko) Chrome/148.0.0.0 Safari/537.36 Edg/148.0.0.0"
184.73.126.157 - - [17/Aug/2026:06:23:52 -0400] "GET /wp-content/uploads/2025/07/footer-logo-new.png HTTP/1.1" 200 41190 "https://www.biotechprocleaners.com/product/alkhaline-floor-cleaner-degreaser/?attribute_pa_size=1000l" "Mozilla/5.0 (Windows NT 10.0; Win64; x64) AppleWebKit/537.36 (KHTML, like Gecko) Chrome/148.0.0.0 Safari/537.36 Edg/148.0.0.0"
54.163.142.183 - - [17/Aug/2026:06:23:52 -0400] "GET /wp-content/plugins/contact-form-7/includes/swv/js/index.js?ver=6.1.2 HTTP/1.1" 200 3503 "https://www.biotechprocleaners.com/product/food-desinfectant-degreaser-cleaner/?attribute_size=20+L" "Mozilla/5.0 (X11; Linux x86_64) AppleWebKit/537.36 (KHTML, like Gecko) Chrome/148.0.0.0 Safari/537.36 Edg/148.0.0.0"
100.59.151.39 - - [17/Aug/2026:06:23:52 -0400] "GET /wp-content/plugins/woocommerce/assets/js/frontend/add-to-cart-variation.min.js?ver=10.2.4 HTTP/1.1" 200 3940 "https://www.biotechprocleaners.com/product/alkhaline-floor-cleaner-degreaser/?attribute_pa_size=1000l" "Mozilla/5.0 (Windows NT 10.0; Win64; x64) AppleWebKit/537.36 (KHTML, like Gecko) Chrome/148.0.0.0 Safari/537.36 Edg/148.0.0.0"
54.163.142.183 - - [17/Aug/2026:06:23:52 -0400] "GET /wp-content/plugins/contact-form-7/includes/js/index.js?ver=6.1.2 HTTP/1.1" 200 4265 "https://www.biotechprocleaners.com/product/food-desinfectant-degreaser-cleaner/?attribute_size=20+L" "Mozilla/5.0 (X11; Linux x86_64) AppleWebKit/537.36 (KHTML, like Gecko) Chrome/148.0.0.0 Safari/537.36 Edg/148.0.0.0"
100.59.151.39 - - [17/Aug/2026:06:23:52 -0400] "GET /wp-content/plugins/bold-page-builder/img/blank.gif HTTP/1.1" 200 1095 "https://www.biotechprocleaners.com/product/alkhaline-floor-cleaner-degreaser/?attribute_pa_size=1000l" "Mozilla/5.0 (Windows NT 10.0; Win64; x64) AppleWebKit/537.36 (KHTML, like Gecko) Chrome/148.0.0.0 Safari/537.36 Edg/148.0.0.0"
44.205.46.138 - - [17/Aug/2026:06:23:52 -0400] "GET /wp-content/themes/amwerk/print.css?ver=7.0.4 HTTP/1.1" 200 1145 "https://www.biotechprocleaners.com/product/alkhaline-floor-cleaner-degreaser/?attribute_pa_size=1000l" "Mozilla/5.0 (Windows NT 10.0; Win64; x64) AppleWebKit/537.36 (KHTML, like Gecko) Chrome/148.0.0.0 Safari/537.36 Edg/148.0.0.0"
44.205.46.138 - - [17/Aug/2026:06:23:52 -0400] "GET /wp-content/uploads/2024/05/DIA2-450x450.png HTTP/1.1" 200 50633 "https://www.biotechprocleaners.com/product/alkhaline-floor-cleaner-degreaser/?attribute_pa_size=1000l" "Mozilla/5.0 (Windows NT 10.0; Win64; x64) AppleWebKit/537.36 (KHTML, like Gecko) Chrome/148.0.0.0 Safari/537.36 Edg/148.0.0.0"
54.163.142.183 - - [17/Aug/2026:06:23:52 -0400] "GET /wp-includes/js/underscore.min.js?ver=1.13.8 HTTP/1.1" 200 7372 "https://www.biotechprocleaners.com/product/food-desinfectant-degreaser-cleaner/?attribute_size=20+L" "Mozilla/5.0 (X11; Linux x86_64) AppleWebKit/537.36 (KHTML, like Gecko) Chrome/148.0.0.0 Safari/537.36 Edg/148.0.0.0"
54.163.142.183 - - [17/Aug/2026:06:23:52 -0400] "GET /wp-includes/js/wp-util.min.js?ver=7.0.4 HTTP/1.1" 200 754 "https://www.biotechprocleaners.com/product/food-desinfectant-degreaser-cleaner/?attribute_size=20+L" "Mozilla/5.0 (X11; Linux x86_64) AppleWebKit/537.36 (KHTML, like Gecko) Chrome/148.0.0.0 Safari/537.36 Edg/148.0.0.0"
54.163.142.183 - - [17/Aug/2026:06:23:52 -0400] "GET /wp-content/plugins/bold-page-builder/content_elements/bt_bb_section/bt_bb_elements.js?ver=5.4.7 HTTP/1.1" 200 824 "https://www.biotechprocleaners.com/product/food-desinfectant-degreaser-cleaner/?attribute_size=20+L" "Mozilla/5.0 (X11; Linux x86_64) AppleWebKit/537.36 (KHTML, like Gecko) Chrome/148.0.0.0 Safari/537.36 Edg/148.0.0.0"
54.163.142.183 - - [17/Aug/2026:06:23:52 -0400] "GET /wp-includes/js/imagesloaded.min.js?ver=5.0.0 HTTP/1.1" 200 1803 "https://www.biotechprocleaners.com/product/food-desinfectant-degreaser-cleaner/?attribute_size=20+L" "Mozilla/5.0 (X11; Linux x86_64) AppleWebKit/537.36 (KHTML, like Gecko) Chrome/148.0.0.0 Safari/537.36 Edg/148.0.0.0"
54.163.142.183 - - [17/Aug/2026:06:23:52 -0400] "GET /wp-includes/js/masonry.min.js?ver=4.2.2 HTTP/1.1" 200 7382 "https://www.biotechprocleaners.com/product/food-desinfectant-degreaser-cleaner/?attribute_size=20+L" "Mozilla/5.0 (X11; Linux x86_64) AppleWebKit/537.36 (KHTML, like Gecko) Chrome/148.0.0.0 Safari/537.36 Edg/148.0.0.0"
54.163.142.183 - - [17/Aug/2026:06:23:52 -0400] "GET /wp-includes/js/jquery/jquery.masonry.min.js?ver=3.1.2b HTTP/1.1" 200 716 "https://www.biotechprocleaners.com/product/food-desinfectant-degreaser-cleaner/?attribute_size=20+L" "Mozilla/5.0 (X11; Linux x86_64) AppleWebKit/537.36 (KHTML, like Gecko) Chrome/148.0.0.0 Safari/537.36 Edg/148.0.0.0"
54.163.142.183 - - [17/Aug/2026:06:23:52 -0400] "GET /wp-content/themes/amwerk/bold-page-builder/content_elements/bt_bb_masonry_portfolio_tiles/bt_bb_portfolio_tiles.js?ver=7.0.4 HTTP/1.1" 200 1201 "https://www.biotechprocleaners.com/product/food-desinfectant-degreaser-cleaner/?attribute_size=20+L" "Mozilla/5.0 (X11; Linux x86_64) AppleWebKit/537.36 (KHTML, like Gecko) Chrome/148.0.0.0 Safari/537.36 Edg/148.0.0.0"
54.163.142.183 - - [17/Aug/2026:06:23:52 -0400] "GET /wp-content/plugins/amwerk/shortcodes/back_to_top/js/back_to_top.js?ver=7.0.4 HTTP/1.1" 200 355 "https://www.biotechprocleaners.com/product/food-desinfectant-degreaser-cleaner/?attribute_size=20+L" "Mozilla/5.0 (X11; Linux x86_64) AppleWebKit/537.36 (KHTML, like Gecko) Chrome/148.0.0.0 Safari/537.36 Edg/148.0.0.0"
54.163.142.183 - - [17/Aug/2026:06:23:52 -0400] "GET /wp-includes/js/dist/dom-ready.min.js?ver=a06281ae5cf5500e9317 HTTP/1.1" 200 473 "https://www.biotechprocleaners.com/product/food-desinfectant-degreaser-cleaner/?attribute_size=20+L" "Mozilla/5.0 (X11; Linux x86_64) AppleWebKit/537.36 (KHTML, like Gecko) Chrome/148.0.0.0 Safari/537.36 Edg/148.0.0.0"
54.163.142.183 - - [17/Aug/2026:06:23:52 -0400] "GET /wp-content/plugins/woocommerce-payments/dist/frontend-tracks.js?ver=10.0.0 HTTP/1.1" 200 835 "https://www.biotechprocleaners.com/product/food-desinfectant-degreaser-cleaner/?attribute_size=20+L" "Mozilla/5.0 (X11; Linux x86_64) AppleWebKit/537.36 (KHTML, like Gecko) Chrome/148.0.0.0 Safari/537.36 Edg/148.0.0.0"
184.73.126.157 - - [17/Aug/2026:06:23:52 -0400] "GET /wp-content/uploads/2024/05/DIA2-600x600.png HTTP/1.1" 200 81187 "https://www.biotechprocleaners.com/product/alkhaline-floor-cleaner-degreaser/?attribute_pa_size=1000l" "Mozilla/5.0 (Windows NT 10.0; Win64; x64) AppleWebKit/537.36 (KHTML, like Gecko) Chrome/148.0.0.0 Safari/537.36 Edg/148.0.0.0"
34.198.184.71 - - [17/Aug/2026:06:23:49 -0400] "GET /wp-content/themes/amwerk-child/custom-slider.css?ver=7.0.4 HTTP/1.1" 200 39518 "https://www.biotechprocleaners.com/product/cleaner-degreaser-hard-floors/?attribute_size=5+L" "Mozilla/5.0 (Windows NT 10.0; Win64; x64) AppleWebKit/537.36 (KHTML, like Gecko) Chrome/148.0.0.0 Safari/537.36 Edg/148.0.0.0"
34.198.184.71 - - [17/Aug/2026:06:23:53 -0400] "GET /wp-content/plugins/woocommerce/assets/js/jquery-blockui/jquery.blockUI.min.js?ver=2.7.0-wc.10.2.4 HTTP/1.1" 200 3537 "https://www.biotechprocleaners.com/product/cleaner-degreaser-hard-floors/?attribute_size=5+L" "Mozilla/5.0 (Windows NT 10.0; Win64; x64) AppleWebKit/537.36 (KHTML, like Gecko) Chrome/148.0.0.0 Safari/537.36 Edg/148.0.0.0"
34.198.184.71 - - [17/Aug/2026:06:23:53 -0400] "GET /wp-content/plugins/woocommerce/assets/js/frontend/add-to-cart.min.js?ver=10.2.4 HTTP/1.1" 200 1368 "https://www.biotechprocleaners.com/product/cleaner-degreaser-hard-floors/?attribute_size=5+L" "Mozilla/5.0 (Windows NT 10.0; Win64; x64) AppleWebKit/537.36 (KHTML, like Gecko) Chrome/148.0.0.0 Safari/537.36 Edg/148.0.0.0"
54.242.225.219 - - [17/Aug/2026:06:23:53 -0400] "GET /wp-content/plugins/woocommerce/assets/js/zoom/jquery.zoom.min.js?ver=1.7.21-wc.10.2.4 HTTP/1.1" 200 1192 "https://www.biotechprocleaners.com/product/cleaner-degreaser-hard-floors/?attribute_size=5+L" "Mozilla/5.0 (Windows NT 10.0; Win64; x64) AppleWebKit/537.36 (KHTML, like Gecko) Chrome/148.0.0.0 Safari/537.36 Edg/148.0.0.0"
44.217.28.146 - - [17/Aug/2026:06:23:53 -0400] "GET /wp-content/plugins/woocommerce/assets/js/photoswipe/photoswipe-ui-default.min.js?ver=4.1.1-wc.10.2.4 HTTP/1.1" 200 3674 "https://www.biotechprocleaners.com/product/cleaner-degreaser-hard-floors/?attribute_size=5+L" "Mozilla/5.0 (Windows NT 10.0; Win64; x64) AppleWebKit/537.36 (KHTML, like Gecko) Chrome/148.0.0.0 Safari/537.36 Edg/148.0.0.0"
3.213.93.233 - - [17/Aug/2026:06:23:53 -0400] "GET /wp-content/plugins/woocommerce/assets/js/photoswipe/photoswipe.min.js?ver=4.1.1-wc.10.2.4 HTTP/1.1" 200 12042 "https://www.biotechprocleaners.com/product/cleaner-degreaser-hard-floors/?attribute_size=5+L" "Mozilla/5.0 (Windows NT 10.0; Win64; x64) AppleWebKit/537.36 (KHTML, like Gecko) Chrome/148.0.0.0 Safari/537.36 Edg/148.0.0.0"
34.198.184.71 - - [17/Aug/2026:06:23:53 -0400] "GET /wp-content/plugins/woocommerce/assets/js/frontend/single-product.min.js?ver=10.2.4 HTTP/1.1" 200 2917 "https://www.biotechprocleaners.com/product/cleaner-degreaser-hard-floors/?attribute_size=5+L" "Mozilla/5.0 (Windows NT 10.0; Win64; x64) AppleWebKit/537.36 (KHTML, like Gecko) Chrome/148.0.0.0 Safari/537.36 Edg/148.0.0.0"
54.242.225.219 - - [17/Aug/2026:06:23:53 -0400] "GET /wp-content/plugins/woocommerce/assets/js/js-cookie/js.cookie.min.js?ver=2.1.4-wc.10.2.4 HTTP/1.1" 200 833 "https://www.biotechprocleaners.com/product/cleaner-degreaser-hard-floors/?attribute_size=5+L" "Mozilla/5.0 (Windows NT 10.0; Win64; x64) AppleWebKit/537.36 (KHTML, like Gecko) Chrome/148.0.0.0 Safari/537.36 Edg/148.0.0.0"
100.55.106.63 - - [17/Aug/2026:06:23:53 -0400] "GET /wp-content/uploads/2024/02/cropped-BTP-Favicon-32x32.png HTTP/1.1" 200 2150 "https://www.biotechprocleaners.com/product/alkhaline-floor-cleaner-degreaser/?attribute_pa_size=1000l" "Mozilla/5.0 (Windows NT 10.0; Win64; x64) AppleWebKit/537.36 (KHTML, like Gecko) Chrome/148.0.0.0 Safari/537.36 Edg/148.0.0.0"
44.217.28.146 - - [17/Aug/2026:06:23:53 -0400] "GET /wp-content/plugins/woocommerce/assets/js/frontend/woocommerce.min.js?ver=10.2.4 HTTP/1.1" 200 1474 "https://www.biotechprocleaners.com/product/cleaner-degreaser-hard-floors/?attribute_size=5+L" "Mozilla/5.0 (Windows NT 10.0; Win64; x64) AppleWebKit/537.36 (KHTML, like Gecko) Chrome/148.0.0.0 Safari/537.36 Edg/148.0.0.0"
34.198.184.71 - - [17/Aug/2026:06:23:53 -0400] "GET /wp-content/uploads/2024/02/Food-Industry.jpg HTTP/1.1" 200 68418 "https://www.biotechprocleaners.com/product/cleaner-degreaser-hard-floors/?attribute_size=5+L" "Mozilla/5.0 (Windows NT 10.0; Win64; x64) AppleWebKit/537.36 (KHTML, like Gecko) Chrome/148.0.0.0 Safari/537.36 Edg/148.0.0.0"
3.213.93.233 - - [17/Aug/2026:06:23:53 -0400] "GET /wp-content/uploads/2024/02/Corporate-Residential-Buildings.jpg HTTP/1.1" 200 107754 "https://www.biotechprocleaners.com/product/cleaner-degreaser-hard-floors/?attribute_size=5+L" "Mozilla/5.0 (Windows NT 10.0; Win64; x64) AppleWebKit/537.36 (KHTML, like Gecko) Chrome/148.0.0.0 Safari/537.36 Edg/148.0.0.0"
44.217.28.146 - - [17/Aug/2026:06:23:53 -0400] "GET /wp-content/uploads/2024/02/Hospitality-Industry.jpg HTTP/1.1" 200 84885 "https://www.biotechprocleaners.com/product/cleaner-degreaser-hard-floors/?attribute_size=5+L" "Mozilla/5.0 (Windows NT 10.0; Win64; x64) AppleWebKit/537.36 (KHTML, like Gecko) Chrome/148.0.0.0 Safari/537.36 Edg/148.0.0.0"
34.198.184.71 - - [17/Aug/2026:06:23:53 -0400] "GET /wp-content/uploads/2024/02/Logistics-Transportation.jpg HTTP/1.1" 200 219251 "https://www.biotechprocleaners.com/product/cleaner-degreaser-hard-floors/?attribute_size=5+L" "Mozilla/5.0 (Windows NT 10.0; Win64; x64) AppleWebKit/537.36 (KHTML, like Gecko) Chrome/148.0.0.0 Safari/537.36 Edg/148.0.0.0"
54.242.225.219 - - [17/Aug/2026:06:23:53 -0400] "GET /wp-content/uploads/2024/02/Recreational-Convention-Centers.jpg HTTP/1.1" 200 176455 "https://www.biotechprocleaners.com/product/cleaner-degreaser-hard-floors/?attribute_size=5+L" "Mozilla/5.0 (Windows NT 10.0; Win64; x64) AppleWebKit/537.36 (KHTML, like Gecko) Chrome/148.0.0.0 Safari/537.36 Edg/148.0.0.0"
3.213.93.233 - - [17/Aug/2026:06:23:53 -0400] "GET /wp-content/uploads/2024/02/Healthcare-Industry.jpg HTTP/1.1" 200 90794 "https://www.biotechprocleaners.com/product/cleaner-degreaser-hard-floors/?attribute_size=5+L" "Mozilla/5.0 (Windows NT 10.0; Win64; x64) AppleWebKit/537.36 (KHTML, like Gecko) Chrome/148.0.0.0 Safari/537.36 Edg/148.0.0.0"
44.217.28.146 - - [17/Aug/2026:06:23:53 -0400] "GET /wp-content/themes/amwerk/fonts/Icon7Stroke/Icon7Stroke.woff HTTP/1.1" 200 28526 "https://www.biotechprocleaners.com/product/cleaner-degreaser-hard-floors/?attribute_size=5+L" "Mozilla/5.0 (Windows NT 10.0; Win64; x64) AppleWebKit/537.36 (KHTML, like Gecko) Chrome/148.0.0.0 Safari/537.36 Edg/148.0.0.0"
54.242.225.219 - - [17/Aug/2026:06:23:53 -0400] "GET /wp-content/themes/amwerk/fonts/Charts/Charts.woff HTTP/1.1" 200 18429 "https://www.biotechprocleaners.com/product/cleaner-degreaser-hard-floors/?attribute_size=5+L" "Mozilla/5.0 (Windows NT 10.0; Win64; x64) AppleWebKit/537.36 (KHTML, like Gecko) Chrome/148.0.0.0 Safari/537.36 Edg/148.0.0.0"
184.73.126.157 - - [17/Aug/2026:06:23:53 -0400] "GET /wp-content/uploads/2024/05/DIA2.png HTTP/1.1" 200 2974221 "https://www.biotechprocleaners.com/product/alkhaline-floor-cleaner-degreaser/?attribute_pa_size=1000l" "Mozilla/5.0 (Windows NT 10.0; Win64; x64) AppleWebKit/537.36 (KHTML, like Gecko) Chrome/148.0.0.0 Safari/537.36 Edg/148.0.0.0"
34.198.184.71 - - [17/Aug/2026:06:23:53 -0400] "GET /wp-content/themes/amwerk/fonts/FontAwesome5Solid/FontAwesome5Solid.woff HTTP/1.1" 200 104027 "https://www.biotechprocleaners.com/product/cleaner-degreaser-hard-floors/?attribute_size=5+L" "Mozilla/5.0 (Windows NT 10.0; Win64; x64) AppleWebKit/537.36 (KHTML, like Gecko) Chrome/148.0.0.0 Safari/537.36 Edg/148.0.0.0"
3.213.93.233 - - [17/Aug/2026:06:23:53 -0400] "GET /wp-content/themes/amwerk/fonts/FontAwesome/FontAwesome.woff HTTP/1.1" 200 97913 "https://www.biotechprocleaners.com/product/cleaner-degreaser-hard-floors/?attribute_size=5+L" "Mozilla/5.0 (Windows NT 10.0; Win64; x64) AppleWebKit/537.36 (KHTML, like Gecko) Chrome/148.0.0.0 Safari/537.36 Edg/148.0.0.0"
34.198.184.71 - - [17/Aug/2026:06:23:53 -0400] "GET /wp-content/uploads/2024/02/btp-Item-page-top-banner.jpg HTTP/1.1" 200 799173 "https://www.biotechprocleaners.com/product/cleaner-degreaser-hard-floors/?attribute_size=5+L" "Mozilla/5.0 (Windows NT 10.0; Win64; x64) AppleWebKit/537.36 (KHTML, like Gecko) Chrome/148.0.0.0 Safari/537.36 Edg/148.0.0.0"
34.198.184.71 - - [17/Aug/2026:06:23:53 -0400] "GET /wp-content/uploads/2024/02/Retail-Industry.jpg HTTP/1.1" 200 152861 "https://www.biotechprocleaners.com/product/cleaner-degreaser-hard-floors/?attribute_size=5+L" "Mozilla/5.0 (Windows NT 10.0; Win64; x64) AppleWebKit/537.36 (KHTML, like Gecko) Chrome/148.0.0.0 Safari/537.36 Edg/148.0.0.0"
54.242.225.219 - - [17/Aug/2026:06:23:53 -0400] "GET /wp-content/themes/amwerk/fonts/Werkmann/Werkmann.woff HTTP/1.1" 200 75952 "https://www.biotechprocleaners.com/product/cleaner-degreaser-hard-floors/?attribute_size=5+L" "Mozilla/5.0 (Windows NT 10.0; Win64; x64) AppleWebKit/537.36 (KHTML, like Gecko) Chrome/148.0.0.0 Safari/537.36 Edg/148.0.0.0"
3.213.93.233 - - [17/Aug/2026:06:23:53 -0400] "GET /wp-content/uploads/2024/02/Government-Public-Sector.jpg HTTP/1.1" 200 157637 "https://www.biotechprocleaners.com/product/cleaner-degreaser-hard-floors/?attribute_size=5+L" "Mozilla/5.0 (Windows NT 10.0; Win64; x64) AppleWebKit/537.36 (KHTML, like Gecko) Chrome/148.0.0.0 Safari/537.36 Edg/148.0.0.0"
44.217.28.146 - - [17/Aug/2026:06:23:53 -0400] "GET /wp-content/themes/amwerk/fonts/Amwerk/Amwerk.woff HTTP/1.1" 200 100552 "https://www.biotechprocleaners.com/product/cleaner-degreaser-hard-floors/?attribute_size=5+L" "Mozilla/5.0 (Windows NT 10.0; Win64; x64) AppleWebKit/537.36 (KHTML, like Gecko) Chrome/148.0.0.0 Safari/537.36 Edg/148.0.0.0"
44.217.28.146 - - [17/Aug/2026:06:23:53 -0400] "GET /wp-content/uploads/2024/06/down-arrow.png HTTP/1.1" 200 2054 "https://www.biotechprocleaners.com/wp-content/themes/amwerk-child/style.css?ver=1.0.0" "Mozilla/5.0 (Windows NT 10.0; Win64; x64) AppleWebKit/537.36 (KHTML, like Gecko) Chrome/148.0.0.0 Safari/537.36 Edg/148.0.0.0"
34.198.184.71 - - [17/Aug/2026:06:23:53 -0400] "GET /wp-content/uploads/2025/07/footer-logo-new.png HTTP/1.1" 200 41190 "https://www.biotechprocleaners.com/product/cleaner-degreaser-hard-floors/?attribute_size=5+L" "Mozilla/5.0 (Windows NT 10.0; Win64; x64) AppleWebKit/537.36 (KHTML, like Gecko) Chrome/148.0.0.0 Safari/537.36 Edg/148.0.0.0"
3.213.93.233 - - [17/Aug/2026:06:23:53 -0400] "GET /wp-content/themes/amwerk-child/images/file-icon.png HTTP/1.1" 200 514 "https://www.biotechprocleaners.com/product/cleaner-degreaser-hard-floors/?attribute_size=5+L" "Mozilla/5.0 (Windows NT 10.0; Win64; x64) AppleWebKit/537.36 (KHTML, like Gecko) Chrome/148.0.0.0 Safari/537.36 Edg/148.0.0.0"
54.242.225.219 - - [17/Aug/2026:06:23:53 -0400] "GET /wp-content/plugins/bold-page-builder/img/blank.gif HTTP/1.1" 200 1095 "https://www.biotechprocleaners.com/product/cleaner-degreaser-hard-floors/?attribute_size=5+L" "Mozilla/5.0 (Windows NT 10.0; Win64; x64) AppleWebKit/537.36 (KHTML, like Gecko) Chrome/148.0.0.0 Safari/537.36 Edg/148.0.0.0"
34.198.184.71 - - [17/Aug/2026:06:23:53 -0400] "GET /wp-content/plugins/woocommerce/assets/js/frontend/add-to-cart-variation.min.js?ver=10.2.4 HTTP/1.1" 200 3940 "https://www.biotechprocleaners.com/product/cleaner-degreaser-hard-floors/?attribute_size=5+L" "Mozilla/5.0 (Windows NT 10.0; Win64; x64) AppleWebKit/537.36 (KHTML, like Gecko) Chrome/148.0.0.0 Safari/537.36 Edg/148.0.0.0"
44.217.28.146 - - [17/Aug/2026:06:23:53 -0400] "GET /wp-content/uploads/2023/05/US-NDSD1-450x450.jpg HTTP/1.1" 200 29230 "https://www.biotechprocleaners.com/product/cleaner-degreaser-hard-floors/?attribute_size=5+L" "Mozilla/5.0 (Windows NT 10.0; Win64; x64) AppleWebKit/537.36 (KHTML, like Gecko) Chrome/148.0.0.0 Safari/537.36 Edg/148.0.0.0"
44.217.28.146 - - [17/Aug/2026:06:23:53 -0400] "GET /wp-content/themes/amwerk/print.css?ver=7.0.4 HTTP/1.1" 200 1145 "https://www.biotechprocleaners.com/product/cleaner-degreaser-hard-floors/?attribute_size=5+L" "Mozilla/5.0 (Windows NT 10.0; Win64; x64) AppleWebKit/537.36 (KHTML, like Gecko) Chrome/148.0.0.0 Safari/537.36 Edg/148.0.0.0"
54.166.26.18 - - [17/Aug/2026:06:23:49 -0400] "GET /wp-content/themes/amwerk-child/custom-slider.js?ver=1.0 HTTP/1.1" 200 39520 "https://www.biotechprocleaners.com/product/cleaner-degreaser-hard-floors/?attribute_size=5+L" "Mozilla/5.0 (Windows NT 10.0; Win64; x64) AppleWebKit/537.36 (KHTML, like Gecko) Chrome/148.0.0.0 Safari/537.36 Edg/148.0.0.0"
34.198.184.71 - - [17/Aug/2026:06:23:54 -0400] "GET /wp-content/uploads/2023/05/US-NDSD1-600x600.jpg HTTP/1.1" 200 45467 "https://www.biotechprocleaners.com/product/cleaner-degreaser-hard-floors/?attribute_size=5+L" "Mozilla/5.0 (Windows NT 10.0; Win64; x64) AppleWebKit/537.36 (KHTML, like Gecko) Chrome/148.0.0.0 Safari/537.36 Edg/148.0.0.0"
3.213.93.233 - - [17/Aug/2026:06:23:50 -0400] "POST /wp-admin/admin-ajax.php HTTP/1.1" 200 1479 "https://www.biotechprocleaners.com/product/high-performance-surface-degreaser/?attribute_pa_size=750ml" "Mozilla/5.0 (X11; Linux x86_64) AppleWebKit/537.36 (KHTML, like Gecko) Chrome/148.0.0.0 Safari/537.36 Edg/148.0.0.0"
100.29.182.182 - - [17/Aug/2026:06:23:50 -0400] "POST /wp-admin/admin-ajax.php HTTP/1.1" 200 36 "https://www.biotechprocleaners.com/product/high-performance-surface-degreaser/?attribute_pa_size=750ml" "Mozilla/5.0 (X11; Linux x86_64) AppleWebKit/537.36 (KHTML, like Gecko) Chrome/148.0.0.0 Safari/537.36 Edg/148.0.0.0"
3.213.93.233 - - [17/Aug/2026:06:23:54 -0400] "GET /wp-content/uploads/2023/09/worker-operating-industrial-machine-metal-workshop-320x240.png HTTP/1.1" 200 103134 "https://www.biotechprocleaners.com/product/high-performance-surface-degreaser/?attribute_pa_size=750ml" "Mozilla/5.0 (X11; Linux x86_64) AppleWebKit/537.36 (KHTML, like Gecko) Chrome/148.0.0.0 Safari/537.36 Edg/148.0.0.0"
44.217.28.146 - - [17/Aug/2026:06:23:54 -0400] "GET /wp-content/uploads/2023/09/pexels-tom-fisk-3856433-320x240.png HTTP/1.1" 200 149237 "https://www.biotechprocleaners.com/product/high-performance-surface-degreaser/?attribute_pa_size=750ml" "Mozilla/5.0 (X11; Linux x86_64) AppleWebKit/537.36 (KHTML, like Gecko) Chrome/148.0.0.0 Safari/537.36 Edg/148.0.0.0"
44.216.176.137 - - [17/Aug/2026:06:23:54 -0400] "GET /wp-content/uploads/2020/10/justus-menke-RSpq9P2vttE-unsplash-320x240.png HTTP/1.1" 200 90651 "https://www.biotechprocleaners.com/product/high-performance-surface-degreaser/?attribute_pa_size=750ml" "Mozilla/5.0 (X11; Linux x86_64) AppleWebKit/537.36 (KHTML, like Gecko) Chrome/148.0.0.0 Safari/537.36 Edg/148.0.0.0"
44.217.28.146 - - [17/Aug/2026:06:23:54 -0400] "GET /wp-content/uploads/2023/09/train-5150747-320x240.png HTTP/1.1" 200 90090 "https://www.biotechprocleaners.com/product/high-performance-surface-degreaser/?attribute_pa_size=750ml" "Mozilla/5.0 (X11; Linux x86_64) AppleWebKit/537.36 (KHTML, like Gecko) Chrome/148.0.0.0 Safari/537.36 Edg/148.0.0.0"
44.216.176.137 - - [17/Aug/2026:06:23:54 -0400] "GET /wp-content/uploads/2023/09/pexels-maarten-van-den-heuvel-4254902-1280x1035.png HTTP/1.1" 200 1781894 "https://www.biotechprocleaners.com/product/high-performance-surface-degreaser/?attribute_pa_size=750ml" "Mozilla/5.0 (X11; Linux x86_64) AppleWebKit/537.36 (KHTML, like Gecko) Chrome/148.0.0.0 Safari/537.36 Edg/148.0.0.0"
100.29.182.182 - - [17/Aug/2026:06:23:54 -0400] "GET /wp-content/uploads/2023/09/pexels-pixabay-290275-1-1280x1035.png HTTP/1.1" 200 1927640 "https://www.biotechprocleaners.com/product/high-performance-surface-degreaser/?attribute_pa_size=750ml" "Mozilla/5.0 (X11; Linux x86_64) AppleWebKit/537.36 (KHTML, like Gecko) Chrome/148.0.0.0 Safari/537.36 Edg/148.0.0.0"
3.213.93.233 - - [17/Aug/2026:06:23:54 -0400] "GET /wp-content/uploads/2023/09/tony-yakovlenko-lDxxeAJrWpE-unsplash-1280x1035.png HTTP/1.1" 200 1641408 "https://www.biotechprocleaners.com/product/high-performance-surface-degreaser/?attribute_pa_size=750ml" "Mozilla/5.0 (X11; Linux x86_64) AppleWebKit/537.36 (KHTML, like Gecko) Chrome/148.0.0.0 Safari/537.36 Edg/148.0.0.0"
44.217.28.146 - - [17/Aug/2026:06:23:54 -0400] "GET /wp-content/uploads/2023/09/pexels-artem-podrez-5726808-320x240.png HTTP/1.1" 200 105525 "https://www.biotechprocleaners.com/product/high-performance-surface-degreaser/?attribute_pa_size=750ml" "Mozilla/5.0 (X11; Linux x86_64) AppleWebKit/537.36 (KHTML, like Gecko) Chrome/148.0.0.0 Safari/537.36 Edg/148.0.0.0"
44.217.28.146 - - [17/Aug/2026:06:23:54 -0400] "GET /wp-content/uploads/2023/09/pexels-pixabay-54581-1-320x240.png HTTP/1.1" 200 118400 "https://www.biotechprocleaners.com/product/high-performance-surface-degreaser/?attribute_pa_size=750ml" "Mozilla/5.0 (X11; Linux x86_64) AppleWebKit/537.36 (KHTML, like Gecko) Chrome/148.0.0.0 Safari/537.36 Edg/148.0.0.0"
34.198.184.71 - - [17/Aug/2026:06:23:54 -0400] "GET /wp-content/uploads/2023/05/US-NDSD1.jpg HTTP/1.1" 200 587700 "https://www.biotechprocleaners.com/product/cleaner-degreaser-hard-floors/?attribute_size=5+L" "Mozilla/5.0 (Windows NT 10.0; Win64; x64) AppleWebKit/537.36 (KHTML, like Gecko) Chrome/148.0.0.0 Safari/537.36 Edg/148.0.0.0"
34.198.184.71 - - [17/Aug/2026:06:23:55 -0400] "GET /wp-content/uploads/2024/02/cropped-BTP-Favicon-32x32.png HTTP/1.1" 200 2150 "https://www.biotechprocleaners.com/product/cleaner-degreaser-hard-floors/?attribute_size=5+L" "Mozilla/5.0 (Windows NT 10.0; Win64; x64) AppleWebKit/537.36 (KHTML, like Gecko) Chrome/148.0.0.0 Safari/537.36 Edg/148.0.0.0"
35.169.177.189 - - [17/Aug/2026:06:23:50 -0400] "GET /wp-content/themes/amwerk-child/custom-slider.js?ver=1.0 HTTP/1.1" 200 39515 "https://www.biotechprocleaners.com/product/trash-bin-cleaner/?attribute_pa_size=1-g" "Mozilla/5.0 (X11; Linux x86_64) AppleWebKit/537.36 (KHTML, like Gecko) Chrome/148.0.0.0 Safari/537.36 Edg/148.0.0.0"
35.169.177.189 - - [17/Aug/2026:06:23:55 -0400] "GET /wp-content/plugins/woocommerce/assets/js/jquery-blockui/jquery.blockUI.min.js?ver=2.7.0-wc.10.2.4 HTTP/1.1" 200 3537 "https://www.biotechprocleaners.com/product/trash-bin-cleaner/?attribute_pa_size=1-g" "Mozilla/5.0 (X11; Linux x86_64) AppleWebKit/537.36 (KHTML, like Gecko) Chrome/148.0.0.0 Safari/537.36 Edg/148.0.0.0"
35.169.177.189 - - [17/Aug/2026:06:23:55 -0400] "GET /wp-content/plugins/woocommerce/assets/js/frontend/add-to-cart.min.js?ver=10.2.4 HTTP/1.1" 200 1368 "https://www.biotechprocleaners.com/product/trash-bin-cleaner/?attribute_pa_size=1-g" "Mozilla/5.0 (X11; Linux x86_64) AppleWebKit/537.36 (KHTML, like Gecko) Chrome/148.0.0.0 Safari/537.36 Edg/148.0.0.0"
35.169.177.189 - - [17/Aug/2026:06:23:55 -0400] "GET /wp-content/plugins/woocommerce/assets/js/zoom/jquery.zoom.min.js?ver=1.7.21-wc.10.2.4 HTTP/1.1" 200 1192 "https://www.biotechprocleaners.com/product/trash-bin-cleaner/?attribute_pa_size=1-g" "Mozilla/5.0 (X11; Linux x86_64) AppleWebKit/537.36 (KHTML, like Gecko) Chrome/148.0.0.0 Safari/537.36 Edg/148.0.0.0"
35.169.177.189 - - [17/Aug/2026:06:23:55 -0400] "GET /wp-content/plugins/woocommerce/assets/js/photoswipe/photoswipe.min.js?ver=4.1.1-wc.10.2.4 HTTP/1.1" 200 12042 "https://www.biotechprocleaners.com/product/trash-bin-cleaner/?attribute_pa_size=1-g" "Mozilla/5.0 (X11; Linux x86_64) AppleWebKit/537.36 (KHTML, like Gecko) Chrome/148.0.0.0 Safari/537.36 Edg/148.0.0.0"
35.169.177.189 - - [17/Aug/2026:06:23:55 -0400] "GET /wp-content/plugins/woocommerce/assets/js/photoswipe/photoswipe-ui-default.min.js?ver=4.1.1-wc.10.2.4 HTTP/1.1" 200 3674 "https://www.biotechprocleaners.com/product/trash-bin-cleaner/?attribute_pa_size=1-g" "Mozilla/5.0 (X11; Linux x86_64) AppleWebKit/537.36 (KHTML, like Gecko) Chrome/148.0.0.0 Safari/537.36 Edg/148.0.0.0"
35.169.177.189 - - [17/Aug/2026:06:23:55 -0400] "GET /wp-content/plugins/woocommerce/assets/js/frontend/single-product.min.js?ver=10.2.4 HTTP/1.1" 200 2917 "https://www.biotechprocleaners.com/product/trash-bin-cleaner/?attribute_pa_size=1-g" "Mozilla/5.0 (X11; Linux x86_64) AppleWebKit/537.36 (KHTML, like Gecko) Chrome/148.0.0.0 Safari/537.36 Edg/148.0.0.0"
35.169.177.189 - - [17/Aug/2026:06:23:50 -0400] "GET /wp-content/themes/amwerk-child/custom-slider.css?ver=7.0.4 HTTP/1.1" 200 39522 "https://www.biotechprocleaners.com/product/trash-bin-cleaner/?attribute_pa_size=1-g" "Mozilla/5.0 (X11; Linux x86_64) AppleWebKit/537.36 (KHTML, like Gecko) Chrome/148.0.0.0 Safari/537.36 Edg/148.0.0.0"
44.199.161.154 - - [17/Aug/2026:06:23:55 -0400] "GET /wp-content/plugins/woocommerce/assets/js/js-cookie/js.cookie.min.js?ver=2.1.4-wc.10.2.4 HTTP/1.1" 200 833 "https://www.biotechprocleaners.com/product/trash-bin-cleaner/?attribute_pa_size=1-g" "Mozilla/5.0 (X11; Linux x86_64) AppleWebKit/537.36 (KHTML, like Gecko) Chrome/148.0.0.0 Safari/537.36 Edg/148.0.0.0"
35.169.177.189 - - [17/Aug/2026:06:23:55 -0400] "GET /wp-content/plugins/woocommerce/assets/js/frontend/woocommerce.min.js?ver=10.2.4 HTTP/1.1" 200 1474 "https://www.biotechprocleaners.com/product/trash-bin-cleaner/?attribute_pa_size=1-g" "Mozilla/5.0 (X11; Linux x86_64) AppleWebKit/537.36 (KHTML, like Gecko) Chrome/148.0.0.0 Safari/537.36 Edg/148.0.0.0"
44.199.161.154 - - [17/Aug/2026:06:23:55 -0400] "GET /wp-content/uploads/2024/02/Corporate-Residential-Buildings.jpg HTTP/1.1" 200 107754 "https://www.biotechprocleaners.com/product/trash-bin-cleaner/?attribute_pa_size=1-g" "Mozilla/5.0 (X11; Linux x86_64) AppleWebKit/537.36 (KHTML, like Gecko) Chrome/148.0.0.0 Safari/537.36 Edg/148.0.0.0"
44.199.161.154 - - [17/Aug/2026:06:23:55 -0400] "GET /wp-content/uploads/2024/02/Hospitality-Industry.jpg HTTP/1.1" 200 84885 "https://www.biotechprocleaners.com/product/trash-bin-cleaner/?attribute_pa_size=1-g" "Mozilla/5.0 (X11; Linux x86_64) AppleWebKit/537.36 (KHTML, like Gecko) Chrome/148.0.0.0 Safari/537.36 Edg/148.0.0.0"
44.199.161.154 - - [17/Aug/2026:06:23:55 -0400] "GET /wp-content/uploads/2024/02/Food-Industry.jpg HTTP/1.1" 200 68418 "https://www.biotechprocleaners.com/product/trash-bin-cleaner/?attribute_pa_size=1-g" "Mozilla/5.0 (X11; Linux x86_64) AppleWebKit/537.36 (KHTML, like Gecko) Chrome/148.0.0.0 Safari/537.36 Edg/148.0.0.0"
35.169.177.189 - - [17/Aug/2026:06:23:55 -0400] "GET /wp-content/uploads/2024/02/Logistics-Transportation.jpg HTTP/1.1" 200 219251 "https://www.biotechprocleaners.com/product/trash-bin-cleaner/?attribute_pa_size=1-g" "Mozilla/5.0 (X11; Linux x86_64) AppleWebKit/537.36 (KHTML, like Gecko) Chrome/148.0.0.0 Safari/537.36 Edg/148.0.0.0"
44.206.32.82 - - [17/Aug/2026:06:23:55 -0400] "GET /wp-content/uploads/2024/02/Recreational-Convention-Centers.jpg HTTP/1.1" 200 176455 "https://www.biotechprocleaners.com/product/trash-bin-cleaner/?attribute_pa_size=1-g" "Mozilla/5.0 (X11; Linux x86_64) AppleWebKit/537.36 (KHTML, like Gecko) Chrome/148.0.0.0 Safari/537.36 Edg/148.0.0.0"
35.169.177.189 - - [17/Aug/2026:06:23:55 -0400] "GET /wp-content/uploads/2024/02/Healthcare-Industry.jpg HTTP/1.1" 200 90794 "https://www.biotechprocleaners.com/product/trash-bin-cleaner/?attribute_pa_size=1-g" "Mozilla/5.0 (X11; Linux x86_64) AppleWebKit/537.36 (KHTML, like Gecko) Chrome/148.0.0.0 Safari/537.36 Edg/148.0.0.0"
44.199.161.154 - - [17/Aug/2026:06:23:55 -0400] "GET /wp-content/uploads/2024/02/Retail-Industry.jpg HTTP/1.1" 200 152861 "https://www.biotechprocleaners.com/product/trash-bin-cleaner/?attribute_pa_size=1-g" "Mozilla/5.0 (X11; Linux x86_64) AppleWebKit/537.36 (KHTML, like Gecko) Chrome/148.0.0.0 Safari/537.36 Edg/148.0.0.0"
3.93.229.113 - - [17/Aug/2026:06:23:55 -0400] "GET /wp-content/uploads/2024/02/Government-Public-Sector.jpg HTTP/1.1" 200 157637 "https://www.biotechprocleaners.com/product/trash-bin-cleaner/?attribute_pa_size=1-g" "Mozilla/5.0 (X11; Linux x86_64) AppleWebKit/537.36 (KHTML, like Gecko) Chrome/148.0.0.0 Safari/537.36 Edg/148.0.0.0"
44.199.161.154 - - [17/Aug/2026:06:23:55 -0400] "GET /wp-content/themes/amwerk-child/images/file-icon.png HTTP/1.1" 200 514 "https://www.biotechprocleaners.com/product/trash-bin-cleaner/?attribute_pa_size=1-g" "Mozilla/5.0 (X11; Linux x86_64) AppleWebKit/537.36 (KHTML, like Gecko) Chrome/148.0.0.0 Safari/537.36 Edg/148.0.0.0"
44.199.161.154 - - [17/Aug/2026:06:23:55 -0400] "GET /wp-content/uploads/2025/07/footer-logo-new.png HTTP/1.1" 200 41190 "https://www.biotechprocleaners.com/product/trash-bin-cleaner/?attribute_pa_size=1-g" "Mozilla/5.0 (X11; Linux x86_64) AppleWebKit/537.36 (KHTML, like Gecko) Chrome/148.0.0.0 Safari/537.36 Edg/148.0.0.0"
35.169.177.189 - - [17/Aug/2026:06:23:55 -0400] "GET /wp-content/plugins/woocommerce/assets/js/frontend/add-to-cart-variation.min.js?ver=10.2.4 HTTP/1.1" 200 3940 "https://www.biotechprocleaners.com/product/trash-bin-cleaner/?attribute_pa_size=1-g" "Mozilla/5.0 (X11; Linux x86_64) AppleWebKit/537.36 (KHTML, like Gecko) Chrome/148.0.0.0 Safari/537.36 Edg/148.0.0.0"
44.206.32.82 - - [17/Aug/2026:06:23:55 -0400] "GET /wp-content/uploads/2024/02/btp-Item-page-top-banner.jpg HTTP/1.1" 200 799173 "https://www.biotechprocleaners.com/product/trash-bin-cleaner/?attribute_pa_size=1-g" "Mozilla/5.0 (X11; Linux x86_64) AppleWebKit/537.36 (KHTML, like Gecko) Chrome/148.0.0.0 Safari/537.36 Edg/148.0.0.0"
44.217.28.146 - - [17/Aug/2026:06:23:50 -0400] "GET /wp-json/contact-form-7/v1/contact-forms/1081/feedback/schema HTTP/1.1" 200 447 "https://www.biotechprocleaners.com/product/high-performance-surface-degreaser/?attribute_pa_size=750ml" "Mozilla/5.0 (X11; Linux x86_64) AppleWebKit/537.36 (KHTML, like Gecko) Chrome/148.0.0.0 Safari/537.36 Edg/148.0.0.0"
44.199.161.154 - - [17/Aug/2026:06:23:55 -0400] "GET /wp-content/themes/amwerk/fonts/Icon7Stroke/Icon7Stroke.woff HTTP/1.1" 200 28526 "https://www.biotechprocleaners.com/product/trash-bin-cleaner/?attribute_pa_size=1-g" "Mozilla/5.0 (X11; Linux x86_64) AppleWebKit/537.36 (KHTML, like Gecko) Chrome/148.0.0.0 Safari/537.36 Edg/148.0.0.0"
44.199.161.154 - - [17/Aug/2026:06:23:55 -0400] "GET /wp-content/themes/amwerk/print.css?ver=7.0.4 HTTP/1.1" 200 1145 "https://www.biotechprocleaners.com/product/trash-bin-cleaner/?attribute_pa_size=1-g" "Mozilla/5.0 (X11; Linux x86_64) AppleWebKit/537.36 (KHTML, like Gecko) Chrome/148.0.0.0 Safari/537.36 Edg/148.0.0.0"
44.199.161.154 - - [17/Aug/2026:06:23:55 -0400] "GET /wp-content/themes/amwerk/fonts/Charts/Charts.woff HTTP/1.1" 200 18429 "https://www.biotechprocleaners.com/product/trash-bin-cleaner/?attribute_pa_size=1-g" "Mozilla/5.0 (X11; Linux x86_64) AppleWebKit/537.36 (KHTML, like Gecko) Chrome/148.0.0.0 Safari/537.36 Edg/148.0.0.0"
3.93.229.113 - - [17/Aug/2026:06:23:55 -0400] "GET /wp-content/themes/amwerk/fonts/FontAwesome/FontAwesome.woff HTTP/1.1" 200 97913 "https://www.biotechprocleaners.com/product/trash-bin-cleaner/?attribute_pa_size=1-g" "Mozilla/5.0 (X11; Linux x86_64) AppleWebKit/537.36 (KHTML, like Gecko) Chrome/148.0.0.0 Safari/537.36 Edg/148.0.0.0"
35.169.177.189 - - [17/Aug/2026:06:23:55 -0400] "GET /wp-content/themes/amwerk/fonts/FontAwesome5Solid/FontAwesome5Solid.woff HTTP/1.1" 200 104027 "https://www.biotechprocleaners.com/product/trash-bin-cleaner/?attribute_pa_size=1-g" "Mozilla/5.0 (X11; Linux x86_64) AppleWebKit/537.36 (KHTML, like Gecko) Chrome/148.0.0.0 Safari/537.36 Edg/148.0.0.0"
3.93.229.113 - - [17/Aug/2026:06:23:55 -0400] "GET /wp-content/uploads/2024/06/down-arrow.png HTTP/1.1" 200 2054 "https://www.biotechprocleaners.com/wp-content/themes/amwerk-child/style.css?ver=1.0.0" "Mozilla/5.0 (X11; Linux x86_64) AppleWebKit/537.36 (KHTML, like Gecko) Chrome/148.0.0.0 Safari/537.36 Edg/148.0.0.0"
35.169.177.189 - - [17/Aug/2026:06:23:55 -0400] "GET /wp-content/plugins/bold-page-builder/img/blank.gif HTTP/1.1" 200 1095 "https://www.biotechprocleaners.com/product/trash-bin-cleaner/?attribute_pa_size=1-g" "Mozilla/5.0 (X11; Linux x86_64) AppleWebKit/537.36 (KHTML, like Gecko) Chrome/148.0.0.0 Safari/537.36 Edg/148.0.0.0"
44.199.161.154 - - [17/Aug/2026:06:23:55 -0400] "GET /wp-content/uploads/2025/06/NDCP1-450x450.png HTTP/1.1" 200 40273 "https://www.biotechprocleaners.com/product/trash-bin-cleaner/?attribute_pa_size=1-g" "Mozilla/5.0 (X11; Linux x86_64) AppleWebKit/537.36 (KHTML, like Gecko) Chrome/148.0.0.0 Safari/537.36 Edg/148.0.0.0"
44.199.161.154 - - [17/Aug/2026:06:23:55 -0400] "GET /wp-content/themes/amwerk/fonts/Werkmann/Werkmann.woff HTTP/1.1" 200 75952 "https://www.biotechprocleaners.com/product/trash-bin-cleaner/?attribute_pa_size=1-g" "Mozilla/5.0 (X11; Linux x86_64) AppleWebKit/537.36 (KHTML, like Gecko) Chrome/148.0.0.0 Safari/537.36 Edg/148.0.0.0"
44.206.32.82 - - [17/Aug/2026:06:23:55 -0400] "GET /wp-content/themes/amwerk/fonts/Amwerk/Amwerk.woff HTTP/1.1" 200 100552 "https://www.biotechprocleaners.com/product/trash-bin-cleaner/?attribute_pa_size=1-g" "Mozilla/5.0 (X11; Linux x86_64) AppleWebKit/537.36 (KHTML, like Gecko) Chrome/148.0.0.0 Safari/537.36 Edg/148.0.0.0"
