69.39.225.240 - - [17/Aug/2026:00:21:38 -0400] "GET /portfolio-grid-tree-columns/ HTTP/1.1" 200 16384 "-" "WP Rocket/Preload Mozilla/5.0 (iPhone; CPU iPhone OS 9_1 like Mac OS X) AppleWebKit/601.1.46 (KHTML, like Gecko) Version/9.0 Mobile/13B143 Safari/601.1"
69.39.225.240 - - [17/Aug/2026:00:21:39 -0400] "GET /type/link/ HTTP/1.1" 200 16384 "-" "WP Rocket/Preload"
69.39.225.240 - - [17/Aug/2026:00:21:41 -0400] "GET /type/link/ HTTP/1.1" 200 16384 "-" "WP Rocket/Preload Mozilla/5.0 (iPhone; CPU iPhone OS 9_1 like Mac OS X) AppleWebKit/601.1.46 (KHTML, like Gecko) Version/9.0 Mobile/13B143 Safari/601.1"
69.39.225.240 - - [17/Aug/2026:00:21:42 -0400] "GET /portfolio/food-industry/ HTTP/1.1" 200 16384 "-" "WP Rocket/Preload"
69.39.225.240 - - [17/Aug/2026:00:21:44 -0400] "GET /portfolio/food-industry/ HTTP/1.1" 200 16384 "-" "WP Rocket/Preload Mozilla/5.0 (iPhone; CPU iPhone OS 9_1 like Mac OS X) AppleWebKit/601.1.46 (KHTML, like Gecko) Version/9.0 Mobile/13B143 Safari/601.1"
69.39.225.240 - - [17/Aug/2026:00:21:45 -0400] "GET /type/quote/ HTTP/1.1" 200 16384 "-" "WP Rocket/Preload"
69.39.225.240 - - [17/Aug/2026:00:21:47 -0400] "GET /type/quote/ HTTP/1.1" 200 16384 "-" "WP Rocket/Preload Mozilla/5.0 (iPhone; CPU iPhone OS 9_1 like Mac OS X) AppleWebKit/601.1.46 (KHTML, like Gecko) Version/9.0 Mobile/13B143 Safari/601.1"
69.39.225.240 - - [17/Aug/2026:00:21:48 -0400] "GET /services/pricing/ HTTP/1.1" 200 16384 "-" "WP Rocket/Preload"
69.39.225.240 - - [17/Aug/2026:00:21:50 -0400] "GET /services/pricing/ HTTP/1.1" 200 16384 "-" "WP Rocket/Preload Mozilla/5.0 (iPhone; CPU iPhone OS 9_1 like Mac OS X) AppleWebKit/601.1.46 (KHTML, like Gecko) Version/9.0 Mobile/13B143 Safari/601.1"
69.39.225.240 - - [17/Aug/2026:00:23:29 -0400] "POST /wp-cron.php?doing_wp_cron=1786940609.4050350189208984375000 HTTP/1.1" 200 20 "-" "WordPress/7.0.4; https://www.biotechprocleaners.com"
52.207.47.227 - - [17/Aug/2026:00:23:28 -0400] "GET /product-category/food/?areas=area1 HTTP/1.1" 200 40718 "-" "Mozilla/5.0 AppleWebKit/537.36 (KHTML, like Gecko; compatible; Amazonbot/0.1; +https://developer.amazon.com/support/amazonbot) Chrome/119.0.6045.214 Safari/537.36"
69.39.225.240 - - [17/Aug/2026:00:23:30 -0400] "GET /area/dishwasher/ HTTP/1.1" 200 48484 "-" "WP Rocket/Preload"
69.39.225.240 - - [17/Aug/2026:00:23:32 -0400] "GET /area/dishwasher/ HTTP/1.1" 200 16384 "-" "WP Rocket/Preload Mozilla/5.0 (iPhone; CPU iPhone OS 9_1 like Mac OS X) AppleWebKit/601.1.46 (KHTML, like Gecko) Version/9.0 Mobile/13B143 Safari/601.1"
69.39.225.240 - - [17/Aug/2026:00:23:33 -0400] "GET /2020/10/ HTTP/1.1" 200 16384 "-" "WP Rocket/Preload"
69.39.225.240 - - [17/Aug/2026:00:23:35 -0400] "GET /2020/10/ HTTP/1.1" 200 16384 "-" "WP Rocket/Preload Mozilla/5.0 (iPhone; CPU iPhone OS 9_1 like Mac OS X) AppleWebKit/601.1.46 (KHTML, like Gecko) Version/9.0 Mobile/13B143 Safari/601.1"
69.39.225.240 - - [17/Aug/2026:00:23:36 -0400] "GET /portfolio-single/ HTTP/1.1" 200 16384 "-" "WP Rocket/Preload"
69.39.225.240 - - [17/Aug/2026:00:23:38 -0400] "GET /portfolio-single/ HTTP/1.1" 200 16384 "-" "WP Rocket/Preload Mozilla/5.0 (iPhone; CPU iPhone OS 9_1 like Mac OS X) AppleWebKit/601.1.46 (KHTML, like Gecko) Version/9.0 Mobile/13B143 Safari/601.1"
69.39.225.240 - - [17/Aug/2026:00:23:39 -0400] "GET /thank-you-contact/ HTTP/1.1" 200 16384 "-" "WP Rocket/Preload"
69.39.225.240 - - [17/Aug/2026:00:23:41 -0400] "GET /thank-you-contact/ HTTP/1.1" 200 16384 "-" "WP Rocket/Preload Mozilla/5.0 (iPhone; CPU iPhone OS 9_1 like Mac OS X) AppleWebKit/601.1.46 (KHTML, like Gecko) Version/9.0 Mobile/13B143 Safari/601.1"
69.39.225.240 - - [17/Aug/2026:00:23:42 -0400] "GET /type/audio/ HTTP/1.1" 200 16384 "-" "WP Rocket/Preload"
69.39.225.240 - - [17/Aug/2026:00:23:44 -0400] "GET /type/audio/ HTTP/1.1" 200 16384 "-" "WP Rocket/Preload Mozilla/5.0 (iPhone; CPU iPhone OS 9_1 like Mac OS X) AppleWebKit/601.1.46 (KHTML, like Gecko) Version/9.0 Mobile/13B143 Safari/601.1"
69.39.225.240 - - [17/Aug/2026:00:25:01 -0400] "POST /wp-cron.php?doing_wp_cron=1786940701.5927948951721191406250 HTTP/1.1" 200 20 "-" "WordPress/7.0.4; https://www.biotechprocleaners.com"
3.229.95.193 - - [17/Aug/2026:00:25:00 -0400] "GET /surface/equipments/?surfaces=table-tops HTTP/1.1" 200 47479 "-" "Mozilla/5.0 AppleWebKit/537.36 (KHTML, like Gecko; compatible; Amazonbot/0.1; +https://developer.amazon.com/support/amazonbot) Chrome/119.0.6045.214 Safari/537.36"
69.39.225.240 - - [17/Aug/2026:00:26:37 -0400] "POST /wp-cron.php?doing_wp_cron=1786940797.4604818820953369140625 HTTP/1.1" 200 20 "-" "WordPress/7.0.4; https://www.biotechprocleaners.com"
54.147.182.90 - - [17/Aug/2026:00:26:36 -0400] "GET /product-category/recreational-convention-centers/?amp&surfaces=dashboards HTTP/1.1" 200 46907 "-" "Mozilla/5.0 AppleWebKit/537.36 (KHTML, like Gecko; compatible; Amazonbot/0.1; +https://developer.amazon.com/support/amazonbot) Chrome/119.0.6045.214 Safari/537.36"
69.39.225.240 - - [17/Aug/2026:00:27:29 -0400] "POST /wp-cron.php?doing_wp_cron=1786940849.3810360431671142578125 HTTP/1.1" 200 20 "-" "WordPress/7.0.4; https://www.biotechprocleaners.com"
52.200.54.136 - - [17/Aug/2026:00:27:28 -0400] "GET /product-category/recreational-convention-centers/?amp&areas=daily-floors HTTP/1.1" 200 47097 "-" "Mozilla/5.0 AppleWebKit/537.36 (KHTML, like Gecko; compatible; Amazonbot/0.1; +https://developer.amazon.com/support/amazonbot) Chrome/119.0.6045.214 Safari/537.36"
69.39.225.240 - - [17/Aug/2026:00:28:29 -0400] "POST /wp-cron.php?doing_wp_cron=1786940909.6787428855895996093750 HTTP/1.1" 200 20 "-" "WordPress/7.0.4; https://www.biotechprocleaners.com"
44.207.252.58 - - [17/Aug/2026:00:28:28 -0400] "GET /surface/tiles/?amp&surfaces=chromes HTTP/1.1" 200 47615 "-" "Mozilla/5.0 AppleWebKit/537.36 (KHTML, like Gecko; compatible; Amazonbot/0.1; +https://developer.amazon.com/support/amazonbot) Chrome/119.0.6045.214 Safari/537.36"
69.39.225.240 - - [17/Aug/2026:00:28:41 -0400] "POST /wp-cron.php?doing_wp_cron=1786940921.4585080146789550781250 HTTP/1.1" 200 20 "-" "WordPress/7.0.4; https://www.biotechprocleaners.com"
184.73.35.182 - - [17/Aug/2026:00:28:40 -0400] "GET /product-category/food/?surfaces=inox HTTP/1.1" 200 47055 "-" "Mozilla/5.0 AppleWebKit/537.36 (KHTML, like Gecko; compatible; Amazonbot/0.1; +https://developer.amazon.com/support/amazonbot) Chrome/119.0.6045.214 Safari/537.36"
69.39.225.240 - - [17/Aug/2026:00:32:13 -0400] "POST /wp-cron.php?doing_wp_cron=1786941133.4274010658264160156250 HTTP/1.1" 200 20 "-" "WordPress/7.0.4; https://www.biotechprocleaners.com"
3.81.253.213 - - [17/Aug/2026:00:32:12 -0400] "GET /surface/fine-floors/?amp&surfaces=stones HTTP/1.1" 200 47448 "-" "Mozilla/5.0 AppleWebKit/537.36 (KHTML, like Gecko; compatible; Amazonbot/0.1; +https://developer.amazon.com/support/amazonbot) Chrome/119.0.6045.214 Safari/537.36"
54.167.32.123 - - [17/Aug/2026:00:32:28 -0400] "GET /surface/tiles/?amp&surfaces=glasses HTTP/1.1" 200 47526 "-" "Mozilla/5.0 AppleWebKit/537.36 (KHTML, like Gecko; compatible; Amazonbot/0.1; +https://developer.amazon.com/support/amazonbot) Chrome/119.0.6045.214 Safari/537.36"
69.39.225.240 - - [17/Aug/2026:00:33:11 -0400] "POST /wp-cron.php?doing_wp_cron=1786941191.0679140090942382812500 HTTP/1.1" 200 20 "-" "WordPress/7.0.4; https://www.biotechprocleaners.com"
54.84.102.81 - - [17/Aug/2026:00:33:09 -0400] "GET /surface/tiles/?surfaces=kitchen-counters-tops HTTP/1.1" 200 47408 "-" "Mozilla/5.0 AppleWebKit/537.36 (KHTML, like Gecko; compatible; Amazonbot/0.1; +https://developer.amazon.com/support/amazonbot) Chrome/119.0.6045.214 Safari/537.36"
54.197.82.195 - - [17/Aug/2026:00:33:12 -0400] "GET /product-category/healthcare/?amp&areas=hardwood-floors HTTP/1.1" 200 47031 "-" "Mozilla/5.0 AppleWebKit/537.36 (KHTML, like Gecko; compatible; Amazonbot/0.1; +https://developer.amazon.com/support/amazonbot) Chrome/119.0.6045.214 Safari/537.36"
69.39.225.240 - - [17/Aug/2026:00:33:42 -0400] "POST /wp-cron.php?doing_wp_cron=1786941222.0966629981994628906250 HTTP/1.1" 200 20 "-" "WordPress/7.0.4; https://www.biotechprocleaners.com"
54.83.56.1 - - [17/Aug/2026:00:33:40 -0400] "GET /surface/oil-residues/?surfaces=scuff-marks HTTP/1.1" 200 47301 "-" "Mozilla/5.0 AppleWebKit/537.36 (KHTML, like Gecko; compatible; Amazonbot/0.1; +https://developer.amazon.com/support/amazonbot) Chrome/119.0.6045.214 Safari/537.36"
47.128.120.191 - - [17/Aug/2026:00:36:10 -0400] "GET /product/disinfectant-toilet-gel/ HTTP/1.1" 200 49795 "-" "Mozilla/5.0 (Linux; Android 5.0) AppleWebKit/537.36 (KHTML, like Gecko) Mobile Safari/537.36 (compatible; TikTokSpider; ttspider-feedback@tiktok.com)"
47.128.120.191 - - [17/Aug/2026:00:36:11 -0400] "GET /wp-content/cache/min/1/wp-content/plugins/woocommerce/assets/client/blocks/wc-blocks.css?ver=1774456999 HTTP/1.1" 200 2616 "https://www.biotechprocleaners.com/product/disinfectant-toilet-gel/" "Mozilla/5.0 (Linux; Android 5.0) AppleWebKit/537.36 (KHTML, like Gecko) Mobile Safari/537.36 (compatible; TikTokSpider; ttspider-feedback@tiktok.com)"
47.128.120.191 - - [17/Aug/2026:00:36:11 -0400] "GET /wp-content/cache/min/1/wp-content/plugins/bold-timeline-lite/style.css?ver=1774456999 HTTP/1.1" 200 10667 "https://www.biotechprocleaners.com/product/disinfectant-toilet-gel/" "Mozilla/5.0 (Linux; Android 5.0) AppleWebKit/537.36 (KHTML, like Gecko) Mobile Safari/537.36 (compatible; TikTokSpider; ttspider-feedback@tiktok.com)"
47.128.120.191 - - [17/Aug/2026:00:36:11 -0400] "GET /wp-content/cache/min/1/wp-content/plugins/bold-page-builder/css/front_end/content_elements.crush.css?ver=1774456999 HTTP/1.1" 200 28641 "https://www.biotechprocleaners.com/product/disinfectant-toilet-gel/" "Mozilla/5.0 (Linux; Android 5.0) AppleWebKit/537.36 (KHTML, like Gecko) Mobile Safari/537.36 (compatible; TikTokSpider; ttspider-feedback@tiktok.com)"
47.128.120.191 - - [17/Aug/2026:00:36:11 -0400] "GET /wp-content/plugins/amwerk/css/amwerk.css?ver=7.0.4 HTTP/1.1" 200 2 "https://www.biotechprocleaners.com/product/disinfectant-toilet-gel/" "Mozilla/5.0 (Linux; Android 5.0) AppleWebKit/537.36 (KHTML, like Gecko) Mobile Safari/537.36 (compatible; TikTokSpider; ttspider-feedback@tiktok.com)"
47.128.120.191 - - [17/Aug/2026:00:36:11 -0400] "GET /wp-content/plugins/woocommerce/assets/css/photoswipe/photoswipe.min.css?ver=10.2.4 HTTP/1.1" 200 997 "https://www.biotechprocleaners.com/product/disinfectant-toilet-gel/" "Mozilla/5.0 (Linux; Android 5.0) AppleWebKit/537.36 (KHTML, like Gecko) Mobile Safari/537.36 (compatible; TikTokSpider; ttspider-feedback@tiktok.com)"
47.128.120.191 - - [17/Aug/2026:00:36:11 -0400] "GET /wp-content/cache/min/1/wp-content/plugins/bold-page-builder/slick/slick.css?ver=1774456999 HTTP/1.1" 200 490 "https://www.biotechprocleaners.com/product/disinfectant-toilet-gel/" "Mozilla/5.0 (Linux; Android 5.0) AppleWebKit/537.36 (KHTML, like Gecko) Mobile Safari/537.36 (compatible; TikTokSpider; ttspider-feedback@tiktok.com)"
47.128.120.191 - - [17/Aug/2026:00:36:11 -0400] "GET /wp-content/cache/min/1/wp-content/plugins/menu-image/includes/css/menu-image.css?ver=1774456999 HTTP/1.1" 200 732 "https://www.biotechprocleaners.com/product/disinfectant-toilet-gel/" "Mozilla/5.0 (Linux; Android 5.0) AppleWebKit/537.36 (KHTML, like Gecko) Mobile Safari/537.36 (compatible; TikTokSpider; ttspider-feedback@tiktok.com)"
47.128.120.191 - - [17/Aug/2026:00:36:11 -0400] "GET /wp-content/cache/min/1/wp-includes/css/dashicons.min.css?ver=1774456999 HTTP/1.1" 200 35760 "https://www.biotechprocleaners.com/product/disinfectant-toilet-gel/" "Mozilla/5.0 (Linux; Android 5.0) AppleWebKit/537.36 (KHTML, like Gecko) Mobile Safari/537.36 (compatible; TikTokSpider; ttspider-feedback@tiktok.com)"
47.128.120.191 - - [17/Aug/2026:00:36:11 -0400] "GET /wp-content/plugins/bt_cost_calculator/style.min.css?ver=7.0.4 HTTP/1.1" 200 6264 "https://www.biotechprocleaners.com/product/disinfectant-toilet-gel/" "Mozilla/5.0 (Linux; Android 5.0) AppleWebKit/537.36 (KHTML, like Gecko) Mobile Safari/537.36 (compatible; TikTokSpider; ttspider-feedback@tiktok.com)"
47.128.120.191 - - [17/Aug/2026:00:36:12 -0400] "GET /wp-content/cache/min/1/wp-content/plugins/woocommerce/assets/css/brands.css?ver=1774456999 HTTP/1.1" 200 684 "https://www.biotechprocleaners.com/product/disinfectant-toilet-gel/" "Mozilla/5.0 (Linux; Android 5.0) AppleWebKit/537.36 (KHTML, like Gecko) Mobile Safari/537.36 (compatible; TikTokSpider; ttspider-feedback@tiktok.com)"
47.128.120.191 - - [17/Aug/2026:00:36:12 -0400] "GET /wp-content/plugins/woocommerce/assets/css/photoswipe/default-skin/default-skin.min.css?ver=10.2.4 HTTP/1.1" 200 1952 "https://www.biotechprocleaners.com/product/disinfectant-toilet-gel/" "Mozilla/5.0 (Linux; Android 5.0) AppleWebKit/537.36 (KHTML, like Gecko) Mobile Safari/537.36 (compatible; TikTokSpider; ttspider-feedback@tiktok.com)"
47.128.120.191 - - [17/Aug/2026:00:36:12 -0400] "GET /wp-content/cache/min/1/wp-content/themes/amwerk-child/style.css?ver=1774456999 HTTP/1.1" 200 4559 "https://www.biotechprocleaners.com/product/disinfectant-toilet-gel/" "Mozilla/5.0 (Linux; Android 5.0) AppleWebKit/537.36 (KHTML, like Gecko) Mobile Safari/537.36 (compatible; TikTokSpider; ttspider-feedback@tiktok.com)"
47.128.120.191 - - [17/Aug/2026:00:36:12 -0400] "GET /wp-content/cache/min/1/wp-content/themes/amwerk/framework/css/style.css?ver=1774456999 HTTP/1.1" 200 136 "https://www.biotechprocleaners.com/product/disinfectant-toilet-gel/" "Mozilla/5.0 (Linux; Android 5.0) AppleWebKit/537.36 (KHTML, like Gecko) Mobile Safari/537.36 (compatible; TikTokSpider; ttspider-feedback@tiktok.com)"
47.128.120.191 - - [17/Aug/2026:00:36:12 -0400] "GET /wp-content/uploads/2024/02/Manufacturing-Industries.jpg HTTP/1.1" 206 500 "https://www.biotechprocleaners.com/product/disinfectant-toilet-gel/" "Mozilla/5.0 (Linux; Android 5.0) AppleWebKit/537.36 (KHTML, like Gecko) Mobile Safari/537.36 (compatible; TikTokSpider; ttspider-feedback@tiktok.com)"
47.128.120.191 - - [17/Aug/2026:00:36:12 -0400] "GET /wp-content/cache/min/1/wp-content/themes/amwerk/style.css?ver=1774456999 HTTP/1.1" 200 92651 "https://www.biotechprocleaners.com/product/disinfectant-toilet-gel/" "Mozilla/5.0 (Linux; Android 5.0) AppleWebKit/537.36 (KHTML, like Gecko) Mobile Safari/537.36 (compatible; TikTokSpider; ttspider-feedback@tiktok.com)"
47.128.120.191 - - [17/Aug/2026:00:36:12 -0400] "GET /wp-content/uploads/2024/03/Superior-Cleaning.png HTTP/1.1" 206 500 "https://www.biotechprocleaners.com/product/disinfectant-toilet-gel/" "Mozilla/5.0 (Linux; Android 5.0) AppleWebKit/537.36 (KHTML, like Gecko) Mobile Safari/537.36 (compatible; TikTokSpider; ttspider-feedback@tiktok.com)"
47.128.120.191 - - [17/Aug/2026:00:36:12 -0400] "GET /wp-content/uploads/2024/03/Safe-for-Daily-Use.png HTTP/1.1" 206 500 "https://www.biotechprocleaners.com/product/disinfectant-toilet-gel/" "Mozilla/5.0 (Linux; Android 5.0) AppleWebKit/537.36 (KHTML, like Gecko) Mobile Safari/537.36 (compatible; TikTokSpider; ttspider-feedback@tiktok.com)"
47.128.120.191 - - [17/Aug/2026:00:36:12 -0400] "GET /wp-content/uploads/2024/03/100-Sustainable.png HTTP/1.1" 206 500 "https://www.biotechprocleaners.com/product/disinfectant-toilet-gel/" "Mozilla/5.0 (Linux; Android 5.0) AppleWebKit/537.36 (KHTML, like Gecko) Mobile Safari/537.36 (compatible; TikTokSpider; ttspider-feedback@tiktok.com)"
47.128.120.191 - - [17/Aug/2026:00:36:12 -0400] "GET /wp-content/cache/min/1/wp-content/plugins/contact-form-7/includes/css/styles.css?ver=1774456999 HTTP/1.1" 200 908 "https://www.biotechprocleaners.com/product/disinfectant-toilet-gel/" "Mozilla/5.0 (Linux; Android 5.0) AppleWebKit/537.36 (KHTML, like Gecko) Mobile Safari/537.36 (compatible; TikTokSpider; ttspider-feedback@tiktok.com)"
47.128.120.191 - - [17/Aug/2026:00:36:13 -0400] "GET /wp-content/uploads/2023/12/logo_white.png HTTP/1.1" 206 500 "https://www.biotechprocleaners.com/product/disinfectant-toilet-gel/" "Mozilla/5.0 (Linux; Android 5.0) AppleWebKit/537.36 (KHTML, like Gecko) Mobile Safari/537.36 (compatible; TikTokSpider; ttspider-feedback@tiktok.com)"
47.128.120.191 - - [17/Aug/2026:00:36:13 -0400] "GET /wp-content/plugins/amwerk/shortcodes/back_to_top/css/back_to_top.css?ver=7.0.4 HTTP/1.1" 200 346 "https://www.biotechprocleaners.com/product/disinfectant-toilet-gel/" "Mozilla/5.0 (Linux; Android 5.0) AppleWebKit/537.36 (KHTML, like Gecko) Mobile Safari/537.36 (compatible; TikTokSpider; ttspider-feedback@tiktok.com)"
47.128.120.191 - - [17/Aug/2026:00:36:13 -0400] "GET /wp-content/uploads/2024/03/Logo-StickyNav.png HTTP/1.1" 206 500 "https://www.biotechprocleaners.com/product/disinfectant-toilet-gel/" "Mozilla/5.0 (Linux; Android 5.0) AppleWebKit/537.36 (KHTML, like Gecko) Mobile Safari/537.36 (compatible; TikTokSpider; ttspider-feedback@tiktok.com)"
69.39.225.240 - - [17/Aug/2026:00:36:13 -0400] "POST /wp-cron.php?doing_wp_cron=1786941373.2008259296417236328125 HTTP/1.1" 200 20 "-" "WordPress/7.0.4; https://www.biotechprocleaners.com"
47.128.120.191 - - [17/Aug/2026:00:36:12 -0400] "GET /wp-content/themes/amwerk-child/custom-slider.css?ver=7.0.4 HTTP/1.1" 200 39517 "https://www.biotechprocleaners.com/product/disinfectant-toilet-gel/" "Mozilla/5.0 (Linux; Android 5.0) AppleWebKit/537.36 (KHTML, like Gecko) Mobile Safari/537.36 (compatible; TikTokSpider; ttspider-feedback@tiktok.com)"
47.128.120.191 - - [17/Aug/2026:00:36:13 -0400] "GET /wp-content/uploads/2024/02/Logistics-Transportation.jpg HTTP/1.1" 206 500 "https://www.biotechprocleaners.com/product/disinfectant-toilet-gel/" "Mozilla/5.0 (Linux; Android 5.0) AppleWebKit/537.36 (KHTML, like Gecko) Mobile Safari/537.36 (compatible; TikTokSpider; ttspider-feedback@tiktok.com)"
47.128.120.191 - - [17/Aug/2026:00:36:13 -0400] "GET /wp-content/uploads/2024/02/Corporate-Residential-Buildings.jpg HTTP/1.1" 206 500 "https://www.biotechprocleaners.com/product/disinfectant-toilet-gel/" "Mozilla/5.0 (Linux; Android 5.0) AppleWebKit/537.36 (KHTML, like Gecko) Mobile Safari/537.36 (compatible; TikTokSpider; ttspider-feedback@tiktok.com)"
47.128.120.191 - - [17/Aug/2026:00:36:13 -0400] "GET /wp-content/uploads/2024/02/Food-Industry.jpg HTTP/1.1" 206 500 "https://www.biotechprocleaners.com/product/disinfectant-toilet-gel/" "Mozilla/5.0 (Linux; Android 5.0) AppleWebKit/537.36 (KHTML, like Gecko) Mobile Safari/537.36 (compatible; TikTokSpider; ttspider-feedback@tiktok.com)"
47.128.120.191 - - [17/Aug/2026:00:36:13 -0400] "GET /wp-content/uploads/2024/02/Hospitality-Industry.jpg HTTP/1.1" 206 500 "https://www.biotechprocleaners.com/product/disinfectant-toilet-gel/" "Mozilla/5.0 (Linux; Android 5.0) AppleWebKit/537.36 (KHTML, like Gecko) Mobile Safari/537.36 (compatible; TikTokSpider; ttspider-feedback@tiktok.com)"
47.128.120.191 - - [17/Aug/2026:00:36:13 -0400] "GET /wp-content/uploads/2024/02/Recreational-Convention-Centers.jpg HTTP/1.1" 206 500 "https://www.biotechprocleaners.com/product/disinfectant-toilet-gel/" "Mozilla/5.0 (Linux; Android 5.0) AppleWebKit/537.36 (KHTML, like Gecko) Mobile Safari/537.36 (compatible; TikTokSpider; ttspider-feedback@tiktok.com)"
47.128.120.191 - - [17/Aug/2026:00:36:13 -0400] "GET /wp-content/uploads/2024/02/btp-Item-page-top-banner.jpg HTTP/1.1" 206 500 "https://www.biotechprocleaners.com/product/disinfectant-toilet-gel/" "Mozilla/5.0 (Linux; Android 5.0) AppleWebKit/537.36 (KHTML, like Gecko) Mobile Safari/537.36 (compatible; TikTokSpider; ttspider-feedback@tiktok.com)"
47.128.120.191 - - [17/Aug/2026:00:36:13 -0400] "GET /wp-content/uploads/2024/05/GW1-450x450.png HTTP/1.1" 206 500 "https://www.biotechprocleaners.com/product/disinfectant-toilet-gel/" "Mozilla/5.0 (Linux; Android 5.0) AppleWebKit/537.36 (KHTML, like Gecko) Mobile Safari/537.36 (compatible; TikTokSpider; ttspider-feedback@tiktok.com)"
47.128.120.191 - - [17/Aug/2026:00:36:13 -0400] "GET /wp-content/uploads/2024/02/Healthcare-Industry.jpg HTTP/1.1" 206 500 "https://www.biotechprocleaners.com/product/disinfectant-toilet-gel/" "Mozilla/5.0 (Linux; Android 5.0) AppleWebKit/537.36 (KHTML, like Gecko) Mobile Safari/537.36 (compatible; TikTokSpider; ttspider-feedback@tiktok.com)"
47.128.120.191 - - [17/Aug/2026:00:36:13 -0400] "GET /wp-content/uploads/2024/02/Government-Public-Sector.jpg HTTP/1.1" 206 500 "https://www.biotechprocleaners.com/product/disinfectant-toilet-gel/" "Mozilla/5.0 (Linux; Android 5.0) AppleWebKit/537.36 (KHTML, like Gecko) Mobile Safari/537.36 (compatible; TikTokSpider; ttspider-feedback@tiktok.com)"
47.128.120.191 - - [17/Aug/2026:00:36:13 -0400] "GET /wp-content/themes/amwerk-child/images/file-icon.png HTTP/1.1" 206 500 "https://www.biotechprocleaners.com/product/disinfectant-toilet-gel/" "Mozilla/5.0 (Linux; Android 5.0) AppleWebKit/537.36 (KHTML, like Gecko) Mobile Safari/537.36 (compatible; TikTokSpider; ttspider-feedback@tiktok.com)"
47.128.120.191 - - [17/Aug/2026:00:36:13 -0400] "GET /wp-content/uploads/2024/02/Retail-Industry.jpg HTTP/1.1" 206 500 "https://www.biotechprocleaners.com/product/disinfectant-toilet-gel/" "Mozilla/5.0 (Linux; Android 5.0) AppleWebKit/537.36 (KHTML, like Gecko) Mobile Safari/537.36 (compatible; TikTokSpider; ttspider-feedback@tiktok.com)"
47.128.120.191 - - [17/Aug/2026:00:36:13 -0400] "GET /wp-content/uploads/2025/07/footer-logo-new.png HTTP/1.1" 206 500 "https://www.biotechprocleaners.com/product/disinfectant-toilet-gel/" "Mozilla/5.0 (Linux; Android 5.0) AppleWebKit/537.36 (KHTML, like Gecko) Mobile Safari/537.36 (compatible; TikTokSpider; ttspider-feedback@tiktok.com)"
47.128.120.191 - - [17/Aug/2026:00:36:13 -0400] "GET /wp-content/uploads/2024/06/down-arrow.png HTTP/1.1" 206 500 "https://www.biotechprocleaners.com/wp-content/cache/min/1/wp-content/themes/amwerk-child/style.css?ver=1774456999" "Mozilla/5.0 (Linux; Android 5.0) AppleWebKit/537.36 (KHTML, like Gecko) Mobile Safari/537.36 (compatible; TikTokSpider; ttspider-feedback@tiktok.com)"
47.128.120.191 - - [17/Aug/2026:00:36:13 -0400] "GET /wp-content/themes/amwerk/print.css?ver=7.0.4 HTTP/1.1" 200 1145 "https://www.biotechprocleaners.com/product/disinfectant-toilet-gel/" "Mozilla/5.0 (Linux; Android 5.0) AppleWebKit/537.36 (KHTML, like Gecko) Mobile Safari/537.36 (compatible; TikTokSpider; ttspider-feedback@tiktok.com)"
47.128.120.191 - - [17/Aug/2026:00:36:14 -0400] "GET /wp-content/plugins/bold-page-builder/img/blank.gif HTTP/1.1" 206 500 "https://www.biotechprocleaners.com/product/disinfectant-toilet-gel/" "Mozilla/5.0 (Linux; Android 5.0) AppleWebKit/537.36 (KHTML, like Gecko) Mobile Safari/537.36 (compatible; TikTokSpider; ttspider-feedback@tiktok.com)"
47.128.120.217 - - [17/Aug/2026:00:36:37 -0400] "GET /robots.txt HTTP/1.1" 200 401 "-" "-"
57.141.4.23 - - [17/Aug/2026:00:38:00 -0400] "GET /area/synthetic-leather/ HTTP/1.1" 200 47649 "-" "Mozilla/5.0 (Windows NT 10.0; Win64; x64) AppleWebKit/537.36 (KHTML, like Gecko) Chrome/145.0.0.0 Safari/537.36 (compatible; meta-externalagent/1.1 (+https://developers.facebook.com/docs/sharing/webmasters/crawler))"
176.97.79.140 - - [17/Aug/2026:00:45:06 -0400] "GET / HTTP/1.0" 200 475154 "https://www.biotechprocleaners.com/" "Mozilla/5.0 (Windows NT 10.0; Win64; x64) AppleWebKit/537.36 (KHTML, like Gecko) Chrome/131.0.0.0 Safari/537.36 Avast/131.0.0.0"
69.39.225.240 - - [17/Aug/2026:00:45:09 -0400] "POST /wp-cron.php?doing_wp_cron=1786941908.9156301021575927734375 HTTP/1.1" 200 20 "-" "WordPress/7.0.4; https://www.biotechprocleaners.com"
176.97.79.140 - - [17/Aug/2026:00:45:07 -0400] "POST / HTTP/1.0" 200 471057 "https://www.biotechprocleaners.com/" "Mozilla/5.0 (Windows NT 10.0; Win64; x64) AppleWebKit/537.36 (KHTML, like Gecko) Chrome/131.0.0.0 Safari/537.36 Avast/131.0.0.0"
69.39.225.240 - - [17/Aug/2026:00:53:54 -0400] "POST /wp-cron.php?doing_wp_cron=1786942434.2271389961242675781250 HTTP/1.1" 200 20 "-" "WordPress/7.0.4; https://www.biotechprocleaners.com"
3.227.180.70 - - [17/Aug/2026:00:53:53 -0400] "GET /surface/workshops/?areas=sheets HTTP/1.1" 200 32372 "-" "Mozilla/5.0 AppleWebKit/537.36 (KHTML, like Gecko; compatible; Amazonbot/0.1; +https://developer.amazon.com/support/amazonbot) Chrome/119.0.6045.214 Safari/537.36"
34.236.135.14 - - [17/Aug/2026:00:53:56 -0400] "GET /surface/workshops/?surfaces=oil-residues HTTP/1.1" 200 32379 "-" "Mozilla/5.0 AppleWebKit/537.36 (KHTML, like Gecko; compatible; Amazonbot/0.1; +https://developer.amazon.com/support/amazonbot) Chrome/119.0.6045.214 Safari/537.36"
98.82.214.73 - - [17/Aug/2026:00:54:00 -0400] "GET /surface/workshops/?surfaces=metal-sheet HTTP/1.1" 200 32382 "-" "Mozilla/5.0 AppleWebKit/537.36 (KHTML, like Gecko; compatible; Amazonbot/0.1; +https://developer.amazon.com/support/amazonbot) Chrome/119.0.6045.214 Safari/537.36"
52.207.47.227 - - [17/Aug/2026:00:54:04 -0400] "GET /surface/workshops/?areas=dirt-traces-and-soilure HTTP/1.1" 200 32392 "-" "Mozilla/5.0 AppleWebKit/537.36 (KHTML, like Gecko; compatible; Amazonbot/0.1; +https://developer.amazon.com/support/amazonbot) Chrome/119.0.6045.214 Safari/537.36"
69.39.225.240 - - [17/Aug/2026:00:54:43 -0400] "POST /wp-cron.php?doing_wp_cron=1786942482.9712269306182861328125 HTTP/1.1" 200 20 "-" "WordPress/7.0.4; https://www.biotechprocleaners.com"
54.209.100.30 - - [17/Aug/2026:00:54:41 -0400] "GET /surface/floors-in-plant/?areas=sinks HTTP/1.1" 200 32393 "-" "Mozilla/5.0 AppleWebKit/537.36 (KHTML, like Gecko; compatible; Amazonbot/0.1; +https://developer.amazon.com/support/amazonbot) Chrome/119.0.6045.214 Safari/537.36"
44.208.223.68 - - [17/Aug/2026:00:55:09 -0400] "GET /surface/kitchen/?amp&surfaces=leatherette-seats HTTP/1.1" 200 32390 "-" "Mozilla/5.0 AppleWebKit/537.36 (KHTML, like Gecko; compatible; Amazonbot/0.1; +https://developer.amazon.com/support/amazonbot) Chrome/119.0.6045.214 Safari/537.36"
69.39.225.240 - - [17/Aug/2026:00:55:13 -0400] "POST /wp-cron.php?doing_wp_cron=1786942513.5742490291595458984375 HTTP/1.1" 200 20 "-" "WordPress/7.0.4; https://www.biotechprocleaners.com"
34.231.45.47 - - [17/Aug/2026:00:55:12 -0400] "GET /surface/kitchen/?amp&surfaces=furniture HTTP/1.1" 200 32381 "-" "Mozilla/5.0 AppleWebKit/537.36 (KHTML, like Gecko; compatible; Amazonbot/0.1; +https://developer.amazon.com/support/amazonbot) Chrome/119.0.6045.214 Safari/537.36"
69.39.225.240 - - [17/Aug/2026:00:55:14 -0400] "GET /portfolio-grid-five-columns/ HTTP/1.1" 200 41637 "-" "WP Rocket/Preload"
3.225.45.252 - - [17/Aug/2026:00:55:16 -0400] "GET /surface/kitchen/?amp&surfaces=motors HTTP/1.1" 200 32379 "-" "Mozilla/5.0 AppleWebKit/537.36 (KHTML, like Gecko; compatible; Amazonbot/0.1; +https://developer.amazon.com/support/amazonbot) Chrome/119.0.6045.214 Safari/537.36"
69.39.225.240 - - [17/Aug/2026:00:55:16 -0400] "GET /portfolio-grid-five-columns/ HTTP/1.1" 200 16384 "-" "WP Rocket/Preload Mozilla/5.0 (iPhone; CPU iPhone OS 9_1 like Mac OS X) AppleWebKit/601.1.46 (KHTML, like Gecko) Version/9.0 Mobile/13B143 Safari/601.1"
69.39.225.240 - - [17/Aug/2026:00:55:18 -0400] "GET /slider-item/government-and-public-sector/ HTTP/1.1" 200 16384 "-" "WP Rocket/Preload"
69.39.225.240 - - [17/Aug/2026:00:55:19 -0400] "GET /slider-item/government-and-public-sector/ HTTP/1.1" 200 16384 "-" "WP Rocket/Preload Mozilla/5.0 (iPhone; CPU iPhone OS 9_1 like Mac OS X) AppleWebKit/601.1.46 (KHTML, like Gecko) Version/9.0 Mobile/13B143 Safari/601.1"
34.234.200.207 - - [17/Aug/2026:00:55:20 -0400] "GET /surface/kitchen/?amp&surfaces=garages HTTP/1.1" 200 32381 "-" "Mozilla/5.0 AppleWebKit/537.36 (KHTML, like Gecko; compatible; Amazonbot/0.1; +https://developer.amazon.com/support/amazonbot) Chrome/119.0.6045.214 Safari/537.36"
69.39.225.240 - - [17/Aug/2026:00:55:21 -0400] "GET /product/alkhaline-floor-cleaner-degreaser/ HTTP/1.1" 200 16384 "-" "WP Rocket/Preload"
69.39.225.240 - - [17/Aug/2026:00:55:22 -0400] "GET /product/alkhaline-floor-cleaner-degreaser/ HTTP/1.1" 200 16384 "-" "WP Rocket/Preload Mozilla/5.0 (iPhone; CPU iPhone OS 9_1 like Mac OS X) AppleWebKit/601.1.46 (KHTML, like Gecko) Version/9.0 Mobile/13B143 Safari/601.1"
69.39.225.240 - - [17/Aug/2026:00:55:24 -0400] "GET /product/cleaner-degreaser-hard-floors/ HTTP/1.1" 200 16384 "-" "WP Rocket/Preload"
69.39.225.240 - - [17/Aug/2026:00:55:25 -0400] "GET /product/cleaner-degreaser-hard-floors/ HTTP/1.1" 200 16384 "-" "WP Rocket/Preload Mozilla/5.0 (iPhone; CPU iPhone OS 9_1 like Mac OS X) AppleWebKit/601.1.46 (KHTML, like Gecko) Version/9.0 Mobile/13B143 Safari/601.1"
69.39.225.240 - - [17/Aug/2026:00:55:27 -0400] "GET /slider-item/food-industry/ HTTP/1.1" 200 16384 "-" "WP Rocket/Preload"
69.39.225.240 - - [17/Aug/2026:00:55:28 -0400] "GET /slider-item/food-industry/ HTTP/1.1" 200 16384 "-" "WP Rocket/Preload Mozilla/5.0 (iPhone; CPU iPhone OS 9_1 like Mac OS X) AppleWebKit/601.1.46 (KHTML, like Gecko) Version/9.0 Mobile/13B143 Safari/601.1"
69.39.225.240 - - [17/Aug/2026:00:57:09 -0400] "POST /wp-cron.php?doing_wp_cron=1786942629.7144470214843750000000 HTTP/1.1" 200 20 "-" "WordPress/7.0.4; https://www.biotechprocleaners.com"
44.221.227.90 - - [17/Aug/2026:00:57:08 -0400] "GET /surface/floors-in-plant/?areas=organic-waste HTTP/1.1" 200 32402 "-" "Mozilla/5.0 AppleWebKit/537.36 (KHTML, like Gecko; compatible; Amazonbot/0.1; +https://developer.amazon.com/support/amazonbot) Chrome/119.0.6045.214 Safari/537.36"
69.39.225.240 - - [17/Aug/2026:00:57:11 -0400] "GET /product/bathroom-descaler/ HTTP/1.1" 200 50485 "-" "WP Rocket/Preload"
107.20.255.194 - - [17/Aug/2026:00:57:12 -0400] "GET /surface/floors-in-plant/?areas=plastic-surfaces HTTP/1.1" 200 32403 "-" "Mozilla/5.0 AppleWebKit/537.36 (KHTML, like Gecko; compatible; Amazonbot/0.1; +https://developer.amazon.com/support/amazonbot) Chrome/119.0.6045.214 Safari/537.36"
69.39.225.240 - - [17/Aug/2026:00:57:13 -0400] "GET /product/bathroom-descaler/ HTTP/1.1" 200 16384 "-" "WP Rocket/Preload Mozilla/5.0 (iPhone; CPU iPhone OS 9_1 like Mac OS X) AppleWebKit/601.1.46 (KHTML, like Gecko) Version/9.0 Mobile/13B143 Safari/601.1"
69.39.225.240 - - [17/Aug/2026:00:57:14 -0400] "GET /product/disinfectant-toilet-gel/ HTTP/1.1" 200 16384 "-" "WP Rocket/Preload"
69.39.225.240 - - [17/Aug/2026:00:57:16 -0400] "GET /product/disinfectant-toilet-gel/ HTTP/1.1" 200 16384 "-" "WP Rocket/Preload Mozilla/5.0 (iPhone; CPU iPhone OS 9_1 like Mac OS X) AppleWebKit/601.1.46 (KHTML, like Gecko) Version/9.0 Mobile/13B143 Safari/601.1"
69.39.225.240 - - [17/Aug/2026:00:57:17 -0400] "GET /product-category/sport-recreational/ HTTP/1.1" 200 16384 "-" "WP Rocket/Preload"
69.39.225.240 - - [17/Aug/2026:00:57:19 -0400] "GET /product-category/sport-recreational/ HTTP/1.1" 200 16384 "-" "WP Rocket/Preload Mozilla/5.0 (iPhone; CPU iPhone OS 9_1 like Mac OS X) AppleWebKit/601.1.46 (KHTML, like Gecko) Version/9.0 Mobile/13B143 Safari/601.1"
69.39.225.240 - - [17/Aug/2026:00:57:20 -0400] "GET /thank-you-consultant/ HTTP/1.1" 200 16384 "-" "WP Rocket/Preload"
69.39.225.240 - - [17/Aug/2026:00:57:22 -0400] "GET /thank-you-consultant/ HTTP/1.1" 200 16384 "-" "WP Rocket/Preload Mozilla/5.0 (iPhone; CPU iPhone OS 9_1 like Mac OS X) AppleWebKit/601.1.46 (KHTML, like Gecko) Version/9.0 Mobile/13B143 Safari/601.1"
69.39.225.240 - - [17/Aug/2026:00:57:23 -0400] "GET /news/news-grid-six-columns/ HTTP/1.1" 200 16384 "-" "WP Rocket/Preload"
69.39.225.240 - - [17/Aug/2026:00:57:25 -0400] "GET /news/news-grid-six-columns/ HTTP/1.1" 200 16384 "-" "WP Rocket/Preload Mozilla/5.0 (iPhone; CPU iPhone OS 9_1 like Mac OS X) AppleWebKit/601.1.46 (KHTML, like Gecko) Version/9.0 Mobile/13B143 Safari/601.1"
69.39.225.240 - - [17/Aug/2026:00:57:26 -0400] "GET /product-category/convention-centers/ HTTP/1.1" 200 16384 "-" "WP Rocket/Preload"
69.39.225.240 - - [17/Aug/2026:00:57:28 -0400] "GET /product-category/convention-centers/ HTTP/1.1" 200 41623 "-" "WP Rocket/Preload Mozilla/5.0 (iPhone; CPU iPhone OS 9_1 like Mac OS X) AppleWebKit/601.1.46 (KHTML, like Gecko) Version/9.0 Mobile/13B143 Safari/601.1"
69.39.225.240 - - [17/Aug/2026:00:57:29 -0400] "GET /shop-2/products-categories/ HTTP/1.1" 200 16384 "-" "WP Rocket/Preload"
69.39.225.240 - - [17/Aug/2026:00:57:31 -0400] "GET /shop-2/products-categories/ HTTP/1.1" 200 16384 "-" "WP Rocket/Preload Mozilla/5.0 (iPhone; CPU iPhone OS 9_1 like Mac OS X) AppleWebKit/601.1.46 (KHTML, like Gecko) Version/9.0 Mobile/13B143 Safari/601.1"
69.39.225.240 - - [17/Aug/2026:01:00:02 -0400] "POST /wp-cron.php?doing_wp_cron=1786942802.3878960609436035156250 HTTP/1.1" 200 20 "-" "WordPress/7.0.4; https://www.biotechprocleaners.com"
34.236.185.101 - - [17/Aug/2026:01:00:00 -0400] "GET /product-category/recreational-convention-centers/?amp&areas=vehicle-windows HTTP/1.1" 200 40738 "-" "Mozilla/5.0 AppleWebKit/537.36 (KHTML, like Gecko; compatible; Amazonbot/0.1; +https://developer.amazon.com/support/amazonbot) Chrome/119.0.6045.214 Safari/537.36"
69.39.225.240 - - [17/Aug/2026:01:00:04 -0400] "GET /sample-page/ HTTP/1.1" 200 41807 "-" "WP Rocket/Preload"
69.39.225.240 - - [17/Aug/2026:01:00:07 -0400] "GET /sample-page/ HTTP/1.1" 200 16384 "-" "WP Rocket/Preload Mozilla/5.0 (iPhone; CPU iPhone OS 9_1 like Mac OS X) AppleWebKit/601.1.46 (KHTML, like Gecko) Version/9.0 Mobile/13B143 Safari/601.1"
69.39.225.240 - - [17/Aug/2026:01:00:08 -0400] "GET /product/food-desinfectant-degreaser-cleaner/ HTTP/1.1" 200 16384 "-" "WP Rocket/Preload"
69.39.225.240 - - [17/Aug/2026:01:00:10 -0400] "GET /product/food-desinfectant-degreaser-cleaner/ HTTP/1.1" 200 16384 "-" "WP Rocket/Preload Mozilla/5.0 (iPhone; CPU iPhone OS 9_1 like Mac OS X) AppleWebKit/601.1.46 (KHTML, like Gecko) Version/9.0 Mobile/13B143 Safari/601.1"
69.39.225.240 - - [17/Aug/2026:01:00:11 -0400] "GET /product/enzymatic-sanitary-cleaner/ HTTP/1.1" 200 16384 "-" "WP Rocket/Preload"
69.39.225.240 - - [17/Aug/2026:01:00:13 -0400] "GET /product/enzymatic-sanitary-cleaner/ HTTP/1.1" 200 16384 "-" "WP Rocket/Preload Mozilla/5.0 (iPhone; CPU iPhone OS 9_1 like Mac OS X) AppleWebKit/601.1.46 (KHTML, like Gecko) Version/9.0 Mobile/13B143 Safari/601.1"
69.39.225.240 - - [17/Aug/2026:01:00:14 -0400] "GET /news/news-grid-four-columns/ HTTP/1.1" 200 16384 "-" "WP Rocket/Preload"
69.39.225.240 - - [17/Aug/2026:01:00:16 -0400] "GET /news/news-grid-four-columns/ HTTP/1.1" 200 16384 "-" "WP Rocket/Preload Mozilla/5.0 (iPhone; CPU iPhone OS 9_1 like Mac OS X) AppleWebKit/601.1.46 (KHTML, like Gecko) Version/9.0 Mobile/13B143 Safari/601.1"
69.39.225.240 - - [17/Aug/2026:01:00:17 -0400] "GET /product/dishwsahing-liquid-soft-water/ HTTP/1.1" 200 16384 "-" "WP Rocket/Preload"
69.39.225.240 - - [17/Aug/2026:01:00:19 -0400] "GET /product/dishwsahing-liquid-soft-water/ HTTP/1.1" 200 16384 "-" "WP Rocket/Preload Mozilla/5.0 (iPhone; CPU iPhone OS 9_1 like Mac OS X) AppleWebKit/601.1.46 (KHTML, like Gecko) Version/9.0 Mobile/13B143 Safari/601.1"
69.39.225.240 - - [17/Aug/2026:01:00:20 -0400] "GET /about-us/careers/ HTTP/1.1" 200 16384 "-" "WP Rocket/Preload"
69.39.225.240 - - [17/Aug/2026:01:00:22 -0400] "GET /about-us/careers/ HTTP/1.1" 200 16384 "-" "WP Rocket/Preload Mozilla/5.0 (iPhone; CPU iPhone OS 9_1 like Mac OS X) AppleWebKit/601.1.46 (KHTML, like Gecko) Version/9.0 Mobile/13B143 Safari/601.1"
69.39.225.240 - - [17/Aug/2026:01:01:14 -0400] "POST /wp-cron.php?doing_wp_cron=1786942874.2196080684661865234375 HTTP/1.1" 200 20 "-" "WordPress/7.0.4; https://www.biotechprocleaners.com"
52.204.89.12 - - [17/Aug/2026:01:01:12 -0400] "GET /product-category/all-industries/?areas=water HTTP/1.1" 200 46975 "-" "Mozilla/5.0 AppleWebKit/537.36 (KHTML, like Gecko; compatible; Amazonbot/0.1; +https://developer.amazon.com/support/amazonbot) Chrome/119.0.6045.214 Safari/537.36"
69.39.225.240 - - [17/Aug/2026:01:01:15 -0400] "GET /footer/ HTTP/1.1" 200 42949 "-" "WP Rocket/Preload"
69.39.225.240 - - [17/Aug/2026:01:01:17 -0400] "GET /footer/ HTTP/1.1" 200 16384 "-" "WP Rocket/Preload Mozilla/5.0 (iPhone; CPU iPhone OS 9_1 like Mac OS X) AppleWebKit/601.1.46 (KHTML, like Gecko) Version/9.0 Mobile/13B143 Safari/601.1"
69.39.225.240 - - [17/Aug/2026:01:01:18 -0400] "GET /shop-2/products-six-columns/ HTTP/1.1" 200 16384 "-" "WP Rocket/Preload"
69.39.225.240 - - [17/Aug/2026:01:01:20 -0400] "GET /shop-2/products-six-columns/ HTTP/1.1" 200 16384 "-" "WP Rocket/Preload Mozilla/5.0 (iPhone; CPU iPhone OS 9_1 like Mac OS X) AppleWebKit/601.1.46 (KHTML, like Gecko) Version/9.0 Mobile/13B143 Safari/601.1"
69.39.225.240 - - [17/Aug/2026:01:01:21 -0400] "GET /news/latest-posts-six-columns/ HTTP/1.1" 200 16384 "-" "WP Rocket/Preload"
69.39.225.240 - - [17/Aug/2026:01:01:23 -0400] "GET /news/latest-posts-six-columns/ HTTP/1.1" 200 16384 "-" "WP Rocket/Preload Mozilla/5.0 (iPhone; CPU iPhone OS 9_1 like Mac OS X) AppleWebKit/601.1.46 (KHTML, like Gecko) Version/9.0 Mobile/13B143 Safari/601.1"
69.39.225.240 - - [17/Aug/2026:01:01:24 -0400] "GET /slider-item/recreational-and-convention-centers/ HTTP/1.1" 200 16384 "-" "WP Rocket/Preload"
69.39.225.240 - - [17/Aug/2026:01:01:26 -0400] "GET /slider-item/recreational-and-convention-centers/ HTTP/1.1" 200 16384 "-" "WP Rocket/Preload Mozilla/5.0 (iPhone; CPU iPhone OS 9_1 like Mac OS X) AppleWebKit/601.1.46 (KHTML, like Gecko) Version/9.0 Mobile/13B143 Safari/601.1"
69.39.225.240 - - [17/Aug/2026:01:01:27 -0400] "GET /slider-item/healthcare-industry/ HTTP/1.1" 200 16384 "-" "WP Rocket/Preload"
66.249.64.104 - - [17/Aug/2026:01:01:29 -0400] "GET /product/floore-cleaner/ HTTP/1.1" 200 49933 "-" "Mozilla/5.0 (Linux; Android 6.0.1; Nexus 5X Build/MMB29P) AppleWebKit/537.36 (KHTML, like Gecko) Chrome/150.0.7871.186 Mobile Safari/537.36 (compatible; Googlebot/2.1; +http://www.google.com/bot.html)"
69.39.225.240 - - [17/Aug/2026:01:01:29 -0400] "GET /slider-item/healthcare-industry/ HTTP/1.1" 200 16384 "-" "WP Rocket/Preload Mozilla/5.0 (iPhone; CPU iPhone OS 9_1 like Mac OS X) AppleWebKit/601.1.46 (KHTML, like Gecko) Version/9.0 Mobile/13B143 Safari/601.1"
69.39.225.240 - - [17/Aug/2026:01:01:30 -0400] "GET /slider-item/hospitality-industry/ HTTP/1.1" 200 16384 "-" "WP Rocket/Preload"
69.39.225.240 - - [17/Aug/2026:01:01:32 -0400] "GET /slider-item/hospitality-industry/ HTTP/1.1" 200 16384 "-" "WP Rocket/Preload Mozilla/5.0 (iPhone; CPU iPhone OS 9_1 like Mac OS X) AppleWebKit/601.1.46 (KHTML, like Gecko) Version/9.0 Mobile/13B143 Safari/601.1"
69.39.225.240 - - [17/Aug/2026:01:01:33 -0400] "GET /news/news-grid-five-columns/ HTTP/1.1" 200 16384 "-" "WP Rocket/Preload"
69.39.225.240 - - [17/Aug/2026:01:01:35 -0400] "GET /news/news-grid-five-columns/ HTTP/1.1" 200 16384 "-" "WP Rocket/Preload Mozilla/5.0 (iPhone; CPU iPhone OS 9_1 like Mac OS X) AppleWebKit/601.1.46 (KHTML, like Gecko) Version/9.0 Mobile/13B143 Safari/601.1"
69.39.225.240 - - [17/Aug/2026:01:01:54 -0400] "POST /wp-cron.php?doing_wp_cron=1786942914.2077200412750244140625 HTTP/1.1" 200 20 "-" "WordPress/7.0.4; https://www.biotechprocleaners.com"
3.216.227.216 - - [17/Aug/2026:01:01:52 -0400] "GET /wp-json/oembed/1.0/embed?url=https://www.biotechprocleaners.com/product/fragranced-floor-cleaner/ HTTP/1.1" 200 1208 "-" "Mozilla/5.0 AppleWebKit/537.36 (KHTML, like Gecko; compatible; Amazonbot/0.1; +https://developer.amazon.com/support/amazonbot) Chrome/119.0.6045.214 Safari/537.36"
69.39.225.240 - - [17/Aug/2026:01:02:31 -0400] "POST /wp-cron.php?doing_wp_cron=1786942951.6510410308837890625000 HTTP/1.1" 200 20 "-" "WordPress/7.0.4; https://www.biotechprocleaners.com"
104.236.92.18 - - [17/Aug/2026:01:02:30 -0400] "GET / HTTP/1.1" 200 20 "-" "Mozilla/5.0 (Fedora; Linux i686) AppleWebKit/537.36 (KHTML, like Gecko) Chrome/132.0.0.0 Safari/537.36"
69.39.225.240 - - [17/Aug/2026:01:02:32 -0400] "GET /area/more-powerful-towards-soilure-from-oil-and-grease/ HTTP/1.1" 200 48586 "-" "WP Rocket/Preload"
69.39.225.240 - - [17/Aug/2026:01:02:34 -0400] "GET /area/more-powerful-towards-soilure-from-oil-and-grease/ HTTP/1.1" 200 16384 "-" "WP Rocket/Preload Mozilla/5.0 (iPhone; CPU iPhone OS 9_1 like Mac OS X) AppleWebKit/601.1.46 (KHTML, like Gecko) Version/9.0 Mobile/13B143 Safari/601.1"
69.39.225.240 - - [17/Aug/2026:01:02:36 -0400] "GET /portfolio-tiles-three-columns/ HTTP/1.1" 200 16384 "-" "WP Rocket/Preload"
69.39.225.240 - - [17/Aug/2026:01:02:37 -0400] "GET /portfolio-tiles-three-columns/ HTTP/1.1" 200 16384 "-" "WP Rocket/Preload Mozilla/5.0 (iPhone; CPU iPhone OS 9_1 like Mac OS X) AppleWebKit/601.1.46 (KHTML, like Gecko) Version/9.0 Mobile/13B143 Safari/601.1"
69.39.225.240 - - [17/Aug/2026:01:02:39 -0400] "GET /product-category/residential-buildings/ HTTP/1.1" 200 16384 "-" "WP Rocket/Preload"
69.39.225.240 - - [17/Aug/2026:01:02:40 -0400] "GET /product-category/residential-buildings/ HTTP/1.1" 200 16384 "-" "WP Rocket/Preload Mozilla/5.0 (iPhone; CPU iPhone OS 9_1 like Mac OS X) AppleWebKit/601.1.46 (KHTML, like Gecko) Version/9.0 Mobile/13B143 Safari/601.1"
69.39.225.240 - - [17/Aug/2026:01:02:42 -0400] "GET /services/our-process/ HTTP/1.1" 200 16384 "-" "WP Rocket/Preload"
69.39.225.240 - - [17/Aug/2026:01:02:43 -0400] "GET /services/our-process/ HTTP/1.1" 200 16384 "-" "WP Rocket/Preload Mozilla/5.0 (iPhone; CPU iPhone OS 9_1 like Mac OS X) AppleWebKit/601.1.46 (KHTML, like Gecko) Version/9.0 Mobile/13B143 Safari/601.1"
69.39.225.240 - - [17/Aug/2026:01:02:45 -0400] "GET /portfolio-tiles-six-columns/ HTTP/1.1" 200 16384 "-" "WP Rocket/Preload"
69.39.225.240 - - [17/Aug/2026:01:02:46 -0400] "GET /portfolio-tiles-six-columns/ HTTP/1.1" 200 16384 "-" "WP Rocket/Preload Mozilla/5.0 (iPhone; CPU iPhone OS 9_1 like Mac OS X) AppleWebKit/601.1.46 (KHTML, like Gecko) Version/9.0 Mobile/13B143 Safari/601.1"
69.39.225.240 - - [17/Aug/2026:01:02:48 -0400] "GET /footer-03/ HTTP/1.1" 200 16384 "-" "WP Rocket/Preload"
69.39.225.240 - - [17/Aug/2026:01:02:49 -0400] "GET /footer-03/ HTTP/1.1" 200 16384 "-" "WP Rocket/Preload Mozilla/5.0 (iPhone; CPU iPhone OS 9_1 like Mac OS X) AppleWebKit/601.1.46 (KHTML, like Gecko) Version/9.0 Mobile/13B143 Safari/601.1"
69.39.225.240 - - [17/Aug/2026:01:02:51 -0400] "GET /product/disinfectant-cleaner/ HTTP/1.1" 200 16384 "-" "WP Rocket/Preload"
54.210.155.69 - - [17/Aug/2026:01:02:52 -0400] "GET /surface/workshops/?amp&surfaces=floors-in-plant HTTP/1.1" 200 47434 "-" "Mozilla/5.0 AppleWebKit/537.36 (KHTML, like Gecko; compatible; Amazonbot/0.1; +https://developer.amazon.com/support/amazonbot) Chrome/119.0.6045.214 Safari/537.36"
69.39.225.240 - - [17/Aug/2026:01:02:52 -0400] "GET /product/disinfectant-cleaner/ HTTP/1.1" 200 16384 "-" "WP Rocket/Preload Mozilla/5.0 (iPhone; CPU iPhone OS 9_1 like Mac OS X) AppleWebKit/601.1.46 (KHTML, like Gecko) Version/9.0 Mobile/13B143 Safari/601.1"
69.39.225.240 - - [17/Aug/2026:01:05:33 -0400] "POST /wp-cron.php?doing_wp_cron=1786943132.9028921127319335937500 HTTP/1.1" 200 20 "-" "WordPress/7.0.4; https://www.biotechprocleaners.com"
54.39.203.192 - - [17/Aug/2026:01:05:31 -0400] "GET /sitemap_index.xml HTTP/1.1" 200 469 "-" "Mozilla/5.0 (compatible; AhrefsBot/7.0; +http://ahrefs.com/robot/)"
51.222.168.248 - - [17/Aug/2026:01:05:34 -0400] "GET /post-sitemap.xml HTTP/1.1" 200 883 "-" "Mozilla/5.0 (compatible; AhrefsBot/7.0; +http://ahrefs.com/robot/)"
69.39.225.240 - - [17/Aug/2026:01:05:34 -0400] "GET /shop-2/products-four-columns/ HTTP/1.1" 200 45484 "-" "WP Rocket/Preload"
69.39.225.240 - - [17/Aug/2026:01:05:36 -0400] "GET /shop-2/products-four-columns/ HTTP/1.1" 200 16384 "-" "WP Rocket/Preload Mozilla/5.0 (iPhone; CPU iPhone OS 9_1 like Mac OS X) AppleWebKit/601.1.46 (KHTML, like Gecko) Version/9.0 Mobile/13B143 Safari/601.1"
51.161.37.14 - - [17/Aug/2026:01:05:36 -0400] "GET /page-sitemap.xml HTTP/1.1" 200 1498 "-" "Mozilla/5.0 (compatible; AhrefsBot/7.0; +http://ahrefs.com/robot/)"
69.39.225.240 - - [17/Aug/2026:01:05:37 -0400] "GET /about-us/testimonials/ HTTP/1.1" 200 16384 "-" "WP Rocket/Preload"
54.39.89.199 - - [17/Aug/2026:01:05:39 -0400] "GET /product-sitemap.xml HTTP/1.1" 200 1013 "-" "Mozilla/5.0 (compatible; AhrefsBot/7.0; +http://ahrefs.com/robot/)"
69.39.225.240 - - [17/Aug/2026:01:05:39 -0400] "GET /about-us/testimonials/ HTTP/1.1" 200 16384 "-" "WP Rocket/Preload Mozilla/5.0 (iPhone; CPU iPhone OS 9_1 like Mac OS X) AppleWebKit/601.1.46 (KHTML, like Gecko) Version/9.0 Mobile/13B143 Safari/601.1"
69.39.225.240 - - [17/Aug/2026:01:05:40 -0400] "GET /news/latest-posts-four-columns/ HTTP/1.1" 200 16384 "-" "WP Rocket/Preload"
167.114.139.99 - - [17/Aug/2026:01:05:41 -0400] "GET /portfolio-sitemap.xml HTTP/1.1" 200 795 "-" "Mozilla/5.0 (compatible; AhrefsBot/7.0; +http://ahrefs.com/robot/)"
69.39.225.240 - - [17/Aug/2026:01:05:42 -0400] "GET /news/latest-posts-four-columns/ HTTP/1.1" 200 16384 "-" "WP Rocket/Preload Mozilla/5.0 (iPhone; CPU iPhone OS 9_1 like Mac OS X) AppleWebKit/601.1.46 (KHTML, like Gecko) Version/9.0 Mobile/13B143 Safari/601.1"
69.39.225.240 - - [17/Aug/2026:01:05:43 -0400] "GET /slider-item/logistics-and-transportation/ HTTP/1.1" 200 16384 "-" "WP Rocket/Preload"
148.113.128.179 - - [17/Aug/2026:01:05:44 -0400] "GET /slider-item-sitemap.xml HTTP/1.1" 200 710 "-" "Mozilla/5.0 (compatible; AhrefsBot/7.0; +http://ahrefs.com/robot/)"
69.39.225.240 - - [17/Aug/2026:01:05:45 -0400] "GET /slider-item/logistics-and-transportation/ HTTP/1.1" 200 16384 "-" "WP Rocket/Preload Mozilla/5.0 (iPhone; CPU iPhone OS 9_1 like Mac OS X) AppleWebKit/601.1.46 (KHTML, like Gecko) Version/9.0 Mobile/13B143 Safari/601.1"
54.39.136.64 - - [17/Aug/2026:01:05:46 -0400] "GET /category-sitemap.xml HTTP/1.1" 200 463 "-" "Mozilla/5.0 (compatible; AhrefsBot/7.0; +http://ahrefs.com/robot/)"
69.39.225.240 - - [17/Aug/2026:01:05:46 -0400] "GET /slider-item/manufacturing-industries/ HTTP/1.1" 200 16384 "-" "WP Rocket/Preload"
34.225.243.131 - - [17/Aug/2026:01:05:48 -0400] "GET /product-category/government/?surfaces=medical-equipment HTTP/1.1" 200 47010 "-" "Mozilla/5.0 AppleWebKit/537.36 (KHTML, like Gecko; compatible; Amazonbot/0.1; +https://developer.amazon.com/support/amazonbot) Chrome/119.0.6045.214 Safari/537.36"
69.39.225.240 - - [17/Aug/2026:01:05:48 -0400] "GET /slider-item/manufacturing-industries/ HTTP/1.1" 200 16384 "-" "WP Rocket/Preload Mozilla/5.0 (iPhone; CPU iPhone OS 9_1 like Mac OS X) AppleWebKit/601.1.46 (KHTML, like Gecko) Version/9.0 Mobile/13B143 Safari/601.1"
142.44.225.73 - - [17/Aug/2026:01:05:49 -0400] "GET /post_tag-sitemap.xml HTTP/1.1" 200 483 "-" "Mozilla/5.0 (compatible; AhrefsBot/7.0; +http://ahrefs.com/robot/)"
69.39.225.240 - - [17/Aug/2026:01:05:50 -0400] "GET /news/news-tiles-five-columns/ HTTP/1.1" 200 16384 "-" "WP Rocket/Preload"
15.235.98.246 - - [17/Aug/2026:01:05:51 -0400] "GET /product_cat-sitemap.xml HTTP/1.1" 200 537 "-" "Mozilla/5.0 (compatible; AhrefsBot/7.0; +http://ahrefs.com/robot/)"
69.39.225.240 - - [17/Aug/2026:01:05:51 -0400] "GET /news/news-tiles-five-columns/ HTTP/1.1" 200 16384 "-" "WP Rocket/Preload Mozilla/5.0 (iPhone; CPU iPhone OS 9_1 like Mac OS X) AppleWebKit/601.1.46 (KHTML, like Gecko) Version/9.0 Mobile/13B143 Safari/601.1"
69.39.225.240 - - [17/Aug/2026:01:05:53 -0400] "GET /type/image/ HTTP/1.1" 200 16384 "-" "WP Rocket/Preload"
54.39.203.209 - - [17/Aug/2026:01:05:54 -0400] "GET /surface-sitemap.xml HTTP/1.1" 200 1217 "-" "Mozilla/5.0 (compatible; AhrefsBot/7.0; +http://ahrefs.com/robot/)"
69.39.225.240 - - [17/Aug/2026:01:05:54 -0400] "GET /type/image/ HTTP/1.1" 200 16384 "-" "WP Rocket/Preload Mozilla/5.0 (iPhone; CPU iPhone OS 9_1 like Mac OS X) AppleWebKit/601.1.46 (KHTML, like Gecko) Version/9.0 Mobile/13B143 Safari/601.1"
69.39.225.240 - - [17/Aug/2026:01:05:57 -0400] "POST /wp-cron.php?doing_wp_cron=1786943157.6219298839569091796875 HTTP/1.1" 200 20 "-" "WordPress/7.0.4; https://www.biotechprocleaners.com"
51.222.168.170 - - [17/Aug/2026:01:05:56 -0400] "GET /area-sitemap.xml HTTP/1.1" 200 1089 "-" "Mozilla/5.0 (compatible; AhrefsBot/7.0; +http://ahrefs.com/robot/)"
142.44.228.14 - - [17/Aug/2026:01:05:58 -0400] "GET /removal-sitemap.xml HTTP/1.1" 200 379 "-" "Mozilla/5.0 (compatible; AhrefsBot/7.0; +http://ahrefs.com/robot/)"
142.44.220.196 - - [17/Aug/2026:01:06:01 -0400] "GET /author-sitemap.xml HTTP/1.1" 200 377 "-" "Mozilla/5.0 (compatible; AhrefsBot/7.0; +http://ahrefs.com/robot/)"
52.3.102.51 - - [17/Aug/2026:01:06:40 -0400] "GET /wp-content/uploads/2024/08/3-Food-industry-160x160.png HTTP/1.1" 200 39213 "-" "Mozilla/5.0 AppleWebKit/537.36 (KHTML, like Gecko; compatible; Amazonbot/0.1; +https://developer.amazon.com/support/amazonbot) Chrome/119.0.6045.214 Safari/537.36"
54.84.250.51 - - [17/Aug/2026:01:07:32 -0400] "GET /author/ntpadmin/ HTTP/1.1" 200 42541 "-" "Mozilla/5.0 AppleWebKit/537.36 (KHTML, like Gecko; compatible; Amazonbot/0.1; +https://developer.amazon.com/support/amazonbot) Chrome/119.0.6045.214 Safari/537.36"
69.39.225.240 - - [17/Aug/2026:01:07:38 -0400] "POST /wp-cron.php?doing_wp_cron=1786943258.4123771190643310546875 HTTP/1.1" 200 20 "-" "WordPress/7.0.4; https://www.biotechprocleaners.com"
54.147.238.89 - - [17/Aug/2026:01:07:36 -0400] "GET /product-category/recreational-convention-centers/?surfaces=different-types-of-flooring HTTP/1.1" 200 46874 "-" "Mozilla/5.0 AppleWebKit/537.36 (KHTML, like Gecko; compatible; Amazonbot/0.1; +https://developer.amazon.com/support/amazonbot) Chrome/119.0.6045.214 Safari/537.36"
69.39.225.240 - - [17/Aug/2026:01:07:39 -0400] "GET /shop-2/products-two-columns/ HTTP/1.1" 200 45562 "-" "WP Rocket/Preload"
69.39.225.240 - - [17/Aug/2026:01:07:42 -0400] "GET /shop-2/products-two-columns/ HTTP/1.1" 200 16384 "-" "WP Rocket/Preload Mozilla/5.0 (iPhone; CPU iPhone OS 9_1 like Mac OS X) AppleWebKit/601.1.46 (KHTML, like Gecko) Version/9.0 Mobile/13B143 Safari/601.1"
54.84.250.51 - - [17/Aug/2026:01:07:44 -0400] "GET /wp-content/uploads/2023/05/NDSS1-24x24.png HTTP/1.1" 200 1318 "-" "Mozilla/5.0 AppleWebKit/537.36 (KHTML, like Gecko; compatible; Amazonbot/0.1; +https://developer.amazon.com/support/amazonbot) Chrome/119.0.6045.214 Safari/537.36"
69.39.225.240 - - [17/Aug/2026:01:07:43 -0400] "GET /news/news-tiles-six-columns/ HTTP/1.1" 200 16384 "-" "WP Rocket/Preload"
