100.60.35.16 - - [16/Aug/2026:10:56:28 -0400] "GET /wp-content/plugins/woocommerce/assets/js/sourcebuster/sourcebuster.min.js?ver=10.2.4 HTTP/1.1" 200 4807 "https://www.biotechprocleaners.com/product/rinsing-aid/?attribute_pa_size=1000l" "Mozilla/5.0 (Macintosh; Intel Mac OS X 10_15_7) AppleWebKit/537.36 (KHTML, like Gecko) Chrome/148.0.0.0 Safari/537.36"
100.60.35.16 - - [16/Aug/2026:10:56:28 -0400] "GET /wp-content/plugins/woocommerce/assets/js/frontend/order-attribution.min.js?ver=10.2.4 HTTP/1.1" 200 1128 "https://www.biotechprocleaners.com/product/rinsing-aid/?attribute_pa_size=1000l" "Mozilla/5.0 (Macintosh; Intel Mac OS X 10_15_7) AppleWebKit/537.36 (KHTML, like Gecko) Chrome/148.0.0.0 Safari/537.36"
100.60.35.16 - - [16/Aug/2026:10:56:28 -0400] "GET /wp-includes/js/dist/vendor/wp-polyfill.min.js?ver=3.15.0 HTTP/1.1" 200 11897 "https://www.biotechprocleaners.com/product/rinsing-aid/?attribute_pa_size=1000l" "Mozilla/5.0 (Macintosh; Intel Mac OS X 10_15_7) AppleWebKit/537.36 (KHTML, like Gecko) Chrome/148.0.0.0 Safari/537.36"
100.60.35.16 - - [16/Aug/2026:10:56:28 -0400] "GET /wp-content/plugins/contact-form-7/modules/recaptcha/index.js?ver=6.1.2 HTTP/1.1" 200 483 "https://www.biotechprocleaners.com/product/rinsing-aid/?attribute_pa_size=1000l" "Mozilla/5.0 (Macintosh; Intel Mac OS X 10_15_7) AppleWebKit/537.36 (KHTML, like Gecko) Chrome/148.0.0.0 Safari/537.36"
100.60.35.16 - - [16/Aug/2026:10:56:28 -0400] "GET /wp-includes/js/dist/hooks.min.js?ver=7496969728ca0f95732d HTTP/1.1" 200 1829 "https://www.biotechprocleaners.com/product/rinsing-aid/?attribute_pa_size=1000l" "Mozilla/5.0 (Macintosh; Intel Mac OS X 10_15_7) AppleWebKit/537.36 (KHTML, like Gecko) Chrome/148.0.0.0 Safari/537.36"
69.39.225.240 - - [16/Aug/2026:10:56:27 -0400] "GET /tag/people/ HTTP/1.1" 200 16384 "-" "WP Rocket/Preload"
100.28.188.130 - - [16/Aug/2026:10:56:27 -0400] "GET /wp-content/themes/amwerk-child/custom-slider.css?ver=7.0.4 HTTP/1.1" 200 39522 "https://www.biotechprocleaners.com/product/rinsing-aid/?attribute_pa_size=1000l" "Mozilla/5.0 (Macintosh; Intel Mac OS X 10_15_7) AppleWebKit/537.36 (KHTML, like Gecko) Chrome/148.0.0.0 Safari/537.36"
100.60.35.16 - - [16/Aug/2026:10:56:28 -0400] "GET /wp-includes/js/dist/i18n.min.js?ver=781d11515ad3d91786ec HTTP/1.1" 200 2465 "https://www.biotechprocleaners.com/product/rinsing-aid/?attribute_pa_size=1000l" "Mozilla/5.0 (Macintosh; Intel Mac OS X 10_15_7) AppleWebKit/537.36 (KHTML, like Gecko) Chrome/148.0.0.0 Safari/537.36"
100.60.35.16 - - [16/Aug/2026:10:56:28 -0400] "GET /wp-content/plugins/contact-form-7/includes/swv/js/index.js?ver=6.1.2 HTTP/1.1" 200 3503 "https://www.biotechprocleaners.com/product/rinsing-aid/?attribute_pa_size=1000l" "Mozilla/5.0 (Macintosh; Intel Mac OS X 10_15_7) AppleWebKit/537.36 (KHTML, like Gecko) Chrome/148.0.0.0 Safari/537.36"
50.19.47.228 - - [16/Aug/2026:10:56:28 -0400] "GET /wp-includes/js/underscore.min.js?ver=1.13.8 HTTP/1.1" 200 7372 "https://www.biotechprocleaners.com/product/rinsing-aid/?attribute_pa_size=1000l" "Mozilla/5.0 (Macintosh; Intel Mac OS X 10_15_7) AppleWebKit/537.36 (KHTML, like Gecko) Chrome/148.0.0.0 Safari/537.36"
100.60.35.16 - - [16/Aug/2026:10:56:28 -0400] "GET /wp-content/plugins/contact-form-7/includes/js/index.js?ver=6.1.2 HTTP/1.1" 200 4265 "https://www.biotechprocleaners.com/product/rinsing-aid/?attribute_pa_size=1000l" "Mozilla/5.0 (Macintosh; Intel Mac OS X 10_15_7) AppleWebKit/537.36 (KHTML, like Gecko) Chrome/148.0.0.0 Safari/537.36"
54.163.142.183 - - [16/Aug/2026:10:56:28 -0400] "GET /wp-content/plugins/bold-page-builder/content_elements/bt_bb_section/bt_bb_elements.js?ver=5.4.7 HTTP/1.1" 200 824 "https://www.biotechprocleaners.com/product/rinsing-aid/?attribute_pa_size=1000l" "Mozilla/5.0 (Macintosh; Intel Mac OS X 10_15_7) AppleWebKit/537.36 (KHTML, like Gecko) Chrome/148.0.0.0 Safari/537.36"
50.19.47.228 - - [16/Aug/2026:10:56:28 -0400] "GET /wp-includes/js/wp-util.min.js?ver=7.0.4 HTTP/1.1" 200 754 "https://www.biotechprocleaners.com/product/rinsing-aid/?attribute_pa_size=1000l" "Mozilla/5.0 (Macintosh; Intel Mac OS X 10_15_7) AppleWebKit/537.36 (KHTML, like Gecko) Chrome/148.0.0.0 Safari/537.36"
54.163.142.183 - - [16/Aug/2026:10:56:28 -0400] "GET /wp-includes/js/imagesloaded.min.js?ver=5.0.0 HTTP/1.1" 200 1803 "https://www.biotechprocleaners.com/product/rinsing-aid/?attribute_pa_size=1000l" "Mozilla/5.0 (Macintosh; Intel Mac OS X 10_15_7) AppleWebKit/537.36 (KHTML, like Gecko) Chrome/148.0.0.0 Safari/537.36"
50.19.47.228 - - [16/Aug/2026:10:56:28 -0400] "GET /wp-content/themes/amwerk/bold-page-builder/content_elements/bt_bb_masonry_portfolio_tiles/bt_bb_portfolio_tiles.js?ver=7.0.4 HTTP/1.1" 200 1201 "https://www.biotechprocleaners.com/product/rinsing-aid/?attribute_pa_size=1000l" "Mozilla/5.0 (Macintosh; Intel Mac OS X 10_15_7) AppleWebKit/537.36 (KHTML, like Gecko) Chrome/148.0.0.0 Safari/537.36"
50.19.47.228 - - [16/Aug/2026:10:56:28 -0400] "GET /wp-includes/js/masonry.min.js?ver=4.2.2 HTTP/1.1" 200 7382 "https://www.biotechprocleaners.com/product/rinsing-aid/?attribute_pa_size=1000l" "Mozilla/5.0 (Macintosh; Intel Mac OS X 10_15_7) AppleWebKit/537.36 (KHTML, like Gecko) Chrome/148.0.0.0 Safari/537.36"
100.60.35.16 - - [16/Aug/2026:10:56:28 -0400] "GET /wp-includes/js/jquery/jquery.masonry.min.js?ver=3.1.2b HTTP/1.1" 200 716 "https://www.biotechprocleaners.com/product/rinsing-aid/?attribute_pa_size=1000l" "Mozilla/5.0 (Macintosh; Intel Mac OS X 10_15_7) AppleWebKit/537.36 (KHTML, like Gecko) Chrome/148.0.0.0 Safari/537.36"
100.50.142.119 - - [16/Aug/2026:10:56:28 -0400] "GET /wp-content/plugins/amwerk/shortcodes/back_to_top/js/back_to_top.js?ver=7.0.4 HTTP/1.1" 200 355 "https://www.biotechprocleaners.com/product/rinsing-aid/?attribute_pa_size=1000l" "Mozilla/5.0 (Macintosh; Intel Mac OS X 10_15_7) AppleWebKit/537.36 (KHTML, like Gecko) Chrome/148.0.0.0 Safari/537.36"
50.19.47.228 - - [16/Aug/2026:10:56:28 -0400] "GET /wp-includes/js/dist/dom-ready.min.js?ver=a06281ae5cf5500e9317 HTTP/1.1" 200 473 "https://www.biotechprocleaners.com/product/rinsing-aid/?attribute_pa_size=1000l" "Mozilla/5.0 (Macintosh; Intel Mac OS X 10_15_7) AppleWebKit/537.36 (KHTML, like Gecko) Chrome/148.0.0.0 Safari/537.36"
54.163.142.183 - - [16/Aug/2026:10:56:28 -0400] "GET /wp-content/plugins/woocommerce-payments/dist/frontend-tracks.js?ver=10.0.0 HTTP/1.1" 200 835 "https://www.biotechprocleaners.com/product/rinsing-aid/?attribute_pa_size=1000l" "Mozilla/5.0 (Macintosh; Intel Mac OS X 10_15_7) AppleWebKit/537.36 (KHTML, like Gecko) Chrome/148.0.0.0 Safari/537.36"
100.50.142.119 - - [16/Aug/2026:10:56:28 -0400] "GET /wp-content/plugins/woocommerce/assets/js/frontend/add-to-cart.min.js?ver=10.2.4 HTTP/1.1" 200 1368 "https://www.biotechprocleaners.com/product/rinsing-aid/?attribute_pa_size=1000l" "Mozilla/5.0 (Macintosh; Intel Mac OS X 10_15_7) AppleWebKit/537.36 (KHTML, like Gecko) Chrome/148.0.0.0 Safari/537.36"
100.60.35.16 - - [16/Aug/2026:10:56:28 -0400] "GET /wp-content/plugins/woocommerce/assets/js/zoom/jquery.zoom.min.js?ver=1.7.21-wc.10.2.4 HTTP/1.1" 200 1192 "https://www.biotechprocleaners.com/product/rinsing-aid/?attribute_pa_size=1000l" "Mozilla/5.0 (Macintosh; Intel Mac OS X 10_15_7) AppleWebKit/537.36 (KHTML, like Gecko) Chrome/148.0.0.0 Safari/537.36"
50.19.47.228 - - [16/Aug/2026:10:56:28 -0400] "GET /wp-content/plugins/woocommerce/assets/js/jquery-blockui/jquery.blockUI.min.js?ver=2.7.0-wc.10.2.4 HTTP/1.1" 200 3537 "https://www.biotechprocleaners.com/product/rinsing-aid/?attribute_pa_size=1000l" "Mozilla/5.0 (Macintosh; Intel Mac OS X 10_15_7) AppleWebKit/537.36 (KHTML, like Gecko) Chrome/148.0.0.0 Safari/537.36"
100.60.35.16 - - [16/Aug/2026:10:56:28 -0400] "GET /wp-content/themes/amwerk/fonts/Icon7Stroke/Icon7Stroke.woff HTTP/1.1" 200 28526 "https://www.biotechprocleaners.com/product/rinsing-aid/?attribute_pa_size=1000l" "Mozilla/5.0 (Macintosh; Intel Mac OS X 10_15_7) AppleWebKit/537.36 (KHTML, like Gecko) Chrome/148.0.0.0 Safari/537.36"
50.19.47.228 - - [16/Aug/2026:10:56:28 -0400] "GET /wp-content/themes/amwerk/fonts/Charts/Charts.woff HTTP/1.1" 200 18429 "https://www.biotechprocleaners.com/product/rinsing-aid/?attribute_pa_size=1000l" "Mozilla/5.0 (Macintosh; Intel Mac OS X 10_15_7) AppleWebKit/537.36 (KHTML, like Gecko) Chrome/148.0.0.0 Safari/537.36"
100.50.142.119 - - [16/Aug/2026:10:56:28 -0400] "GET /wp-content/themes/amwerk/fonts/FontAwesome/FontAwesome.woff HTTP/1.1" 200 97913 "https://www.biotechprocleaners.com/product/rinsing-aid/?attribute_pa_size=1000l" "Mozilla/5.0 (Macintosh; Intel Mac OS X 10_15_7) AppleWebKit/537.36 (KHTML, like Gecko) Chrome/148.0.0.0 Safari/537.36"
54.163.142.183 - - [16/Aug/2026:10:56:28 -0400] "GET /wp-content/uploads/2024/02/Logistics-Transportation.jpg HTTP/1.1" 200 219251 "https://www.biotechprocleaners.com/product/rinsing-aid/?attribute_pa_size=1000l" "Mozilla/5.0 (Macintosh; Intel Mac OS X 10_15_7) AppleWebKit/537.36 (KHTML, like Gecko) Chrome/148.0.0.0 Safari/537.36"
100.60.35.16 - - [16/Aug/2026:10:56:28 -0400] "GET /wp-content/themes/amwerk/fonts/FontAwesome5Solid/FontAwesome5Solid.woff HTTP/1.1" 200 104027 "https://www.biotechprocleaners.com/product/rinsing-aid/?attribute_pa_size=1000l" "Mozilla/5.0 (Macintosh; Intel Mac OS X 10_15_7) AppleWebKit/537.36 (KHTML, like Gecko) Chrome/148.0.0.0 Safari/537.36"
50.19.47.228 - - [16/Aug/2026:10:56:28 -0400] "GET /wp-content/themes/amwerk/fonts/Amwerk/Amwerk.woff HTTP/1.1" 200 100552 "https://www.biotechprocleaners.com/product/rinsing-aid/?attribute_pa_size=1000l" "Mozilla/5.0 (Macintosh; Intel Mac OS X 10_15_7) AppleWebKit/537.36 (KHTML, like Gecko) Chrome/148.0.0.0 Safari/537.36"
50.19.47.228 - - [16/Aug/2026:10:56:28 -0400] "GET /wp-content/uploads/2024/02/btp-Item-page-top-banner.jpg HTTP/1.1" 200 799173 "https://www.biotechprocleaners.com/product/rinsing-aid/?attribute_pa_size=1000l" "Mozilla/5.0 (Macintosh; Intel Mac OS X 10_15_7) AppleWebKit/537.36 (KHTML, like Gecko) Chrome/148.0.0.0 Safari/537.36"
50.19.47.228 - - [16/Aug/2026:10:56:27 -0400] "GET /wp-content/themes/amwerk-child/custom-slider.js?ver=1.0 HTTP/1.1" 200 39517 "https://www.biotechprocleaners.com/product/rinsing-aid/?attribute_pa_size=1000l" "Mozilla/5.0 (Macintosh; Intel Mac OS X 10_15_7) AppleWebKit/537.36 (KHTML, like Gecko) Chrome/148.0.0.0 Safari/537.36"
54.163.142.183 - - [16/Aug/2026:10:56:28 -0400] "GET /wp-content/uploads/2024/02/Corporate-Residential-Buildings.jpg HTTP/1.1" 200 107754 "https://www.biotechprocleaners.com/product/rinsing-aid/?attribute_pa_size=1000l" "Mozilla/5.0 (Macintosh; Intel Mac OS X 10_15_7) AppleWebKit/537.36 (KHTML, like Gecko) Chrome/148.0.0.0 Safari/537.36"
100.60.35.16 - - [16/Aug/2026:10:56:28 -0400] "GET /wp-content/themes/amwerk/fonts/Werkmann/Werkmann.woff HTTP/1.1" 200 75952 "https://www.biotechprocleaners.com/product/rinsing-aid/?attribute_pa_size=1000l" "Mozilla/5.0 (Macintosh; Intel Mac OS X 10_15_7) AppleWebKit/537.36 (KHTML, like Gecko) Chrome/148.0.0.0 Safari/537.36"
50.19.47.228 - - [16/Aug/2026:10:56:28 -0400] "GET /wp-content/uploads/2024/02/Food-Industry.jpg HTTP/1.1" 200 68418 "https://www.biotechprocleaners.com/product/rinsing-aid/?attribute_pa_size=1000l" "Mozilla/5.0 (Macintosh; Intel Mac OS X 10_15_7) AppleWebKit/537.36 (KHTML, like Gecko) Chrome/148.0.0.0 Safari/537.36"
100.50.142.119 - - [16/Aug/2026:10:56:28 -0400] "GET /wp-content/uploads/2024/02/Hospitality-Industry.jpg HTTP/1.1" 200 84885 "https://www.biotechprocleaners.com/product/rinsing-aid/?attribute_pa_size=1000l" "Mozilla/5.0 (Macintosh; Intel Mac OS X 10_15_7) AppleWebKit/537.36 (KHTML, like Gecko) Chrome/148.0.0.0 Safari/537.36"
100.60.35.16 - - [16/Aug/2026:10:56:29 -0400] "GET /wp-content/uploads/2024/02/Recreational-Convention-Centers.jpg HTTP/1.1" 200 176455 "https://www.biotechprocleaners.com/product/rinsing-aid/?attribute_pa_size=1000l" "Mozilla/5.0 (Macintosh; Intel Mac OS X 10_15_7) AppleWebKit/537.36 (KHTML, like Gecko) Chrome/148.0.0.0 Safari/537.36"
50.19.47.228 - - [16/Aug/2026:10:56:29 -0400] "GET /wp-content/uploads/2024/06/down-arrow.png HTTP/1.1" 200 2054 "https://www.biotechprocleaners.com/wp-content/themes/amwerk-child/style.css?ver=1.0.0" "Mozilla/5.0 (Macintosh; Intel Mac OS X 10_15_7) AppleWebKit/537.36 (KHTML, like Gecko) Chrome/148.0.0.0 Safari/537.36"
54.163.142.183 - - [16/Aug/2026:10:56:29 -0400] "GET /wp-content/plugins/woocommerce/assets/js/frontend/single-product.min.js?ver=10.2.4 HTTP/1.1" 200 2917 "https://www.biotechprocleaners.com/product/rinsing-aid/?attribute_pa_size=1000l" "Mozilla/5.0 (Macintosh; Intel Mac OS X 10_15_7) AppleWebKit/537.36 (KHTML, like Gecko) Chrome/148.0.0.0 Safari/537.36"
50.19.47.228 - - [16/Aug/2026:10:56:29 -0400] "GET /wp-content/plugins/woocommerce/assets/js/photoswipe/photoswipe-ui-default.min.js?ver=4.1.1-wc.10.2.4 HTTP/1.1" 200 3674 "https://www.biotechprocleaners.com/product/rinsing-aid/?attribute_pa_size=1000l" "Mozilla/5.0 (Macintosh; Intel Mac OS X 10_15_7) AppleWebKit/537.36 (KHTML, like Gecko) Chrome/148.0.0.0 Safari/537.36"
50.19.47.228 - - [16/Aug/2026:10:56:29 -0400] "GET /wp-content/plugins/woocommerce/assets/js/js-cookie/js.cookie.min.js?ver=2.1.4-wc.10.2.4 HTTP/1.1" 200 833 "https://www.biotechprocleaners.com/product/rinsing-aid/?attribute_pa_size=1000l" "Mozilla/5.0 (Macintosh; Intel Mac OS X 10_15_7) AppleWebKit/537.36 (KHTML, like Gecko) Chrome/148.0.0.0 Safari/537.36"
100.50.142.119 - - [16/Aug/2026:10:56:29 -0400] "GET /wp-content/plugins/woocommerce/assets/js/photoswipe/photoswipe.min.js?ver=4.1.1-wc.10.2.4 HTTP/1.1" 200 12042 "https://www.biotechprocleaners.com/product/rinsing-aid/?attribute_pa_size=1000l" "Mozilla/5.0 (Macintosh; Intel Mac OS X 10_15_7) AppleWebKit/537.36 (KHTML, like Gecko) Chrome/148.0.0.0 Safari/537.36"
100.60.35.16 - - [16/Aug/2026:10:56:29 -0400] "GET /wp-content/plugins/woocommerce/assets/js/frontend/woocommerce.min.js?ver=10.2.4 HTTP/1.1" 200 1474 "https://www.biotechprocleaners.com/product/rinsing-aid/?attribute_pa_size=1000l" "Mozilla/5.0 (Macintosh; Intel Mac OS X 10_15_7) AppleWebKit/537.36 (KHTML, like Gecko) Chrome/148.0.0.0 Safari/537.36"
50.19.47.228 - - [16/Aug/2026:10:56:29 -0400] "GET /wp-content/uploads/2024/02/Healthcare-Industry.jpg HTTP/1.1" 200 90794 "https://www.biotechprocleaners.com/product/rinsing-aid/?attribute_pa_size=1000l" "Mozilla/5.0 (Macintosh; Intel Mac OS X 10_15_7) AppleWebKit/537.36 (KHTML, like Gecko) Chrome/148.0.0.0 Safari/537.36"
54.163.142.183 - - [16/Aug/2026:10:56:29 -0400] "GET /wp-content/themes/amwerk-child/images/file-icon.png HTTP/1.1" 200 514 "https://www.biotechprocleaners.com/product/rinsing-aid/?attribute_pa_size=1000l" "Mozilla/5.0 (Macintosh; Intel Mac OS X 10_15_7) AppleWebKit/537.36 (KHTML, like Gecko) Chrome/148.0.0.0 Safari/537.36"
50.19.47.228 - - [16/Aug/2026:10:56:29 -0400] "GET /wp-content/uploads/2025/07/footer-logo-new.png HTTP/1.1" 200 41190 "https://www.biotechprocleaners.com/product/rinsing-aid/?attribute_pa_size=1000l" "Mozilla/5.0 (Macintosh; Intel Mac OS X 10_15_7) AppleWebKit/537.36 (KHTML, like Gecko) Chrome/148.0.0.0 Safari/537.36"
50.19.47.228 - - [16/Aug/2026:10:56:29 -0400] "GET /wp-content/uploads/2024/02/Government-Public-Sector.jpg HTTP/1.1" 200 157637 "https://www.biotechprocleaners.com/product/rinsing-aid/?attribute_pa_size=1000l" "Mozilla/5.0 (Macintosh; Intel Mac OS X 10_15_7) AppleWebKit/537.36 (KHTML, like Gecko) Chrome/148.0.0.0 Safari/537.36"
100.50.142.119 - - [16/Aug/2026:10:56:29 -0400] "GET /wp-content/uploads/2024/02/Retail-Industry.jpg HTTP/1.1" 200 152861 "https://www.biotechprocleaners.com/product/rinsing-aid/?attribute_pa_size=1000l" "Mozilla/5.0 (Macintosh; Intel Mac OS X 10_15_7) AppleWebKit/537.36 (KHTML, like Gecko) Chrome/148.0.0.0 Safari/537.36"
100.60.35.16 - - [16/Aug/2026:10:56:29 -0400] "GET /wp-content/plugins/woocommerce/assets/js/frontend/add-to-cart-variation.min.js?ver=10.2.4 HTTP/1.1" 200 3940 "https://www.biotechprocleaners.com/product/rinsing-aid/?attribute_pa_size=1000l" "Mozilla/5.0 (Macintosh; Intel Mac OS X 10_15_7) AppleWebKit/537.36 (KHTML, like Gecko) Chrome/148.0.0.0 Safari/537.36"
50.19.47.228 - - [16/Aug/2026:10:56:29 -0400] "GET /wp-content/plugins/bold-page-builder/img/blank.gif HTTP/1.1" 200 1095 "https://www.biotechprocleaners.com/product/rinsing-aid/?attribute_pa_size=1000l" "Mozilla/5.0 (Macintosh; Intel Mac OS X 10_15_7) AppleWebKit/537.36 (KHTML, like Gecko) Chrome/148.0.0.0 Safari/537.36"
100.50.142.119 - - [16/Aug/2026:10:56:29 -0400] "GET /wp-content/themes/amwerk/print.css?ver=7.0.4 HTTP/1.1" 200 1145 "https://www.biotechprocleaners.com/product/rinsing-aid/?attribute_pa_size=1000l" "Mozilla/5.0 (Macintosh; Intel Mac OS X 10_15_7) AppleWebKit/537.36 (KHTML, like Gecko) Chrome/148.0.0.0 Safari/537.36"
50.19.47.228 - - [16/Aug/2026:10:56:29 -0400] "GET /wp-content/uploads/2025/06/LRM1-450x450.png HTTP/1.1" 200 131831 "https://www.biotechprocleaners.com/product/rinsing-aid/?attribute_pa_size=1000l" "Mozilla/5.0 (Macintosh; Intel Mac OS X 10_15_7) AppleWebKit/537.36 (KHTML, like Gecko) Chrome/148.0.0.0 Safari/537.36"
100.60.35.16 - - [16/Aug/2026:10:56:29 -0400] "GET /wp-content/uploads/2025/06/LRM1-600x600.png HTTP/1.1" 200 208958 "https://www.biotechprocleaners.com/product/rinsing-aid/?attribute_pa_size=1000l" "Mozilla/5.0 (Macintosh; Intel Mac OS X 10_15_7) AppleWebKit/537.36 (KHTML, like Gecko) Chrome/148.0.0.0 Safari/537.36"
54.163.142.183 - - [16/Aug/2026:10:56:29 -0400] "GET /wp-content/uploads/2024/02/cropped-BTP-Favicon-32x32.png HTTP/1.1" 200 2150 "https://www.biotechprocleaners.com/product/rinsing-aid/?attribute_pa_size=1000l" "Mozilla/5.0 (Macintosh; Intel Mac OS X 10_15_7) AppleWebKit/537.36 (KHTML, like Gecko) Chrome/148.0.0.0 Safari/537.36"
100.60.35.16 - - [16/Aug/2026:10:56:29 -0400] "GET /wp-content/uploads/2025/06/LRM1.png HTTP/1.1" 200 3250200 "https://www.biotechprocleaners.com/product/rinsing-aid/?attribute_pa_size=1000l" "Mozilla/5.0 (Macintosh; Intel Mac OS X 10_15_7) AppleWebKit/537.36 (KHTML, like Gecko) Chrome/148.0.0.0 Safari/537.36"
69.39.225.240 - - [16/Aug/2026:10:56:29 -0400] "GET /tag/people/ HTTP/1.1" 200 16384 "-" "WP Rocket/Preload Mozilla/5.0 (iPhone; CPU iPhone OS 9_1 like Mac OS X) AppleWebKit/601.1.46 (KHTML, like Gecko) Version/9.0 Mobile/13B143 Safari/601.1"
50.19.47.228 - - [16/Aug/2026:10:56:29 -0400] "POST /wp-admin/admin-ajax.php HTTP/1.1" 200 36 "https://www.biotechprocleaners.com/product/rinsing-aid/?attribute_pa_size=1000l" "Mozilla/5.0 (Macintosh; Intel Mac OS X 10_15_7) AppleWebKit/537.36 (KHTML, like Gecko) Chrome/148.0.0.0 Safari/537.36"
100.50.142.119 - - [16/Aug/2026:10:56:29 -0400] "POST /wp-admin/admin-ajax.php HTTP/1.1" 200 1479 "https://www.biotechprocleaners.com/product/rinsing-aid/?attribute_pa_size=1000l" "Mozilla/5.0 (Macintosh; Intel Mac OS X 10_15_7) AppleWebKit/537.36 (KHTML, like Gecko) Chrome/148.0.0.0 Safari/537.36"
50.19.47.228 - - [16/Aug/2026:10:56:30 -0400] "GET /wp-content/uploads/2023/09/pexels-tom-fisk-3856433-320x240.png HTTP/1.1" 200 149237 "https://www.biotechprocleaners.com/product/rinsing-aid/?attribute_pa_size=1000l" "Mozilla/5.0 (Macintosh; Intel Mac OS X 10_15_7) AppleWebKit/537.36 (KHTML, like Gecko) Chrome/148.0.0.0 Safari/537.36"
100.50.142.119 - - [16/Aug/2026:10:56:30 -0400] "GET /wp-content/uploads/2023/09/worker-operating-industrial-machine-metal-workshop-320x240.png HTTP/1.1" 200 103134 "https://www.biotechprocleaners.com/product/rinsing-aid/?attribute_pa_size=1000l" "Mozilla/5.0 (Macintosh; Intel Mac OS X 10_15_7) AppleWebKit/537.36 (KHTML, like Gecko) Chrome/148.0.0.0 Safari/537.36"
100.60.35.16 - - [16/Aug/2026:10:56:30 -0400] "GET /wp-content/uploads/2020/10/justus-menke-RSpq9P2vttE-unsplash-320x240.png HTTP/1.1" 200 90651 "https://www.biotechprocleaners.com/product/rinsing-aid/?attribute_pa_size=1000l" "Mozilla/5.0 (Macintosh; Intel Mac OS X 10_15_7) AppleWebKit/537.36 (KHTML, like Gecko) Chrome/148.0.0.0 Safari/537.36"
50.19.47.228 - - [16/Aug/2026:10:56:29 -0400] "GET /wp-json/contact-form-7/v1/contact-forms/1081/feedback/schema HTTP/1.1" 200 447 "https://www.biotechprocleaners.com/product/rinsing-aid/?attribute_pa_size=1000l" "Mozilla/5.0 (Macintosh; Intel Mac OS X 10_15_7) AppleWebKit/537.36 (KHTML, like Gecko) Chrome/148.0.0.0 Safari/537.36"
100.60.35.16 - - [16/Aug/2026:10:56:30 -0400] "GET /wp-content/uploads/2023/09/pexels-maarten-van-den-heuvel-4254902-1280x1035.png HTTP/1.1" 200 1781894 "https://www.biotechprocleaners.com/product/rinsing-aid/?attribute_pa_size=1000l" "Mozilla/5.0 (Macintosh; Intel Mac OS X 10_15_7) AppleWebKit/537.36 (KHTML, like Gecko) Chrome/148.0.0.0 Safari/537.36"
50.19.47.228 - - [16/Aug/2026:10:56:30 -0400] "GET /wp-content/uploads/2023/09/train-5150747-320x240.png HTTP/1.1" 200 90090 "https://www.biotechprocleaners.com/product/rinsing-aid/?attribute_pa_size=1000l" "Mozilla/5.0 (Macintosh; Intel Mac OS X 10_15_7) AppleWebKit/537.36 (KHTML, like Gecko) Chrome/148.0.0.0 Safari/537.36"
100.50.142.119 - - [16/Aug/2026:10:56:30 -0400] "GET /wp-content/uploads/2023/09/pexels-artem-podrez-5726808-320x240.png HTTP/1.1" 200 105525 "https://www.biotechprocleaners.com/product/rinsing-aid/?attribute_pa_size=1000l" "Mozilla/5.0 (Macintosh; Intel Mac OS X 10_15_7) AppleWebKit/537.36 (KHTML, like Gecko) Chrome/148.0.0.0 Safari/537.36"
100.60.35.16 - - [16/Aug/2026:10:56:30 -0400] "GET /wp-content/uploads/2023/09/pexels-pixabay-54581-1-320x240.png HTTP/1.1" 200 118400 "https://www.biotechprocleaners.com/product/rinsing-aid/?attribute_pa_size=1000l" "Mozilla/5.0 (Macintosh; Intel Mac OS X 10_15_7) AppleWebKit/537.36 (KHTML, like Gecko) Chrome/148.0.0.0 Safari/537.36"
50.19.47.228 - - [16/Aug/2026:10:56:30 -0400] "GET /wp-content/uploads/2023/09/tony-yakovlenko-lDxxeAJrWpE-unsplash-1280x1035.png HTTP/1.1" 200 1641408 "https://www.biotechprocleaners.com/product/rinsing-aid/?attribute_pa_size=1000l" "Mozilla/5.0 (Macintosh; Intel Mac OS X 10_15_7) AppleWebKit/537.36 (KHTML, like Gecko) Chrome/148.0.0.0 Safari/537.36"
54.163.142.183 - - [16/Aug/2026:10:56:30 -0400] "GET /wp-content/uploads/2023/09/pexels-pixabay-290275-1-1280x1035.png HTTP/1.1" 200 1927640 "https://www.biotechprocleaners.com/product/rinsing-aid/?attribute_pa_size=1000l" "Mozilla/5.0 (Macintosh; Intel Mac OS X 10_15_7) AppleWebKit/537.36 (KHTML, like Gecko) Chrome/148.0.0.0 Safari/537.36"
50.19.47.228 - - [16/Aug/2026:10:56:29 -0400] "GET /wp-json/contact-form-7/v1/contact-forms/1081/refill HTTP/1.1" 200 22 "https://www.biotechprocleaners.com/product/rinsing-aid/?attribute_pa_size=1000l" "Mozilla/5.0 (Macintosh; Intel Mac OS X 10_15_7) AppleWebKit/537.36 (KHTML, like Gecko) Chrome/148.0.0.0 Safari/537.36"
69.39.225.240 - - [16/Aug/2026:10:56:30 -0400] "GET /tag/projects/ HTTP/1.1" 200 16384 "-" "WP Rocket/Preload"
69.39.225.240 - - [16/Aug/2026:10:56:32 -0400] "GET /tag/projects/ HTTP/1.1" 200 16384 "-" "WP Rocket/Preload Mozilla/5.0 (iPhone; CPU iPhone OS 9_1 like Mac OS X) AppleWebKit/601.1.46 (KHTML, like Gecko) Version/9.0 Mobile/13B143 Safari/601.1"
69.39.225.240 - - [16/Aug/2026:10:56:33 -0400] "GET /tag/properties/ HTTP/1.1" 200 16384 "-" "WP Rocket/Preload"
69.39.225.240 - - [16/Aug/2026:10:56:35 -0400] "GET /tag/properties/ HTTP/1.1" 200 16384 "-" "WP Rocket/Preload Mozilla/5.0 (iPhone; CPU iPhone OS 9_1 like Mac OS X) AppleWebKit/601.1.46 (KHTML, like Gecko) Version/9.0 Mobile/13B143 Safari/601.1"
69.39.225.240 - - [16/Aug/2026:10:56:36 -0400] "GET /tag/venture/ HTTP/1.1" 200 16384 "-" "WP Rocket/Preload"
69.39.225.240 - - [16/Aug/2026:10:56:38 -0400] "GET /tag/venture/ HTTP/1.1" 200 16384 "-" "WP Rocket/Preload Mozilla/5.0 (iPhone; CPU iPhone OS 9_1 like Mac OS X) AppleWebKit/601.1.46 (KHTML, like Gecko) Version/9.0 Mobile/13B143 Safari/601.1"
3.227.170.148 - - [16/Aug/2026:10:56:39 -0400] "GET /wp-content/uploads/2023/08/contact-banner-e1693332327962.png HTTP/1.1" 200 879119 "https://www.biotechprocleaners.com/product/rinsing-aid/?attribute_pa_size=1000l" "Mozilla/5.0 (Macintosh; Intel Mac OS X 10_15_7) AppleWebKit/537.36 (KHTML, like Gecko) Chrome/148.0.0.0 Safari/537.36"
44.208.210.193 - - [16/Aug/2026:10:56:39 -0400] "GET /wp-content/uploads/2023/08/contact-banner-1-e1693332912555.png HTTP/1.1" 200 860863 "https://www.biotechprocleaners.com/product/rinsing-aid/?attribute_pa_size=1000l" "Mozilla/5.0 (Macintosh; Intel Mac OS X 10_15_7) AppleWebKit/537.36 (KHTML, like Gecko) Chrome/148.0.0.0 Safari/537.36"
69.39.225.240 - - [16/Aug/2026:10:56:39 -0400] "GET /product-category/all-industries/ HTTP/1.1" 200 16384 "-" "WP Rocket/Preload"
69.39.225.240 - - [16/Aug/2026:10:56:41 -0400] "GET /product-category/all-industries/ HTTP/1.1" 200 16384 "-" "WP Rocket/Preload Mozilla/5.0 (iPhone; CPU iPhone OS 9_1 like Mac OS X) AppleWebKit/601.1.46 (KHTML, like Gecko) Version/9.0 Mobile/13B143 Safari/601.1"
44.208.210.193 - - [16/Aug/2026:10:56:43 -0400] "GET /wp-content/uploads/2025/06/LRM1.png HTTP/1.1" 200 3250200 "https://www.biotechprocleaners.com/product/rinsing-aid/?attribute_pa_size=1000l" "Mozilla/5.0 (Macintosh; Intel Mac OS X 10_15_7) AppleWebKit/537.36 (KHTML, like Gecko) Chrome/148.0.0.0 Safari/537.36"
44.208.210.193 - - [16/Aug/2026:10:56:49 -0400] "GET /wp-content/uploads/2025/06/LRM1.png HTTP/1.1" 200 3250200 "https://www.biotechprocleaners.com/product/rinsing-aid/?attribute_pa_size=1000l" "Mozilla/5.0 (Macintosh; Intel Mac OS X 10_15_7) AppleWebKit/537.36 (KHTML, like Gecko) Chrome/148.0.0.0 Safari/537.36"
69.39.225.240 - - [16/Aug/2026:11:02:29 -0400] "POST /wp-cron.php?doing_wp_cron=1786892549.8568298816680908203125 HTTP/1.1" 200 20 "-" "WordPress/7.0.4; https://www.biotechprocleaners.com"
177.92.49.57 - - [16/Aug/2026:11:02:28 -0400] "GET /robots.txt HTTP/1.1" 200 206 "-" "Mozilla/5.0 (Macintosh; Intel Mac OS X 10_15_7) AppleWebKit/537.36 (KHTML, like Gecko) Chrome/133.0.0.0 Safari/537.36"
179.109.197.219 - - [16/Aug/2026:11:02:31 -0400] "GET /product/rinsing-aid/ HTTP/1.1" 200 49787 "-" "Mozilla/5.0 (Macintosh; Intel Mac OS X 10_15_7) AppleWebKit/537.36 (KHTML, like Gecko) Chrome/133.0.0.0 Safari/537.36"
69.39.225.240 - - [16/Aug/2026:11:02:31 -0400] "GET /product-category/manufacturing-industries/ HTTP/1.1" 200 48734 "-" "WP Rocket/Preload"
69.39.225.240 - - [16/Aug/2026:11:02:32 -0400] "GET /product-category/manufacturing-industries/ HTTP/1.1" 200 16384 "-" "WP Rocket/Preload Mozilla/5.0 (iPhone; CPU iPhone OS 9_1 like Mac OS X) AppleWebKit/601.1.46 (KHTML, like Gecko) Version/9.0 Mobile/13B143 Safari/601.1"
69.39.225.240 - - [16/Aug/2026:11:02:34 -0400] "GET /product-category/logistics-and-transportations/ HTTP/1.1" 200 16384 "-" "WP Rocket/Preload"
69.39.225.240 - - [16/Aug/2026:11:02:35 -0400] "GET /product-category/logistics-and-transportations/ HTTP/1.1" 200 16384 "-" "WP Rocket/Preload Mozilla/5.0 (iPhone; CPU iPhone OS 9_1 like Mac OS X) AppleWebKit/601.1.46 (KHTML, like Gecko) Version/9.0 Mobile/13B143 Safari/601.1"
69.39.225.240 - - [16/Aug/2026:11:02:37 -0400] "GET /product-category/corporate-and-residential-buildings/ HTTP/1.1" 200 16384 "-" "WP Rocket/Preload"
69.39.225.240 - - [16/Aug/2026:11:02:38 -0400] "GET /product-category/corporate-and-residential-buildings/ HTTP/1.1" 200 16384 "-" "WP Rocket/Preload Mozilla/5.0 (iPhone; CPU iPhone OS 9_1 like Mac OS X) AppleWebKit/601.1.46 (KHTML, like Gecko) Version/9.0 Mobile/13B143 Safari/601.1"
69.39.225.240 - - [16/Aug/2026:11:02:40 -0400] "GET /product-category/retail/ HTTP/1.1" 200 16384 "-" "WP Rocket/Preload"
44.215.210.112 - - [16/Aug/2026:11:02:40 -0400] "GET /product-category/food/?areas=sinks HTTP/1.1" 200 46940 "-" "Mozilla/5.0 AppleWebKit/537.36 (KHTML, like Gecko; compatible; Amazonbot/0.1; +https://developer.amazon.com/support/amazonbot) Chrome/119.0.6045.214 Safari/537.36"
69.39.225.240 - - [16/Aug/2026:11:02:41 -0400] "GET /product-category/retail/ HTTP/1.1" 200 16384 "-" "WP Rocket/Preload Mozilla/5.0 (iPhone; CPU iPhone OS 9_1 like Mac OS X) AppleWebKit/601.1.46 (KHTML, like Gecko) Version/9.0 Mobile/13B143 Safari/601.1"
69.39.225.240 - - [16/Aug/2026:11:02:43 -0400] "GET /product-category/recreational-convention-centers/ HTTP/1.1" 200 16384 "-" "WP Rocket/Preload"
69.39.225.240 - - [16/Aug/2026:11:02:44 -0400] "GET /product-category/recreational-convention-centers/ HTTP/1.1" 200 16384 "-" "WP Rocket/Preload Mozilla/5.0 (iPhone; CPU iPhone OS 9_1 like Mac OS X) AppleWebKit/601.1.46 (KHTML, like Gecko) Version/9.0 Mobile/13B143 Safari/601.1"
69.39.225.240 - - [16/Aug/2026:11:02:46 -0400] "GET /product-category/food/ HTTP/1.1" 200 16384 "-" "WP Rocket/Preload"
69.39.225.240 - - [16/Aug/2026:11:02:47 -0400] "GET /product-category/food/ HTTP/1.1" 200 16384 "-" "WP Rocket/Preload Mozilla/5.0 (iPhone; CPU iPhone OS 9_1 like Mac OS X) AppleWebKit/601.1.46 (KHTML, like Gecko) Version/9.0 Mobile/13B143 Safari/601.1"
69.39.225.240 - - [16/Aug/2026:11:02:49 -0400] "GET /product-category/hospitality/ HTTP/1.1" 200 16384 "-" "WP Rocket/Preload"
69.39.225.240 - - [16/Aug/2026:11:02:50 -0400] "GET /product-category/hospitality/ HTTP/1.1" 200 16384 "-" "WP Rocket/Preload Mozilla/5.0 (iPhone; CPU iPhone OS 9_1 like Mac OS X) AppleWebKit/601.1.46 (KHTML, like Gecko) Version/9.0 Mobile/13B143 Safari/601.1"
69.39.225.240 - - [16/Aug/2026:11:04:33 -0400] "POST /wp-cron.php?doing_wp_cron=1786892673.0487151145935058593750 HTTP/1.1" 200 20 "-" "WordPress/7.0.4; https://www.biotechprocleaners.com"
187.15.144.177 - - [16/Aug/2026:11:04:32 -0400] "POST /xmlrpc.php HTTP/1.1" 200 403 "-" "WordPress.com; https://wordpress.com"
69.39.225.240 - - [16/Aug/2026:11:04:34 -0400] "GET /product-category/healthcare/ HTTP/1.1" 200 49827 "-" "WP Rocket/Preload"
69.39.225.240 - - [16/Aug/2026:11:04:36 -0400] "GET /product-category/healthcare/ HTTP/1.1" 200 16384 "-" "WP Rocket/Preload Mozilla/5.0 (iPhone; CPU iPhone OS 9_1 like Mac OS X) AppleWebKit/601.1.46 (KHTML, like Gecko) Version/9.0 Mobile/13B143 Safari/601.1"
69.39.225.240 - - [16/Aug/2026:11:04:37 -0400] "GET /surface/chrome-and-enamel/ HTTP/1.1" 200 16384 "-" "WP Rocket/Preload"
69.39.225.240 - - [16/Aug/2026:11:04:39 -0400] "GET /surface/chrome-and-enamel/ HTTP/1.1" 200 16384 "-" "WP Rocket/Preload Mozilla/5.0 (iPhone; CPU iPhone OS 9_1 like Mac OS X) AppleWebKit/601.1.46 (KHTML, like Gecko) Version/9.0 Mobile/13B143 Safari/601.1"
69.39.225.240 - - [16/Aug/2026:11:04:40 -0400] "GET /surface/counters/ HTTP/1.1" 200 16384 "-" "WP Rocket/Preload"
69.39.225.240 - - [16/Aug/2026:11:04:42 -0400] "GET /surface/counters/ HTTP/1.1" 200 16384 "-" "WP Rocket/Preload Mozilla/5.0 (iPhone; CPU iPhone OS 9_1 like Mac OS X) AppleWebKit/601.1.46 (KHTML, like Gecko) Version/9.0 Mobile/13B143 Safari/601.1"
69.39.225.240 - - [16/Aug/2026:11:04:43 -0400] "GET /surface/engines/ HTTP/1.1" 200 16384 "-" "WP Rocket/Preload"
69.39.225.240 - - [16/Aug/2026:11:04:45 -0400] "GET /surface/engines/ HTTP/1.1" 200 16384 "-" "WP Rocket/Preload Mozilla/5.0 (iPhone; CPU iPhone OS 9_1 like Mac OS X) AppleWebKit/601.1.46 (KHTML, like Gecko) Version/9.0 Mobile/13B143 Safari/601.1"
69.39.225.240 - - [16/Aug/2026:11:04:46 -0400] "GET /surface/high-end-flooring/ HTTP/1.1" 200 16384 "-" "WP Rocket/Preload"
69.39.225.240 - - [16/Aug/2026:11:04:48 -0400] "GET /surface/high-end-flooring/ HTTP/1.1" 200 16384 "-" "WP Rocket/Preload Mozilla/5.0 (iPhone; CPU iPhone OS 9_1 like Mac OS X) AppleWebKit/601.1.46 (KHTML, like Gecko) Version/9.0 Mobile/13B143 Safari/601.1"
69.39.225.240 - - [16/Aug/2026:11:04:49 -0400] "GET /surface/inox/ HTTP/1.1" 200 16384 "-" "WP Rocket/Preload"
69.39.225.240 - - [16/Aug/2026:11:04:51 -0400] "GET /surface/inox/ HTTP/1.1" 200 16384 "-" "WP Rocket/Preload Mozilla/5.0 (iPhone; CPU iPhone OS 9_1 like Mac OS X) AppleWebKit/601.1.46 (KHTML, like Gecko) Version/9.0 Mobile/13B143 Safari/601.1"
69.39.225.240 - - [16/Aug/2026:11:04:52 -0400] "GET /surface/kitchen-appliances/ HTTP/1.1" 200 16384 "-" "WP Rocket/Preload"
69.39.225.240 - - [16/Aug/2026:11:04:54 -0400] "GET /surface/kitchen-appliances/ HTTP/1.1" 200 16384 "-" "WP Rocket/Preload Mozilla/5.0 (iPhone; CPU iPhone OS 9_1 like Mac OS X) AppleWebKit/601.1.46 (KHTML, like Gecko) Version/9.0 Mobile/13B143 Safari/601.1"
69.39.225.240 - - [16/Aug/2026:11:06:29 -0400] "POST /wp-cron.php?doing_wp_cron=1786892789.1981079578399658203125 HTTP/1.1" 200 20 "-" "WordPress/7.0.4; https://www.biotechprocleaners.com"
187.15.144.177 - - [16/Aug/2026:11:06:28 -0400] "POST /xmlrpc.php HTTP/1.1" 200 403 "-" "Jetpack/13.0; WordPress/6.4; http://site87291869.com"
69.39.225.240 - - [16/Aug/2026:11:06:30 -0400] "GET /surface/outdoor-furniture/ HTTP/1.1" 200 47957 "-" "WP Rocket/Preload"
69.39.225.240 - - [16/Aug/2026:11:06:32 -0400] "GET /surface/outdoor-furniture/ HTTP/1.1" 200 16384 "-" "WP Rocket/Preload Mozilla/5.0 (iPhone; CPU iPhone OS 9_1 like Mac OS X) AppleWebKit/601.1.46 (KHTML, like Gecko) Version/9.0 Mobile/13B143 Safari/601.1"
69.39.225.240 - - [16/Aug/2026:11:06:33 -0400] "GET /surface/plastic/ HTTP/1.1" 200 16384 "-" "WP Rocket/Preload"
69.39.225.240 - - [16/Aug/2026:11:06:35 -0400] "GET /surface/plastic/ HTTP/1.1" 200 16384 "-" "WP Rocket/Preload Mozilla/5.0 (iPhone; CPU iPhone OS 9_1 like Mac OS X) AppleWebKit/601.1.46 (KHTML, like Gecko) Version/9.0 Mobile/13B143 Safari/601.1"
69.39.225.240 - - [16/Aug/2026:11:06:36 -0400] "GET /surface/worktops/ HTTP/1.1" 200 16384 "-" "WP Rocket/Preload"
69.39.225.240 - - [16/Aug/2026:11:06:38 -0400] "GET /surface/worktops/ HTTP/1.1" 200 16384 "-" "WP Rocket/Preload Mozilla/5.0 (iPhone; CPU iPhone OS 9_1 like Mac OS X) AppleWebKit/601.1.46 (KHTML, like Gecko) Version/9.0 Mobile/13B143 Safari/601.1"
69.39.225.240 - - [16/Aug/2026:11:06:39 -0400] "GET /author/ntpadmin/ HTTP/1.1" 200 16384 "-" "WP Rocket/Preload"
69.39.225.240 - - [16/Aug/2026:11:06:41 -0400] "GET /author/ntpadmin/ HTTP/1.1" 200 16384 "-" "WP Rocket/Preload Mozilla/5.0 (iPhone; CPU iPhone OS 9_1 like Mac OS X) AppleWebKit/601.1.46 (KHTML, like Gecko) Version/9.0 Mobile/13B143 Safari/601.1"
69.39.225.240 - - [16/Aug/2026:11:06:42 -0400] "GET /portfolio/manufacturing-industries/ HTTP/1.1" 200 16384 "-" "WP Rocket/Preload"
69.39.225.240 - - [16/Aug/2026:11:06:44 -0400] "GET /portfolio/manufacturing-industries/ HTTP/1.1" 200 16384 "-" "WP Rocket/Preload Mozilla/5.0 (iPhone; CPU iPhone OS 9_1 like Mac OS X) AppleWebKit/601.1.46 (KHTML, like Gecko) Version/9.0 Mobile/13B143 Safari/601.1"
69.39.225.240 - - [16/Aug/2026:11:06:45 -0400] "GET /author/boldthemes/ HTTP/1.1" 200 16384 "-" "WP Rocket/Preload"
69.39.225.240 - - [16/Aug/2026:11:06:47 -0400] "GET /author/boldthemes/ HTTP/1.1" 200 16384 "-" "WP Rocket/Preload Mozilla/5.0 (iPhone; CPU iPhone OS 9_1 like Mac OS X) AppleWebKit/601.1.46 (KHTML, like Gecko) Version/9.0 Mobile/13B143 Safari/601.1"
69.39.225.240 - - [16/Aug/2026:11:06:48 -0400] "GET /about-us/team/ HTTP/1.1" 200 16384 "-" "WP Rocket/Preload"
69.39.225.240 - - [16/Aug/2026:11:06:50 -0400] "GET /about-us/team/ HTTP/1.1" 200 45003 "-" "WP Rocket/Preload Mozilla/5.0 (iPhone; CPU iPhone OS 9_1 like Mac OS X) AppleWebKit/601.1.46 (KHTML, like Gecko) Version/9.0 Mobile/13B143 Safari/601.1"
69.39.225.240 - - [16/Aug/2026:11:06:50 -0400] "GET / HTTP/1.1" 200 16384 "-" "WP Rocket/Preload"
69.39.225.240 - - [16/Aug/2026:11:06:52 -0400] "GET / HTTP/1.1" 200 49544 "-" "WP Rocket/Preload Mozilla/5.0 (iPhone; CPU iPhone OS 9_1 like Mac OS X) AppleWebKit/601.1.46 (KHTML, like Gecko) Version/9.0 Mobile/13B143 Safari/601.1"
69.39.225.240 - - [16/Aug/2026:11:07:56 -0400] "POST /wp-cron.php?doing_wp_cron=1786892876.0778930187225341796875 HTTP/1.1" 200 20 "-" "WordPress/7.0.4; https://www.biotechprocleaners.com"
187.15.144.177 - - [16/Aug/2026:11:07:55 -0400] "POST /xmlrpc.php HTTP/1.1" 200 403 "-" "Jetpack by WordPress.com (Jetpack 12.0; WordPress 6.3)"
69.39.225.240 - - [16/Aug/2026:11:09:31 -0400] "POST /wp-cron.php?doing_wp_cron=1786892971.7520689964294433593750 HTTP/1.1" 200 20 "-" "WordPress/7.0.4; https://www.biotechprocleaners.com"
187.15.144.177 - - [16/Aug/2026:11:09:30 -0400] "POST /xmlrpc.php HTTP/1.1" 200 403 "-" "Jetpack/13.0; WordPress/6.3; http://site15173129.com"
69.39.225.240 - - [16/Aug/2026:11:09:42 -0400] "POST /wp-cron.php?doing_wp_cron=1786892982.2733709812164306640625 HTTP/1.1" 200 20 "-" "WordPress/7.0.4; https://www.biotechprocleaners.com"
187.15.144.177 - - [16/Aug/2026:11:09:41 -0400] "POST /xmlrpc.php HTTP/1.1" 200 403 "-" "WordPress.com; https://wordpress.com"
69.39.225.240 - - [16/Aug/2026:11:10:43 -0400] "POST /wp-cron.php?doing_wp_cron=1786893043.2068641185760498046875 HTTP/1.1" 200 20 "-" "WordPress/7.0.4; https://www.biotechprocleaners.com"
187.15.144.177 - - [16/Aug/2026:11:10:41 -0400] "POST /xmlrpc.php HTTP/1.1" 200 403 "-" "Jetpack by WordPress.com"
69.39.225.240 - - [16/Aug/2026:11:11:39 -0400] "POST /wp-cron.php?doing_wp_cron=1786893099.0421431064605712890625 HTTP/1.1" 200 20 "-" "WordPress/7.0.4; https://www.biotechprocleaners.com"
187.15.144.177 - - [16/Aug/2026:11:11:38 -0400] "POST /xmlrpc.php HTTP/1.1" 200 403 "-" "Jetpack by WordPress.com"
69.39.225.240 - - [16/Aug/2026:11:11:46 -0400] "POST /wp-cron.php?doing_wp_cron=1786893106.6387460231781005859375 HTTP/1.1" 200 20 "-" "WordPress/7.0.4; https://www.biotechprocleaners.com"
187.15.144.177 - - [16/Aug/2026:11:11:45 -0400] "POST /xmlrpc.php HTTP/1.1" 200 403 "-" "WordPress.com; https://wordpress.com"
69.39.225.240 - - [16/Aug/2026:11:13:14 -0400] "POST /wp-cron.php?doing_wp_cron=1786893194.7042279243469238281250 HTTP/1.1" 200 20 "-" "WordPress/7.0.4; https://www.biotechprocleaners.com"
187.15.144.177 - - [16/Aug/2026:11:13:13 -0400] "POST /xmlrpc.php HTTP/1.1" 200 403 "-" "WordPress.com; https://wordpress.com"
69.39.225.240 - - [16/Aug/2026:11:14:50 -0400] "POST /wp-cron.php?doing_wp_cron=1786893290.1869618892669677734375 HTTP/1.1" 200 20 "-" "WordPress/7.0.4; https://www.biotechprocleaners.com"
187.15.144.177 - - [16/Aug/2026:11:14:49 -0400] "POST /xmlrpc.php HTTP/1.1" 200 403 "-" "WordPress.com; https://wordpress.com"
187.15.144.177 - - [16/Aug/2026:11:15:07 -0400] "POST /xmlrpc.php HTTP/1.1" 200 403 "-" "Jetpack by WordPress.com"
69.39.225.240 - - [16/Aug/2026:11:16:01 -0400] "POST /wp-cron.php?doing_wp_cron=1786893361.5098159313201904296875 HTTP/1.1" 200 20 "-" "WordPress/7.0.4; https://www.biotechprocleaners.com"
187.15.144.177 - - [16/Aug/2026:11:16:00 -0400] "POST /xmlrpc.php HTTP/1.1" 200 403 "-" "Jetpack by WordPress.com (Jetpack 12.5; WordPress 6.1)"
69.39.225.240 - - [16/Aug/2026:11:16:57 -0400] "POST /wp-cron.php?doing_wp_cron=1786893417.6279029846191406250000 HTTP/1.1" 200 20 "-" "WordPress/7.0.4; https://www.biotechprocleaners.com"
187.15.144.177 - - [16/Aug/2026:11:16:56 -0400] "POST /xmlrpc.php HTTP/1.1" 200 403 "-" "WordPress.com; https://wordpress.com"
69.39.225.240 - - [16/Aug/2026:11:18:22 -0400] "POST /wp-cron.php?doing_wp_cron=1786893502.4027891159057617187500 HTTP/1.1" 200 20 "-" "WordPress/7.0.4; https://www.biotechprocleaners.com"
187.15.144.177 - - [16/Aug/2026:11:18:21 -0400] "POST /xmlrpc.php HTTP/1.1" 200 403 "-" "Jetpack by WordPress.com"
69.39.225.240 - - [16/Aug/2026:11:18:41 -0400] "POST /wp-cron.php?doing_wp_cron=1786893521.4573130607604980468750 HTTP/1.1" 200 20 "-" "WordPress/7.0.4; https://www.biotechprocleaners.com"
187.15.144.177 - - [16/Aug/2026:11:18:40 -0400] "POST /xmlrpc.php HTTP/1.1" 200 403 "-" "Jetpack by WordPress.com (Jetpack 12.5; WordPress 6.4)"
69.39.225.240 - - [16/Aug/2026:11:19:23 -0400] "POST /wp-cron.php?doing_wp_cron=1786893563.7114369869232177734375 HTTP/1.1" 200 20 "-" "WordPress/7.0.4; https://www.biotechprocleaners.com"
187.15.144.177 - - [16/Aug/2026:11:19:22 -0400] "POST /xmlrpc.php HTTP/1.1" 200 403 "-" "Jetpack by WordPress.com"
69.39.225.240 - - [16/Aug/2026:11:19:47 -0400] "POST /wp-cron.php?doing_wp_cron=1786893586.9425849914550781250000 HTTP/1.1" 200 20 "-" "WordPress/7.0.4; https://www.biotechprocleaners.com"
187.15.144.177 - - [16/Aug/2026:11:19:45 -0400] "POST /xmlrpc.php HTTP/1.1" 200 403 "-" "Jetpack/12.5; WordPress/6.2; http://site15104827.com"
45.172.173.146 - - [16/Aug/2026:11:19:57 -0400] "GET /robots.txt HTTP/1.1" 200 20 "-" "Mozilla/5.0 (Macintosh; Intel Mac OS X 10_15_7) AppleWebKit/537.36 (KHTML, like Gecko) Chrome/133.0.0.0 Safari/537.36"
104.28.223.175 - - [16/Aug/2026:11:20:01 -0400] "GET /portfolio/sport-recreational-convention/ HTTP/1.1" 200 20 "-" "Mozilla/5.0 (Macintosh; Intel Mac OS X 10_15_7) AppleWebKit/537.36 (KHTML, like Gecko) Chrome/133.0.0.0 Safari/537.36"
191.183.38.59 - - [16/Aug/2026:11:20:05 -0400] "GET /portfolio/sport-recreational-convention/ HTTP/1.1" 200 47549 "-" "Mozilla/5.0 (Macintosh; Intel Mac OS X 10_15_7) AppleWebKit/537.36 (KHTML, like Gecko) Chrome/133.0.0.0 Safari/537.36"
69.39.225.240 - - [16/Aug/2026:11:22:34 -0400] "POST /wp-cron.php?doing_wp_cron=1786893754.6256430149078369140625 HTTP/1.1" 200 20 "-" "WordPress/7.0.4; https://www.biotechprocleaners.com"
187.15.144.177 - - [16/Aug/2026:11:22:33 -0400] "POST /xmlrpc.php HTTP/1.1" 200 403 "-" "Jetpack/13.0; WordPress/6.4; http://site90293467.com"
69.39.225.240 - - [16/Aug/2026:11:23:06 -0400] "POST /wp-cron.php?doing_wp_cron=1786893786.3134748935699462890625 HTTP/1.1" 200 20 "-" "WordPress/7.0.4; https://www.biotechprocleaners.com"
187.15.144.177 - - [16/Aug/2026:11:23:05 -0400] "POST /xmlrpc.php HTTP/1.1" 200 403 "-" "WordPress.com; https://wordpress.com"
69.39.225.240 - - [16/Aug/2026:11:23:38 -0400] "POST /wp-cron.php?doing_wp_cron=1786893818.4269800186157226562500 HTTP/1.1" 200 20 "-" "WordPress/7.0.4; https://www.biotechprocleaners.com"
187.15.144.177 - - [16/Aug/2026:11:23:37 -0400] "POST /xmlrpc.php HTTP/1.1" 200 403 "-" "WordPress.com; https://wordpress.com"
69.39.225.240 - - [16/Aug/2026:11:24:10 -0400] "POST /wp-cron.php?doing_wp_cron=1786893850.2616860866546630859375 HTTP/1.1" 200 20 "-" "WordPress/7.0.4; https://www.biotechprocleaners.com"
187.15.144.177 - - [16/Aug/2026:11:24:09 -0400] "POST /xmlrpc.php HTTP/1.1" 200 403 "-" "Jetpack by WordPress.com"
69.39.225.240 - - [16/Aug/2026:11:25:12 -0400] "POST /wp-cron.php?doing_wp_cron=1786893912.8442320823669433593750 HTTP/1.1" 200 20 "-" "WordPress/7.0.4; https://www.biotechprocleaners.com"
187.15.144.177 - - [16/Aug/2026:11:25:11 -0400] "POST /xmlrpc.php HTTP/1.1" 200 403 "-" "WordPress.com; https://wordpress.com"
69.39.225.240 - - [16/Aug/2026:11:26:28 -0400] "POST /wp-cron.php?doing_wp_cron=1786893988.0021440982818603515625 HTTP/1.1" 200 20 "-" "WordPress/7.0.4; https://www.biotechprocleaners.com"
187.15.144.177 - - [16/Aug/2026:11:26:26 -0400] "POST /xmlrpc.php HTTP/1.1" 200 403 "-" "Jetpack/12.5; WordPress/6.2; http://site62403742.com"
187.15.144.177 - - [16/Aug/2026:11:26:37 -0400] "POST /xmlrpc.php HTTP/1.1" 200 403 "-" "WordPress.com; https://wordpress.com"
69.39.225.240 - - [16/Aug/2026:11:26:44 -0400] "POST /wp-cron.php?doing_wp_cron=1786894004.8258290290832519531250 HTTP/1.1" 200 20 "-" "WordPress/7.0.4; https://www.biotechprocleaners.com"
114.119.132.163 - - [16/Aug/2026:11:26:43 -0400] "GET /surface/windows HTTP/1.1" 200 20 "https://www.biotechprocleaners.com/surface/windows" "Mozilla/5.0 (Linux; Android 7.0;) AppleWebKit/537.36 (HTML, like Gecko) Mobile Safari/537.36 (compatible; PetalBot;+https://webmaster.petalsearch.com/site/petalbot)"
114.119.132.163 - - [16/Aug/2026:11:26:45 -0400] "GET /surface/windows/ HTTP/1.1" 200 47606 "https://www.biotechprocleaners.com/surface/windows" "Mozilla/5.0 (Linux; Android 7.0;) AppleWebKit/537.36 (HTML, like Gecko) Mobile Safari/537.36 (compatible; PetalBot;+https://webmaster.petalsearch.com/site/petalbot)"
69.39.225.240 - - [16/Aug/2026:11:27:33 -0400] "POST /wp-cron.php?doing_wp_cron=1786894053.7161879539489746093750 HTTP/1.1" 200 20 "-" "WordPress/7.0.4; https://www.biotechprocleaners.com"
187.15.144.177 - - [16/Aug/2026:11:27:32 -0400] "POST /xmlrpc.php HTTP/1.1" 200 403 "-" "WordPress.com; https://wordpress.com"
69.39.225.240 - - [16/Aug/2026:11:27:41 -0400] "POST /wp-cron.php?doing_wp_cron=1786894061.1552369594573974609375 HTTP/1.1" 200 20 "-" "WordPress/7.0.4; https://www.biotechprocleaners.com"
187.15.144.177 - - [16/Aug/2026:11:27:40 -0400] "POST /xmlrpc.php HTTP/1.1" 200 403 "-" "WordPress.com; https://wordpress.com"
52.167.144.231 - - [16/Aug/2026:11:28:20 -0400] "GET / HTTP/1.1" 200 49545 "-" "Mozilla/5.0 AppleWebKit/537.36 (KHTML, like Gecko; compatible; bingbot/2.0; +http://www.bing.com/bingbot.htm) Chrome/116.0.1938.76 Safari/537.36"
69.39.225.240 - - [16/Aug/2026:11:28:46 -0400] "POST /wp-cron.php?doing_wp_cron=1786894126.1676790714263916015625 HTTP/1.1" 200 20 "-" "WordPress/7.0.4; https://www.biotechprocleaners.com"
40.77.167.23 - - [16/Aug/2026:11:28:45 -0400] "GET /wp-content/themes/amwerk-child/custom-slider.css?ver=7.0.4 HTTP/1.1" 200 39522 "https://www.biotechprocleaners.com/" "Mozilla/5.0 AppleWebKit/537.36 (KHTML, like Gecko; compatible; bingbot/2.0; +http://www.bing.com/bingbot.htm) Chrome/136.0.0.0 Safari/537.36 AppleWebKit/537.36 (KHTML, like Gecko; compatible; bingbot/2.0; +http://www.bing.com/bingbot.htm) Chrome/116.0.1938.76 Safari/537.36"
40.77.167.23 - - [16/Aug/2026:11:28:46 -0400] "GET /wp-content/themes/amwerk-child/custom-slider.js?ver=1.0 HTTP/1.1" 200 39519 "https://www.biotechprocleaners.com/" "Mozilla/5.0 AppleWebKit/537.36 (KHTML, like Gecko; compatible; bingbot/2.0; +http://www.bing.com/bingbot.htm) Chrome/136.0.0.0 Safari/537.36 AppleWebKit/537.36 (KHTML, like Gecko; compatible; bingbot/2.0; +http://www.bing.com/bingbot.htm) Chrome/116.0.1938.76 Safari/537.36"
40.77.167.23 - - [16/Aug/2026:11:28:47 -0400] "POST /wp-admin/admin-ajax.php HTTP/1.1" 200 1479 "https://www.biotechprocleaners.com/" "Mozilla/5.0 AppleWebKit/537.36 (KHTML, like Gecko; compatible; bingbot/2.0; +http://www.bing.com/bingbot.htm) Chrome/136.0.0.0 Safari/537.36 AppleWebKit/537.36 (KHTML, like Gecko; compatible; bingbot/2.0; +http://www.bing.com/bingbot.htm) Chrome/116.0.1938.76 Safari/537.36"
69.39.225.240 - - [16/Aug/2026:11:29:39 -0400] "POST /wp-cron.php?doing_wp_cron=1786894179.2354919910430908203125 HTTP/1.1" 200 20 "-" "WordPress/7.0.4; https://www.biotechprocleaners.com"
187.15.144.177 - - [16/Aug/2026:11:29:37 -0400] "POST /xmlrpc.php HTTP/1.1" 200 403 "-" "Jetpack by WordPress.com"
69.39.225.240 - - [16/Aug/2026:11:30:52 -0400] "POST /wp-cron.php?doing_wp_cron=1786894252.4641640186309814453125 HTTP/1.1" 200 20 "-" "WordPress/7.0.4; https://www.biotechprocleaners.com"
187.15.144.177 - - [16/Aug/2026:11:30:51 -0400] "POST /xmlrpc.php HTTP/1.1" 200 403 "-" "Jetpack by WordPress.com"
114.119.129.34 - - [16/Aug/2026:11:34:56 -0400] "GET /surface/furniture/ HTTP/1.1" 200 47654 "https://www.biotechprocleaners.com/surface/furniture/" "Mozilla/5.0 (Linux; Android 7.0;) AppleWebKit/537.36 (HTML, like Gecko) Mobile Safari/537.36 (compatible; PetalBot;+https://webmaster.petalsearch.com/site/petalbot)"
69.39.225.240 - - [16/Aug/2026:11:35:30 -0400] "POST /wp-cron.php?doing_wp_cron=1786894530.1513290405273437500000 HTTP/1.1" 200 20 "-" "WordPress/7.0.4; https://www.biotechprocleaners.com"
216.73.216.255 - - [16/Aug/2026:11:35:29 -0400] "GET /sitemap_index.xml HTTP/1.1" 200 469 "-" "Mozilla/5.0 AppleWebKit/537.36 (KHTML, like Gecko; compatible; ClaudeBot/1.0; +claudebot@anthropic.com)"
69.39.225.240 - - [16/Aug/2026:11:36:10 -0400] "POST /wp-cron.php?doing_wp_cron=1786894570.0475199222564697265625 HTTP/1.1" 200 20 "-" "WordPress/7.0.4; https://www.biotechprocleaners.com"
52.200.251.20 - - [16/Aug/2026:11:36:08 -0400] "GET /area/vehicle-windows/?areas=tires-marks HTTP/1.1" 200 32390 "-" "Mozilla/5.0 AppleWebKit/537.36 (KHTML, like Gecko; compatible; Amazonbot/0.1; +https://developer.amazon.com/support/amazonbot) Chrome/119.0.6045.214 Safari/537.36"
69.39.225.240 - - [16/Aug/2026:11:36:14 -0400] "POST /wp-cron.php?doing_wp_cron=1786894574.0602729320526123046875 HTTP/1.1" 200 20 "-" "WordPress/7.0.4; https://www.biotechprocleaners.com"
34.230.124.21 - - [16/Aug/2026:11:36:12 -0400] "GET /surface/dashboards/?surfaces=concrete HTTP/1.1" 200 32373 "-" "Mozilla/5.0 AppleWebKit/537.36 (KHTML, like Gecko; compatible; Amazonbot/0.1; +https://developer.amazon.com/support/amazonbot) Chrome/119.0.6045.214 Safari/537.36"
114.119.137.80 - - [16/Aug/2026:11:36:17 -0400] "GET /surface/panels/ HTTP/1.1" 200 47815 "https://www.biotechprocleaners.com/surface/panels" "Mozilla/5.0 (Linux; Android 7.0;) AppleWebKit/537.36 (HTML, like Gecko) Mobile Safari/537.36 (compatible; PetalBot;+https://webmaster.petalsearch.com/site/petalbot)"
34.206.249.188 - - [16/Aug/2026:11:36:28 -0400] "GET /product-category/recreational-convention-centers/?amp&surfaces=fitness-equipments HTTP/1.1" 200 46967 "-" "Mozilla/5.0 AppleWebKit/537.36 (KHTML, like Gecko; compatible; Amazonbot/0.1; +https://developer.amazon.com/support/amazonbot) Chrome/119.0.6045.214 Safari/537.36"
69.39.225.240 - - [16/Aug/2026:11:36:46 -0400] "POST /wp-cron.php?doing_wp_cron=1786894605.8910648822784423828125 HTTP/1.1" 200 20 "-" "WordPress/7.0.4; https://www.biotechprocleaners.com"
3.222.85.38 - - [16/Aug/2026:11:36:44 -0400] "GET /surface/inox/?surfaces=different-types-of-flooring HTTP/1.1" 200 32392 "-" "Mozilla/5.0 AppleWebKit/537.36 (KHTML, like Gecko; compatible; Amazonbot/0.1; +https://developer.amazon.com/support/amazonbot) Chrome/119.0.6045.214 Safari/537.36"
35.153.86.200 - - [16/Aug/2026:11:36:52 -0400] "GET /area/vehicle-windows/?amp&surfaces=tiles HTTP/1.1" 200 32391 "-" "Mozilla/5.0 AppleWebKit/537.36 (KHTML, like Gecko; compatible; Amazonbot/0.1; +https://developer.amazon.com/support/amazonbot) Chrome/119.0.6045.214 Safari/537.36"
52.200.54.136 - - [16/Aug/2026:11:36:56 -0400] "GET /area/vehicle-windows/?amp&surfaces=sinks HTTP/1.1" 200 32389 "-" "Mozilla/5.0 AppleWebKit/537.36 (KHTML, like Gecko; compatible; Amazonbot/0.1; +https://developer.amazon.com/support/amazonbot) Chrome/119.0.6045.214 Safari/537.36"
3.229.164.203 - - [16/Aug/2026:11:37:05 -0400] "GET /area/vehicle-windows/?amp&surfaces=ceramic HTTP/1.1" 200 32390 "-" "Mozilla/5.0 AppleWebKit/537.36 (KHTML, like Gecko; compatible; Amazonbot/0.1; +https://developer.amazon.com/support/amazonbot) Chrome/119.0.6045.214 Safari/537.36"
