172.253.7.115 - - [17/Aug/2026:06:36:49 -0400] "GET /www/ergovu2023/wp-content/plugins/header-footer-elementor/inc/js/frontend.js?ver=1.6.16 HTTP/1.1" 200 27750 "http://ergovubooth.bronze-server.com/www/ergovu2023/" "Mozilla/5.0 (Windows NT 10.0; Win64; x64) AppleWebKit/537.36 (KHTML, like Gecko) Chrome/150.0.0.0 Safari/537.36"
172.253.7.124 - - [17/Aug/2026:06:36:49 -0400] "GET /www/ergovu2023/wp-content/plugins/royal-elementor-addons/assets/js/modal-popups.min.js?ver=1.7.1065 HTTP/1.1" 200 11524 "http://ergovubooth.bronze-server.com/www/ergovu2023/" "Mozilla/5.0 (Windows NT 10.0; Win64; x64) AppleWebKit/537.36 (KHTML, like Gecko) Chrome/150.0.0.0 Safari/537.36"
172.253.7.126 - - [17/Aug/2026:06:36:49 -0400] "GET /www/ergovu2023/wp-content/plugins/wp-advanced-math-captcha/js/wmc.js?ver=2.1.8 HTTP/1.1" 200 548 "http://ergovubooth.bronze-server.com/www/ergovu2023/" "Mozilla/5.0 (Windows NT 10.0; Win64; x64) AppleWebKit/537.36 (KHTML, like Gecko) Chrome/150.0.0.0 Safari/537.36"
172.253.7.118 - - [17/Aug/2026:06:36:49 -0400] "GET /www/ergovu2023/wp-content/plugins/royal-elementor-addons/assets/js/frontend.min.js?ver=1.7.1065 HTTP/1.1" 200 302998 "http://ergovubooth.bronze-server.com/www/ergovu2023/" "Mozilla/5.0 (Windows NT 10.0; Win64; x64) AppleWebKit/537.36 (KHTML, like Gecko) Chrome/150.0.0.0 Safari/537.36"
172.253.7.115 - - [17/Aug/2026:06:36:49 -0400] "GET /www/ergovu2023/wp-content/uploads/2023/06/ErgoVu-20-manual-inspection-bootht-1-1@2x.png HTTP/1.1" 200 55802 "http://ergovubooth.bronze-server.com/www/ergovu2023/" "Mozilla/5.0 (Windows NT 10.0; Win64; x64) AppleWebKit/537.36 (KHTML, like Gecko) Chrome/150.0.0.0 Safari/537.36"
172.253.7.125 - - [17/Aug/2026:06:36:49 -0400] "GET /www/ergovu2023/wp-content/uploads/2023/05/footer-logo.png HTTP/1.1" 200 71990 "http://ergovubooth.bronze-server.com/www/ergovu2023/" "Mozilla/5.0 (Windows NT 10.0; Win64; x64) AppleWebKit/537.36 (KHTML, like Gecko) Chrome/150.0.0.0 Safari/537.36"
172.253.7.115 - - [17/Aug/2026:06:36:49 -0400] "GET /www/ergovu2023/wp-content/uploads/2023/05/CE-img.png HTTP/1.1" 200 1295 "http://ergovubooth.bronze-server.com/www/ergovu2023/" "Mozilla/5.0 (Windows NT 10.0; Win64; x64) AppleWebKit/537.36 (KHTML, like Gecko) Chrome/150.0.0.0 Safari/537.36"
172.253.7.126 - - [17/Aug/2026:06:36:49 -0400] "GET /www/ergovu2023/wp-content/uploads/2023/05/olympus-img.png HTTP/1.1" 200 3558 "http://ergovubooth.bronze-server.com/www/ergovu2023/" "Mozilla/5.0 (Windows NT 10.0; Win64; x64) AppleWebKit/537.36 (KHTML, like Gecko) Chrome/150.0.0.0 Safari/537.36"
172.253.7.124 - - [17/Aug/2026:06:36:49 -0400] "GET /www/ergovu2023/wp-content/uploads/2023/05/nikon-img.png HTTP/1.1" 200 10914 "http://ergovubooth.bronze-server.com/www/ergovu2023/" "Mozilla/5.0 (Windows NT 10.0; Win64; x64) AppleWebKit/537.36 (KHTML, like Gecko) Chrome/150.0.0.0 Safari/537.36"
172.253.7.118 - - [17/Aug/2026:06:36:49 -0400] "GET /www/ergovu2023/wp-content/uploads/2023/05/footer-bg-img-1536x473.png HTTP/1.1" 200 112628 "http://ergovubooth.bronze-server.com/www/ergovu2023/" "Mozilla/5.0 (Windows NT 10.0; Win64; x64) AppleWebKit/537.36 (KHTML, like Gecko) Chrome/150.0.0.0 Safari/537.36"
172.253.7.115 - - [17/Aug/2026:06:36:49 -0400] "GET /www/ergovu2023/wp-content/plugins/revslider/public/assets/js/rbtools.min.js?ver=6.6.13 HTTP/1.1" 200 165505 "http://ergovubooth.bronze-server.com/www/ergovu2023/" "Mozilla/5.0 (Windows NT 10.0; Win64; x64) AppleWebKit/537.36 (KHTML, like Gecko) Chrome/150.0.0.0 Safari/537.36"
172.253.7.126 - - [17/Aug/2026:06:36:49 -0400] "GET /www/ergovu2023/wp-content/uploads/2023/05/CHECKPOINT.jpg HTTP/1.1" 200 180519 "http://ergovubooth.bronze-server.com/www/ergovu2023/wp-content/uploads/elementor/css/post-15.css?ver=1786417654" "Mozilla/5.0 (Windows NT 10.0; Win64; x64) AppleWebKit/537.36 (KHTML, like Gecko) Chrome/150.0.0.0 Safari/537.36"
172.253.7.124 - - [17/Aug/2026:06:36:49 -0400] "GET /www/ergovu2023/wp-content/uploads/2023/05/Hex-Background.png HTTP/1.1" 200 520860 "http://ergovubooth.bronze-server.com/www/ergovu2023/wp-content/uploads/elementor/css/post-15.css?ver=1786417654" "Mozilla/5.0 (Windows NT 10.0; Win64; x64) AppleWebKit/537.36 (KHTML, like Gecko) Chrome/150.0.0.0 Safari/537.36"
172.253.7.118 - - [17/Aug/2026:06:36:49 -0400] "GET /www/ergovu2023/wp-content/uploads/2023/05/Ecophot-Led-Illumination.jpg HTTP/1.1" 200 159317 "http://ergovubooth.bronze-server.com/www/ergovu2023/wp-content/uploads/elementor/css/post-15.css?ver=1786417654" "Mozilla/5.0 (Windows NT 10.0; Win64; x64) AppleWebKit/537.36 (KHTML, like Gecko) Chrome/150.0.0.0 Safari/537.36"
173.194.92.186 - - [17/Aug/2026:06:36:49 -0400] "GET /wp-json/contact-form-7/v1/contact-forms/847/refill HTTP/1.1" 200 22 "http://ergovubooth.bronze-server.com/" "Mozilla/5.0 (Windows NT 10.0; Win64; x64) AppleWebKit/537.36 (KHTML, like Gecko) Chrome/151.0.0.0 Safari/537.36"
172.253.7.115 - - [17/Aug/2026:06:36:49 -0400] "GET /www/ergovu2023/wp-content/plugins/revslider/public/assets/js/rs6.min.js?ver=6.6.13 HTTP/1.1" 200 414911 "http://ergovubooth.bronze-server.com/www/ergovu2023/" "Mozilla/5.0 (Windows NT 10.0; Win64; x64) AppleWebKit/537.36 (KHTML, like Gecko) Chrome/150.0.0.0 Safari/537.36"
172.253.7.125 - - [17/Aug/2026:06:36:49 -0400] "GET /www/ergovu2023/wp-content/uploads/2023/06/MODELS.png HTTP/1.1" 200 289361 "http://ergovubooth.bronze-server.com/www/ergovu2023/wp-content/uploads/elementor/css/post-15.css?ver=1786417654" "Mozilla/5.0 (Windows NT 10.0; Win64; x64) AppleWebKit/537.36 (KHTML, like Gecko) Chrome/150.0.0.0 Safari/537.36"
172.253.7.118 - - [17/Aug/2026:06:36:50 -0400] "GET /www/ergovu2023/wp-content/themes/oceanwp-child/img/green-tick.svg HTTP/1.1" 200 2595 "http://ergovubooth.bronze-server.com/www/ergovu2023/wp-content/themes/oceanwp-child/style.css?ver=1009" "Mozilla/5.0 (Windows NT 10.0; Win64; x64) AppleWebKit/537.36 (KHTML, like Gecko) Chrome/150.0.0.0 Safari/537.36"
172.253.7.125 - - [17/Aug/2026:06:36:50 -0400] "GET /www/ergovu2023/wp-content/themes/oceanwp-child/img/yellow-tick.svg HTTP/1.1" 200 2133 "http://ergovubooth.bronze-server.com/www/ergovu2023/wp-content/themes/oceanwp-child/style.css?ver=1009" "Mozilla/5.0 (Windows NT 10.0; Win64; x64) AppleWebKit/537.36 (KHTML, like Gecko) Chrome/150.0.0.0 Safari/537.36"
172.253.7.115 - - [17/Aug/2026:06:36:50 -0400] "GET /www/ergovu2023/wp-content/uploads/2023/06/ErgoVu-30-table-model-150x150@2x.png HTTP/1.1" 200 69754 "http://ergovubooth.bronze-server.com/www/ergovu2023/" "Mozilla/5.0 (Windows NT 10.0; Win64; x64) AppleWebKit/537.36 (KHTML, like Gecko) Chrome/150.0.0.0 Safari/537.36"
172.253.7.115 - - [17/Aug/2026:06:36:50 -0400] "GET /www/ergovu2023/wp-content/uploads/2023/06/modelimg3@2x.png HTTP/1.1" 200 158222 "http://ergovubooth.bronze-server.com/www/ergovu2023/" "Mozilla/5.0 (Windows NT 10.0; Win64; x64) AppleWebKit/537.36 (KHTML, like Gecko) Chrome/150.0.0.0 Safari/537.36"
172.253.7.124 - - [17/Aug/2026:06:36:50 -0400] "GET /www/ergovu2023/wp-content/uploads/2023/06/new-inspc-pic1@2x.png HTTP/1.1" 200 322294 "http://ergovubooth.bronze-server.com/www/ergovu2023/" "Mozilla/5.0 (Windows NT 10.0; Win64; x64) AppleWebKit/537.36 (KHTML, like Gecko) Chrome/150.0.0.0 Safari/537.36"
172.253.7.115 - - [17/Aug/2026:06:36:50 -0400] "GET /www/ergovu2023/wp-content/plugins/elementor/assets/js/section-frontend-handlers.d85ab872da118940910d.bundle.min.js HTTP/1.1" 200 449 "http://ergovubooth.bronze-server.com/www/ergovu2023/" "Mozilla/5.0 (Windows NT 10.0; Win64; x64) AppleWebKit/537.36 (KHTML, like Gecko) Chrome/150.0.0.0 Safari/537.36"
172.253.7.124 - - [17/Aug/2026:06:36:50 -0400] "GET /www/ergovu2023/wp-content/plugins/elementor/assets/js/shared-frontend-handlers.03caa53373b56d3bab67.bundle.min.js HTTP/1.1" 200 8481 "http://ergovubooth.bronze-server.com/www/ergovu2023/" "Mozilla/5.0 (Windows NT 10.0; Win64; x64) AppleWebKit/537.36 (KHTML, like Gecko) Chrome/150.0.0.0 Safari/537.36"
172.253.7.115 - - [17/Aug/2026:06:36:50 -0400] "GET /www/ergovu2023/wp-content/plugins/elementor/assets/js/text-editor.45609661e409413f1cef.bundle.min.js HTTP/1.1" 200 1348 "http://ergovubooth.bronze-server.com/www/ergovu2023/" "Mozilla/5.0 (Windows NT 10.0; Win64; x64) AppleWebKit/537.36 (KHTML, like Gecko) Chrome/150.0.0.0 Safari/537.36"
172.253.7.125 - - [17/Aug/2026:06:36:50 -0400] "GET /www/ergovu2023/wp-content/plugins/elementor/assets/js/accordion.8b0db5058afeb74622f5.bundle.min.js HTTP/1.1" 200 3739 "http://ergovubooth.bronze-server.com/www/ergovu2023/" "Mozilla/5.0 (Windows NT 10.0; Win64; x64) AppleWebKit/537.36 (KHTML, like Gecko) Chrome/150.0.0.0 Safari/537.36"
172.253.7.125 - - [17/Aug/2026:06:36:50 -0400] "GET /www/ergovu2023/wp-includes/js/wp-emoji-release.min.js?ver=7.0.3 HTTP/1.1" 200 22752 "http://ergovubooth.bronze-server.com/www/ergovu2023/" "Mozilla/5.0 (Windows NT 10.0; Win64; x64) AppleWebKit/537.36 (KHTML, like Gecko) Chrome/150.0.0.0 Safari/537.36"
172.253.7.125 - - [17/Aug/2026:06:36:50 -0400] "GET /favicon.ico HTTP/1.1" 200 1150 "http://ergovubooth.bronze-server.com/www/ergovu2023/" "Mozilla/5.0 (Windows NT 10.0; Win64; x64) AppleWebKit/537.36 (KHTML, like Gecko) Chrome/150.0.0.0 Safari/537.36"
172.253.7.126 - - [17/Aug/2026:06:36:50 -0400] "GET /www/ergovu2023/wp-json/contact-form-7/v1/contact-forms/13/feedback/schema HTTP/1.1" 200 205 "http://ergovubooth.bronze-server.com/www/ergovu2023/" "Mozilla/5.0 (Windows NT 10.0; Win64; x64) AppleWebKit/537.36 (KHTML, like Gecko) Chrome/150.0.0.0 Safari/537.36"
69.39.225.240 - - [17/Aug/2026:06:36:50 -0400] "POST /wp-cron.php?doing_wp_cron=1786963010.8309578895568847656250 HTTP/1.1" 200 20 "-" "WordPress/7.0.4; http://ergovubooth.bronze-server.com"
69.39.225.240 - - [17/Aug/2026:06:36:50 -0400] "POST /wp-admin/upgrade.php?step=upgrade_db HTTP/1.1" 200 21 "-" "WordPress/7.0.3; http://ergovubooth.bronze-server.com"
69.39.225.240 - - [17/Aug/2026:06:36:51 -0400] "POST /www/ergovu2023/wp-cron.php?doing_wp_cron=1786963011.1257610321044921875000 HTTP/1.1" 200 20 "-" "WordPress/7.0.4; http://ergovubooth.bronze-server.com/www/ergovu2023"
69.39.225.240 - - [17/Aug/2026:06:36:50 -0400] "POST /www/ergovu2023/wp-admin/upgrade.php?step=upgrade_db HTTP/1.1" 200 21 "-" "WordPress/7.0.3; http://ergovubooth.bronze-server.com/www/ergovu2023"
69.39.225.240 - - [17/Aug/2026:06:36:52 -0400] "POST /www/ergovu2023/wp-cron.php HTTP/1.1" 200 20 "-" "WordPress/7.0.3; http://ergovubooth.bronze-server.com/www/ergovu2023"
69.39.225.240 - - [17/Aug/2026:06:36:52 -0400] "GET /www/ergovu2023/ HTTP/1.1" 200 28245 "-" "WordPress/7.0.3; http://ergovubooth.bronze-server.com/www/ergovu2023"
173.194.92.186 - - [17/Aug/2026:06:36:54 -0400] "GET /wp-content/uploads/2021/06/Longevity.png HTTP/1.1" 200 9166 "http://ergovubooth.bronze-server.com/" "Mozilla/5.0 (Windows NT 10.0; Win64; x64) AppleWebKit/537.36 (KHTML, like Gecko) Chrome/151.0.0.0 Safari/537.36"
173.194.92.180 - - [17/Aug/2026:06:36:54 -0400] "GET /wp-content/uploads/2021/06/Productivity.png HTTP/1.1" 200 14783 "http://ergovubooth.bronze-server.com/" "Mozilla/5.0 (Windows NT 10.0; Win64; x64) AppleWebKit/537.36 (KHTML, like Gecko) Chrome/151.0.0.0 Safari/537.36"
173.194.92.181 - - [17/Aug/2026:06:36:54 -0400] "GET /wp-content/uploads/2021/06/cost.png HTTP/1.1" 200 12635 "http://ergovubooth.bronze-server.com/" "Mozilla/5.0 (Windows NT 10.0; Win64; x64) AppleWebKit/537.36 (KHTML, like Gecko) Chrome/151.0.0.0 Safari/537.36"
173.194.92.179 - - [17/Aug/2026:06:36:54 -0400] "GET /wp-content/uploads/2021/06/boothsimg.png HTTP/1.1" 200 106412 "http://ergovubooth.bronze-server.com/" "Mozilla/5.0 (Windows NT 10.0; Win64; x64) AppleWebKit/537.36 (KHTML, like Gecko) Chrome/151.0.0.0 Safari/537.36"
173.194.92.180 - - [17/Aug/2026:06:36:54 -0400] "GET /wp-content/uploads/2021/06/footer-logo-300x39.png HTTP/1.1" 200 13731 "http://ergovubooth.bronze-server.com/" "Mozilla/5.0 (Windows NT 10.0; Win64; x64) AppleWebKit/537.36 (KHTML, like Gecko) Chrome/151.0.0.0 Safari/537.36"
69.39.225.240 - - [17/Aug/2026:06:36:54 -0400] "GET /www/ergovu2023/ HTTP/1.1" 200 28236 "-" "WordPress/7.0.3; http://ergovubooth.bronze-server.com/www/ergovu2023"
172.253.7.126 - - [17/Aug/2026:06:36:55 -0400] "GET /www/ergovu2023/wp-content/uploads/2023/05/Screenshot_4.png HTTP/1.1" 200 43315 "http://ergovubooth.bronze-server.com/www/ergovu2023/" "Mozilla/5.0 (Windows NT 10.0; Win64; x64) AppleWebKit/537.36 (KHTML, like Gecko) Chrome/150.0.0.0 Safari/537.36"
172.253.7.125 - - [17/Aug/2026:06:36:55 -0400] "GET /www/ergovu2023/wp-content/uploads/2023/05/Features.png HTTP/1.1" 200 294189 "http://ergovubooth.bronze-server.com/www/ergovu2023/" "Mozilla/5.0 (Windows NT 10.0; Win64; x64) AppleWebKit/537.36 (KHTML, like Gecko) Chrome/150.0.0.0 Safari/537.36"
172.253.7.124 - - [17/Aug/2026:06:36:55 -0400] "GET /www/ergovu2023/wp-content/uploads/2023/07/img1.png HTTP/1.1" 200 37650 "http://ergovubooth.bronze-server.com/www/ergovu2023/" "Mozilla/5.0 (Windows NT 10.0; Win64; x64) AppleWebKit/537.36 (KHTML, like Gecko) Chrome/150.0.0.0 Safari/537.36"
172.253.7.115 - - [17/Aug/2026:06:36:55 -0400] "GET /www/ergovu2023/wp-content/uploads/2023/05/Inspection-Station-Image.png HTTP/1.1" 200 504903 "http://ergovubooth.bronze-server.com/www/ergovu2023/" "Mozilla/5.0 (Windows NT 10.0; Win64; x64) AppleWebKit/537.36 (KHTML, like Gecko) Chrome/150.0.0.0 Safari/537.36"
172.253.7.118 - - [17/Aug/2026:06:36:55 -0400] "GET /www/ergovu2023/wp-content/uploads/2023/07/img3.png HTTP/1.1" 200 22456 "http://ergovubooth.bronze-server.com/www/ergovu2023/" "Mozilla/5.0 (Windows NT 10.0; Win64; x64) AppleWebKit/537.36 (KHTML, like Gecko) Chrome/150.0.0.0 Safari/537.36"
172.253.7.115 - - [17/Aug/2026:06:36:55 -0400] "GET /www/ergovu2023/wp-content/uploads/2023/07/img2.png HTTP/1.1" 200 17254 "http://ergovubooth.bronze-server.com/www/ergovu2023/" "Mozilla/5.0 (Windows NT 10.0; Win64; x64) AppleWebKit/537.36 (KHTML, like Gecko) Chrome/150.0.0.0 Safari/537.36"
172.253.7.124 - - [17/Aug/2026:06:36:55 -0400] "GET /www/ergovu2023/wp-content/uploads/2023/06/ErgoLift@2x.png HTTP/1.1" 200 342003 "http://ergovubooth.bronze-server.com/www/ergovu2023/" "Mozilla/5.0 (Windows NT 10.0; Win64; x64) AppleWebKit/537.36 (KHTML, like Gecko) Chrome/150.0.0.0 Safari/537.36"
172.253.7.118 - - [17/Aug/2026:06:36:55 -0400] "GET /www/ergovu2023/wp-content/uploads/2023/07/img4.png HTTP/1.1" 200 29032 "http://ergovubooth.bronze-server.com/www/ergovu2023/" "Mozilla/5.0 (Windows NT 10.0; Win64; x64) AppleWebKit/537.36 (KHTML, like Gecko) Chrome/150.0.0.0 Safari/537.36"
69.39.225.240 - - [17/Aug/2026:06:36:55 -0400] "GET /www/ergovu2023/ HTTP/1.1" 200 28219 "-" "WordPress/7.0.3; http://ergovubooth.bronze-server.com/www/ergovu2023"

Youez - 2016 - github.com/yon3zu
LinuXploit