403Webshell
Server IP : 69.39.225.240  /  Your IP : 216.73.216.138
Web Server : Apache
System : Linux bronze7.serverhost.net 3.10.0-1160.105.1.el7.x86_64 #1 SMP Thu Dec 7 15:39:45 UTC 2023 x86_64
User : reademotions ( 1074)
PHP Version : 7.4.33
Disable Function : NONE
MySQL : OFF  |  cURL : ON  |  WGET : ON  |  Perl : ON  |  Python : ON  |  Sudo : ON  |  Pkexec : ON
Directory :  /var/log/httpd/

Upload File :
current_dir [ Writeable ] document_root [ Writeable ]

 

Command :


[ Back ]     

Current File : /var/log/httpd//ergovubooth-access-log
69.39.225.240 - - [17/Aug/2026:06:36:48 -0400] "POST /wp-cron.php?doing_wp_cron=1786963008.9117310047149658203125 HTTP/1.1" 200 20 "-" "WordPress/7.0.3; http://ergovubooth.bronze-server.com"
173.194.92.185 - - [17/Aug/2026:06:36:47 -0400] "GET / HTTP/1.1" 200 23160 "-" "Mozilla/5.0 (Windows NT 10.0; Win64; x64) AppleWebKit/537.36 (KHTML, like Gecko) Chrome/151.0.0.0 Safari/537.36"
173.194.92.185 - - [17/Aug/2026:06:36:49 -0400] "GET /wp-content/plugins/simple-sitemap/lib/assets/css/simple-sitemap.css?ver=7.0.3 HTTP/1.1" 200 7830 "http://ergovubooth.bronze-server.com/" "Mozilla/5.0 (Windows NT 10.0; Win64; x64) AppleWebKit/537.36 (KHTML, like Gecko) Chrome/151.0.0.0 Safari/537.36"
173.194.92.180 - - [17/Aug/2026:06:36:49 -0400] "GET /wp-content/plugins/contact-form-7/includes/css/styles.css?ver=5.4.1 HTTP/1.1" 200 2640 "http://ergovubooth.bronze-server.com/" "Mozilla/5.0 (Windows NT 10.0; Win64; x64) AppleWebKit/537.36 (KHTML, like Gecko) Chrome/151.0.0.0 Safari/537.36"
173.194.92.186 - - [17/Aug/2026:06:36:49 -0400] "GET /wp-content/plugins/embed-calendly-scheduling/assets/css/widget.css?ver=7.0.3 HTTP/1.1" 200 2928 "http://ergovubooth.bronze-server.com/" "Mozilla/5.0 (Windows NT 10.0; Win64; x64) AppleWebKit/537.36 (KHTML, like Gecko) Chrome/151.0.0.0 Safari/537.36"
173.194.92.180 - - [17/Aug/2026:06:36:49 -0400] "GET /wp-content/plugins/revslider/public/assets/css/rs6.css?ver=6.3.3 HTTP/1.1" 200 60289 "http://ergovubooth.bronze-server.com/" "Mozilla/5.0 (Windows NT 10.0; Win64; x64) AppleWebKit/537.36 (KHTML, like Gecko) Chrome/151.0.0.0 Safari/537.36"
173.194.92.179 - - [17/Aug/2026:06:36:49 -0400] "GET /wp-content/themes/generatepress_child/css/sources.css?ver=all HTTP/1.1" 200 116847 "http://ergovubooth.bronze-server.com/" "Mozilla/5.0 (Windows NT 10.0; Win64; x64) AppleWebKit/537.36 (KHTML, like Gecko) Chrome/151.0.0.0 Safari/537.36"
173.194.92.181 - - [17/Aug/2026:06:36:49 -0400] "GET /wp-content/themes/generatepress_child/css/lightbox.css?ver=all HTTP/1.1" 200 3580 "http://ergovubooth.bronze-server.com/" "Mozilla/5.0 (Windows NT 10.0; Win64; x64) AppleWebKit/537.36 (KHTML, like Gecko) Chrome/151.0.0.0 Safari/537.36"
173.194.92.180 - - [17/Aug/2026:06:36:49 -0400] "GET /wp-content/themes/generatepress_child/css/style.css?ver=all HTTP/1.1" 200 39060 "http://ergovubooth.bronze-server.com/" "Mozilla/5.0 (Windows NT 10.0; Win64; x64) AppleWebKit/537.36 (KHTML, like Gecko) Chrome/151.0.0.0 Safari/537.36"
173.194.92.185 - - [17/Aug/2026:06:36:49 -0400] "GET /wp-content/themes/generatepress/assets/css/components/widget-areas.min.css?ver=3.0.3 HTTP/1.1" 200 3358 "http://ergovubooth.bronze-server.com/" "Mozilla/5.0 (Windows NT 10.0; Win64; x64) AppleWebKit/537.36 (KHTML, like Gecko) Chrome/151.0.0.0 Safari/537.36"
173.194.92.186 - - [17/Aug/2026:06:36:49 -0400] "GET /wp-content/themes/generatepress/assets/css/main.min.css?ver=3.0.3 HTTP/1.1" 200 19327 "http://ergovubooth.bronze-server.com/" "Mozilla/5.0 (Windows NT 10.0; Win64; x64) AppleWebKit/537.36 (KHTML, like Gecko) Chrome/151.0.0.0 Safari/537.36"
173.194.92.181 - - [17/Aug/2026:06:36:49 -0400] "GET /wp-content/themes/generatepress_child/style.css?ver=1654184100 HTTP/1.1" 200 36803 "http://ergovubooth.bronze-server.com/" "Mozilla/5.0 (Windows NT 10.0; Win64; x64) AppleWebKit/537.36 (KHTML, like Gecko) Chrome/151.0.0.0 Safari/537.36"
173.194.92.180 - - [17/Aug/2026:06:36:49 -0400] "GET /wp-content/plugins/gp-premium/menu-plus/functions/css/navigation-branding-flex.min.css?ver=2.0.2 HTTP/1.1" 200 2566 "http://ergovubooth.bronze-server.com/" "Mozilla/5.0 (Windows NT 10.0; Win64; x64) AppleWebKit/537.36 (KHTML, like Gecko) Chrome/151.0.0.0 Safari/537.36"
173.194.92.180 - - [17/Aug/2026:06:36:49 -0400] "GET /wp-includes/js/jquery/jquery.min.js?ver=3.7.1 HTTP/1.1" 200 87553 "http://ergovubooth.bronze-server.com/" "Mozilla/5.0 (Windows NT 10.0; Win64; x64) AppleWebKit/537.36 (KHTML, like Gecko) Chrome/151.0.0.0 Safari/537.36"
173.194.92.186 - - [17/Aug/2026:06:36:49 -0400] "GET /wp-includes/js/jquery/jquery-migrate.min.js?ver=3.4.1 HTTP/1.1" 200 13577 "http://ergovubooth.bronze-server.com/" "Mozilla/5.0 (Windows NT 10.0; Win64; x64) AppleWebKit/537.36 (KHTML, like Gecko) Chrome/151.0.0.0 Safari/537.36"
173.194.92.181 - - [17/Aug/2026:06:36:49 -0400] "GET /wp-content/plugins/embed-calendly-scheduling/assets/js/widget.js?ver=7.0.3 HTTP/1.1" 200 12904 "http://ergovubooth.bronze-server.com/" "Mozilla/5.0 (Windows NT 10.0; Win64; x64) AppleWebKit/537.36 (KHTML, like Gecko) Chrome/151.0.0.0 Safari/537.36"
173.194.92.180 - - [17/Aug/2026:06:36:49 -0400] "GET /wp-content/plugins/revslider/public/assets/js/rbtools.min.js?ver=6.3.3 HTTP/1.1" 200 121722 "http://ergovubooth.bronze-server.com/" "Mozilla/5.0 (Windows NT 10.0; Win64; x64) AppleWebKit/537.36 (KHTML, like Gecko) Chrome/151.0.0.0 Safari/537.36"
173.194.92.185 - - [17/Aug/2026:06:36:49 -0400] "GET /wp-content/plugins/js_composer/assets/css/js_composer.min.css?ver=6.6.0 HTTP/1.1" 200 485416 "http://ergovubooth.bronze-server.com/" "Mozilla/5.0 (Windows NT 10.0; Win64; x64) AppleWebKit/537.36 (KHTML, like Gecko) Chrome/151.0.0.0 Safari/537.36"
173.194.92.186 - - [17/Aug/2026:06:36:49 -0400] "GET /wp-content/uploads/2021/06/banner.jpg HTTP/1.1" 200 36271 "http://ergovubooth.bronze-server.com/" "Mozilla/5.0 (Windows NT 10.0; Win64; x64) AppleWebKit/537.36 (KHTML, like Gecko) Chrome/151.0.0.0 Safari/537.36"
173.194.92.181 - - [17/Aug/2026:06:36:49 -0400] "GET /wp-content/uploads/2021/07/new-logo1.png HTTP/1.1" 200 33857 "http://ergovubooth.bronze-server.com/" "Mozilla/5.0 (Windows NT 10.0; Win64; x64) AppleWebKit/537.36 (KHTML, like Gecko) Chrome/151.0.0.0 Safari/537.36"
69.39.225.240 - - [17/Aug/2026:06:36:49 -0400] "POST /www/ergovu2023/wp-cron.php?doing_wp_cron=1786963009.0996289253234863281250 HTTP/1.1" 200 20 "-" "WordPress/7.0.3; http://ergovubooth.bronze-server.com/www/ergovu2023"
173.194.92.179 - - [17/Aug/2026:06:36:49 -0400] "GET /wp-content/plugins/revslider/public/assets/js/rs6.min.js?ver=6.3.3 HTTP/1.1" 200 334809 "http://ergovubooth.bronze-server.com/" "Mozilla/5.0 (Windows NT 10.0; Win64; x64) AppleWebKit/537.36 (KHTML, like Gecko) Chrome/151.0.0.0 Safari/537.36"
172.253.7.125 - - [17/Aug/2026:06:36:46 -0400] "GET /www/ergovu2023/ HTTP/1.1" 200 28238 "-" "Mozilla/5.0 (Windows NT 10.0; Win64; x64) AppleWebKit/537.36 (KHTML, like Gecko) Chrome/150.0.0.0 Safari/537.36"
173.194.92.180 - - [17/Aug/2026:06:36:49 -0400] "GET /wp-content/uploads/2021/09/slider-1.png HTTP/1.1" 200 571959 "http://ergovubooth.bronze-server.com/" "Mozilla/5.0 (Windows NT 10.0; Win64; x64) AppleWebKit/537.36 (KHTML, like Gecko) Chrome/151.0.0.0 Safari/537.36"
173.194.92.181 - - [17/Aug/2026:06:36:49 -0400] "GET /wp-content/uploads/2021/06/manualimg.png HTTP/1.1" 200 128675 "http://ergovubooth.bronze-server.com/" "Mozilla/5.0 (Windows NT 10.0; Win64; x64) AppleWebKit/537.36 (KHTML, like Gecko) Chrome/151.0.0.0 Safari/537.36"
173.194.92.181 - - [17/Aug/2026:06:36:49 -0400] "GET /wp-content/plugins/gp-premium/menu-plus/functions/js/sticky.min.js?ver=2.0.2 HTTP/1.1" 200 8469 "http://ergovubooth.bronze-server.com/" "Mozilla/5.0 (Windows NT 10.0; Win64; x64) AppleWebKit/537.36 (KHTML, like Gecko) Chrome/151.0.0.0 Safari/537.36"
173.194.92.180 - - [17/Aug/2026:06:36:49 -0400] "GET /wp-includes/js/dist/vendor/wp-polyfill.min.js?ver=3.15.0 HTTP/1.1" 200 33744 "http://ergovubooth.bronze-server.com/" "Mozilla/5.0 (Windows NT 10.0; Win64; x64) AppleWebKit/537.36 (KHTML, like Gecko) Chrome/151.0.0.0 Safari/537.36"
172.253.7.125 - - [17/Aug/2026:06:36:49 -0400] "GET /www/ergovu2023/wp-content/plugins/header-footer-elementor/inc/widgets-css/frontend.css?ver=1.6.16 HTTP/1.1" 200 75684 "http://ergovubooth.bronze-server.com/www/ergovu2023/" "Mozilla/5.0 (Windows NT 10.0; Win64; x64) AppleWebKit/537.36 (KHTML, like Gecko) Chrome/150.0.0.0 Safari/537.36"
172.253.7.118 - - [17/Aug/2026:06:36:49 -0400] "GET /www/ergovu2023/wp-content/plugins/contact-form-7/includes/css/styles.css?ver=5.8.1 HTTP/1.1" 200 2859 "http://ergovubooth.bronze-server.com/www/ergovu2023/" "Mozilla/5.0 (Windows NT 10.0; Win64; x64) AppleWebKit/537.36 (KHTML, like Gecko) Chrome/150.0.0.0 Safari/537.36"
173.194.92.180 - - [17/Aug/2026:06:36:49 -0400] "GET /wp-content/plugins/contact-form-7/includes/js/index.js?ver=5.4.1 HTTP/1.1" 200 13485 "http://ergovubooth.bronze-server.com/" "Mozilla/5.0 (Windows NT 10.0; Win64; x64) AppleWebKit/537.36 (KHTML, like Gecko) Chrome/151.0.0.0 Safari/537.36"
173.194.92.181 - - [17/Aug/2026:06:36:49 -0400] "GET /wp-content/themes/generatepress_child/js/custom.js?ver=8881 HTTP/1.1" 200 1269 "http://ergovubooth.bronze-server.com/" "Mozilla/5.0 (Windows NT 10.0; Win64; x64) AppleWebKit/537.36 (KHTML, like Gecko) Chrome/151.0.0.0 Safari/537.36"
173.194.92.179 - - [17/Aug/2026:06:36:49 -0400] "GET /wp-content/themes/generatepress_child/js/sources.js?ver=4828 HTTP/1.1" 200 101341 "http://ergovubooth.bronze-server.com/" "Mozilla/5.0 (Windows NT 10.0; Win64; x64) AppleWebKit/537.36 (KHTML, like Gecko) Chrome/151.0.0.0 Safari/537.36"
173.194.92.185 - - [17/Aug/2026:06:36:49 -0400] "GET /wp-content/themes/generatepress_child/js/lightbox.js?ver=4154 HTTP/1.1" 200 20097 "http://ergovubooth.bronze-server.com/" "Mozilla/5.0 (Windows NT 10.0; Win64; x64) AppleWebKit/537.36 (KHTML, like Gecko) Chrome/151.0.0.0 Safari/537.36"
173.194.92.186 - - [17/Aug/2026:06:36:49 -0400] "GET /wp-content/themes/generatepress/assets/js/main.min.js?ver=3.0.3 HTTP/1.1" 200 7320 "http://ergovubooth.bronze-server.com/" "Mozilla/5.0 (Windows NT 10.0; Win64; x64) AppleWebKit/537.36 (KHTML, like Gecko) Chrome/151.0.0.0 Safari/537.36"
173.194.92.180 - - [17/Aug/2026:06:36:49 -0400] "GET /wp-content/plugins/js_composer/assets/js/dist/js_composer_front.min.js?ver=6.6.0 HTTP/1.1" 200 20637 "http://ergovubooth.bronze-server.com/" "Mozilla/5.0 (Windows NT 10.0; Win64; x64) AppleWebKit/537.36 (KHTML, like Gecko) Chrome/151.0.0.0 Safari/537.36"
172.253.7.115 - - [17/Aug/2026:06:36:49 -0400] "GET /www/ergovu2023/wp-content/plugins/wp-advanced-math-captcha/css/frontend.css?ver=7.0.3 HTTP/1.1" 200 1062 "http://ergovubooth.bronze-server.com/www/ergovu2023/" "Mozilla/5.0 (Windows NT 10.0; Win64; x64) AppleWebKit/537.36 (KHTML, like Gecko) Chrome/150.0.0.0 Safari/537.36"
172.253.7.124 - - [17/Aug/2026:06:36:49 -0400] "GET /www/ergovu2023/wp-content/plugins/header-footer-elementor/assets/css/header-footer-elementor.css?ver=1.6.16 HTTP/1.1" 200 776 "http://ergovubooth.bronze-server.com/www/ergovu2023/" "Mozilla/5.0 (Windows NT 10.0; Win64; x64) AppleWebKit/537.36 (KHTML, like Gecko) Chrome/150.0.0.0 Safari/537.36"
172.253.7.126 - - [17/Aug/2026:06:36:49 -0400] "GET /www/ergovu2023/wp-content/uploads/elementor/css/custom-frontend.min.css?ver=1786417653 HTTP/1.1" 200 54875 "http://ergovubooth.bronze-server.com/www/ergovu2023/" "Mozilla/5.0 (Windows NT 10.0; Win64; x64) AppleWebKit/537.36 (KHTML, like Gecko) Chrome/150.0.0.0 Safari/537.36"
172.253.7.115 - - [17/Aug/2026:06:36:49 -0400] "GET /www/ergovu2023/wp-content/plugins/elementor/assets/lib/eicons/css/elementor-icons.min.css?ver=5.53.0 HTTP/1.1" 200 22258 "http://ergovubooth.bronze-server.com/www/ergovu2023/" "Mozilla/5.0 (Windows NT 10.0; Win64; x64) AppleWebKit/537.36 (KHTML, like Gecko) Chrome/150.0.0.0 Safari/537.36"
173.194.92.181 - - [17/Aug/2026:06:36:49 -0400] "GET /wp-content/uploads/2021/09/ErgoVu-20-manual-inspection-bootht-1-1.png HTTP/1.1" 200 22164 "http://ergovubooth.bronze-server.com/" "Mozilla/5.0 (Windows NT 10.0; Win64; x64) AppleWebKit/537.36 (KHTML, like Gecko) Chrome/151.0.0.0 Safari/537.36"
173.194.92.180 - - [17/Aug/2026:06:36:49 -0400] "GET /wp-content/uploads/2021/06/modelimg1.png HTTP/1.1" 200 14058 "http://ergovubooth.bronze-server.com/" "Mozilla/5.0 (Windows NT 10.0; Win64; x64) AppleWebKit/537.36 (KHTML, like Gecko) Chrome/151.0.0.0 Safari/537.36"
173.194.92.185 - - [17/Aug/2026:06:36:49 -0400] "GET /wp-content/uploads/2021/06/modelimg3.png HTTP/1.1" 200 16434 "http://ergovubooth.bronze-server.com/" "Mozilla/5.0 (Windows NT 10.0; Win64; x64) AppleWebKit/537.36 (KHTML, like Gecko) Chrome/151.0.0.0 Safari/537.36"
173.194.92.179 - - [17/Aug/2026:06:36:49 -0400] "GET /wp-content/uploads/2021/06/modelimg4.png HTTP/1.1" 200 27610 "http://ergovubooth.bronze-server.com/" "Mozilla/5.0 (Windows NT 10.0; Win64; x64) AppleWebKit/537.36 (KHTML, like Gecko) Chrome/151.0.0.0 Safari/537.36"
173.194.92.186 - - [17/Aug/2026:06:36:49 -0400] "GET /wp-content/plugins/mailchimp-for-wp/assets/js/forms.js?ver=4.8.5 HTTP/1.1" 200 6210 "http://ergovubooth.bronze-server.com/" "Mozilla/5.0 (Windows NT 10.0; Win64; x64) AppleWebKit/537.36 (KHTML, like Gecko) Chrome/151.0.0.0 Safari/537.36"
172.253.7.118 - - [17/Aug/2026:06:36:49 -0400] "GET /www/ergovu2023/wp-content/uploads/elementor/css/post-5.css?ver=1786417653 HTTP/1.1" 200 1998 "http://ergovubooth.bronze-server.com/www/ergovu2023/" "Mozilla/5.0 (Windows NT 10.0; Win64; x64) AppleWebKit/537.36 (KHTML, like Gecko) Chrome/150.0.0.0 Safari/537.36"
172.253.7.125 - - [17/Aug/2026:06:36:49 -0400] "GET /www/ergovu2023/wp-content/plugins/elementor/assets/css/widget-image.min.css?ver=4.2.2 HTTP/1.1" 200 214 "http://ergovubooth.bronze-server.com/www/ergovu2023/" "Mozilla/5.0 (Windows NT 10.0; Win64; x64) AppleWebKit/537.36 (KHTML, like Gecko) Chrome/150.0.0.0 Safari/537.36"
172.253.7.115 - - [17/Aug/2026:06:36:49 -0400] "GET /www/ergovu2023/wp-content/plugins/elementor/assets/lib/animations/styles/fadeInLeft.min.css?ver=4.2.2 HTTP/1.1" 200 137 "http://ergovubooth.bronze-server.com/www/ergovu2023/" "Mozilla/5.0 (Windows NT 10.0; Win64; x64) AppleWebKit/537.36 (KHTML, like Gecko) Chrome/150.0.0.0 Safari/537.36"
172.253.7.124 - - [17/Aug/2026:06:36:49 -0400] "GET /www/ergovu2023/wp-content/plugins/elementor/assets/css/widget-heading.min.css?ver=4.2.2 HTTP/1.1" 200 560 "http://ergovubooth.bronze-server.com/www/ergovu2023/" "Mozilla/5.0 (Windows NT 10.0; Win64; x64) AppleWebKit/537.36 (KHTML, like Gecko) Chrome/150.0.0.0 Safari/537.36"
173.194.92.180 - - [17/Aug/2026:06:36:49 -0400] "GET /wp-content/uploads/2021/06/bnrshpe.png HTTP/1.1" 200 1465 "http://ergovubooth.bronze-server.com/wp-content/themes/generatepress_child/style.css?ver=1654184100" "Mozilla/5.0 (Windows NT 10.0; Win64; x64) AppleWebKit/537.36 (KHTML, like Gecko) Chrome/151.0.0.0 Safari/537.36"
172.253.7.118 - - [17/Aug/2026:06:36:49 -0400] "GET /www/ergovu2023/wp-content/plugins/elementor/assets/lib/animations/styles/fadeInRight.min.css?ver=4.2.2 HTTP/1.1" 200 139 "http://ergovubooth.bronze-server.com/www/ergovu2023/" "Mozilla/5.0 (Windows NT 10.0; Win64; x64) AppleWebKit/537.36 (KHTML, like Gecko) Chrome/150.0.0.0 Safari/537.36"
172.253.7.125 - - [17/Aug/2026:06:36:49 -0400] "GET /www/ergovu2023/wp-content/plugins/elementor/assets/lib/animations/styles/fadeIn.min.css?ver=4.2.2 HTTP/1.1" 200 77 "http://ergovubooth.bronze-server.com/www/ergovu2023/" "Mozilla/5.0 (Windows NT 10.0; Win64; x64) AppleWebKit/537.36 (KHTML, like Gecko) Chrome/150.0.0.0 Safari/537.36"
173.194.92.180 - - [17/Aug/2026:06:36:49 -0400] "GET /wp-content/themes/generatepress_child/fonts/icomoon.ttf?kcajjg HTTP/1.1" 200 10052 "http://ergovubooth.bronze-server.com/wp-content/themes/generatepress_child/css/style.css?ver=all" "Mozilla/5.0 (Windows NT 10.0; Win64; x64) AppleWebKit/537.36 (KHTML, like Gecko) Chrome/151.0.0.0 Safari/537.36"
172.253.7.124 - - [17/Aug/2026:06:36:49 -0400] "GET /www/ergovu2023/wp-content/plugins/elementor/assets/css/widget-spacer.min.css?ver=4.2.2 HTTP/1.1" 200 1793 "http://ergovubooth.bronze-server.com/www/ergovu2023/" "Mozilla/5.0 (Windows NT 10.0; Win64; x64) AppleWebKit/537.36 (KHTML, like Gecko) Chrome/150.0.0.0 Safari/537.36"
172.253.7.115 - - [17/Aug/2026:06:36:49 -0400] "GET /www/ergovu2023/wp-content/uploads/elementor/css/custom-widget-icon-list.min.css?ver=1786417653 HTTP/1.1" 200 10286 "http://ergovubooth.bronze-server.com/www/ergovu2023/" "Mozilla/5.0 (Windows NT 10.0; Win64; x64) AppleWebKit/537.36 (KHTML, like Gecko) Chrome/150.0.0.0 Safari/537.36"
172.253.7.115 - - [17/Aug/2026:06:36:49 -0400] "GET /www/ergovu2023/wp-content/plugins/elementor/assets/lib/animations/styles/zoomIn.min.css?ver=4.2.2 HTTP/1.1" 200 106 "http://ergovubooth.bronze-server.com/www/ergovu2023/" "Mozilla/5.0 (Windows NT 10.0; Win64; x64) AppleWebKit/537.36 (KHTML, like Gecko) Chrome/150.0.0.0 Safari/537.36"
172.253.7.118 - - [17/Aug/2026:06:36:49 -0400] "GET /www/ergovu2023/wp-content/uploads/elementor/css/custom-widget-accordion.min.css?ver=1786417653 HTTP/1.1" 200 1744 "http://ergovubooth.bronze-server.com/www/ergovu2023/" "Mozilla/5.0 (Windows NT 10.0; Win64; x64) AppleWebKit/537.36 (KHTML, like Gecko) Chrome/150.0.0.0 Safari/537.36"
172.253.7.125 - - [17/Aug/2026:06:36:49 -0400] "GET /www/ergovu2023/wp-content/plugins/elementor/assets/lib/animations/styles/fadeInUp.min.css?ver=4.2.2 HTTP/1.1" 200 130 "http://ergovubooth.bronze-server.com/www/ergovu2023/" "Mozilla/5.0 (Windows NT 10.0; Win64; x64) AppleWebKit/537.36 (KHTML, like Gecko) Chrome/150.0.0.0 Safari/537.36"
172.253.7.126 - - [17/Aug/2026:06:36:49 -0400] "GET /www/ergovu2023/wp-content/uploads/elementor/css/post-15.css?ver=1786417654 HTTP/1.1" 200 64724 "http://ergovubooth.bronze-server.com/www/ergovu2023/" "Mozilla/5.0 (Windows NT 10.0; Win64; x64) AppleWebKit/537.36 (KHTML, like Gecko) Chrome/150.0.0.0 Safari/537.36"
172.253.7.124 - - [17/Aug/2026:06:36:49 -0400] "GET /www/ergovu2023/wp-content/uploads/elementor/css/post-126.css?ver=1786417654 HTTP/1.1" 200 31973 "http://ergovubooth.bronze-server.com/www/ergovu2023/" "Mozilla/5.0 (Windows NT 10.0; Win64; x64) AppleWebKit/537.36 (KHTML, like Gecko) Chrome/150.0.0.0 Safari/537.36"
172.253.7.115 - - [17/Aug/2026:06:36:49 -0400] "GET /www/ergovu2023/wp-content/themes/oceanwp-child/style.css?ver=1009 HTTP/1.1" 200 41759 "http://ergovubooth.bronze-server.com/www/ergovu2023/" "Mozilla/5.0 (Windows NT 10.0; Win64; x64) AppleWebKit/537.36 (KHTML, like Gecko) Chrome/150.0.0.0 Safari/537.36"
172.253.7.118 - - [17/Aug/2026:06:36:49 -0400] "GET /www/ergovu2023/wp-content/uploads/elementor/css/post-789.css?ver=1786417654 HTTP/1.1" 200 24695 "http://ergovubooth.bronze-server.com/www/ergovu2023/" "Mozilla/5.0 (Windows NT 10.0; Win64; x64) AppleWebKit/537.36 (KHTML, like Gecko) Chrome/150.0.0.0 Safari/537.36"
172.253.7.125 - - [17/Aug/2026:06:36:49 -0400] "GET /www/ergovu2023/wp-content/themes/oceanwp/assets/fonts/fontawesome/css/all.min.css?ver=5.15.1 HTTP/1.1" 200 59348 "http://ergovubooth.bronze-server.com/www/ergovu2023/" "Mozilla/5.0 (Windows NT 10.0; Win64; x64) AppleWebKit/537.36 (KHTML, like Gecko) Chrome/150.0.0.0 Safari/537.36"
172.253.7.126 - - [17/Aug/2026:06:36:49 -0400] "GET /www/ergovu2023/wp-content/themes/oceanwp/assets/css/third/simple-line-icons.min.css?ver=2.4.0 HTTP/1.1" 200 10927 "http://ergovubooth.bronze-server.com/www/ergovu2023/" "Mozilla/5.0 (Windows NT 10.0; Win64; x64) AppleWebKit/537.36 (KHTML, like Gecko) Chrome/150.0.0.0 Safari/537.36"
172.253.7.125 - - [17/Aug/2026:06:36:49 -0400] "GET /www/ergovu2023/wp-content/uploads/oceanwp-webfonts-css/ecfdaed18a87496f534a4e96803f9f9c.css?ver=7.0.3 HTTP/1.1" 200 2028 "http://ergovubooth.bronze-server.com/www/ergovu2023/" "Mozilla/5.0 (Windows NT 10.0; Win64; x64) AppleWebKit/537.36 (KHTML, like Gecko) Chrome/150.0.0.0 Safari/537.36"
172.253.7.115 - - [17/Aug/2026:06:36:49 -0400] "GET /www/ergovu2023/wp-content/themes/oceanwp/assets/css/style.min.css?ver=1.0 HTTP/1.1" 200 178035 "http://ergovubooth.bronze-server.com/www/ergovu2023/" "Mozilla/5.0 (Windows NT 10.0; Win64; x64) AppleWebKit/537.36 (KHTML, like Gecko) Chrome/150.0.0.0 Safari/537.36"
172.253.7.124 - - [17/Aug/2026:06:36:49 -0400] "GET /www/ergovu2023/wp-content/uploads/oceanwp-webfonts-css/85fe38d6ef539b6edb104490c8ba61d2.css?ver=7.0.3 HTTP/1.1" 200 3619 "http://ergovubooth.bronze-server.com/www/ergovu2023/" "Mozilla/5.0 (Windows NT 10.0; Win64; x64) AppleWebKit/537.36 (KHTML, like Gecko) Chrome/150.0.0.0 Safari/537.36"
172.253.7.115 - - [17/Aug/2026:06:36:49 -0400] "GET /www/ergovu2023/wp-content/uploads/oceanwp-webfonts-css/dac5c43b39d8b7d8e742d9daa784ab28.css?ver=7.0.3 HTTP/1.1" 200 4734 "http://ergovubooth.bronze-server.com/www/ergovu2023/" "Mozilla/5.0 (Windows NT 10.0; Win64; x64) AppleWebKit/537.36 (KHTML, like Gecko) Chrome/150.0.0.0 Safari/537.36"
173.194.92.180 - - [17/Aug/2026:06:36:49 -0400] "GET /wp-content/uploads/2021/06/shpe1.png HTTP/1.1" 200 1591 "http://ergovubooth.bronze-server.com/wp-content/themes/generatepress_child/style.css?ver=1654184100" "Mozilla/5.0 (Windows NT 10.0; Win64; x64) AppleWebKit/537.36 (KHTML, like Gecko) Chrome/151.0.0.0 Safari/537.36"
172.253.7.118 - - [17/Aug/2026:06:36:49 -0400] "GET /www/ergovu2023/wp-content/plugins/essential-addons-for-elementor-lite/assets/front-end/css/view/general.min.css?ver=6.7.3 HTTP/1.1" 200 7746 "http://ergovubooth.bronze-server.com/www/ergovu2023/" "Mozilla/5.0 (Windows NT 10.0; Win64; x64) AppleWebKit/537.36 (KHTML, like Gecko) Chrome/150.0.0.0 Safari/537.36"
173.194.92.179 - - [17/Aug/2026:06:36:49 -0400] "GET /wp-content/uploads/2021/06/braket1.png HTTP/1.1" 200 2973 "http://ergovubooth.bronze-server.com/" "Mozilla/5.0 (Windows NT 10.0; Win64; x64) AppleWebKit/537.36 (KHTML, like Gecko) Chrome/151.0.0.0 Safari/537.36"
173.194.92.180 - - [17/Aug/2026:06:36:49 -0400] "GET /wp-content/uploads/2021/06/wnershpbg.jpg?id=107 HTTP/1.1" 200 29095 "http://ergovubooth.bronze-server.com/" "Mozilla/5.0 (Windows NT 10.0; Win64; x64) AppleWebKit/537.36 (KHTML, like Gecko) Chrome/151.0.0.0 Safari/537.36"
173.194.92.185 - - [17/Aug/2026:06:36:49 -0400] "GET /wp-content/uploads/2021/06/braket2.png HTTP/1.1" 200 2954 "http://ergovubooth.bronze-server.com/" "Mozilla/5.0 (Windows NT 10.0; Win64; x64) AppleWebKit/537.36 (KHTML, like Gecko) Chrome/151.0.0.0 Safari/537.36"
173.194.92.181 - - [17/Aug/2026:06:36:49 -0400] "GET /wp-content/uploads/2021/06/boothsbg.png?id=109 HTTP/1.1" 200 128648 "http://ergovubooth.bronze-server.com/" "Mozilla/5.0 (Windows NT 10.0; Win64; x64) AppleWebKit/537.36 (KHTML, like Gecko) Chrome/151.0.0.0 Safari/537.36"
173.194.92.186 - - [17/Aug/2026:06:36:49 -0400] "GET /wp-content/uploads/2022/06/ergovubooth-circle.png HTTP/1.1" 200 27930 "http://ergovubooth.bronze-server.com/" "Mozilla/5.0 (Windows NT 10.0; Win64; x64) AppleWebKit/537.36 (KHTML, like Gecko) Chrome/151.0.0.0 Safari/537.36"
173.194.92.180 - - [17/Aug/2026:06:36:49 -0400] "GET /wp-content/uploads/2022/05/contact-form-backgorund-1-4.jpg?id=866 HTTP/1.1" 200 33943 "http://ergovubooth.bronze-server.com/" "Mozilla/5.0 (Windows NT 10.0; Win64; x64) AppleWebKit/537.36 (KHTML, like Gecko) Chrome/151.0.0.0 Safari/537.36"
172.253.7.125 - - [17/Aug/2026:06:36:49 -0400] "GET /www/ergovu2023/wp-content/plugins/royal-elementor-addons/assets/css/lib/animations/text-animations.min.css?ver=1.7.1065 HTTP/1.1" 200 14235 "http://ergovubooth.bronze-server.com/www/ergovu2023/" "Mozilla/5.0 (Windows NT 10.0; Win64; x64) AppleWebKit/537.36 (KHTML, like Gecko) Chrome/150.0.0.0 Safari/537.36"
172.253.7.126 - - [17/Aug/2026:06:36:49 -0400] "GET /www/ergovu2023/wp-content/plugins/elementor/assets/lib/font-awesome/css/all.min.css?ver=6.7.3 HTTP/1.1" 200 59344 "http://ergovubooth.bronze-server.com/www/ergovu2023/" "Mozilla/5.0 (Windows NT 10.0; Win64; x64) AppleWebKit/537.36 (KHTML, like Gecko) Chrome/150.0.0.0 Safari/537.36"
172.253.7.115 - - [17/Aug/2026:06:36:49 -0400] "GET /www/ergovu2023/wp-content/plugins/ocean-extra/assets/css/widgets.css?ver=7.0.3 HTTP/1.1" 200 51623 "http://ergovubooth.bronze-server.com/www/ergovu2023/" "Mozilla/5.0 (Windows NT 10.0; Win64; x64) AppleWebKit/537.36 (KHTML, like Gecko) Chrome/150.0.0.0 Safari/537.36"
173.194.92.179 - - [17/Aug/2026:06:36:49 -0400] "GET /wp-content/uploads/2022/05/footer-bg-1.jpg HTTP/1.1" 200 12945 "http://ergovubooth.bronze-server.com/wp-content/themes/generatepress_child/style.css?ver=1654184100" "Mozilla/5.0 (Windows NT 10.0; Win64; x64) AppleWebKit/537.36 (KHTML, like Gecko) Chrome/151.0.0.0 Safari/537.36"
172.253.7.118 - - [17/Aug/2026:06:36:49 -0400] "GET /www/ergovu2023/wp-content/plugins/ocean-sticky-header/assets/css/style.min.css?ver=7.0.3 HTTP/1.1" 200 6333 "http://ergovubooth.bronze-server.com/www/ergovu2023/" "Mozilla/5.0 (Windows NT 10.0; Win64; x64) AppleWebKit/537.36 (KHTML, like Gecko) Chrome/150.0.0.0 Safari/537.36"
172.253.7.115 - - [17/Aug/2026:06:36:49 -0400] "GET /www/ergovu2023/wp-content/uploads/elementor/google-fonts/css/arimo.css?ver=1742428566 HTTP/1.1" 200 25612 "http://ergovubooth.bronze-server.com/www/ergovu2023/" "Mozilla/5.0 (Windows NT 10.0; Win64; x64) AppleWebKit/537.36 (KHTML, like Gecko) Chrome/150.0.0.0 Safari/537.36"
172.253.7.125 - - [17/Aug/2026:06:36:49 -0400] "GET /www/ergovu2023/wp-content/uploads/elementor/google-fonts/css/figtree.css?ver=1742428567 HTTP/1.1" 200 13643 "http://ergovubooth.bronze-server.com/www/ergovu2023/" "Mozilla/5.0 (Windows NT 10.0; Win64; x64) AppleWebKit/537.36 (KHTML, like Gecko) Chrome/150.0.0.0 Safari/537.36"
172.253.7.126 - - [17/Aug/2026:06:36:49 -0400] "GET /www/ergovu2023/wp-content/uploads/elementor/google-fonts/css/worksans.css?ver=1742428569 HTTP/1.1" 200 26217 "http://ergovubooth.bronze-server.com/www/ergovu2023/" "Mozilla/5.0 (Windows NT 10.0; Win64; x64) AppleWebKit/537.36 (KHTML, like Gecko) Chrome/150.0.0.0 Safari/537.36"
172.253.7.118 - - [17/Aug/2026:06:36:49 -0400] "GET /www/ergovu2023/wp-content/uploads/elementor/google-fonts/css/roboto.css?ver=1742428576 HTTP/1.1" 200 111780 "http://ergovubooth.bronze-server.com/www/ergovu2023/" "Mozilla/5.0 (Windows NT 10.0; Win64; x64) AppleWebKit/537.36 (KHTML, like Gecko) Chrome/150.0.0.0 Safari/537.36"
172.253.7.124 - - [17/Aug/2026:06:36:49 -0400] "GET /www/ergovu2023/wp-content/plugins/royal-elementor-addons/assets/css/frontend.min.css?ver=1.7.1065 HTTP/1.1" 200 447770 "http://ergovubooth.bronze-server.com/www/ergovu2023/" "Mozilla/5.0 (Windows NT 10.0; Win64; x64) AppleWebKit/537.36 (KHTML, like Gecko) Chrome/150.0.0.0 Safari/537.36"
172.253.7.115 - - [17/Aug/2026:06:36:49 -0400] "GET /www/ergovu2023/wp-content/plugins/elementor/assets/lib/font-awesome/css/fontawesome.min.css?ver=5.15.3 HTTP/1.1" 200 58071 "http://ergovubooth.bronze-server.com/www/ergovu2023/" "Mozilla/5.0 (Windows NT 10.0; Win64; x64) AppleWebKit/537.36 (KHTML, like Gecko) Chrome/150.0.0.0 Safari/537.36"
172.253.7.125 - - [17/Aug/2026:06:36:49 -0400] "GET /www/ergovu2023/wp-content/plugins/elementor/assets/lib/font-awesome/css/solid.min.css?ver=5.15.3 HTTP/1.1" 200 669 "http://ergovubooth.bronze-server.com/www/ergovu2023/" "Mozilla/5.0 (Windows NT 10.0; Win64; x64) AppleWebKit/537.36 (KHTML, like Gecko) Chrome/150.0.0.0 Safari/537.36"
172.253.7.115 - - [17/Aug/2026:06:36:49 -0400] "GET /www/ergovu2023/wp-content/plugins/elementor/assets/lib/font-awesome/css/brands.min.css?ver=5.15.3 HTTP/1.1" 200 675 "http://ergovubooth.bronze-server.com/www/ergovu2023/" "Mozilla/5.0 (Windows NT 10.0; Win64; x64) AppleWebKit/537.36 (KHTML, like Gecko) Chrome/150.0.0.0 Safari/537.36"
172.253.7.126 - - [17/Aug/2026:06:36:49 -0400] "GET /www/ergovu2023/wp-includes/js/jquery/jquery.min.js?ver=3.7.1 HTTP/1.1" 200 87553 "http://ergovubooth.bronze-server.com/www/ergovu2023/" "Mozilla/5.0 (Windows NT 10.0; Win64; x64) AppleWebKit/537.36 (KHTML, like Gecko) Chrome/150.0.0.0 Safari/537.36"
172.253.7.125 - - [17/Aug/2026:06:36:49 -0400] "GET /www/ergovu2023/wp-includes/js/jquery/jquery-migrate.min.js?ver=3.4.1 HTTP/1.1" 200 13577 "http://ergovubooth.bronze-server.com/www/ergovu2023/" "Mozilla/5.0 (Windows NT 10.0; Win64; x64) AppleWebKit/537.36 (KHTML, like Gecko) Chrome/150.0.0.0 Safari/537.36"
172.253.7.115 - - [17/Aug/2026:06:36:49 -0400] "GET /www/ergovu2023/wp-includes/js/dist/vendor/react.min.js?ver=18.3.1.1 HTTP/1.1" 200 10751 "http://ergovubooth.bronze-server.com/www/ergovu2023/" "Mozilla/5.0 (Windows NT 10.0; Win64; x64) AppleWebKit/537.36 (KHTML, like Gecko) Chrome/150.0.0.0 Safari/537.36"
172.253.7.115 - - [17/Aug/2026:06:36:49 -0400] "GET /www/ergovu2023/wp-includes/js/dist/vendor/react-jsx-runtime.min.js?ver=18.3.1 HTTP/1.1" 200 1137 "http://ergovubooth.bronze-server.com/www/ergovu2023/" "Mozilla/5.0 (Windows NT 10.0; Win64; x64) AppleWebKit/537.36 (KHTML, like Gecko) Chrome/150.0.0.0 Safari/537.36"
173.194.92.179 - - [17/Aug/2026:06:36:49 -0400] "GET /wp-content/themes/generatepress_child/images/prev.png HTTP/1.1" 200 1360 "http://ergovubooth.bronze-server.com/wp-content/themes/generatepress_child/css/lightbox.css?ver=all" "Mozilla/5.0 (Windows NT 10.0; Win64; x64) AppleWebKit/537.36 (KHTML, like Gecko) Chrome/151.0.0.0 Safari/537.36"
173.194.92.180 - - [17/Aug/2026:06:36:49 -0400] "GET /wp-content/themes/generatepress_child/images/next.png HTTP/1.1" 200 1350 "http://ergovubooth.bronze-server.com/wp-content/themes/generatepress_child/css/lightbox.css?ver=all" "Mozilla/5.0 (Windows NT 10.0; Win64; x64) AppleWebKit/537.36 (KHTML, like Gecko) Chrome/151.0.0.0 Safari/537.36"
173.194.92.181 - - [17/Aug/2026:06:36:49 -0400] "GET /wp-content/themes/generatepress_child/images/loading.gif HTTP/1.1" 200 8476 "http://ergovubooth.bronze-server.com/wp-content/themes/generatepress_child/css/lightbox.css?ver=all" "Mozilla/5.0 (Windows NT 10.0; Win64; x64) AppleWebKit/537.36 (KHTML, like Gecko) Chrome/151.0.0.0 Safari/537.36"
173.194.92.186 - - [17/Aug/2026:06:36:49 -0400] "GET /wp-content/themes/generatepress_child/images/close.png HTTP/1.1" 200 280 "http://ergovubooth.bronze-server.com/wp-content/themes/generatepress_child/css/lightbox.css?ver=all" "Mozilla/5.0 (Windows NT 10.0; Win64; x64) AppleWebKit/537.36 (KHTML, like Gecko) Chrome/151.0.0.0 Safari/537.36"
172.253.7.126 - - [17/Aug/2026:06:36:49 -0400] "GET /www/ergovu2023/wp-includes/js/dist/hooks.min.js?ver=7496969728ca0f95732d HTTP/1.1" 200 5050 "http://ergovubooth.bronze-server.com/www/ergovu2023/" "Mozilla/5.0 (Windows NT 10.0; Win64; x64) AppleWebKit/537.36 (KHTML, like Gecko) Chrome/150.0.0.0 Safari/537.36"
172.253.7.125 - - [17/Aug/2026:06:36:49 -0400] "GET /www/ergovu2023/wp-includes/js/dist/deprecated.min.js?ver=990e85f234fee8f7d446 HTTP/1.1" 200 1315 "http://ergovubooth.bronze-server.com/www/ergovu2023/" "Mozilla/5.0 (Windows NT 10.0; Win64; x64) AppleWebKit/537.36 (KHTML, like Gecko) Chrome/150.0.0.0 Safari/537.36"
172.253.7.115 - - [17/Aug/2026:06:36:49 -0400] "GET /www/ergovu2023/wp-includes/js/dist/dom.min.js?ver=66a6cf58e0c4cd128af0 HTTP/1.1" 200 12954 "http://ergovubooth.bronze-server.com/www/ergovu2023/" "Mozilla/5.0 (Windows NT 10.0; Win64; x64) AppleWebKit/537.36 (KHTML, like Gecko) Chrome/150.0.0.0 Safari/537.36"
172.253.7.118 - - [17/Aug/2026:06:36:49 -0400] "GET /www/ergovu2023/wp-includes/js/dist/escape-html.min.js?ver=3f093e5cca67aa0f8b56 HTTP/1.1" 200 1091 "http://ergovubooth.bronze-server.com/www/ergovu2023/" "Mozilla/5.0 (Windows NT 10.0; Win64; x64) AppleWebKit/537.36 (KHTML, like Gecko) Chrome/150.0.0.0 Safari/537.36"
172.253.7.115 - - [17/Aug/2026:06:36:49 -0400] "GET /www/ergovu2023/wp-includes/js/dist/vendor/react-dom.min.js?ver=18.3.1.1 HTTP/1.1" 200 131835 "http://ergovubooth.bronze-server.com/www/ergovu2023/" "Mozilla/5.0 (Windows NT 10.0; Win64; x64) AppleWebKit/537.36 (KHTML, like Gecko) Chrome/150.0.0.0 Safari/537.36"
172.253.7.124 - - [17/Aug/2026:06:36:49 -0400] "GET /www/ergovu2023/wp-includes/js/dist/element.min.js?ver=15ba804677f72a8db97b HTTP/1.1" 200 12458 "http://ergovubooth.bronze-server.com/www/ergovu2023/" "Mozilla/5.0 (Windows NT 10.0; Win64; x64) AppleWebKit/537.36 (KHTML, like Gecko) Chrome/150.0.0.0 Safari/537.36"
172.253.7.126 - - [17/Aug/2026:06:36:49 -0400] "GET /www/ergovu2023/wp-includes/js/dist/is-shallow-equal.min.js?ver=5d84b9f3cb50d2ce7d04 HTTP/1.1" 200 1122 "http://ergovubooth.bronze-server.com/www/ergovu2023/" "Mozilla/5.0 (Windows NT 10.0; Win64; x64) AppleWebKit/537.36 (KHTML, like Gecko) Chrome/150.0.0.0 Safari/537.36"
172.253.7.125 - - [17/Aug/2026:06:36:49 -0400] "GET /www/ergovu2023/wp-includes/js/dist/i18n.min.js?ver=781d11515ad3d91786ec HTTP/1.1" 200 5732 "http://ergovubooth.bronze-server.com/www/ergovu2023/" "Mozilla/5.0 (Windows NT 10.0; Win64; x64) AppleWebKit/537.36 (KHTML, like Gecko) Chrome/150.0.0.0 Safari/537.36"
172.253.7.115 - - [17/Aug/2026:06:36:49 -0400] "GET /www/ergovu2023/wp-includes/js/dist/keycodes.min.js?ver=aa1a141e3468afe7f852 HTTP/1.1" 200 2975 "http://ergovubooth.bronze-server.com/www/ergovu2023/" "Mozilla/5.0 (Windows NT 10.0; Win64; x64) AppleWebKit/537.36 (KHTML, like Gecko) Chrome/150.0.0.0 Safari/537.36"
172.253.7.118 - - [17/Aug/2026:06:36:49 -0400] "GET /www/ergovu2023/wp-includes/js/dist/priority-queue.min.js?ver=1f0e89e247bc0bd3f9b9 HTTP/1.1" 200 3432 "http://ergovubooth.bronze-server.com/www/ergovu2023/" "Mozilla/5.0 (Windows NT 10.0; Win64; x64) AppleWebKit/537.36 (KHTML, like Gecko) Chrome/150.0.0.0 Safari/537.36"
172.253.7.126 - - [17/Aug/2026:06:36:49 -0400] "GET /www/ergovu2023/wp-includes/js/dist/undo-manager.min.js?ver=27bb0ae036a2c9d4a1b5 HTTP/1.1" 200 1739 "http://ergovubooth.bronze-server.com/www/ergovu2023/" "Mozilla/5.0 (Windows NT 10.0; Win64; x64) AppleWebKit/537.36 (KHTML, like Gecko) Chrome/150.0.0.0 Safari/537.36"
172.253.7.124 - - [17/Aug/2026:06:36:49 -0400] "GET /www/ergovu2023/wp-includes/js/dist/compose.min.js?ver=fbe37f6b46750554f947 HTTP/1.1" 200 28856 "http://ergovubooth.bronze-server.com/www/ergovu2023/" "Mozilla/5.0 (Windows NT 10.0; Win64; x64) AppleWebKit/537.36 (KHTML, like Gecko) Chrome/150.0.0.0 Safari/537.36"
172.253.7.115 - - [17/Aug/2026:06:36:49 -0400] "GET /www/ergovu2023/wp-includes/js/dist/private-apis.min.js?ver=835912f0086b9e59aed4 HTTP/1.1" 200 2723 "http://ergovubooth.bronze-server.com/www/ergovu2023/" "Mozilla/5.0 (Windows NT 10.0; Win64; x64) AppleWebKit/537.36 (KHTML, like Gecko) Chrome/150.0.0.0 Safari/537.36"
172.253.7.125 - - [17/Aug/2026:06:36:49 -0400] "GET /www/ergovu2023/wp-includes/js/dist/redux-routine.min.js?ver=64f9f5001aabc046c605 HTTP/1.1" 200 9881 "http://ergovubooth.bronze-server.com/www/ergovu2023/" "Mozilla/5.0 (Windows NT 10.0; Win64; x64) AppleWebKit/537.36 (KHTML, like Gecko) Chrome/150.0.0.0 Safari/537.36"
172.253.7.118 - - [17/Aug/2026:06:36:49 -0400] "GET /www/ergovu2023/wp-includes/js/dist/data.min.js?ver=1756b6a2676c1b3369ab HTTP/1.1" 200 26540 "http://ergovubooth.bronze-server.com/www/ergovu2023/" "Mozilla/5.0 (Windows NT 10.0; Win64; x64) AppleWebKit/537.36 (KHTML, like Gecko) Chrome/150.0.0.0 Safari/537.36"
172.253.7.124 - - [17/Aug/2026:06:36:49 -0400] "GET /www/ergovu2023/wp-content/uploads/2023/05/Logo.png HTTP/1.1" 200 39091 "http://ergovubooth.bronze-server.com/www/ergovu2023/" "Mozilla/5.0 (Windows NT 10.0; Win64; x64) AppleWebKit/537.36 (KHTML, like Gecko) Chrome/150.0.0.0 Safari/537.36"
173.194.92.181 - - [17/Aug/2026:06:36:49 -0400] "GET /wp-includes/js/wp-emoji-release.min.js?ver=7.0.3 HTTP/1.1" 200 22752 "http://ergovubooth.bronze-server.com/" "Mozilla/5.0 (Windows NT 10.0; Win64; x64) AppleWebKit/537.36 (KHTML, like Gecko) Chrome/151.0.0.0 Safari/537.36"
173.194.92.180 - - [17/Aug/2026:06:36:49 -0400] "GET /favicon.ico HTTP/1.1" 200 1150 "http://ergovubooth.bronze-server.com/" "Mozilla/5.0 (Windows NT 10.0; Win64; x64) AppleWebKit/537.36 (KHTML, like Gecko) Chrome/151.0.0.0 Safari/537.36"
172.253.7.126 - - [17/Aug/2026:06:36:49 -0400] "GET /www/ergovu2023/wp-content/uploads/2023/05/slider-img.png HTTP/1.1" 200 800375 "http://ergovubooth.bronze-server.com/www/ergovu2023/" "Mozilla/5.0 (Windows NT 10.0; Win64; x64) AppleWebKit/537.36 (KHTML, like Gecko) Chrome/150.0.0.0 Safari/537.36"
172.253.7.124 - - [17/Aug/2026:06:36:49 -0400] "GET /www/ergovu2023/wp-content/uploads/2023/05/ce-mark.png HTTP/1.1" 200 513 "http://ergovubooth.bronze-server.com/www/ergovu2023/" "Mozilla/5.0 (Windows NT 10.0; Win64; x64) AppleWebKit/537.36 (KHTML, like Gecko) Chrome/150.0.0.0 Safari/537.36"
172.253.7.125 - - [17/Aug/2026:06:36:49 -0400] "GET /www/ergovu2023/wp-content/plugins/royal-elementor-addons/assets/css/lib/animations/wpr-link-animations.min.css?ver=1.7.1065 HTTP/1.1" 200 5359 "http://ergovubooth.bronze-server.com/www/ergovu2023/" "Mozilla/5.0 (Windows NT 10.0; Win64; x64) AppleWebKit/537.36 (KHTML, like Gecko) Chrome/150.0.0.0 Safari/537.36"
172.253.7.115 - - [17/Aug/2026:06:36:49 -0400] "GET /www/ergovu2023/wp-content/uploads/elementor/css/custom-widget-image-gallery.min.css?ver=1786417653 HTTP/1.1" 200 2419 "http://ergovubooth.bronze-server.com/www/ergovu2023/" "Mozilla/5.0 (Windows NT 10.0; Win64; x64) AppleWebKit/537.36 (KHTML, like Gecko) Chrome/150.0.0.0 Safari/537.36"
172.253.7.118 - - [17/Aug/2026:06:36:49 -0400] "GET /www/ergovu2023/wp-content/uploads/2023/05/productivity-img.png HTTP/1.1" 200 495693 "http://ergovubooth.bronze-server.com/www/ergovu2023/" "Mozilla/5.0 (Windows NT 10.0; Win64; x64) AppleWebKit/537.36 (KHTML, like Gecko) Chrome/150.0.0.0 Safari/537.36"
172.253.7.126 - - [17/Aug/2026:06:36:49 -0400] "GET /www/ergovu2023/wp-content/plugins/elementor/assets/css/widget-social-icons.min.css?ver=4.2.2 HTTP/1.1" 200 5110 "http://ergovubooth.bronze-server.com/www/ergovu2023/" "Mozilla/5.0 (Windows NT 10.0; Win64; x64) AppleWebKit/537.36 (KHTML, like Gecko) Chrome/150.0.0.0 Safari/537.36"
172.253.7.115 - - [17/Aug/2026:06:36:49 -0400] "GET /www/ergovu2023/wp-content/uploads/elementor/css/custom-apple-webkit.min.css?ver=1786417653 HTTP/1.1" 200 6713 "http://ergovubooth.bronze-server.com/www/ergovu2023/" "Mozilla/5.0 (Windows NT 10.0; Win64; x64) AppleWebKit/537.36 (KHTML, like Gecko) Chrome/150.0.0.0 Safari/537.36"
172.253.7.125 - - [17/Aug/2026:06:36:49 -0400] "GET /www/ergovu2023/wp-content/plugins/revslider/public/assets/css/rs6.css?ver=6.6.13 HTTP/1.1" 200 59686 "http://ergovubooth.bronze-server.com/www/ergovu2023/" "Mozilla/5.0 (Windows NT 10.0; Win64; x64) AppleWebKit/537.36 (KHTML, like Gecko) Chrome/150.0.0.0 Safari/537.36"
172.253.7.124 - - [17/Aug/2026:06:36:49 -0400] "GET /www/ergovu2023/wp-content/plugins/contact-form-7/includes/swv/js/index.js?ver=5.8.1 HTTP/1.1" 200 10770 "http://ergovubooth.bronze-server.com/www/ergovu2023/" "Mozilla/5.0 (Windows NT 10.0; Win64; x64) AppleWebKit/537.36 (KHTML, like Gecko) Chrome/150.0.0.0 Safari/537.36"
172.253.7.126 - - [17/Aug/2026:06:36:49 -0400] "GET /www/ergovu2023/wp-content/plugins/contact-form-7/includes/js/index.js?ver=5.8.1 HTTP/1.1" 200 12943 "http://ergovubooth.bronze-server.com/www/ergovu2023/" "Mozilla/5.0 (Windows NT 10.0; Win64; x64) AppleWebKit/537.36 (KHTML, like Gecko) Chrome/150.0.0.0 Safari/537.36"
172.253.7.115 - - [17/Aug/2026:06:36:49 -0400] "GET /www/ergovu2023/wp-content/plugins/elementor/assets/js/webpack.runtime.min.js?ver=4.2.2 HTTP/1.1" 200 5819 "http://ergovubooth.bronze-server.com/www/ergovu2023/" "Mozilla/5.0 (Windows NT 10.0; Win64; x64) AppleWebKit/537.36 (KHTML, like Gecko) Chrome/150.0.0.0 Safari/537.36"
172.253.7.125 - - [17/Aug/2026:06:36:49 -0400] "GET /www/ergovu2023/wp-content/plugins/elementor/assets/js/frontend-modules.min.js?ver=4.2.2 HTTP/1.1" 200 50602 "http://ergovubooth.bronze-server.com/www/ergovu2023/" "Mozilla/5.0 (Windows NT 10.0; Win64; x64) AppleWebKit/537.36 (KHTML, like Gecko) Chrome/150.0.0.0 Safari/537.36"
172.253.7.124 - - [17/Aug/2026:06:36:49 -0400] "GET /www/ergovu2023/wp-includes/js/jquery/ui/core.min.js?ver=1.13.3 HTTP/1.1" 200 21464 "http://ergovubooth.bronze-server.com/www/ergovu2023/" "Mozilla/5.0 (Windows NT 10.0; Win64; x64) AppleWebKit/537.36 (KHTML, like Gecko) Chrome/150.0.0.0 Safari/537.36"
172.253.7.118 - - [17/Aug/2026:06:36:49 -0400] "GET /www/ergovu2023/wp-content/plugins/elementor/assets/js/frontend.min.js?ver=4.2.2 HTTP/1.1" 200 32098 "http://ergovubooth.bronze-server.com/www/ergovu2023/" "Mozilla/5.0 (Windows NT 10.0; Win64; x64) AppleWebKit/537.36 (KHTML, like Gecko) Chrome/150.0.0.0 Safari/537.36"
172.253.7.115 - - [17/Aug/2026:06:36:49 -0400] "GET /www/ergovu2023/wp-content/plugins/royal-elementor-addons/assets/js/lib/jarallax/jarallax.min.js?ver=1.12.7 HTTP/1.1" 200 15408 "http://ergovubooth.bronze-server.com/www/ergovu2023/" "Mozilla/5.0 (Windows NT 10.0; Win64; x64) AppleWebKit/537.36 (KHTML, like Gecko) Chrome/150.0.0.0 Safari/537.36"
172.253.7.125 - - [17/Aug/2026:06:36:49 -0400] "GET /www/ergovu2023/wp-content/plugins/royal-elementor-addons/assets/js/lib/parallax/parallax.min.js?ver=1.0 HTTP/1.1" 200 17272 "http://ergovubooth.bronze-server.com/www/ergovu2023/" "Mozilla/5.0 (Windows NT 10.0; Win64; x64) AppleWebKit/537.36 (KHTML, like Gecko) Chrome/150.0.0.0 Safari/537.36"
172.253.7.126 - - [17/Aug/2026:06:36:49 -0400] "GET /www/ergovu2023/wp-content/plugins/royal-elementor-addons/assets/js/lib/particles/particles.js?ver=3.0.6 HTTP/1.1" 200 43009 "http://ergovubooth.bronze-server.com/www/ergovu2023/" "Mozilla/5.0 (Windows NT 10.0; Win64; x64) AppleWebKit/537.36 (KHTML, like Gecko) Chrome/150.0.0.0 Safari/537.36"
172.253.7.124 - - [17/Aug/2026:06:36:49 -0400] "GET /www/ergovu2023/wp-includes/js/imagesloaded.min.js?ver=5.0.0 HTTP/1.1" 200 5520 "http://ergovubooth.bronze-server.com/www/ergovu2023/" "Mozilla/5.0 (Windows NT 10.0; Win64; x64) AppleWebKit/537.36 (KHTML, like Gecko) Chrome/150.0.0.0 Safari/537.36"
172.253.7.115 - - [17/Aug/2026:06:36:49 -0400] "GET /www/ergovu2023/wp-content/themes/oceanwp/assets/js/drop-down-search.min.js?ver=1.0 HTTP/1.1" 200 7540 "http://ergovubooth.bronze-server.com/www/ergovu2023/" "Mozilla/5.0 (Windows NT 10.0; Win64; x64) AppleWebKit/537.36 (KHTML, like Gecko) Chrome/150.0.0.0 Safari/537.36"
172.253.7.125 - - [17/Aug/2026:06:36:49 -0400] "GET /www/ergovu2023/wp-content/themes/oceanwp/assets/js/drop-down-mobile-menu.min.js?ver=1.0 HTTP/1.1" 200 14087 "http://ergovubooth.bronze-server.com/www/ergovu2023/" "Mozilla/5.0 (Windows NT 10.0; Win64; x64) AppleWebKit/537.36 (KHTML, like Gecko) Chrome/150.0.0.0 Safari/537.36"
172.253.7.126 - - [17/Aug/2026:06:36:49 -0400] "GET /www/ergovu2023/wp-content/themes/oceanwp/assets/js/theme.min.js?ver=1.0 HTTP/1.1" 200 19789 "http://ergovubooth.bronze-server.com/www/ergovu2023/" "Mozilla/5.0 (Windows NT 10.0; Win64; x64) AppleWebKit/537.36 (KHTML, like Gecko) Chrome/150.0.0.0 Safari/537.36"
172.253.7.124 - - [17/Aug/2026:06:36:49 -0400] "GET /www/ergovu2023/wp-content/themes/oceanwp/assets/js/equal-height-elements.min.js?ver=1.0 HTTP/1.1" 200 5262 "http://ergovubooth.bronze-server.com/www/ergovu2023/" "Mozilla/5.0 (Windows NT 10.0; Win64; x64) AppleWebKit/537.36 (KHTML, like Gecko) Chrome/150.0.0.0 Safari/537.36"
172.253.7.118 - - [17/Aug/2026:06:36:49 -0400] "GET /www/ergovu2023/wp-content/uploads/2023/05/Icon-ionic-ios-search.svg HTTP/1.1" 200 481 "http://ergovubooth.bronze-server.com/www/ergovu2023/wp-content/themes/oceanwp-child/style.css?ver=1009" "Mozilla/5.0 (Windows NT 10.0; Win64; x64) AppleWebKit/537.36 (KHTML, like Gecko) Chrome/150.0.0.0 Safari/537.36"
172.253.7.115 - - [17/Aug/2026:06:36:49 -0400] "GET /www/ergovu2023/wp-content/uploads/elementor/google-fonts/fonts/arimo-p5smzzcdf9_t_10zxce.woff2 HTTP/1.1" 200 20040 "http://ergovubooth.bronze-server.com/www/ergovu2023/wp-content/uploads/elementor/google-fonts/css/arimo.css?ver=1742428566" "Mozilla/5.0 (Windows NT 10.0; Win64; x64) AppleWebKit/537.36 (KHTML, like Gecko) Chrome/150.0.0.0 Safari/537.36"
172.253.7.125 - - [17/Aug/2026:06:36:49 -0400] "GET /www/ergovu2023/wp-content/uploads/elementor/google-fonts/fonts/worksans-qgysz_wnahgadqq43rh_fkdp.woff2 HTTP/1.1" 200 50668 "http://ergovubooth.bronze-server.com/www/ergovu2023/wp-content/uploads/elementor/google-fonts/css/worksans.css?ver=1742428569" "Mozilla/5.0 (Windows NT 10.0; Win64; x64) AppleWebKit/537.36 (KHTML, like Gecko) Chrome/150.0.0.0 Safari/537.36"
172.253.7.115 - - [17/Aug/2026:06:36:49 -0400] "GET /www/ergovu2023/wp-content/uploads/2023/07/Map-1.png HTTP/1.1" 200 536215 "http://ergovubooth.bronze-server.com/www/ergovu2023/" "Mozilla/5.0 (Windows NT 10.0; Win64; x64) AppleWebKit/537.36 (KHTML, like Gecko) Chrome/150.0.0.0 Safari/537.36"
172.253.7.126 - - [17/Aug/2026:06:36:49 -0400] "GET /www/ergovu2023/wp-content/plugins/elementor/assets/lib/font-awesome/webfonts/fa-solid-900.woff2 HTTP/1.1" 200 78196 "http://ergovubooth.bronze-server.com/www/ergovu2023/wp-content/plugins/elementor/assets/lib/font-awesome/css/all.min.css?ver=6.7.3" "Mozilla/5.0 (Windows NT 10.0; Win64; x64) AppleWebKit/537.36 (KHTML, like Gecko) Chrome/150.0.0.0 Safari/537.36"
172.253.7.124 - - [17/Aug/2026:06:36:49 -0400] "GET /www/ergovu2023/wp-content/uploads/elementor/google-fonts/fonts/figtree-xms-huzqdcfdgfmm4s9dq.woff2 HTTP/1.1" 200 20016 "http://ergovubooth.bronze-server.com/www/ergovu2023/wp-content/uploads/elementor/google-fonts/css/figtree.css?ver=1742428567" "Mozilla/5.0 (Windows NT 10.0; Win64; x64) AppleWebKit/537.36 (KHTML, like Gecko) Chrome/150.0.0.0 Safari/537.36"
172.253.7.118 - - [17/Aug/2026:06:36:49 -0400] "GET /www/ergovu2023/wp-content/uploads/elementor/google-fonts/fonts/roboto-kfo7cnqeu92fr1me7ksn66agldtyluama3yuba.woff2 HTTP/1.1" 200 40128 "http://ergovubooth.bronze-server.com/www/ergovu2023/wp-content/uploads/elementor/google-fonts/css/roboto.css?ver=1742428576" "Mozilla/5.0 (Windows NT 10.0; Win64; x64) AppleWebKit/537.36 (KHTML, like Gecko) Chrome/150.0.0.0 Safari/537.36"
172.253.7.115 - - [17/Aug/2026:06:36:49 -0400] "GET /www/ergovu2023/wp-content/uploads/oceanwp-webfonts/P5sfzZCDf9_T_3cV7NCUECyoxNk338xcABrE.ttf HTTP/1.1" 200 21704 "http://ergovubooth.bronze-server.com/www/ergovu2023/wp-content/uploads/oceanwp-webfonts-css/ecfdaed18a87496f534a4e96803f9f9c.css?ver=7.0.3" "Mozilla/5.0 (Windows NT 10.0; Win64; x64) AppleWebKit/537.36 (KHTML, like Gecko) Chrome/150.0.0.0 Safari/537.36"
172.253.7.125 - - [17/Aug/2026:06:36:49 -0400] "GET /www/ergovu2023/wp-content/plugins/elementor/assets/lib/font-awesome/webfonts/fa-brands-400.woff2 HTTP/1.1" 200 81612 "http://ergovubooth.bronze-server.com/www/ergovu2023/wp-content/plugins/elementor/assets/lib/font-awesome/css/all.min.css?ver=6.7.3" "Mozilla/5.0 (Windows NT 10.0; Win64; x64) AppleWebKit/537.36 (KHTML, like Gecko) Chrome/150.0.0.0 Safari/537.36"
172.253.7.126 - - [17/Aug/2026:06:36:49 -0400] "GET /www/ergovu2023/wp-content/uploads/2023/05/footer-shape.png HTTP/1.1" 200 175367 "http://ergovubooth.bronze-server.com/www/ergovu2023/wp-content/uploads/elementor/css/post-15.css?ver=1786417654" "Mozilla/5.0 (Windows NT 10.0; Win64; x64) AppleWebKit/537.36 (KHTML, like Gecko) Chrome/150.0.0.0 Safari/537.36"
172.253.7.124 - - [17/Aug/2026:06:36:49 -0400] "GET /www/ergovu2023/wp-content/themes/oceanwp/assets/js/vendors/magnific-popup.min.js?ver=1.0 HTTP/1.1" 200 20219 "http://ergovubooth.bronze-server.com/www/ergovu2023/" "Mozilla/5.0 (Windows NT 10.0; Win64; x64) AppleWebKit/537.36 (KHTML, like Gecko) Chrome/150.0.0.0 Safari/537.36"
172.253.7.118 - - [17/Aug/2026:06:36:49 -0400] "GET /www/ergovu2023/wp-content/themes/oceanwp/assets/js/ow-lightbox.min.js?ver=1.0 HTTP/1.1" 200 4111 "http://ergovubooth.bronze-server.com/www/ergovu2023/" "Mozilla/5.0 (Windows NT 10.0; Win64; x64) AppleWebKit/537.36 (KHTML, like Gecko) Chrome/150.0.0.0 Safari/537.36"
172.253.7.125 - - [17/Aug/2026:06:36:49 -0400] "GET /www/ergovu2023/wp-content/themes/oceanwp/assets/js/ow-slider.min.js?ver=1.0 HTTP/1.1" 200 2002 "http://ergovubooth.bronze-server.com/www/ergovu2023/" "Mozilla/5.0 (Windows NT 10.0; Win64; x64) AppleWebKit/537.36 (KHTML, like Gecko) Chrome/150.0.0.0 Safari/537.36"
172.253.7.115 - - [17/Aug/2026:06:36:49 -0400] "GET /www/ergovu2023/wp-content/themes/oceanwp/assets/js/vendors/flickity.pkgd.min.js?ver=1.0 HTTP/1.1" 200 57568 "http://ergovubooth.bronze-server.com/www/ergovu2023/" "Mozilla/5.0 (Windows NT 10.0; Win64; x64) AppleWebKit/537.36 (KHTML, like Gecko) Chrome/150.0.0.0 Safari/537.36"
172.253.7.126 - - [17/Aug/2026:06:36:49 -0400] "GET /www/ergovu2023/wp-content/themes/oceanwp/assets/js/select.min.js?ver=1.0 HTTP/1.1" 200 5181 "http://ergovubooth.bronze-server.com/www/ergovu2023/" "Mozilla/5.0 (Windows NT 10.0; Win64; x64) AppleWebKit/537.36 (KHTML, like Gecko) Chrome/150.0.0.0 Safari/537.36"
172.253.7.124 - - [17/Aug/2026:06:36:49 -0400] "GET /www/ergovu2023/wp-content/themes/oceanwp/assets/js/scroll-effect.min.js?ver=1.0 HTTP/1.1" 200 11887 "http://ergovubooth.bronze-server.com/www/ergovu2023/" "Mozilla/5.0 (Windows NT 10.0; Win64; x64) AppleWebKit/537.36 (KHTML, like Gecko) Chrome/150.0.0.0 Safari/537.36"
172.253.7.118 - - [17/Aug/2026:06:36:49 -0400] "GET /www/ergovu2023/wp-content/themes/oceanwp/assets/js/scroll-top.min.js?ver=1.0 HTTP/1.1" 200 8989 "http://ergovubooth.bronze-server.com/www/ergovu2023/" "Mozilla/5.0 (Windows NT 10.0; Win64; x64) AppleWebKit/537.36 (KHTML, like Gecko) Chrome/150.0.0.0 Safari/537.36"
172.253.7.115 - - [17/Aug/2026:06:36:49 -0400] "GET /www/ergovu2023/wp-content/plugins/essential-addons-for-elementor-lite/assets/front-end/js/view/general.min.js?ver=6.7.3 HTTP/1.1" 200 11619 "http://ergovubooth.bronze-server.com/www/ergovu2023/" "Mozilla/5.0 (Windows NT 10.0; Win64; x64) AppleWebKit/537.36 (KHTML, like Gecko) Chrome/150.0.0.0 Safari/537.36"
172.253.7.125 - - [17/Aug/2026:06:36:49 -0400] "GET /www/ergovu2023/wp-content/plugins/ocean-sticky-header/assets/js/main.min.js HTTP/1.1" 200 5465 "http://ergovubooth.bronze-server.com/www/ergovu2023/" "Mozilla/5.0 (Windows NT 10.0; Win64; x64) AppleWebKit/537.36 (KHTML, like Gecko) Chrome/150.0.0.0 Safari/537.36"
