145.239.65.236 - - [20/Aug/2026:14:01:19 -0400] "GET /cart/?remove_item=7e7757b1e12abcb736ab9a754ffb617a&_wpnonce=8478201c15// HTTP/1.1" 301 257
145.239.65.236 - - [20/Aug/2026:14:01:25 -0400] "GET /cart/?remove_item=85d8ce590ad8981ca2c8286f79f59954&_wpnonce=bf3285eaff// HTTP/1.1" 301 257
54.36.60.91 - - [20/Aug/2026:14:01:26 -0400] "GET /product/everything-but-espresso/?add-to-cart=176/ HTTP/1.1" 301 257
54.36.60.91 - - [20/Aug/2026:14:01:34 -0400] "GET /product/everything-but-espresso/?add-to-cart=177/ HTTP/1.1" 301 257
145.239.65.236 - - [20/Aug/2026:14:01:34 -0400] "GET /cart/?remove_item=8b0dc65f996f98fd178a9defd0efa077&_wpnonce=c13ea38b9d// HTTP/1.1" 301 257
54.36.60.91 - - [20/Aug/2026:14:01:39 -0400] "GET /product/everything-but-espresso/?add-to-cart=179/ HTTP/1.1" 301 257
145.239.65.236 - - [20/Aug/2026:14:01:42 -0400] "GET /cart/?remove_item=8f53295a73878494e9bc8dd6c3c7104f&_wpnonce=3e8bed8ffd// HTTP/1.1" 301 257
54.36.60.91 - - [20/Aug/2026:14:01:44 -0400] "GET /product/everything-but-espresso/?add-to-cart=197/ HTTP/1.1" 301 257
145.239.65.236 - - [20/Aug/2026:14:01:51 -0400] "GET /cart/?remove_item=8f53295a73878494e9bc8dd6c3c7104f&_wpnonce=6707e9587a// HTTP/1.1" 301 257
54.36.60.91 - - [20/Aug/2026:14:01:51 -0400] "GET /product/everything-but-espresso/?add-to-cart=214/ HTTP/1.1" 301 257
54.36.60.91 - - [20/Aug/2026:14:01:56 -0400] "GET /product/everything-but-espresso/?add-to-cart=218/ HTTP/1.1" 301 257
145.239.65.236 - - [20/Aug/2026:14:01:57 -0400] "GET /cart/?remove_item=96da2f590cd7246bbde0051047b0d6f7&_wpnonce=112ba8aa89// HTTP/1.1" 301 257
54.36.60.91 - - [20/Aug/2026:14:02:02 -0400] "GET /product/everything-but-espresso/?add-to-cart=223/ HTTP/1.1" 301 257
145.239.65.236 - - [20/Aug/2026:14:02:03 -0400] "GET /cart/?remove_item=96da2f590cd7246bbde0051047b0d6f7&_wpnonce=8aa507b81e// HTTP/1.1" 301 257
54.36.60.91 - - [20/Aug/2026:14:02:07 -0400] "GET /product/everything-but-espresso/?add-to-cart=76/ HTTP/1.1" 301 257
145.239.65.236 - - [20/Aug/2026:14:02:11 -0400] "GET /cart/?remove_item=9766527f2b5d3e95d4a733fcfb77bd7e&_wpnonce=d7437335cc// HTTP/1.1" 301 257
54.36.60.91 - - [20/Aug/2026:14:02:14 -0400] "GET /product/freud-espresso-brewer/?add-to-cart=1272/ HTTP/1.1" 301 257
145.239.65.236 - - [20/Aug/2026:14:02:17 -0400] "GET /cart/?remove_item=9766527f2b5d3e95d4a733fcfb77bd7e&_wpnonce=e93f8e48a2// HTTP/1.1" 301 257
54.36.60.91 - - [20/Aug/2026:14:02:19 -0400] "GET /product/freud-espresso-brewer/?add-to-cart=161/ HTTP/1.1" 301 257
145.239.65.236 - - [20/Aug/2026:14:02:23 -0400] "GET /cart/?remove_item=b5b03f06271f8917685d14cea7c6c50a&_wpnonce=8ba9ad9880// HTTP/1.1" 301 257
54.36.60.91 - - [20/Aug/2026:14:02:25 -0400] "GET /product/freud-espresso-brewer/?add-to-cart=165/ HTTP/1.1" 301 257
145.239.65.236 - - [20/Aug/2026:14:02:27 -0400] "GET /cart/?remove_item=bf8229696f7a3bb4700cfddef19fa23f&_wpnonce=4a7e4cc2f7// HTTP/1.1" 301 257
54.36.60.91 - - [20/Aug/2026:14:02:30 -0400] "GET /product/freud-espresso-brewer/?add-to-cart=167/ HTTP/1.1" 301 257
54.36.60.91 - - [20/Aug/2026:14:02:36 -0400] "GET /product/freud-espresso-brewer/?add-to-cart=168/ HTTP/1.1" 301 257
145.239.65.236 - - [20/Aug/2026:14:02:36 -0400] "GET /cart/?remove_item=e96ed478dab8595a7dbda4cbcbee168f&_wpnonce=f3353b96bb// HTTP/1.1" 301 257
145.239.65.236 - - [20/Aug/2026:14:02:42 -0400] "GET /cart/?remove_item=ec8ce6abb3e952a85b8551ba726a1227&_wpnonce=33da29ff81// HTTP/1.1" 301 257
54.36.60.91 - - [20/Aug/2026:14:02:44 -0400] "GET /product/freud-espresso-brewer/?add-to-cart=174/ HTTP/1.1" 301 257
145.239.65.236 - - [20/Aug/2026:14:02:47 -0400] "GET /cart/?remove_item=ec8ce6abb3e952a85b8551ba726a1227&_wpnonce=4327b92fbf// HTTP/1.1" 301 257
54.36.60.91 - - [20/Aug/2026:14:02:49 -0400] "GET /product/freud-espresso-brewer/?add-to-cart=176/ HTTP/1.1" 301 257
145.239.65.236 - - [20/Aug/2026:14:02:52 -0400] "GET /coffee-brewing-gear/brewers/?add-to-cart=165// HTTP/1.1" 301 257
54.36.60.91 - - [20/Aug/2026:14:02:54 -0400] "GET /product/freud-espresso-brewer/?add-to-cart=177/ HTTP/1.1" 301 257
145.239.65.236 - - [20/Aug/2026:14:02:56 -0400] "GET /coffee-brewing-gear/coffee-books/?add-to-cart=1272// HTTP/1.1" 301 257
54.36.60.91 - - [20/Aug/2026:14:02:58 -0400] "GET /product/freud-espresso-brewer/?add-to-cart=179/ HTTP/1.1" 301 257
145.239.65.236 - - [20/Aug/2026:14:03:01 -0400] "GET /coffee-brewing-gear/coffee-grinders/?add-to-cart=218// HTTP/1.1" 301 257
54.36.60.91 - - [20/Aug/2026:14:03:03 -0400] "GET /product/freud-espresso-brewer/?add-to-cart=197/ HTTP/1.1" 301 257
145.239.65.236 - - [20/Aug/2026:14:03:06 -0400] "GET /coffee-brewing-gear/coffee-grinders/?add-to-cart=223// HTTP/1.1" 301 257
54.36.60.91 - - [20/Aug/2026:14:03:08 -0400] "GET /product/freud-espresso-brewer/?add-to-cart=214/ HTTP/1.1" 301 257
54.36.60.91 - - [20/Aug/2026:14:03:13 -0400] "GET /product/freud-espresso-brewer/?add-to-cart=218/ HTTP/1.1" 301 257
145.239.65.236 - - [20/Aug/2026:14:03:15 -0400] "GET /coffee-brewing-gear/kettles/?add-to-cart=1272// HTTP/1.1" 301 257
54.36.60.91 - - [20/Aug/2026:14:03:24 -0400] "GET /product/freud-espresso-brewer/?add-to-cart=76/ HTTP/1.1" 301 257
145.239.65.236 - - [20/Aug/2026:14:03:27 -0400] "GET /coffee-terminology/altitude/?add-to-cart=1272// HTTP/1.1" 301 257
54.36.60.91 - - [20/Aug/2026:14:03:29 -0400] "GET /product/hario-range-server/?add-to-cart=1272/ HTTP/1.1" 301 257
54.36.60.91 - - [20/Aug/2026:14:03:34 -0400] "GET /product/hario-range-server/?add-to-cart=161/ HTTP/1.1" 301 257
145.239.65.236 - - [20/Aug/2026:14:03:39 -0400] "GET /coffee-terminology/altitude/?add-to-cart=214// HTTP/1.1" 301 257
54.36.60.91 - - [20/Aug/2026:14:03:41 -0400] "GET /product/hario-range-server/?add-to-cart=163/ HTTP/1.1" 301 257
54.36.60.91 - - [20/Aug/2026:14:03:48 -0400] "GET /product/hario-range-server/?add-to-cart=165/ HTTP/1.1" 301 257
145.239.65.236 - - [20/Aug/2026:14:03:49 -0400] "GET /coffee-terminology/single-origin/?add-to-cart=1272// HTTP/1.1" 301 257
54.36.60.91 - - [20/Aug/2026:14:03:55 -0400] "GET /product/hario-range-server/?add-to-cart=166/ HTTP/1.1" 301 257
54.36.60.91 - - [20/Aug/2026:14:04:00 -0400] "GET /product/hario-range-server/?add-to-cart=167/ HTTP/1.1" 301 257
145.239.65.236 - - [20/Aug/2026:14:04:02 -0400] "GET /coffee-terminology/single-origin/?add-to-cart=214// HTTP/1.1" 301 257
54.36.60.91 - - [20/Aug/2026:14:04:06 -0400] "GET /product/hario-range-server/?add-to-cart=169/ HTTP/1.1" 301 257
145.239.65.236 - - [20/Aug/2026:14:04:13 -0400] "GET /coffee-terminology/single-origin/?add-to-cart=223// HTTP/1.1" 301 257
54.36.60.91 - - [20/Aug/2026:14:04:15 -0400] "GET /product/hario-range-server/?add-to-cart=174/ HTTP/1.1" 301 257
54.36.60.91 - - [20/Aug/2026:14:04:23 -0400] "GET /product/hario-range-server/?add-to-cart=176/ HTTP/1.1" 301 257
54.36.60.91 - - [20/Aug/2026:14:04:27 -0400] "GET /product/hario-range-server/?add-to-cart=177/ HTTP/1.1" 301 257
145.239.65.236 - - [20/Aug/2026:14:04:29 -0400] "GET /coffee-terminology/three-waves-of-american-coffee-history/?add-to-cart=1272// HTTP/1.1" 301 257
54.36.60.91 - - [20/Aug/2026:14:04:33 -0400] "GET /product/hario-range-server/?add-to-cart=179/ HTTP/1.1" 301 257
54.36.60.91 - - [20/Aug/2026:14:04:39 -0400] "GET /product/hario-range-server/?add-to-cart=197/ HTTP/1.1" 301 257
145.239.65.236 - - [20/Aug/2026:14:04:44 -0400] "GET /coffee-terminology/what-is-decaf/?add-to-cart=214// HTTP/1.1" 301 257
54.36.60.91 - - [20/Aug/2026:14:04:44 -0400] "GET /product/hario-range-server/?add-to-cart=214/ HTTP/1.1" 301 257
54.36.60.91 - - [20/Aug/2026:14:04:50 -0400] "GET /product/hario-range-server/?add-to-cart=218/ HTTP/1.1" 301 257
145.239.65.236 - - [20/Aug/2026:14:04:56 -0400] "GET /coffee-terminology/what-is-decaf/?add-to-cart=223// HTTP/1.1" 301 257
54.36.60.91 - - [20/Aug/2026:14:04:56 -0400] "GET /product/hario-range-server/?add-to-cart=223/ HTTP/1.1" 301 257
54.36.60.91 - - [20/Aug/2026:14:05:02 -0400] "GET /product/hario-v60/?add-to-cart=1272/ HTTP/1.1" 301 257
54.36.60.91 - - [20/Aug/2026:14:05:07 -0400] "GET /product/hario-v60/?add-to-cart=161/ HTTP/1.1" 301 257
54.36.60.91 - - [20/Aug/2026:14:05:12 -0400] "GET /product/hario-v60/?add-to-cart=163/ HTTP/1.1" 301 257
145.239.65.236 - - [20/Aug/2026:14:05:14 -0400] "GET /coffee-terminology/world-history-of-coffee/?add-to-cart=1272// HTTP/1.1" 301 257
54.36.60.91 - - [20/Aug/2026:14:05:17 -0400] "GET /product/hario-v60/?add-to-cart=165/ HTTP/1.1" 301 257
54.36.60.91 - - [20/Aug/2026:14:05:22 -0400] "GET /product/hario-v60/?add-to-cart=166/ HTTP/1.1" 301 257
54.36.60.91 - - [20/Aug/2026:14:05:27 -0400] "GET /product/hario-v60/?add-to-cart=168/ HTTP/1.1" 301 257
145.239.65.236 - - [20/Aug/2026:14:05:28 -0400] "GET /coffee/espresso/?add-to-cart=1272// HTTP/1.1" 301 257
54.36.60.91 - - [20/Aug/2026:14:05:32 -0400] "GET /product/hario-v60/?add-to-cart=172/ HTTP/1.1" 301 257
54.36.60.91 - - [20/Aug/2026:14:05:36 -0400] "GET /product/hario-v60/?add-to-cart=174/ HTTP/1.1" 301 257
54.36.60.91 - - [20/Aug/2026:14:05:41 -0400] "GET /product/hario-v60/?add-to-cart=176/ HTTP/1.1" 301 257
145.239.65.236 - - [20/Aug/2026:14:05:42 -0400] "GET /coffee/espresso/?add-to-cart=197// HTTP/1.1" 301 257
54.36.60.91 - - [20/Aug/2026:14:05:48 -0400] "GET /product/hario-v60/?add-to-cart=177/ HTTP/1.1" 301 257
145.239.65.236 - - [20/Aug/2026:14:05:53 -0400] "GET /esselon-coffee-merchandise/?add-to-cart=197// HTTP/1.1" 301 257
54.36.60.91 - - [20/Aug/2026:14:05:53 -0400] "GET /product/hario-v60/?add-to-cart=179/ HTTP/1.1" 301 257
54.36.60.91 - - [20/Aug/2026:14:06:01 -0400] "GET /product/hario-v60/?add-to-cart=197/ HTTP/1.1" 301 257
145.239.65.236 - - [20/Aug/2026:14:06:01 -0400] "GET /product/aeropress/?add-to-cart=197/ HTTP/1.1" 301 257
54.36.60.91 - - [20/Aug/2026:14:06:09 -0400] "GET /product/hario-v60/?add-to-cart=214/ HTTP/1.1" 301 257
54.36.60.91 - - [20/Aug/2026:14:06:16 -0400] "GET /product/hario-v60/?add-to-cart=218/ HTTP/1.1" 301 257
54.36.60.91 - - [20/Aug/2026:14:06:21 -0400] "GET /product/hario-v60/?add-to-cart=220/ HTTP/1.1" 301 257
54.36.60.91 - - [20/Aug/2026:14:06:26 -0400] "GET /product/hario-v60/?add-to-cart=223/ HTTP/1.1" 301 257
54.36.60.91 - - [20/Aug/2026:14:06:31 -0400] "GET /product/hydro-flask/?add-to-cart=161/ HTTP/1.1" 301 257
54.36.60.91 - - [20/Aug/2026:14:06:35 -0400] "GET /product/hydro-flask/?add-to-cart=167/ HTTP/1.1" 301 257
145.239.65.236 - - [20/Aug/2026:14:06:36 -0400] "GET /product/aeropress/?add-to-cart=214/ HTTP/1.1" 301 257
54.36.60.91 - - [20/Aug/2026:14:06:40 -0400] "GET /product/hydro-flask/?add-to-cart=168/ HTTP/1.1" 301 257
145.239.65.236 - - [20/Aug/2026:14:06:44 -0400] "GET /product/aeropress/?add-to-cart=218/ HTTP/1.1" 301 257
54.36.60.91 - - [20/Aug/2026:14:06:44 -0400] "GET /product/hydro-flask/?add-to-cart=169/ HTTP/1.1" 301 257
54.36.60.91 - - [20/Aug/2026:14:06:49 -0400] "GET /product/hydro-flask/?add-to-cart=174/ HTTP/1.1" 301 257
145.239.65.236 - - [20/Aug/2026:14:06:52 -0400] "GET /product/aeropress/?add-to-cart=220/ HTTP/1.1" 301 257
54.36.60.91 - - [20/Aug/2026:14:06:53 -0400] "GET /product/hydro-flask/?add-to-cart=176/ HTTP/1.1" 301 257
54.36.60.91 - - [20/Aug/2026:14:06:57 -0400] "GET /product/hydro-flask/?add-to-cart=177/ HTTP/1.1" 301 257
145.239.65.236 - - [20/Aug/2026:14:06:57 -0400] "GET /product/aeropress/?add-to-cart=223/ HTTP/1.1" 301 257
54.36.60.91 - - [20/Aug/2026:14:07:01 -0400] "GET /product/hydro-flask/?add-to-cart=179/ HTTP/1.1" 301 257
145.239.65.236 - - [20/Aug/2026:14:07:03 -0400] "GET /product/aeropress/?add-to-cart=76/ HTTP/1.1" 301 257
54.36.60.91 - - [20/Aug/2026:14:07:06 -0400] "GET /product/hydro-flask/?add-to-cart=214/ HTTP/1.1" 301 257
54.36.60.91 - - [20/Aug/2026:14:07:10 -0400] "GET /product/hydro-flask/?add-to-cart=76// HTTP/1.1" 301 257
145.239.65.236 - - [20/Aug/2026:14:07:10 -0400] "GET /product/baratza-270-burr-grinder/?add-to-cart=1272/ HTTP/1.1" 301 257
54.36.60.91 - - [20/Aug/2026:14:07:21 -0400] "GET /product/jennings-cj4000/?add-to-cart=1352// HTTP/1.1" 301 257
145.239.65.236 - - [20/Aug/2026:14:07:22 -0400] "GET /product/baratza-270-burr-grinder/?add-to-cart=172/ HTTP/1.1" 301 257
54.36.60.91 - - [20/Aug/2026:14:07:25 -0400] "GET /product/jennings-cj4000/?add-to-cart=161// HTTP/1.1" 301 257
145.239.65.236 - - [20/Aug/2026:14:07:27 -0400] "GET /product/baratza-encore-grinder/?add-to-cart=1272/ HTTP/1.1" 301 257
54.36.60.91 - - [20/Aug/2026:14:07:30 -0400] "GET /product/kalita-wave/?add-to-cart=161// HTTP/1.1" 301 257
145.239.65.236 - - [20/Aug/2026:14:07:33 -0400] "GET /product/baratza-encore-grinder/?add-to-cart=1352/ HTTP/1.1" 301 257
54.36.60.91 - - [20/Aug/2026:14:07:34 -0400] "GET /product/kalita-wave/?add-to-cart=167// HTTP/1.1" 301 257
54.36.60.91 - - [20/Aug/2026:14:07:39 -0400] "GET /product/kalita-wave/?add-to-cart=174/ HTTP/1.1" 301 257
145.239.65.236 - - [20/Aug/2026:14:07:39 -0400] "GET /product/baratza-encore-grinder/?add-to-cart=161/ HTTP/1.1" 301 257
54.36.60.91 - - [20/Aug/2026:14:07:43 -0400] "GET /product/kalita-wave/?add-to-cart=177/ HTTP/1.1" 301 257
145.239.65.236 - - [20/Aug/2026:14:07:44 -0400] "GET /product/baratza-encore-grinder/?add-to-cart=163/ HTTP/1.1" 301 257
54.36.60.91 - - [20/Aug/2026:14:07:47 -0400] "GET /product/melitta-4/?add-to-cart=174/ HTTP/1.1" 301 257
145.239.65.236 - - [20/Aug/2026:14:07:49 -0400] "GET /product/baratza-encore-grinder/?add-to-cart=165/ HTTP/1.1" 301 257
54.36.60.91 - - [20/Aug/2026:14:07:51 -0400] "GET /product/melitta-4/?add-to-cart=176/ HTTP/1.1" 301 257
145.239.65.236 - - [20/Aug/2026:14:07:53 -0400] "GET /product/baratza-encore-grinder/?add-to-cart=166/ HTTP/1.1" 301 257
54.36.60.91 - - [20/Aug/2026:14:07:55 -0400] "GET /product/melitta-4/?add-to-cart=177/ HTTP/1.1" 301 257
145.239.65.236 - - [20/Aug/2026:14:07:59 -0400] "GET /product/baratza-encore-grinder/?add-to-cart=167/ HTTP/1.1" 301 257
54.36.60.91 - - [20/Aug/2026:14:07:59 -0400] "GET /product/melitta-4/?add-to-cart=197/ HTTP/1.1" 301 257
54.36.60.91 - - [20/Aug/2026:14:08:03 -0400] "GET /product/melitta-4/?add-to-cart=218/ HTTP/1.1" 301 257
145.239.65.236 - - [20/Aug/2026:14:08:04 -0400] "GET /product/baratza-encore-grinder/?add-to-cart=168/ HTTP/1.1" 301 257
54.36.60.91 - - [20/Aug/2026:14:08:08 -0400] "GET /product/melitta-4/?add-to-cart=220/ HTTP/1.1" 301 257
145.239.65.236 - - [20/Aug/2026:14:08:08 -0400] "GET /product/baratza-encore-grinder/?add-to-cart=218// HTTP/1.1" 301 257
54.36.60.91 - - [20/Aug/2026:14:08:12 -0400] "GET /product/melitta-4/?add-to-cart=223/ HTTP/1.1" 301 257
145.239.65.236 - - [20/Aug/2026:14:08:12 -0400] "GET /product/chemex-brewer-6-cup/?add-to-cart=166/ HTTP/1.1" 301 257
54.36.60.91 - - [20/Aug/2026:14:08:16 -0400] "GET /product/melitta-4/?add-to-cart=76/ HTTP/1.1" 301 257
145.239.65.236 - - [20/Aug/2026:14:08:17 -0400] "GET /product/chemex-brewer-6-cup/?add-to-cart=167/ HTTP/1.1" 301 257
54.36.60.91 - - [20/Aug/2026:14:08:20 -0400] "GET /product/oatly-barista-edition-oatmilk-case-of-12/?add-to-cart=1222/ HTTP/1.1" 301 257
145.239.65.236 - - [20/Aug/2026:14:08:23 -0400] "GET /product/chemex-filter/?add-to-cart=218/ HTTP/1.1" 301 257
54.36.60.91 - - [20/Aug/2026:14:08:25 -0400] "GET /product/oatly-barista-edition-oatmilk-case-of-12/?add-to-cart=2918/ HTTP/1.1" 301 257
145.239.65.236 - - [20/Aug/2026:14:08:26 -0400] "GET /product/clever-dripper/?add-to-cart=166// HTTP/1.1" 301 257
54.36.60.91 - - [20/Aug/2026:14:08:29 -0400] "GET /product/pacific-almond-milk-barista-series-case-of-12/?add-to-cart=1222/ HTTP/1.1" 301 257
145.239.65.236 - - [20/Aug/2026:14:08:31 -0400] "GET /product/clever-dripper/?add-to-cart=76/ HTTP/1.1" 301 257
54.36.60.91 - - [20/Aug/2026:14:08:33 -0400] "GET /product/pacific-almond-milk-barista-series-case-of-12/?add-to-cart=2910/ HTTP/1.1" 301 257
145.239.65.236 - - [20/Aug/2026:14:08:35 -0400] "GET /product/esselon-cafe-gift-card/?add-to-cart=166// HTTP/1.1" 301 257
54.36.60.91 - - [20/Aug/2026:14:08:37 -0400] "GET /product/pacific-almond-milk-barista-series-case-of-12/?add-to-cart=2912/ HTTP/1.1" 301 257
145.239.65.236 - - [20/Aug/2026:14:08:39 -0400] "GET /product/esselon-cafe-gift-card/?add-to-cart=174/ HTTP/1.1" 301 257
54.36.60.91 - - [20/Aug/2026:14:08:41 -0400] "GET /product/pacific-almond-milk-barista-series-case-of-12/?add-to-cart=2914/ HTTP/1.1" 301 257
145.239.65.236 - - [20/Aug/2026:14:08:44 -0400] "GET /product/esselon-cafe-gift-card/?add-to-cart=176/ HTTP/1.1" 301 257
54.36.60.91 - - [20/Aug/2026:14:08:45 -0400] "GET /product/pacific-almond-milk-barista-series-case-of-12/?add-to-cart=2918/ HTTP/1.1" 301 257
145.239.65.236 - - [20/Aug/2026:14:08:48 -0400] "GET /product/esselon-cafe-gift-card/?add-to-cart=177/ HTTP/1.1" 301 257
54.36.60.91 - - [20/Aug/2026:14:08:49 -0400] "GET /product/pacific-coconut-milk-barista-series-case-of-12/?add-to-cart=1222/ HTTP/1.1" 301 257
145.239.65.236 - - [20/Aug/2026:14:08:52 -0400] "GET /product/esselon-cafe-gift-card/?add-to-cart=179/ HTTP/1.1" 301 257
54.36.60.91 - - [20/Aug/2026:14:08:53 -0400] "GET /product/pacific-coconut-milk-barista-series-case-of-12/?add-to-cart=2909/ HTTP/1.1" 301 257
145.239.65.236 - - [20/Aug/2026:14:08:56 -0400] "GET /product/esselon-cafe-gift-card/?add-to-cart=197/ HTTP/1.1" 301 257
54.36.60.91 - - [20/Aug/2026:14:08:57 -0400] "GET /product/pacific-coconut-milk-barista-series-case-of-12/?add-to-cart=2914/ HTTP/1.1" 301 257
145.239.65.236 - - [20/Aug/2026:14:09:00 -0400] "GET /product/esselon-cafe-gift-card/?add-to-cart=214/ HTTP/1.1" 301 257
54.36.60.91 - - [20/Aug/2026:14:09:01 -0400] "GET /product/pacific-coconut-milk-barista-series-case-of-12/?add-to-cart=2918/ HTTP/1.1" 301 257
145.239.65.236 - - [20/Aug/2026:14:09:04 -0400] "GET /product/esselon-cafe-gift-card/?add-to-cart=218/ HTTP/1.1" 301 257
54.36.60.91 - - [20/Aug/2026:14:09:05 -0400] "GET /product/pacific-oat-milk-barista-series-case-of-12/?add-to-cart=2914/ HTTP/1.1" 301 257
145.239.65.236 - - [20/Aug/2026:14:09:08 -0400] "GET /product/esselon-cafe-gift-card/?add-to-cart=220/ HTTP/1.1" 301 257
54.36.60.91 - - [20/Aug/2026:14:09:09 -0400] "GET /product/pacific-soy-milk-barista-series-case-of-12/?add-to-cart=2909/ HTTP/1.1" 301 257
145.239.65.236 - - [20/Aug/2026:14:09:11 -0400] "GET /product/esselon-cafe-gift-card/?add-to-cart=223/ HTTP/1.1" 301 257
54.36.60.91 - - [20/Aug/2026:14:09:13 -0400] "GET /product/pacific-soy-milk-barista-series-case-of-12/?add-to-cart=2910/ HTTP/1.1" 301 257
145.239.65.236 - - [20/Aug/2026:14:09:15 -0400] "GET /product/esselon-tee-shirt/?add-to-cart=161/ HTTP/1.1" 301 257
54.36.60.91 - - [20/Aug/2026:14:09:17 -0400] "GET /product/pacific-soy-milk-barista-series-case-of-12/?add-to-cart=2914/ HTTP/1.1" 301 257
145.239.65.236 - - [20/Aug/2026:14:09:19 -0400] "GET /product/esselon-tee-shirt/?add-to-cart=163/ HTTP/1.1" 301 257
54.36.60.91 - - [20/Aug/2026:14:09:21 -0400] "GET /product/pacific-soy-milk-barista-series-case-of-12/?add-to-cart=2918/ HTTP/1.1" 301 257
145.239.65.236 - - [20/Aug/2026:14:09:23 -0400] "GET /product/esselon-tee-shirt/?add-to-cart=165/ HTTP/1.1" 301 257
54.36.60.91 - - [20/Aug/2026:14:09:25 -0400] "GET /product/stagg-kettle/?add-to-cart=1272/ HTTP/1.1" 301 257
145.239.65.236 - - [20/Aug/2026:14:09:27 -0400] "GET /product/esselon-tee-shirt/?add-to-cart=167/ HTTP/1.1" 301 257
54.36.60.91 - - [20/Aug/2026:14:09:29 -0400] "GET /product/stagg-kettle/?add-to-cart=161/ HTTP/1.1" 301 257
145.239.65.236 - - [20/Aug/2026:14:09:31 -0400] "GET /product/esselon-tee-shirt/?add-to-cart=169/ HTTP/1.1" 301 257
54.36.60.91 - - [20/Aug/2026:14:09:33 -0400] "GET /product/stagg-kettle/?add-to-cart=163/ HTTP/1.1" 301 257
145.239.65.236 - - [20/Aug/2026:14:09:34 -0400] "GET /product/esselon-tee-shirt/?add-to-cart=172/ HTTP/1.1" 301 257
54.36.60.91 - - [20/Aug/2026:14:09:37 -0400] "GET /product/stagg-kettle/?add-to-cart=165/ HTTP/1.1" 301 257
54.36.60.91 - - [20/Aug/2026:14:09:40 -0400] "GET /product/stagg-kettle/?add-to-cart=166/ HTTP/1.1" 301 257
54.36.60.91 - - [20/Aug/2026:14:09:44 -0400] "GET /product/stagg-kettle/?add-to-cart=167/ HTTP/1.1" 301 257
54.36.60.91 - - [20/Aug/2026:14:09:48 -0400] "GET /product/stagg-kettle/?add-to-cart=168/ HTTP/1.1" 301 257
54.36.60.91 - - [20/Aug/2026:14:09:52 -0400] "GET /product/stagg-kettle/?add-to-cart=169/ HTTP/1.1" 301 257
54.36.60.91 - - [20/Aug/2026:14:09:55 -0400] "GET /product/stagg-kettle/?add-to-cart=172/ HTTP/1.1" 301 257
54.36.60.91 - - [20/Aug/2026:14:09:59 -0400] "GET /product/stagg-kettle/?add-to-cart=174/ HTTP/1.1" 301 257
54.36.60.91 - - [20/Aug/2026:14:10:02 -0400] "GET /product/stagg-kettle/?add-to-cart=176/ HTTP/1.1" 301 257
54.36.60.91 - - [20/Aug/2026:14:10:06 -0400] "GET /product/stagg-kettle/?add-to-cart=179/ HTTP/1.1" 301 257
54.36.60.91 - - [20/Aug/2026:14:10:10 -0400] "GET /product/stagg-kettle/?add-to-cart=197/ HTTP/1.1" 301 257
54.36.60.91 - - [20/Aug/2026:14:10:14 -0400] "GET /product/stagg-kettle/?add-to-cart=214/ HTTP/1.1" 301 257
54.36.60.91 - - [20/Aug/2026:14:10:17 -0400] "GET /product/stagg-kettle/?add-to-cart=218/ HTTP/1.1" 301 257
54.36.60.91 - - [20/Aug/2026:14:10:22 -0400] "GET /product/stagg-kettle/?add-to-cart=220/ HTTP/1.1" 301 257
54.36.60.91 - - [20/Aug/2026:14:10:25 -0400] "GET /product/stagg-kettle/?add-to-cart=223/ HTTP/1.1" 301 257
54.36.60.91 - - [20/Aug/2026:14:10:29 -0400] "GET /product/stagg-kettle/?add-to-cart=76/ HTTP/1.1" 301 257
54.36.60.91 - - [20/Aug/2026:14:10:32 -0400] "GET /product/the-coffee-roasters-companion/?add-to-cart=1272/ HTTP/1.1" 301 257
54.36.60.91 - - [20/Aug/2026:14:10:36 -0400] "GET /product/the-coffee-roasters-companion/?add-to-cart=161/ HTTP/1.1" 301 257
54.36.60.91 - - [20/Aug/2026:14:10:39 -0400] "GET /product/the-coffee-roasters-companion/?add-to-cart=163/ HTTP/1.1" 301 257
54.36.60.91 - - [20/Aug/2026:14:10:43 -0400] "GET /product/the-coffee-roasters-companion/?add-to-cart=165/ HTTP/1.1" 301 257
54.36.60.91 - - [20/Aug/2026:14:10:47 -0400] "GET /product/the-coffee-roasters-companion/?add-to-cart=166/ HTTP/1.1" 301 257
54.36.60.91 - - [20/Aug/2026:14:10:51 -0400] "GET /product/the-coffee-roasters-companion/?add-to-cart=169/ HTTP/1.1" 301 257
54.36.60.91 - - [20/Aug/2026:14:10:55 -0400] "GET /product/the-coffee-roasters-companion/?add-to-cart=172/ HTTP/1.1" 301 257
54.36.60.91 - - [20/Aug/2026:14:11:03 -0400] "GET /product/the-coffee-roasters-companion/?add-to-cart=176/ HTTP/1.1" 301 257
54.36.60.91 - - [20/Aug/2026:14:11:07 -0400] "GET /product/the-coffee-roasters-companion/?add-to-cart=177/ HTTP/1.1" 301 257
54.36.60.91 - - [20/Aug/2026:14:11:10 -0400] "GET /product/the-coffee-roasters-companion/?add-to-cart=179/ HTTP/1.1" 301 257
54.36.60.91 - - [20/Aug/2026:14:11:14 -0400] "GET /product/the-coffee-roasters-companion/?add-to-cart=197/ HTTP/1.1" 301 257
217.42.75.200 - - [20/Aug/2026:14:16:40 -0400] "GET /?doing_wp_cron=1632400327.3352010250091552734375 HTTP/1.1" 301 257
139.144.205.157 - - [20/Aug/2026:14:47:02 -0400] "GET / HTTP/1.1" 301 257
198.98.53.213 - - [20/Aug/2026:14:54:17 -0400] "GET / HTTP/1.1" 301 257
198.98.53.213 - - [20/Aug/2026:14:58:28 -0400] "GET /wp-json/ HTTP/1.1" 301 257
198.98.53.213 - - [20/Aug/2026:14:59:18 -0400] "POST /wp-json/batch/v1 HTTP/1.1" 301 257
198.98.53.213 - - [20/Aug/2026:15:00:01 -0400] "POST /wp-json/batch/v1 HTTP/1.1" 301 257
198.98.53.213 - - [20/Aug/2026:15:00:49 -0400] "POST /wp-admin/admin-ajax.php?action=updraft_central_ajaxcallback HTTP/1.1" 301 257
198.98.53.213 - - [20/Aug/2026:15:00:51 -0400] "GET /wp-content/plugins/wp_zeuezpw/wp_zeuezpw.php HTTP/1.1" 301 257
198.98.53.213 - - [20/Aug/2026:15:00:52 -0400] "GET /wp-content/plugins/wp_zeuezpw/wp_zeuezpw.php HTTP/1.1" 301 257
198.98.53.213 - - [20/Aug/2026:15:01:24 -0400] "GET /wp-content/plugins/wp_zeuezpw/wp_zeuezpw.php HTTP/1.1" 301 257
198.98.53.213 - - [20/Aug/2026:15:01:25 -0400] "GET /wp-content/plugins/wp_zeuezpw/wp_zeuezpw.php HTTP/1.1" 301 257
198.98.53.213 - - [20/Aug/2026:15:01:26 -0400] "GET /wp-content/plugins/wp_zeuezpw/wp_zeuezpw.php HTTP/1.1" 301 257
191.242.195.113 - - [20/Aug/2026:15:55:07 -0400] "GET /product/chemex-filter/ HTTP/1.1" 301 257
66.249.64.231 - - [20/Aug/2026:16:20:04 -0400] "GET /robots.txt HTTP/1.1" 301 257
66.249.64.229 - - [20/Aug/2026:16:20:17 -0400] "GET /ads.txt HTTP/1.1" 301 257
143.198.110.60 - - [20/Aug/2026:17:56:01 -0400] "GET / HTTP/1.1" 301 257
143.198.110.60 - - [20/Aug/2026:17:56:02 -0400] "GET /favicon.ico HTTP/1.1" 301 257
176.109.219.234 - - [20/Aug/2026:18:26:34 -0400] "GET /robots.txt HTTP/1.1" 301 257
176.109.219.234 - - [20/Aug/2026:18:26:36 -0400] "GET /alternative-milks/?add-to-cart=1222// HTTP/1.1" 301 257
116.97.109.51 - - [20/Aug/2026:19:07:29 -0400] "GET /product/costa-rica-shb-ep/?doing_wp_cron=1614257751.7285189628601074218750 HTTP/1.1" 301 257
51.68.32.138 - - [20/Aug/2026:19:31:07 -0400] "GET /robots.txt HTTP/1.1" 301 257
51.68.32.138 - - [20/Aug/2026:19:31:11 -0400] "GET /product/baratza-encore-grinder/?add-to-cart=220// HTTP/1.1" 301 257
114.119.149.118 - - [20/Aug/2026:19:47:51 -0400] "GET /product/clever-dripper?doing_wp_cron=1620398366.2132000923156738281250 HTTP/1.1" 301 257
114.119.136.103 - - [20/Aug/2026:20:07:30 -0400] "GET /product/pacific-soy-milk-barista-series-case-of-12/?doing_wp_cron=1628355588.7406709194183349609375 HTTP/1.1" 301 257
114.119.137.54 - - [20/Aug/2026:20:14:21 -0400] "GET /product/sumatra-takengon-kkgo?doing_wp_cron=1618854875.4243590831756591796875 HTTP/1.1" 301 257
114.119.152.245 - - [20/Aug/2026:20:20:47 -0400] "GET /product/mexico-chiapas-hg/?doing_wp_cron=1615300430.3648319244384765625000 HTTP/1.1" 301 257
114.119.152.245 - - [20/Aug/2026:20:27:25 -0400] "GET /product/decaf-french-roast?doing_wp_cron=1619956507.0301690101623535156250 HTTP/1.1" 301 257
114.119.136.103 - - [20/Aug/2026:20:34:03 -0400] "GET /product/bonavita-kettle HTTP/1.1" 301 257
114.119.136.92 - - [20/Aug/2026:20:40:42 -0400] "GET /coffee-terminology/world-history-of-coffee/history-of-coffee-in-kenya/ HTTP/1.1" 301 257
104.210.140.143 - - [20/Aug/2026:20:43:44 -0400] "GET /robots.txt HTTP/1.1" 301 257
204.11.2.245 - - [20/Aug/2026:21:26:17 -0400] "GET /.env HTTP/1.1" 301 257
204.11.2.245 - - [20/Aug/2026:21:26:18 -0400] "POST / HTTP/1.1" 301 257
80.79.5.250 - - [20/Aug/2026:21:29:36 -0400] "GET / HTTP/1.1" 301 257
114.119.137.54 - - [20/Aug/2026:22:39:51 -0400] "GET /robots.txt HTTP/1.1" 301 257
138.246.253.24 - - [20/Aug/2026:22:41:16 -0400] "GET /robots.txt HTTP/1.1" 301 257
131.0.9.142 - - [20/Aug/2026:22:53:20 -0400] "GET /coffee-terminology/altitude/?doing_wp_cron=1646597667.9449739456176757812500 HTTP/1.1" 301 257
77.79.169.58 - - [20/Aug/2026:23:54:54 -0400] "GET /product/gothot-espresso/?doing_wp_cron=1632397592.6033740043640136718750 HTTP/1.1" 301 257
44.194.8.91 - - [21/Aug/2026:00:21:25 -0400] "GET /robots.txt HTTP/1.1" 301 257
114.119.137.54 - - [21/Aug/2026:00:51:47 -0400] "GET /product/oatly-barista-edition-oatmilk-case-of-12/?doing_wp_cron=1652164671.0028440952301025390625 HTTP/1.1" 301 257
47.128.17.131 - - [21/Aug/2026:00:57:36 -0400] "GET /robots.txt HTTP/1.1" 301 257
47.128.48.44 - - [21/Aug/2026:00:57:47 -0400] "GET /robots.txt HTTP/1.1" 301 257
47.128.48.44 - - [21/Aug/2026:00:57:49 -0400] "GET /coffee/?ref=esseloncoffee HTTP/1.1" 421 322
154.176.113.108 - - [21/Aug/2026:00:58:30 -0400] "GET /robots.txt HTTP/1.1" 301 257
187.245.86.184 - - [21/Aug/2026:00:58:35 -0400] "GET /coffee/?ref=esseloncoffee HTTP/1.1" 421 322
114.119.137.54 - - [21/Aug/2026:01:08:57 -0400] "GET /coffee-terminology/world-history-of-coffee/history-of-coffee-in-indonesia/ HTTP/1.1" 301 257
103.103.98.12 - - [21/Aug/2026:01:21:14 -0400] "GET / HTTP/1.1" 301 257
114.119.158.13 - - [21/Aug/2026:01:42:45 -0400] "GET /product/pacific-soy-milk-barista-series-case-of-12/?doing_wp_cron=1627866906.8864929676055908203125 HTTP/1.1" 301 257
157.230.180.129 - - [21/Aug/2026:02:09:09 -0400] "GET / HTTP/1.1" 301 257
157.230.180.129 - - [21/Aug/2026:02:09:09 -0400] "GET /favicon.ico HTTP/1.1" 301 257
114.119.152.245 - - [21/Aug/2026:02:12:34 -0400] "GET /product/esselon-cafe-gift-card?doing_wp_cron=1619429579.4653179645538330078125 HTTP/1.1" 301 257
114.119.152.245 - - [21/Aug/2026:02:19:08 -0400] "GET /product/esselon-cafe-gift-card/?doing_wp_cron=1627476458.1459939479827880859375 HTTP/1.1" 301 257
114.119.158.165 - - [21/Aug/2026:02:25:54 -0400] "GET /product/chambord-french-press?doing_wp_cron=1620561983.1681311130523681640625 HTTP/1.1" 301 257
83.58.7.210 - - [21/Aug/2026:02:28:49 -0400] "GET /product/sumatra-takengon-kkgo/ HTTP/1.1" 301 257
114.119.149.118 - - [21/Aug/2026:02:33:07 -0400] "GET /product/baratza-encore-grinder/?doing_wp_cron=1646060369.0050261020660400390625 HTTP/1.1" 301 257
114.119.137.54 - - [21/Aug/2026:02:39:10 -0400] "GET /coffee-terminology/world-history-of-coffee/?doing_wp_cron=1647363172.8596339225769042968750 HTTP/1.1" 301 257
114.119.152.245 - - [21/Aug/2026:02:45:43 -0400] "GET /product/gothot-espresso/ HTTP/1.1" 301 257
114.119.149.118 - - [21/Aug/2026:02:52:25 -0400] "GET /cart/ HTTP/1.1" 301 257
114.119.152.245 - - [21/Aug/2026:03:08:05 -0400] "GET /product/chemex-filter/?doing_wp_cron=1615116699.3004839420318603515625 HTTP/1.1" 301 257
114.119.149.118 - - [21/Aug/2026:03:14:08 -0400] "GET /?doing_wp_cron=1652813971.6460170745849609375000 HTTP/1.1" 301 257
66.249.70.173 - - [21/Aug/2026:03:16:03 -0400] "GET /robots.txt HTTP/1.1" 301 257
3.219.146.217 - - [21/Aug/2026:03:44:08 -0400] "GET /robots.txt HTTP/1.1" 301 257
114.119.149.118 - - [21/Aug/2026:03:50:13 -0400] "GET /coffee-terminology/world-history-of-coffee/history-of-coffee-in-ethiopia/?doing_wp_cron=1650263466.3694460391998291015625 HTTP/1.1" 301 257
66.249.70.173 - - [21/Aug/2026:04:11:40 -0400] "GET /.well-known/assetlinks.json HTTP/1.1" 301 257
172.236.230.92 - - [21/Aug/2026:04:50:28 -0400] "GET / HTTP/1.1" 301 257
44.244.173.25 - - [21/Aug/2026:05:12:29 -0400] "GET /robots.txt HTTP/1.1" 301 257
44.244.173.25 - - [21/Aug/2026:05:12:29 -0400] "GET /enhancecp HTTP/1.1" 301 257
138.246.253.24 - - [21/Aug/2026:05:26:09 -0400] "GET /robots.txt HTTP/1.1" 301 257
114.119.158.165 - - [21/Aug/2026:06:27:04 -0400] "GET /product/french-roast-guatemala?doing_wp_cron=1619325893.8614408969879150390625 HTTP/1.1" 301 257
54.37.252.36 - - [21/Aug/2026:06:30:33 -0400] "GET /robots.txt HTTP/1.1" 301 257
54.37.252.36 - - [21/Aug/2026:06:30:49 -0400] "GET /?post_type=product&p=169/ HTTP/1.1" 301 257
54.37.252.36 - - [21/Aug/2026:06:31:10 -0400] "GET /alternative-milks/?add-to-cart=2909/ HTTP/1.1" 301 257
54.37.252.36 - - [21/Aug/2026:06:31:20 -0400] "GET /alternative-milks/?add-to-cart=2910/ HTTP/1.1" 301 257
54.37.252.36 - - [21/Aug/2026:06:31:31 -0400] "GET /cart/?remove_item=0777d5c17d4066b82ab86dff8a46af6f&_wpnonce=5936418637// HTTP/1.1" 301 257
54.37.252.36 - - [21/Aug/2026:06:31:40 -0400] "GET /cart/?remove_item=0777d5c17d4066b82ab86dff8a46af6f&_wpnonce=69a9f23133// HTTP/1.1" 301 257
54.37.252.36 - - [21/Aug/2026:06:31:50 -0400] "GET /cart/?remove_item=3636638817772e42b59d74cff571fbb3&_wpnonce=45c145aa07// HTTP/1.1" 301 257
54.37.252.36 - - [21/Aug/2026:06:33:26 -0400] "GET /cart/?remove_item=3636638817772e42b59d74cff571fbb3&_wpnonce=45c145aa07// HTTP/1.1" 301 257
54.37.252.36 - - [21/Aug/2026:06:33:31 -0400] "GET /cart/?remove_item=5878a7ab84fb43402106c575658472fa&_wpnonce=318370b0fa// HTTP/1.1" 301 257
54.37.252.36 - - [21/Aug/2026:06:33:34 -0400] "GET /cart/?remove_item=5878a7ab84fb43402106c575658472fa&_wpnonce=5c6217674b// HTTP/1.1" 301 257
54.37.252.36 - - [21/Aug/2026:06:33:38 -0400] "GET /cart/?remove_item=7810ccd41bf26faaa2c4e1f20db70a71&_wpnonce=1649e10bda// HTTP/1.1" 301 257
54.37.252.36 - - [21/Aug/2026:06:33:42 -0400] "GET /cart/?remove_item=7810ccd41bf26faaa2c4e1f20db70a71&_wpnonce=165a951fdd// HTTP/1.1" 301 257
54.37.252.36 - - [21/Aug/2026:06:33:46 -0400] "GET /cart/?remove_item=7810ccd41bf26faaa2c4e1f20db70a71&_wpnonce=2e08ac6ce9// HTTP/1.1" 301 257
54.37.252.36 - - [21/Aug/2026:06:33:50 -0400] "GET /cart/?remove_item=7810ccd41bf26faaa2c4e1f20db70a71&_wpnonce=3d8cf78df8// HTTP/1.1" 301 257
54.37.252.36 - - [21/Aug/2026:06:33:53 -0400] "GET /cart/?remove_item=7810ccd41bf26faaa2c4e1f20db70a71&_wpnonce=510ac9f970// HTTP/1.1" 301 257
54.37.252.36 - - [21/Aug/2026:06:33:57 -0400] "GET /cart/?remove_item=7810ccd41bf26faaa2c4e1f20db70a71&_wpnonce=71f368cb16// HTTP/1.1" 301 257
54.37.252.36 - - [21/Aug/2026:06:34:01 -0400] "GET /cart/?remove_item=7810ccd41bf26faaa2c4e1f20db70a71&_wpnonce=a300486410// HTTP/1.1" 301 257
54.37.252.36 - - [21/Aug/2026:06:34:04 -0400] "GET /cart/?remove_item=7810ccd41bf26faaa2c4e1f20db70a71&_wpnonce=c99ecd5cc5// HTTP/1.1" 301 257
54.37.252.36 - - [21/Aug/2026:06:34:09 -0400] "GET /cart/?remove_item=7810ccd41bf26faaa2c4e1f20db70a71&_wpnonce=e3589e861b// HTTP/1.1" 301 257
54.37.252.36 - - [21/Aug/2026:06:34:12 -0400] "GET /cart/?remove_item=7810ccd41bf26faaa2c4e1f20db70a71&_wpnonce=f998357c98// HTTP/1.1" 301 257
104.210.140.140 - - [21/Aug/2026:06:34:14 -0400] "GET /robots.txt HTTP/1.1" 301 257
54.37.252.36 - - [21/Aug/2026:06:34:16 -0400] "GET /cart/?remove_item=7e7757b1e12abcb736ab9a754ffb617a&_wpnonce=8478201c15// HTTP/1.1" 301 257
54.37.252.36 - - [21/Aug/2026:06:34:20 -0400] "GET /cart/?remove_item=85d8ce590ad8981ca2c8286f79f59954&_wpnonce=bf3285eaff// HTTP/1.1" 301 257
54.37.252.36 - - [21/Aug/2026:06:34:24 -0400] "GET /cart/?remove_item=8b0dc65f996f98fd178a9defd0efa077&_wpnonce=c13ea38b9d// HTTP/1.1" 301 257
54.37.252.36 - - [21/Aug/2026:06:34:28 -0400] "GET /cart/?remove_item=8f53295a73878494e9bc8dd6c3c7104f&_wpnonce=3e8bed8ffd// HTTP/1.1" 301 257
54.37.252.36 - - [21/Aug/2026:06:34:32 -0400] "GET /cart/?remove_item=8f53295a73878494e9bc8dd6c3c7104f&_wpnonce=6707e9587a// HTTP/1.1" 301 257
54.37.252.36 - - [21/Aug/2026:06:34:37 -0400] "GET /cart/?remove_item=96da2f590cd7246bbde0051047b0d6f7&_wpnonce=112ba8aa89// HTTP/1.1" 301 257
54.37.252.36 - - [21/Aug/2026:06:34:41 -0400] "GET /cart/?remove_item=96da2f590cd7246bbde0051047b0d6f7&_wpnonce=8aa507b81e// HTTP/1.1" 301 257
54.37.252.36 - - [21/Aug/2026:06:34:45 -0400] "GET /cart/?remove_item=9766527f2b5d3e95d4a733fcfb77bd7e&_wpnonce=d7437335cc// HTTP/1.1" 301 257
54.37.252.36 - - [21/Aug/2026:06:34:48 -0400] "GET /cart/?remove_item=9766527f2b5d3e95d4a733fcfb77bd7e&_wpnonce=e93f8e48a2// HTTP/1.1" 301 257
54.37.252.36 - - [21/Aug/2026:06:34:52 -0400] "GET /cart/?remove_item=b5b03f06271f8917685d14cea7c6c50a&_wpnonce=8ba9ad9880// HTTP/1.1" 301 257
54.37.252.36 - - [21/Aug/2026:06:34:55 -0400] "GET /cart/?remove_item=bf8229696f7a3bb4700cfddef19fa23f&_wpnonce=4a7e4cc2f7// HTTP/1.1" 301 257
54.37.252.36 - - [21/Aug/2026:06:34:59 -0400] "GET /cart/?remove_item=dba31bb5c75992690f20c2d3b370ec7c&_wpnonce=052ee3faa7// HTTP/1.1" 301 257
54.37.252.36 - - [21/Aug/2026:06:35:04 -0400] "GET /cart/?remove_item=e96ed478dab8595a7dbda4cbcbee168f&_wpnonce=f3353b96bb// HTTP/1.1" 301 257
54.37.252.36 - - [21/Aug/2026:06:35:09 -0400] "GET /cart/?remove_item=ec8ce6abb3e952a85b8551ba726a1227&_wpnonce=33da29ff81// HTTP/1.1" 301 257
54.37.252.36 - - [21/Aug/2026:06:35:15 -0400] "GET /cart/?remove_item=ec8ce6abb3e952a85b8551ba726a1227&_wpnonce=4327b92fbf// HTTP/1.1" 301 257
54.37.252.36 - - [21/Aug/2026:06:35:25 -0400] "GET /coffee-brewing-gear/brewers/?add-to-cart=165// HTTP/1.1" 301 257
54.37.252.36 - - [21/Aug/2026:06:35:35 -0400] "GET /coffee-brewing-gear/coffee-books/?add-to-cart=1272// HTTP/1.1" 301 257
54.37.252.36 - - [21/Aug/2026:06:35:47 -0400] "GET /coffee-brewing-gear/coffee-grinders/?add-to-cart=218// HTTP/1.1" 301 257
54.37.252.36 - - [21/Aug/2026:06:35:57 -0400] "GET /coffee-brewing-gear/coffee-grinders/?add-to-cart=223// HTTP/1.1" 301 257
54.37.252.36 - - [21/Aug/2026:06:36:07 -0400] "GET /coffee-brewing-gear/kettles/?add-to-cart=1272// HTTP/1.1" 301 257
54.37.252.36 - - [21/Aug/2026:06:36:12 -0400] "GET /coffee-terminology/altitude/?add-to-cart=1272// HTTP/1.1" 301 257
54.37.252.36 - - [21/Aug/2026:06:37:24 -0400] "GET /coffee-terminology/altitude/?add-to-cart=1272// HTTP/1.1" 301 257
54.37.252.36 - - [21/Aug/2026:06:37:29 -0400] "GET /coffee-terminology/altitude/?add-to-cart=214// HTTP/1.1" 301 257
54.37.252.36 - - [21/Aug/2026:06:37:32 -0400] "GET /coffee-terminology/single-origin/?add-to-cart=1272// HTTP/1.1" 301 257
54.37.252.36 - - [21/Aug/2026:06:37:35 -0400] "GET /coffee-terminology/single-origin/?add-to-cart=214// HTTP/1.1" 301 257
54.37.252.36 - - [21/Aug/2026:06:37:39 -0400] "GET /coffee-terminology/single-origin/?add-to-cart=223// HTTP/1.1" 301 257
54.37.252.36 - - [21/Aug/2026:06:37:43 -0400] "GET /coffee-terminology/three-waves-of-american-coffee-history/?add-to-cart=1272// HTTP/1.1" 301 257
54.37.252.36 - - [21/Aug/2026:06:37:47 -0400] "GET /coffee-terminology/what-is-decaf/?add-to-cart=214// HTTP/1.1" 301 257
54.37.252.36 - - [21/Aug/2026:06:37:51 -0400] "GET /coffee-terminology/what-is-decaf/?add-to-cart=223// HTTP/1.1" 301 257
54.37.252.36 - - [21/Aug/2026:06:37:55 -0400] "GET /coffee-terminology/world-history-of-coffee/?add-to-cart=1272// HTTP/1.1" 301 257
54.37.252.36 - - [21/Aug/2026:06:37:58 -0400] "GET /coffee/espresso/?add-to-cart=1272// HTTP/1.1" 301 257
54.37.252.36 - - [21/Aug/2026:06:38:02 -0400] "GET /coffee/espresso/?add-to-cart=197// HTTP/1.1" 301 257
54.37.252.36 - - [21/Aug/2026:06:38:07 -0400] "GET /esselon-coffee-merchandise/?add-to-cart=197// HTTP/1.1" 301 257
54.37.252.36 - - [21/Aug/2026:06:38:11 -0400] "GET /product/aeropress/?add-to-cart=197/ HTTP/1.1" 301 257
54.37.252.36 - - [21/Aug/2026:06:38:15 -0400] "GET /product/aeropress/?add-to-cart=214/ HTTP/1.1" 301 257
54.37.252.36 - - [21/Aug/2026:06:38:19 -0400] "GET /product/aeropress/?add-to-cart=218/ HTTP/1.1" 301 257
54.37.252.36 - - [21/Aug/2026:06:38:23 -0400] "GET /product/aeropress/?add-to-cart=220/ HTTP/1.1" 301 257
54.37.252.36 - - [21/Aug/2026:06:38:27 -0400] "GET /product/aeropress/?add-to-cart=223/ HTTP/1.1" 301 257
54.37.252.36 - - [21/Aug/2026:06:38:31 -0400] "GET /product/aeropress/?add-to-cart=76/ HTTP/1.1" 301 257
54.37.252.36 - - [21/Aug/2026:06:38:35 -0400] "GET /product/baratza-270-burr-grinder/?add-to-cart=1272/ HTTP/1.1" 301 257
54.37.252.36 - - [21/Aug/2026:06:38:39 -0400] "GET /product/baratza-270-burr-grinder/?add-to-cart=172/ HTTP/1.1" 301 257
54.37.252.36 - - [21/Aug/2026:06:38:43 -0400] "GET /product/baratza-encore-grinder/?add-to-cart=1272/ HTTP/1.1" 301 257
54.37.252.36 - - [21/Aug/2026:06:38:47 -0400] "GET /product/baratza-encore-grinder/?add-to-cart=1352/ HTTP/1.1" 301 257
54.37.252.36 - - [21/Aug/2026:06:38:51 -0400] "GET /product/baratza-encore-grinder/?add-to-cart=161/ HTTP/1.1" 301 257
54.37.252.36 - - [21/Aug/2026:06:38:55 -0400] "GET /product/baratza-encore-grinder/?add-to-cart=163/ HTTP/1.1" 301 257
54.37.252.36 - - [21/Aug/2026:06:38:59 -0400] "GET /product/baratza-encore-grinder/?add-to-cart=165/ HTTP/1.1" 301 257
54.37.252.36 - - [21/Aug/2026:06:39:02 -0400] "GET /product/baratza-encore-grinder/?add-to-cart=166/ HTTP/1.1" 301 257
54.37.252.36 - - [21/Aug/2026:06:39:06 -0400] "GET /product/baratza-encore-grinder/?add-to-cart=167/ HTTP/1.1" 301 257
54.37.252.36 - - [21/Aug/2026:06:39:10 -0400] "GET /product/baratza-encore-grinder/?add-to-cart=168/ HTTP/1.1" 301 257
54.37.252.36 - - [21/Aug/2026:06:39:13 -0400] "GET /product/baratza-encore-grinder/?add-to-cart=218// HTTP/1.1" 301 257
54.37.252.36 - - [21/Aug/2026:06:39:17 -0400] "GET /product/chemex-brewer-6-cup/?add-to-cart=166/ HTTP/1.1" 301 257
54.37.252.36 - - [21/Aug/2026:06:39:22 -0400] "GET /product/chemex-brewer-6-cup/?add-to-cart=167/ HTTP/1.1" 301 257
54.37.252.36 - - [21/Aug/2026:06:39:26 -0400] "GET /product/chemex-filter/?add-to-cart=218/ HTTP/1.1" 301 257
54.37.252.36 - - [21/Aug/2026:06:39:29 -0400] "GET /product/clever-dripper/?add-to-cart=166// HTTP/1.1" 301 257
54.37.252.36 - - [21/Aug/2026:06:39:33 -0400] "GET /product/clever-dripper/?add-to-cart=76/ HTTP/1.1" 301 257
54.37.252.36 - - [21/Aug/2026:06:39:37 -0400] "GET /product/esselon-cafe-gift-card/?add-to-cart=166// HTTP/1.1" 301 257
54.37.252.36 - - [21/Aug/2026:06:39:41 -0400] "GET /product/esselon-cafe-gift-card/?add-to-cart=174/ HTTP/1.1" 301 257
54.37.252.36 - - [21/Aug/2026:06:39:45 -0400] "GET /product/esselon-cafe-gift-card/?add-to-cart=176/ HTTP/1.1" 301 257
54.37.252.36 - - [21/Aug/2026:06:39:48 -0400] "GET /product/esselon-cafe-gift-card/?add-to-cart=177/ HTTP/1.1" 301 257
54.37.252.36 - - [21/Aug/2026:06:39:52 -0400] "GET /product/esselon-cafe-gift-card/?add-to-cart=179/ HTTP/1.1" 301 257
54.37.252.36 - - [21/Aug/2026:06:39:56 -0400] "GET /product/esselon-cafe-gift-card/?add-to-cart=197/ HTTP/1.1" 301 257
54.37.252.36 - - [21/Aug/2026:06:40:00 -0400] "GET /product/esselon-cafe-gift-card/?add-to-cart=214/ HTTP/1.1" 301 257
54.37.252.36 - - [21/Aug/2026:06:40:04 -0400] "GET /product/esselon-cafe-gift-card/?add-to-cart=218/ HTTP/1.1" 301 257
54.37.252.36 - - [21/Aug/2026:06:40:08 -0400] "GET /product/esselon-cafe-gift-card/?add-to-cart=220/ HTTP/1.1" 301 257
54.37.252.36 - - [21/Aug/2026:06:40:12 -0400] "GET /product/esselon-cafe-gift-card/?add-to-cart=223/ HTTP/1.1" 301 257
54.37.252.36 - - [21/Aug/2026:06:40:16 -0400] "GET /product/esselon-tee-shirt/?add-to-cart=161/ HTTP/1.1" 301 257
54.37.252.36 - - [21/Aug/2026:06:40:19 -0400] "GET /product/esselon-tee-shirt/?add-to-cart=163/ HTTP/1.1" 301 257
54.37.252.36 - - [21/Aug/2026:06:40:23 -0400] "GET /product/esselon-tee-shirt/?add-to-cart=165/ HTTP/1.1" 301 257
54.37.252.36 - - [21/Aug/2026:06:40:27 -0400] "GET /product/esselon-tee-shirt/?add-to-cart=167/ HTTP/1.1" 301 257
54.37.252.36 - - [21/Aug/2026:06:40:31 -0400] "GET /product/esselon-tee-shirt/?add-to-cart=169/ HTTP/1.1" 301 257
54.37.252.36 - - [21/Aug/2026:06:40:34 -0400] "GET /product/esselon-tee-shirt/?add-to-cart=172/ HTTP/1.1" 301 257
54.37.252.36 - - [21/Aug/2026:06:40:38 -0400] "GET /product/esselon-tee-shirt/?add-to-cart=174/ HTTP/1.1" 301 257
54.37.252.36 - - [21/Aug/2026:06:40:42 -0400] "GET /product/esselon-tee-shirt/?add-to-cart=176/ HTTP/1.1" 301 257
54.37.252.36 - - [21/Aug/2026:06:40:46 -0400] "GET /product/esselon-tee-shirt/?add-to-cart=179/ HTTP/1.1" 301 257
54.37.252.36 - - [21/Aug/2026:06:40:50 -0400] "GET /product/esselon-tee-shirt/?add-to-cart=197/ HTTP/1.1" 301 257
54.37.252.36 - - [21/Aug/2026:06:40:54 -0400] "GET /product/esselon-tee-shirt/?add-to-cart=214/ HTTP/1.1" 301 257
54.37.252.36 - - [21/Aug/2026:06:40:57 -0400] "GET /product/esselon-tee-shirt/?add-to-cart=218/ HTTP/1.1" 301 257
54.37.252.36 - - [21/Aug/2026:06:41:01 -0400] "GET /product/esselon-tee-shirt/?add-to-cart=220/ HTTP/1.1" 301 257
54.37.252.36 - - [21/Aug/2026:06:41:05 -0400] "GET /product/esselon-tee-shirt/?add-to-cart=76/ HTTP/1.1" 301 257
54.37.252.36 - - [21/Aug/2026:06:41:09 -0400] "GET /product/everything-but-espresso/?add-to-cart=1272/ HTTP/1.1" 301 257
54.37.252.36 - - [21/Aug/2026:06:41:13 -0400] "GET /product/everything-but-espresso/?add-to-cart=161/ HTTP/1.1" 301 257
54.37.252.36 - - [21/Aug/2026:06:41:16 -0400] "GET /product/everything-but-espresso/?add-to-cart=163/ HTTP/1.1" 301 257
54.37.252.36 - - [21/Aug/2026:06:41:20 -0400] "GET /product/everything-but-espresso/?add-to-cart=165/ HTTP/1.1" 301 257
54.37.252.36 - - [21/Aug/2026:06:41:24 -0400] "GET /product/everything-but-espresso/?add-to-cart=166/ HTTP/1.1" 301 257
54.37.252.36 - - [21/Aug/2026:06:41:27 -0400] "GET /product/everything-but-espresso/?add-to-cart=167/ HTTP/1.1" 301 257
54.37.252.36 - - [21/Aug/2026:06:41:31 -0400] "GET /product/everything-but-espresso/?add-to-cart=168/ HTTP/1.1" 301 257
54.37.252.36 - - [21/Aug/2026:06:41:35 -0400] "GET /product/everything-but-espresso/?add-to-cart=169/ HTTP/1.1" 301 257
54.37.252.36 - - [21/Aug/2026:06:41:39 -0400] "GET /product/everything-but-espresso/?add-to-cart=172/ HTTP/1.1" 301 257
54.37.252.36 - - [21/Aug/2026:06:41:42 -0400] "GET /product/everything-but-espresso/?add-to-cart=174/ HTTP/1.1" 301 257
54.37.252.36 - - [21/Aug/2026:06:41:46 -0400] "GET /product/everything-but-espresso/?add-to-cart=176/ HTTP/1.1" 301 257
54.37.252.36 - - [21/Aug/2026:06:41:50 -0400] "GET /product/everything-but-espresso/?add-to-cart=177/ HTTP/1.1" 301 257
54.37.252.36 - - [21/Aug/2026:06:41:54 -0400] "GET /product/everything-but-espresso/?add-to-cart=179/ HTTP/1.1" 301 257
54.37.252.36 - - [21/Aug/2026:06:41:57 -0400] "GET /product/everything-but-espresso/?add-to-cart=197/ HTTP/1.1" 301 257
54.37.252.36 - - [21/Aug/2026:06:42:01 -0400] "GET /product/everything-but-espresso/?add-to-cart=214/ HTTP/1.1" 301 257
54.37.252.36 - - [21/Aug/2026:06:42:05 -0400] "GET /product/everything-but-espresso/?add-to-cart=218/ HTTP/1.1" 301 257
54.37.252.36 - - [21/Aug/2026:06:42:08 -0400] "GET /product/everything-but-espresso/?add-to-cart=223/ HTTP/1.1" 301 257
54.37.252.36 - - [21/Aug/2026:06:42:12 -0400] "GET /product/everything-but-espresso/?add-to-cart=76/ HTTP/1.1" 301 257
54.37.252.36 - - [21/Aug/2026:06:42:16 -0400] "GET /product/freud-espresso-brewer/?add-to-cart=1272/ HTTP/1.1" 301 257
54.37.252.36 - - [21/Aug/2026:06:42:20 -0400] "GET /product/freud-espresso-brewer/?add-to-cart=161/ HTTP/1.1" 301 257
54.37.252.36 - - [21/Aug/2026:06:42:24 -0400] "GET /product/freud-espresso-brewer/?add-to-cart=165/ HTTP/1.1" 301 257
54.37.252.36 - - [21/Aug/2026:06:42:28 -0400] "GET /product/freud-espresso-brewer/?add-to-cart=167/ HTTP/1.1" 301 257
54.37.252.36 - - [21/Aug/2026:06:42:31 -0400] "GET /product/freud-espresso-brewer/?add-to-cart=168/ HTTP/1.1" 301 257
54.37.252.36 - - [21/Aug/2026:06:42:35 -0400] "GET /product/freud-espresso-brewer/?add-to-cart=172/ HTTP/1.1" 301 257
54.37.252.36 - - [21/Aug/2026:06:42:38 -0400] "GET /product/freud-espresso-brewer/?add-to-cart=174/ HTTP/1.1" 301 257
54.37.252.36 - - [21/Aug/2026:06:42:42 -0400] "GET /product/freud-espresso-brewer/?add-to-cart=176/ HTTP/1.1" 301 257
54.37.252.36 - - [21/Aug/2026:06:42:46 -0400] "GET /product/freud-espresso-brewer/?add-to-cart=177/ HTTP/1.1" 301 257
54.37.252.36 - - [21/Aug/2026:06:42:50 -0400] "GET /product/freud-espresso-brewer/?add-to-cart=179/ HTTP/1.1" 301 257
54.37.252.36 - - [21/Aug/2026:06:42:53 -0400] "GET /product/freud-espresso-brewer/?add-to-cart=197/ HTTP/1.1" 301 257
54.37.252.36 - - [21/Aug/2026:06:42:57 -0400] "GET /product/freud-espresso-brewer/?add-to-cart=214/ HTTP/1.1" 301 257
54.37.252.36 - - [21/Aug/2026:06:43:01 -0400] "GET /product/freud-espresso-brewer/?add-to-cart=218/ HTTP/1.1" 301 257
54.37.252.36 - - [21/Aug/2026:06:43:04 -0400] "GET /product/freud-espresso-brewer/?add-to-cart=76/ HTTP/1.1" 301 257
54.37.252.36 - - [21/Aug/2026:06:43:08 -0400] "GET /product/hario-range-server/?add-to-cart=1272/ HTTP/1.1" 301 257
54.37.252.36 - - [21/Aug/2026:06:43:12 -0400] "GET /product/hario-range-server/?add-to-cart=161/ HTTP/1.1" 301 257
54.37.252.36 - - [21/Aug/2026:06:43:15 -0400] "GET /product/hario-range-server/?add-to-cart=163/ HTTP/1.1" 301 257
54.37.252.36 - - [21/Aug/2026:06:43:19 -0400] "GET /product/hario-range-server/?add-to-cart=165/ HTTP/1.1" 301 257
114.119.136.92 - - [21/Aug/2026:06:43:23 -0400] "GET /product/chemex-brewer-6-cup/?doing_wp_cron=1649460053.9288980960845947265625 HTTP/1.1" 301 257
54.37.252.36 - - [21/Aug/2026:06:43:23 -0400] "GET /product/hario-range-server/?add-to-cart=166/ HTTP/1.1" 301 257
54.37.252.36 - - [21/Aug/2026:06:43:27 -0400] "GET /product/hario-range-server/?add-to-cart=167/ HTTP/1.1" 301 257
54.37.252.36 - - [21/Aug/2026:06:43:30 -0400] "GET /product/hario-range-server/?add-to-cart=169/ HTTP/1.1" 301 257
54.37.252.36 - - [21/Aug/2026:06:43:34 -0400] "GET /product/hario-range-server/?add-to-cart=172/ HTTP/1.1" 301 257
54.37.252.36 - - [21/Aug/2026:06:43:38 -0400] "GET /product/hario-range-server/?add-to-cart=174/ HTTP/1.1" 301 257
54.37.252.36 - - [21/Aug/2026:06:43:42 -0400] "GET /product/hario-range-server/?add-to-cart=176/ HTTP/1.1" 301 257
54.37.252.36 - - [21/Aug/2026:06:43:46 -0400] "GET /product/hario-range-server/?add-to-cart=177/ HTTP/1.1" 301 257
54.37.252.36 - - [21/Aug/2026:06:43:49 -0400] "GET /product/hario-range-server/?add-to-cart=179/ HTTP/1.1" 301 257
54.37.252.36 - - [21/Aug/2026:06:43:53 -0400] "GET /product/hario-range-server/?add-to-cart=197/ HTTP/1.1" 301 257
54.37.252.36 - - [21/Aug/2026:06:43:57 -0400] "GET /product/hario-range-server/?add-to-cart=214/ HTTP/1.1" 301 257
54.37.252.36 - - [21/Aug/2026:06:44:00 -0400] "GET /product/hario-range-server/?add-to-cart=218/ HTTP/1.1" 301 257
54.37.252.36 - - [21/Aug/2026:06:44:04 -0400] "GET /product/hario-range-server/?add-to-cart=223/ HTTP/1.1" 301 257
54.37.252.36 - - [21/Aug/2026:06:44:08 -0400] "GET /product/hario-v60/?add-to-cart=1272/ HTTP/1.1" 301 257
54.37.252.36 - - [21/Aug/2026:06:44:12 -0400] "GET /product/hario-v60/?add-to-cart=161/ HTTP/1.1" 301 257
54.37.252.36 - - [21/Aug/2026:06:44:15 -0400] "GET /product/hario-v60/?add-to-cart=163/ HTTP/1.1" 301 257
54.37.252.36 - - [21/Aug/2026:06:44:19 -0400] "GET /product/hario-v60/?add-to-cart=165/ HTTP/1.1" 301 257
54.37.252.36 - - [21/Aug/2026:06:44:23 -0400] "GET /product/hario-v60/?add-to-cart=166/ HTTP/1.1" 301 257
54.37.252.36 - - [21/Aug/2026:06:44:26 -0400] "GET /product/hario-v60/?add-to-cart=168/ HTTP/1.1" 301 257
54.37.252.36 - - [21/Aug/2026:06:44:31 -0400] "GET /product/hario-v60/?add-to-cart=172/ HTTP/1.1" 301 257
54.37.252.36 - - [21/Aug/2026:06:44:34 -0400] "GET /product/hario-v60/?add-to-cart=174/ HTTP/1.1" 301 257
54.37.252.36 - - [21/Aug/2026:06:44:38 -0400] "GET /product/hario-v60/?add-to-cart=176/ HTTP/1.1" 301 257
54.37.252.36 - - [21/Aug/2026:06:44:42 -0400] "GET /product/hario-v60/?add-to-cart=177/ HTTP/1.1" 301 257
54.37.252.36 - - [21/Aug/2026:06:44:45 -0400] "GET /product/hario-v60/?add-to-cart=179/ HTTP/1.1" 301 257
54.37.252.36 - - [21/Aug/2026:06:44:49 -0400] "GET /product/hario-v60/?add-to-cart=197/ HTTP/1.1" 301 257
54.37.252.36 - - [21/Aug/2026:06:44:52 -0400] "GET /product/hario-v60/?add-to-cart=214/ HTTP/1.1" 301 257
54.37.252.36 - - [21/Aug/2026:06:44:56 -0400] "GET /product/hario-v60/?add-to-cart=218/ HTTP/1.1" 301 257
54.37.252.36 - - [21/Aug/2026:06:44:59 -0400] "GET /product/hario-v60/?add-to-cart=220/ HTTP/1.1" 301 257
54.37.252.36 - - [21/Aug/2026:06:45:03 -0400] "GET /product/hario-v60/?add-to-cart=223/ HTTP/1.1" 301 257
