160.19.92.32 - - [18/Aug/2026:07:38:20 -0400] "GET /wp-content/plugins/LayerSlider/assets/static/layerslider/js/layerslider.utils.js?ver=6.11.2 HTTP/1.1" 200 41985
142.252.35.125 - - [18/Aug/2026:07:38:20 -0400] "GET /wp-content/themes/Avada/includes/lib/assets/min/js/general/fusion-equal-heights.js?ver=1 HTTP/1.1" 200 621
142.252.35.125 - - [18/Aug/2026:07:38:20 -0400] "GET /wp-content/themes/Avada/includes/lib/assets/min/js/library/jquery.fade.js?ver=1 HTTP/1.1" 200 437
142.252.35.125 - - [18/Aug/2026:07:38:20 -0400] "GET /wp-content/plugins/fusion-builder/assets/js/min/general/fusion-column.js?ver=1 HTTP/1.1" 200 922
64.140.130.68 - - [18/Aug/2026:07:38:20 -0400] "GET /wp-content/plugins/elegant-elements-fusion-builder/assets/js/min/infi-elegant-dividers.min.js?ver=1 HTTP/1.1" 200 6349
160.19.92.32 - - [18/Aug/2026:07:38:20 -0400] "GET /wp-content/plugins/LayerSlider/assets/static/layerslider/js/layerslider.kreaturamedia.jquery.js?ver=6.11.2 HTTP/1.1" 200 47183
142.252.35.125 - - [18/Aug/2026:07:38:20 -0400] "GET /wp-content/themes/Avada/includes/lib/assets/min/js/library/jquery.requestAnimationFrame.js?ver=1 HTTP/1.1" 200 337
142.252.35.125 - - [18/Aug/2026:07:38:20 -0400] "GET /wp-content/themes/Avada/includes/lib/assets/min/js/library/fusion-parallax.js?ver=1 HTTP/1.1" 200 2855
142.252.35.125 - - [18/Aug/2026:07:38:20 -0400] "GET /wp-content/themes/Avada/includes/lib/assets/min/js/library/fusion-video-bg.js?ver=1 HTTP/1.1" 200 1966
64.140.128.173 - - [18/Aug/2026:07:38:20 -0400] "GET /wp-content/themes/Avada/includes/lib/assets/min/js/library/bootstrap.popover.js?ver=3.3.5 HTTP/1.1" 200 732
107.174.109.42 - - [18/Aug/2026:07:38:20 -0400] "GET /wp-includes/js/jquery/jquery.js?ver=1.12.4-wp HTTP/1.1" 200 33776
142.252.35.125 - - [18/Aug/2026:07:38:20 -0400] "GET /wp-content/themes/Avada/includes/lib/assets/min/js/library/jquery.sticky-kit.js?ver=1.1.2 HTTP/1.1" 200 1932
142.252.35.125 - - [18/Aug/2026:07:38:20 -0400] "GET /wp-content/plugins/fusion-builder/assets/js/min/general/fusion-container.js?ver=1 HTTP/1.1" 200 3041
142.252.35.125 - - [18/Aug/2026:07:38:20 -0400] "GET /wp-content/plugins/fusion-builder/assets/js/min/general/fusion-content-boxes.js?ver=1 HTTP/1.1" 200 949
64.140.128.173 - - [18/Aug/2026:07:38:20 -0400] "GET /wp-content/plugins/fusion-builder/assets/js/min/general/fusion-title.js?ver=1 HTTP/1.1" 200 1578
142.252.35.125 - - [18/Aug/2026:07:38:20 -0400] "GET /wp-content/plugins/fusion-builder/assets/js/min/library/jquery.countdown.js?ver=1.0 HTTP/1.1" 200 1055
142.252.35.125 - - [18/Aug/2026:07:38:20 -0400] "GET /wp-content/plugins/fusion-builder/assets/js/min/general/fusion-countdown.js?ver=1 HTTP/1.1" 200 329
142.252.35.125 - - [18/Aug/2026:07:38:20 -0400] "GET /wp-content/plugins/fusion-builder/assets/js/min/library/jquery.countTo.js?ver=1 HTTP/1.1" 200 429
142.252.35.125 - - [18/Aug/2026:07:38:20 -0400] "GET /wp-content/themes/Avada/includes/lib/assets/min/js/library/jquery.appear.js?ver=1 HTTP/1.1" 200 1324
142.252.35.125 - - [18/Aug/2026:07:38:20 -0400] "GET /wp-content/plugins/fusion-builder/assets/js/min/library/jquery.easyPieChart.js?ver=2.1.7 HTTP/1.1" 200 1451
64.140.128.173 - - [18/Aug/2026:07:38:20 -0400] "GET /wp-content/themes/Avada/includes/lib/assets/min/js/library/lazysizes.js?ver=4.1.5 HTTP/1.1" 200 3228
142.252.35.125 - - [18/Aug/2026:07:38:20 -0400] "GET /wp-content/plugins/fusion-builder/assets/js/min/general/fusion-counters-box.js?ver=1 HTTP/1.1" 200 527
64.140.128.173 - - [18/Aug/2026:07:38:20 -0400] "GET /wp-content/themes/Avada/includes/lib/assets/min/js/library/jquery.carouFredSel.js?ver=6.2.1 HTTP/1.1" 200 13468
107.174.109.42 - - [18/Aug/2026:07:38:20 -0400] "GET /wp-content/plugins/LayerSlider/assets/static/layerslider/js/layerslider.utils.js?ver=6.11.2 HTTP/1.1" 200 41985
142.252.35.125 - - [18/Aug/2026:07:38:20 -0400] "GET /wp-content/plugins/fusion-builder/assets/js/min/general/fusion-flip-boxes.js?ver=1 HTTP/1.1" 200 658
142.252.35.125 - - [18/Aug/2026:07:38:20 -0400] "GET /wp-content/plugins/fusion-builder/assets/js/min/general/fusion-counters-circle.js?ver=1 HTTP/1.1" 200 959
142.252.35.125 - - [18/Aug/2026:07:38:20 -0400] "GET /wp-content/plugins/fusion-builder/assets/js/min/general/fusion-gallery.js?ver=1 HTTP/1.1" 200 712
107.174.109.42 - - [18/Aug/2026:07:38:20 -0400] "GET /wp-content/plugins/LayerSlider/assets/static/layerslider/js/layerslider.transitions.js?ver=6.11.2 HTTP/1.1" 200 3377
64.140.128.173 - - [18/Aug/2026:07:38:20 -0400] "GET /wp-content/themes/Avada/includes/lib/assets/min/js/library/jquery.easing.js?ver=1.3 HTTP/1.1" 200 800
64.140.128.173 - - [18/Aug/2026:07:38:20 -0400] "GET /wp-content/themes/Avada/includes/lib/assets/min/js/library/jquery.flexslider.js?ver=2.2.2 HTTP/1.1" 200 6514
107.174.109.42 - - [18/Aug/2026:07:38:20 -0400] "GET /wp-content/plugins/LayerSlider/assets/static/layerslider/js/layerslider.kreaturamedia.jquery.js?ver=6.11.2 HTTP/1.1" 200 47183
142.252.35.125 - - [18/Aug/2026:07:38:20 -0400] "GET /wp-content/themes/Avada/includes/lib/assets/min/js/library/jquery.fusion_maps.js?ver=2.2.2 HTTP/1.1" 200 1932
64.140.130.68 - - [18/Aug/2026:07:38:20 -0400] "GET /wp-content/plugins/elegant-elements-fusion-builder/assets/js/min/infi-elegant-rotating-text.min.js?ver=1 HTTP/1.1" 200 870
142.252.35.125 - - [18/Aug/2026:07:38:20 -0400] "GET /wp-content/plugins/fusion-builder/assets/js/min/library/jquery.event.move.js?ver=2.0 HTTP/1.1" 200 1973
142.252.35.125 - - [18/Aug/2026:07:38:20 -0400] "GET /wp-content/themes/Avada/includes/lib/assets/min/js/general/fusion-google-map.js?ver=1 HTTP/1.1" 200 302
64.140.130.68 - - [18/Aug/2026:07:38:20 -0400] "GET /wp-content/plugins/elegant-elements-fusion-builder/assets/js/min/infi-elegant-testimonials.min.js?ver=1 HTTP/1.1" 200 284
142.252.35.125 - - [18/Aug/2026:07:38:20 -0400] "GET /wp-content/plugins/fusion-builder/assets/js/min/general/fusion-image-before-after.js?ver=1.0 HTTP/1.1" 200 1080
142.252.35.125 - - [18/Aug/2026:07:38:20 -0400] "GET /wp-content/plugins/fusion-builder/assets/js/min/general/fusion-lottie.js?ver=1 HTTP/1.1" 200 554
64.140.128.173 - - [18/Aug/2026:07:38:20 -0400] "GET /wp-content/themes/Avada/includes/lib/assets/min/js/library/jquery.hoverflow.js?ver=1 HTTP/1.1" 200 334
142.252.35.125 - - [18/Aug/2026:07:38:20 -0400] "GET /wp-content/plugins/fusion-builder/assets/js/min/library/lottie.js?ver=5.7.1 HTTP/1.1" 200 64451
107.174.109.42 - - [18/Aug/2026:07:38:20 -0400] "GET /wp-content/plugins/fusion-builder-elegant-tabs/js/eTabs.js?ver=2.7 HTTP/1.1" 200 5828
142.252.35.125 - - [18/Aug/2026:07:38:20 -0400] "GET /wp-content/plugins/fusion-builder/assets/js/min/general/fusion-menu.js?ver=1 HTTP/1.1" 200 2523
64.140.128.173 - - [18/Aug/2026:07:38:20 -0400] "GET /wp-content/themes/Avada/includes/lib/assets/min/js/library/jquery.placeholder.js?ver=2.0.7 HTTP/1.1" 200 849
142.252.35.125 - - [18/Aug/2026:07:38:20 -0400] "GET /wp-content/plugins/fusion-builder/assets/js/min/general/fusion-progress.js?ver=1 HTTP/1.1" 200 343
142.252.35.125 - - [18/Aug/2026:07:38:20 -0400] "GET /wp-content/plugins/fusion-builder/assets/js/min/general/fusion-recent-posts.js?ver=1 HTTP/1.1" 200 821
64.140.128.173 - - [18/Aug/2026:07:38:20 -0400] "GET /wp-content/themes/Avada/includes/lib/assets/min/js/library/jquery.touchSwipe.js?ver=1.6.6 HTTP/1.1" 200 3541
142.252.35.125 - - [18/Aug/2026:07:38:20 -0400] "GET /wp-content/themes/Avada/includes/lib/assets/min/js/library/bootstrap.transition.js?ver=3.3.6 HTTP/1.1" 200 373
142.252.35.125 - - [18/Aug/2026:07:38:20 -0400] "GET /wp-content/plugins/fusion-builder/assets/js/min/general/fusion-syntax-highlighter.js?ver=1 HTTP/1.1" 200 733
160.19.92.32 - - [18/Aug/2026:07:38:20 -0400] "GET /wp-content/plugins/LayerSlider/assets/static/layerslider/js/layerslider.transitions.js?ver=6.11.2 HTTP/1.1" 200 3377
64.140.128.173 - - [18/Aug/2026:07:38:20 -0400] "GET /wp-content/themes/Avada/includes/lib/assets/min/js/general/fusion-alert.js?ver=1 HTTP/1.1" 200 195
107.174.109.42 - - [18/Aug/2026:07:38:20 -0400] "GET /wp-content/plugins/elegant-elements-fusion-builder/assets/js/min/infi-elegant-fancy-button.min.js?ver=3.6.7 HTTP/1.1" 200 271
142.252.35.125 - - [18/Aug/2026:07:38:20 -0400] "GET /wp-content/themes/Avada/includes/lib/assets/min/js/library/bootstrap.tab.js?ver=3.1.1 HTTP/1.1" 200 767
64.140.139.45 - - [18/Aug/2026:07:38:20 -0400] "GET /dental-vision-and-hearing/ HTTP/1.1" 200 21701
142.252.35.125 - - [18/Aug/2026:07:38:20 -0400] "GET /wp-content/plugins/fusion-builder/assets/js/min/general/fusion-tabs.js?ver=1 HTTP/1.1" 200 965
142.252.35.125 - - [18/Aug/2026:07:38:20 -0400] "GET /wp-content/themes/Avada/includes/lib/assets/min/js/library/jquery.cycle.js?ver=3.0.3 HTTP/1.1" 200 7126
142.252.35.125 - - [18/Aug/2026:07:38:20 -0400] "GET /wp-content/plugins/fusion-builder/assets/js/min/library/jquery.textillate.js?ver=2.0 HTTP/1.1" 200 2170
142.252.35.125 - - [18/Aug/2026:07:38:20 -0400] "GET /wp-content/plugins/fusion-builder/assets/js/min/general/fusion-testimonials.js?ver=1 HTTP/1.1" 200 575
107.174.109.42 - - [18/Aug/2026:07:38:20 -0400] "GET /wp-content/plugins/elegant-elements-fusion-builder/assets/js/min/infi-elegant-video-list.min.js?ver=1 HTTP/1.1" 200 565
142.252.35.125 - - [18/Aug/2026:07:38:20 -0400] "GET /wp-content/plugins/fusion-builder/assets/js/min/general/fusion-title.js?ver=1 HTTP/1.1" 200 1578
107.174.109.42 - - [18/Aug/2026:07:38:20 -0400] "GET /wp-content/themes/Avada/includes/lib/assets/min/js/library/imagesLoaded.js?ver=3.1.8 HTTP/1.1" 200 2221
142.252.35.125 - - [18/Aug/2026:07:38:20 -0400] "GET /wp-content/themes/Avada/includes/lib/assets/min/js/library/bootstrap.collapse.js?ver=3.1.1 HTTP/1.1" 200 1173
142.252.35.125 - - [18/Aug/2026:07:38:20 -0400] "GET /wp-content/plugins/fusion-builder/assets/js/min/general/fusion-toggles.js?ver=1 HTTP/1.1" 200 620
107.174.109.42 - - [18/Aug/2026:07:38:20 -0400] "GET /wp-content/themes/Avada/includes/lib/assets/min/js/library/isotope.js?ver=3.0.4 HTTP/1.1" 200 9619
107.174.109.42 - - [18/Aug/2026:07:38:20 -0400] "GET /wp-content/themes/Avada/includes/lib/assets/min/js/library/packery.js?ver=2.0.0 HTTP/1.1" 200 4124
142.252.35.125 - - [18/Aug/2026:07:38:20 -0400] "GET /wp-content/themes/Avada/includes/lib/assets/min/js/library/vimeoPlayer.js?ver=2.2.1 HTTP/1.1" 200 5319
64.140.130.68 - - [18/Aug/2026:07:38:20 -0400] "GET /wp-content/themes/Avada/includes/lib/assets/min/js/library/bootstrap.modal.js?ver=3.1.1 HTTP/1.1" 200 1301
107.174.109.42 - - [18/Aug/2026:07:38:20 -0400] "GET /wp-content/plugins/elegant-elements-fusion-builder/assets/js/min/infi-elegant-image-filters.min.js?ver=1 HTTP/1.1" 200 456
64.140.128.173 - - [18/Aug/2026:07:38:20 -0400] "GET /wp-content/themes/Avada/includes/lib/assets/min/js/general/fusion-flexslider.js?ver=1 HTTP/1.1" 200 1306
142.252.35.125 - - [18/Aug/2026:07:38:20 -0400] "GET /wp-content/themes/Avada/includes/lib/assets/min/js/library/jquery.hoverintent.js?ver=1 HTTP/1.1" 200 455
142.252.35.125 - - [18/Aug/2026:07:38:20 -0400] "GET /wp-content/plugins/fusion-builder/assets/js/min/general/fusion-video.js?ver=1 HTTP/1.1" 200 675
107.174.109.42 - - [18/Aug/2026:07:38:20 -0400] "GET /wp-content/plugins/elegant-elements-fusion-builder/assets/js/min/infi-elegant-image-separator.min.js?ver=1 HTTP/1.1" 200 204
64.140.128.173 - - [18/Aug/2026:07:38:20 -0400] "GET /wp-content/themes/Avada/includes/lib/assets/min/js/library/bootstrap.tooltip.js?ver=3.3.5 HTTP/1.1" 200 3831
64.140.130.68 - - [18/Aug/2026:07:38:20 -0400] "GET /wp-content/plugins/fusion-builder/assets/js/min/general/fusion-modal.js?ver=1 HTTP/1.1" 200 852
142.252.35.125 - - [18/Aug/2026:07:38:20 -0400] "GET /wp-content/plugins/fusion-core/js/min/fusion-vertical-menu-widget.js?ver=5.0.2 HTTP/1.1" 200 461
142.252.35.125 - - [18/Aug/2026:07:38:20 -0400] "GET /wp-content/themes/Avada/includes/lib/assets/min/js/general/fusion.js?ver=3.0.2 HTTP/1.1" 200 1250
142.252.35.125 - - [18/Aug/2026:07:38:20 -0400] "GET /wp-content/themes/Avada/includes/lib/assets/min/js/library/lazysizes.js?ver=4.1.5 HTTP/1.1" 200 3228
107.174.109.42 - - [18/Aug/2026:07:38:20 -0400] "GET /wp-content/plugins/elegant-elements-fusion-builder/assets/js/min/infi-elegant-expanding-sections.min.js?ver=1 HTTP/1.1" 200 207
107.174.109.42 - - [18/Aug/2026:07:38:20 -0400] "GET /wp-content/plugins/elegant-elements-fusion-builder/assets/js/min/infi-elegant-advanced-video.min.js?ver=1 HTTP/1.1" 200 284
142.252.35.125 - - [18/Aug/2026:07:38:20 -0400] "GET /wp-content/themes/Avada/includes/lib/assets/min/js/library/bootstrap.tooltip.js?ver=3.3.5 HTTP/1.1" 200 3831
107.174.109.42 - - [18/Aug/2026:07:38:20 -0400] "GET /wp-content/plugins/elegant-elements-fusion-builder/assets/js/min/jquery.mobile.custom.min.js?ver=1 HTTP/1.1" 200 7964
107.174.109.42 - - [18/Aug/2026:07:38:20 -0400] "GET /wp-content/plugins/elegant-elements-fusion-builder/assets/js/min/infi-elegant-image-compare.min.js?ver=1 HTTP/1.1" 200 579
142.252.35.125 - - [18/Aug/2026:07:38:20 -0400] "GET /wp-content/themes/Avada/includes/lib/assets/min/js/library/bootstrap.popover.js?ver=3.3.5 HTTP/1.1" 200 732
142.252.35.125 - - [18/Aug/2026:07:38:20 -0400] "GET /wp-content/themes/Avada/includes/lib/assets/min/js/library/jquery.carouFredSel.js?ver=6.2.1 HTTP/1.1" 200 13468
160.19.92.32 - - [18/Aug/2026:07:38:20 -0400] "GET /wp-content/plugins/fusion-builder-elegant-tabs/js/eTabs.js?ver=2.7 HTTP/1.1" 200 5828
107.174.109.42 - - [18/Aug/2026:07:38:20 -0400] "GET /wp-content/plugins/elegant-elements-fusion-builder/assets/js/min/infi-elegant-testimonials.min.js?ver=1 HTTP/1.1" 200 284
64.140.128.173 - - [18/Aug/2026:07:38:20 -0400] "GET /wp-content/themes/Avada/includes/lib/assets/min/js/general/fusion-popover.js?ver=1 HTTP/1.1" 200 305
142.252.35.125 - - [18/Aug/2026:07:38:20 -0400] "GET /wp-content/themes/Avada/includes/lib/assets/min/js/library/jquery.easing.js?ver=1.3 HTTP/1.1" 200 800
142.252.35.125 - - [18/Aug/2026:07:38:20 -0400] "GET /wp-content/themes/Avada/includes/lib/assets/min/js/library/jquery.flexslider.js?ver=2.2.2 HTTP/1.1" 200 6514
64.140.128.173 - - [18/Aug/2026:07:38:20 -0400] "GET /wp-content/themes/Avada/includes/lib/assets/min/js/general/fusion-tooltip.js?ver=1 HTTP/1.1" 200 493
142.252.35.125 - - [18/Aug/2026:07:38:20 -0400] "GET /wp-content/themes/Avada/includes/lib/assets/min/js/library/jquery.hoverflow.js?ver=1 HTTP/1.1" 200 334
107.174.109.42 - - [18/Aug/2026:07:38:20 -0400] "GET /wp-content/plugins/elegant-elements-fusion-builder/assets/js/min/infi-elegant-carousel.min.js?ver=1 HTTP/1.1" 200 11323
142.252.35.125 - - [18/Aug/2026:07:38:20 -0400] "GET /wp-content/themes/Avada/includes/lib/assets/min/js/library/jquery.placeholder.js?ver=2.0.7 HTTP/1.1" 200 849
107.174.109.42 - - [18/Aug/2026:07:38:20 -0400] "GET /wp-content/plugins/elegant-elements-fusion-builder/assets/js/min/infi-elegant-typewriter-text.min.js?ver=1 HTTP/1.1" 200 2542
107.174.109.42 - - [18/Aug/2026:07:38:20 -0400] "GET /wp-content/plugins/elegant-elements-fusion-builder/assets/js/min/infi-elegant-content-toggle.min.js?ver=1 HTTP/1.1" 200 253
107.174.109.42 - - [18/Aug/2026:07:38:20 -0400] "GET /wp-content/plugins/elegant-elements-fusion-builder/assets/js/min/infi-elegant-dividers.min.js?ver=1 HTTP/1.1" 200 6349
107.174.109.42 - - [18/Aug/2026:07:38:20 -0400] "GET /wp-content/plugins/elegant-elements-fusion-builder/assets/js/min/infi-elegant-rotating-text.min.js?ver=1 HTTP/1.1" 200 870
142.252.35.125 - - [18/Aug/2026:07:38:20 -0400] "GET /wp-content/themes/Avada/includes/lib/assets/min/js/library/jquery.touchSwipe.js?ver=1.6.6 HTTP/1.1" 200 3541
142.252.35.125 - - [18/Aug/2026:07:38:20 -0400] "GET /wp-content/themes/Avada/includes/lib/assets/min/js/general/fusion-alert.js?ver=1 HTTP/1.1" 200 195
107.174.109.42 - - [18/Aug/2026:07:38:20 -0400] "GET /wp-content/themes/Avada/includes/lib/assets/min/js/library/bootstrap.modal.js?ver=3.1.1 HTTP/1.1" 200 1301
142.252.35.125 - - [18/Aug/2026:07:38:20 -0400] "GET /wp-content/themes/Avada/includes/lib/assets/min/js/general/fusion-carousel.js?ver=1 HTTP/1.1" 200 1334
64.140.130.68 - - [18/Aug/2026:07:38:20 -0400] "GET /wp-content/plugins/elegant-elements-fusion-builder/assets/js/min/infi-elegant-modal-dialog.min.js?ver=1 HTTP/1.1" 200 217
142.252.35.125 - - [18/Aug/2026:07:38:20 -0400] "GET /wp-content/themes/Avada/includes/lib/assets/min/js/general/fusion-flexslider.js?ver=1 HTTP/1.1" 200 1306
142.252.35.125 - - [18/Aug/2026:07:38:20 -0400] "GET /wp-content/themes/Avada/includes/lib/assets/min/js/general/fusion-popover.js?ver=1 HTTP/1.1" 200 305
64.140.128.173 - - [18/Aug/2026:07:38:20 -0400] "GET /wp-content/themes/Avada/includes/lib/assets/min/js/general/fusion-sharing-box.js?ver=1 HTTP/1.1" 200 339
64.140.128.173 - - [18/Aug/2026:07:38:20 -0400] "GET /wp-content/themes/Avada/includes/lib/assets/min/js/general/fusion-blog.js?ver=1 HTTP/1.1" 200 2041
142.252.35.125 - - [18/Aug/2026:07:38:20 -0400] "GET /wp-content/themes/Avada/includes/lib/assets/min/js/general/fusion-tooltip.js?ver=1 HTTP/1.1" 200 493
107.174.109.42 - - [18/Aug/2026:07:38:20 -0400] "GET /wp-content/plugins/fusion-builder/assets/js/min/general/fusion-modal.js?ver=1 HTTP/1.1" 200 852
107.174.109.42 - - [18/Aug/2026:07:38:20 -0400] "GET /wp-content/plugins/elegant-elements-fusion-builder/assets/js/min/infi-elegant-modal-dialog.min.js?ver=1 HTTP/1.1" 200 217
64.140.128.173 - - [18/Aug/2026:07:38:20 -0400] "GET /wp-content/themes/Avada/includes/lib/assets/min/js/general/fusion-button.js?ver=1 HTTP/1.1" 200 174
142.252.35.125 - - [18/Aug/2026:07:38:20 -0400] "GET /wp-content/themes/Avada/includes/lib/assets/min/js/general/fusion-sharing-box.js?ver=1 HTTP/1.1" 200 339
142.252.35.125 - - [18/Aug/2026:07:38:20 -0400] "GET /wp-content/themes/Avada/includes/lib/assets/min/js/general/fusion-blog.js?ver=1 HTTP/1.1" 200 2041
107.174.109.42 - - [18/Aug/2026:07:38:20 -0400] "GET /wp-content/themes/Avada/includes/lib/assets/min/js/library/jquery.infinitescroll.js?ver=2.1 HTTP/1.1" 200 11989
107.174.109.42 - - [18/Aug/2026:07:38:20 -0400] "GET /wp-content/plugins/fusion-core/js/min/avada-faqs.js?ver=5.0.2 HTTP/1.1" 200 448
107.174.109.42 - - [18/Aug/2026:07:38:20 -0400] "GET /wp-content/themes/Avada/includes/lib/assets/min/js/library/modernizr.js?ver=3.3.1 HTTP/1.1" 200 5086
107.174.109.42 - - [18/Aug/2026:07:38:20 -0400] "GET /wp-content/themes/Avada/includes/lib/assets/min/js/library/jquery.fitvids.js?ver=1.1 HTTP/1.1" 200 788
142.252.35.125 - - [18/Aug/2026:07:38:20 -0400] "GET /wp-content/themes/Avada/includes/lib/assets/min/js/general/fusion-button.js?ver=1 HTTP/1.1" 200 174
142.252.35.125 - - [18/Aug/2026:07:38:20 -0400] "GET /wp-content/themes/Avada/includes/lib/assets/min/js/general/fusion-general-global.js?ver=1 HTTP/1.1" 200 245
142.252.35.125 - - [18/Aug/2026:07:38:20 -0400] "GET /wp-content/themes/Avada/assets/min/js/general/avada-header.js?ver=7.0.2 HTTP/1.1" 200 4098
142.252.35.125 - - [18/Aug/2026:07:38:20 -0400] "GET /wp-content/themes/Avada/assets/min/js/general/avada-menu.js?ver=7.0.2 HTTP/1.1" 200 6819
64.140.130.68 - - [18/Aug/2026:07:38:20 -0400] "GET /wp-content/plugins/fusion-core/js/min/avada-faqs.js?ver=5.0.2 HTTP/1.1" 200 448
64.140.128.173 - - [18/Aug/2026:07:38:20 -0400] "GET /wp-content/themes/Avada/includes/lib/assets/min/js/general/fusion-general-global.js?ver=1 HTTP/1.1" 200 245
107.174.109.42 - - [18/Aug/2026:07:38:20 -0400] "GET /wp-content/themes/Avada/includes/lib/assets/min/js/library/fusion-video-general.js?ver=1 HTTP/1.1" 200 1972
142.252.35.125 - - [18/Aug/2026:07:38:20 -0400] "GET /wp-content/themes/Avada/includes/lib/assets/min/js/general/fusion-scroll-to-anchor.js?ver=1 HTTP/1.1" 200 1659
64.140.128.173 - - [18/Aug/2026:07:38:20 -0400] "GET /wp-content/themes/Avada/assets/min/js/general/avada-header.js?ver=7.0.2 HTTP/1.1" 200 4098
142.252.35.125 - - [18/Aug/2026:07:38:20 -0400] "GET /wp-content/themes/Avada/includes/lib/assets/min/js/general/fusion-responsive-typography.js?ver=1 HTTP/1.1" 200 1068
107.174.109.42 - - [18/Aug/2026:07:38:20 -0400] "GET /wp-content/themes/Avada/includes/lib/assets/min/js/library/jquery.ilightbox.js?ver=2.2.3 HTTP/1.1" 200 25137
107.174.109.42 - - [18/Aug/2026:07:38:20 -0400] "GET /wp-content/themes/Avada/includes/lib/assets/min/js/library/jquery.mousewheel.js?ver=3.0.6 HTTP/1.1" 200 1128
107.174.109.42 - - [18/Aug/2026:07:38:20 -0400] "GET /wp-content/themes/Avada/includes/lib/assets/min/js/general/fusion-lightbox.js?ver=1 HTTP/1.1" 200 1892
107.174.109.42 - - [18/Aug/2026:07:38:20 -0400] "GET /wp-content/plugins/fusion-core/js/min/avada-portfolio.js?ver=5.0.2 HTTP/1.1" 200 3041
64.140.128.173 - - [18/Aug/2026:07:38:20 -0400] "GET /wp-content/themes/Avada/assets/min/js/general/avada-menu.js?ver=7.0.2 HTTP/1.1" 200 6819
64.140.139.45 - - [18/Aug/2026:07:38:20 -0400] "GET /wp-includes/js/jquery/jquery.js?ver=1.12.4-wp HTTP/1.1" 200 33776
142.252.35.125 - - [18/Aug/2026:07:38:20 -0400] "GET /wp-content/themes/Avada/assets/min/js/general/avada-skip-link-focus-fix.js?ver=7.0.2 HTTP/1.1" 200 242
107.174.109.42 - - [18/Aug/2026:07:38:20 -0400] "GET /wp-content/plugins/fusion-builder/assets/js/min/library/Chart.js?ver=2.7.1 HTTP/1.1" 200 46041
142.252.35.125 - - [18/Aug/2026:07:38:20 -0400] "GET /wp-content/themes/Avada/assets/min/js/library/bootstrap.scrollspy.js?ver=3.3.2 HTTP/1.1" 200 1065
64.140.130.68 - - [18/Aug/2026:07:38:20 -0400] "GET /wp-content/themes/Avada/includes/lib/assets/min/js/library/jquery.fitvids.js?ver=1.1 HTTP/1.1" 200 788
107.174.109.42 - - [18/Aug/2026:07:38:21 -0400] "GET /wp-content/plugins/fusion-builder/assets/js/min/general/fusion-chart.js?ver=1 HTTP/1.1" 200 1702
142.252.35.125 - - [18/Aug/2026:07:38:21 -0400] "GET /wp-content/themes/Avada/assets/min/js/general/avada-comments.js?ver=7.0.2 HTTP/1.1" 200 478
142.252.35.125 - - [18/Aug/2026:07:38:21 -0400] "GET /wp-content/themes/Avada/assets/min/js/general/avada-general-footer.js?ver=7.0.2 HTTP/1.1" 200 218
142.252.35.125 - - [18/Aug/2026:07:38:21 -0400] "GET /wp-content/themes/Avada/assets/min/js/general/avada-quantity.js?ver=7.0.2 HTTP/1.1" 200 739
142.252.35.125 - - [18/Aug/2026:07:38:21 -0400] "GET /wp-content/themes/Avada/assets/min/js/general/avada-scrollspy.js?ver=7.0.2 HTTP/1.1" 200 331
64.140.130.68 - - [18/Aug/2026:07:38:21 -0400] "GET /wp-content/themes/Avada/includes/lib/assets/min/js/library/fusion-video-general.js?ver=1 HTTP/1.1" 200 1972
142.252.35.125 - - [18/Aug/2026:07:38:21 -0400] "GET /wp-content/themes/Avada/assets/min/js/general/avada-select.js?ver=7.0.2 HTTP/1.1" 200 291
107.174.109.42 - - [18/Aug/2026:07:38:21 -0400] "GET /wp-content/themes/Avada/includes/lib/assets/min/js/library/cssua.js?ver=2.1.28 HTTP/1.1" 200 1498
107.174.109.42 - - [18/Aug/2026:07:38:21 -0400] "GET /wp-content/themes/Avada/includes/lib/assets/min/js/library/jquery.waypoints.js?ver=2.0.3 HTTP/1.1" 200 2606
107.174.109.42 - - [18/Aug/2026:07:38:21 -0400] "GET /wp-content/plugins/fusion-builder/assets/js/min/general/fusion-column-bg-image.js?ver=1 HTTP/1.1" 200 758
64.140.130.68 - - [18/Aug/2026:07:38:21 -0400] "GET /wp-content/themes/Avada/includes/lib/assets/min/js/library/jquery.ilightbox.js?ver=2.2.3 HTTP/1.1" 200 25137
142.252.35.125 - - [18/Aug/2026:07:38:21 -0400] "GET /wp-content/themes/Avada/assets/min/js/general/avada-sidebars.js?ver=7.0.2 HTTP/1.1" 200 823
107.174.109.42 - - [18/Aug/2026:07:38:21 -0400] "GET /wp-content/themes/Avada/includes/lib/assets/min/js/general/fusion-waypoints.js?ver=1 HTTP/1.1" 200 287
64.140.128.173 - - [18/Aug/2026:07:38:21 -0400] "GET /wp-content/themes/Avada/includes/lib/assets/min/js/general/fusion-carousel.js?ver=1 HTTP/1.1" 200 1334
64.140.128.173 - - [18/Aug/2026:07:38:21 -0400] "GET /wp-content/themes/Avada/includes/lib/assets/min/js/general/fusion-responsive-typography.js?ver=1 HTTP/1.1" 200 1068
64.140.128.173 - - [18/Aug/2026:07:38:21 -0400] "GET /wp-content/themes/Avada/assets/min/js/general/avada-skip-link-focus-fix.js?ver=7.0.2 HTTP/1.1" 200 242
107.174.109.42 - - [18/Aug/2026:07:38:21 -0400] "GET /wp-content/plugins/fusion-builder/assets/js/min/general/fusion-animations.js?ver=1 HTTP/1.1" 200 618
64.140.139.45 - - [18/Aug/2026:07:38:21 -0400] "GET /wp-content/plugins/LayerSlider/assets/static/layerslider/js/layerslider.kreaturamedia.jquery.js?ver=6.11.2 HTTP/1.1" 200 47183
107.174.109.42 - - [18/Aug/2026:07:38:21 -0400] "GET /wp-content/themes/Avada/includes/lib/assets/min/js/general/fusion-equal-heights.js?ver=1 HTTP/1.1" 200 621
142.252.35.125 - - [18/Aug/2026:07:38:21 -0400] "GET /wp-content/themes/Avada/assets/min/js/general/avada-tabs-widget.js?ver=7.0.2 HTTP/1.1" 200 259
64.140.139.45 - - [18/Aug/2026:07:38:21 -0400] "GET /wp-content/plugins/LayerSlider/assets/static/layerslider/js/layerslider.utils.js?ver=6.11.2 HTTP/1.1" 200 41985
142.252.35.125 - - [18/Aug/2026:07:38:21 -0400] "GET /wp-content/themes/Avada/assets/min/js/general/avada-to-top.js?ver=7.0.2 HTTP/1.1" 200 460
142.252.35.125 - - [18/Aug/2026:07:38:21 -0400] "GET /wp-content/themes/Avada/assets/min/js/general/avada-drop-down.js?ver=7.0.2 HTTP/1.1" 200 1082
142.252.35.125 - - [18/Aug/2026:07:38:21 -0400] "GET /wp-content/themes/Avada/assets/min/js/library/jquery.elasticslider.js?ver=7.0.2 HTTP/1.1" 200 1598
64.140.130.68 - - [18/Aug/2026:07:38:21 -0400] "GET /wp-content/themes/Avada/includes/lib/assets/min/js/library/jquery.mousewheel.js?ver=3.0.6 HTTP/1.1" 200 1128
142.252.35.125 - - [18/Aug/2026:07:38:21 -0400] "GET /wp-content/themes/Avada/assets/min/js/general/avada-elastic-slider.js?ver=7.0.2 HTTP/1.1" 200 233
107.174.109.42 - - [18/Aug/2026:07:38:21 -0400] "GET /wp-content/plugins/fusion-builder/assets/js/min/general/fusion-column.js?ver=1 HTTP/1.1" 200 922
107.174.109.42 - - [18/Aug/2026:07:38:21 -0400] "GET /wp-content/themes/Avada/includes/lib/assets/min/js/library/jquery.requestAnimationFrame.js?ver=1 HTTP/1.1" 200 337
107.174.109.42 - - [18/Aug/2026:07:38:21 -0400] "GET /wp-content/themes/Avada/includes/lib/assets/min/js/library/jquery.fade.js?ver=1 HTTP/1.1" 200 437
142.252.35.125 - - [18/Aug/2026:07:38:21 -0400] "GET /wp-content/themes/Avada/assets/min/js/general/avada-live-search.js?ver=7.0.2 HTTP/1.1" 200 1015
64.140.130.68 - - [18/Aug/2026:07:38:21 -0400] "GET /wp-content/themes/Avada/includes/lib/assets/min/js/general/fusion-lightbox.js?ver=1 HTTP/1.1" 200 1892
107.174.109.42 - - [18/Aug/2026:07:38:21 -0400] "GET /wp-content/themes/Avada/includes/lib/assets/min/js/library/fusion-parallax.js?ver=1 HTTP/1.1" 200 2855
107.174.109.42 - - [18/Aug/2026:07:38:21 -0400] "GET /wp-content/themes/Avada/includes/lib/assets/min/js/library/fusion-video-bg.js?ver=1 HTTP/1.1" 200 1966
64.140.130.68 - - [18/Aug/2026:07:38:21 -0400] "GET /wp-content/plugins/fusion-core/js/min/avada-portfolio.js?ver=5.0.2 HTTP/1.1" 200 3041
142.252.35.125 - - [18/Aug/2026:07:38:21 -0400] "GET /wp-content/plugins/fusion-core/js/min/avada-fusion-slider.js?ver=5.0.2 HTTP/1.1" 200 3711
107.174.109.42 - - [18/Aug/2026:07:38:21 -0400] "GET /wp-content/themes/Avada/includes/lib/assets/min/js/library/jquery.sticky-kit.js?ver=1.1.2 HTTP/1.1" 200 1932
142.252.35.125 - - [18/Aug/2026:07:38:21 -0400] "GET /wp-includes/js/wp-embed.min.js?ver=5.5.20 HTTP/1.1" 200 804
142.252.35.125 - - [18/Aug/2026:07:38:21 -0400] "GET /wp-includes/js/underscore.min.js?ver=1.8.3 HTTP/1.1" 200 5663
64.140.128.173 - - [18/Aug/2026:07:38:21 -0400] "GET /wp-content/themes/Avada/assets/min/js/library/bootstrap.scrollspy.js?ver=3.3.2 HTTP/1.1" 200 1065
64.140.128.173 - - [18/Aug/2026:07:38:21 -0400] "GET /wp-content/themes/Avada/assets/min/js/general/avada-general-footer.js?ver=7.0.2 HTTP/1.1" 200 218
142.252.35.125 - - [18/Aug/2026:07:38:21 -0400] "GET /wp-includes/js/backbone.min.js?ver=1.4.0 HTTP/1.1" 200 7887
142.252.35.125 - - [18/Aug/2026:07:38:21 -0400] "GET /wp-content/plugins/ninja-forms/assets/js/min/front-end-deps.js?ver=3.4.34.3 HTTP/1.1" 200 17257
64.140.128.173 - - [18/Aug/2026:07:38:21 -0400] "GET /wp-content/themes/Avada/assets/min/js/general/avada-comments.js?ver=7.0.2 HTTP/1.1" 200 478
107.174.109.42 - - [18/Aug/2026:07:38:21 -0400] "GET /wp-content/plugins/fusion-builder/assets/js/min/general/fusion-container.js?ver=1 HTTP/1.1" 200 3041
107.174.109.42 - - [18/Aug/2026:07:38:21 -0400] "GET /wp-content/plugins/fusion-builder/assets/js/min/general/fusion-content-boxes.js?ver=1 HTTP/1.1" 200 949
107.174.109.42 - - [18/Aug/2026:07:38:21 -0400] "GET /wp-content/plugins/fusion-builder/assets/js/min/library/jquery.countdown.js?ver=1.0 HTTP/1.1" 200 1055
107.174.109.42 - - [18/Aug/2026:07:38:21 -0400] "GET /wp-content/plugins/fusion-builder/assets/js/min/general/fusion-countdown.js?ver=1 HTTP/1.1" 200 329
64.140.130.68 - - [18/Aug/2026:07:38:21 -0400] "GET /wp-content/plugins/fusion-builder/assets/js/min/library/Chart.js?ver=2.7.1 HTTP/1.1" 200 46041
142.252.35.125 - - [18/Aug/2026:07:38:21 -0400] "GET /wp-content/plugins/ninja-forms/assets/js/min/front-end.js?ver=3.4.34.3 HTTP/1.1" 200 39742
107.174.109.42 - - [18/Aug/2026:07:38:21 -0400] "GET /wp-content/plugins/fusion-builder/assets/js/min/library/jquery.countTo.js?ver=1 HTTP/1.1" 200 429
142.252.35.125 - - [18/Aug/2026:07:38:21 -0400] "GET /wp-includes/js/wp-emoji-release.min.js?ver=5.5.20 HTTP/1.1" 200 4662
64.140.130.68 - - [18/Aug/2026:07:38:21 -0400] "GET /wp-content/plugins/fusion-builder/assets/js/min/general/fusion-chart.js?ver=1 HTTP/1.1" 200 1702
64.140.130.68 - - [18/Aug/2026:07:38:21 -0400] "GET /wp-content/themes/Avada/includes/lib/assets/min/js/library/jquery.infinitescroll.js?ver=2.1 HTTP/1.1" 200 11989
107.174.109.42 - - [18/Aug/2026:07:38:21 -0400] "GET /wp-content/themes/Avada/includes/lib/assets/min/js/library/jquery.appear.js?ver=1 HTTP/1.1" 200 1324
64.140.128.173 - - [18/Aug/2026:07:38:21 -0400] "GET /wp-content/themes/Avada/assets/min/js/general/avada-quantity.js?ver=7.0.2 HTTP/1.1" 200 739
64.140.128.173 - - [18/Aug/2026:07:38:21 -0400] "GET /wp-content/themes/Avada/assets/min/js/general/avada-scrollspy.js?ver=7.0.2 HTTP/1.1" 200 331
107.174.109.42 - - [18/Aug/2026:07:38:21 -0400] "GET /wp-content/plugins/fusion-builder/assets/js/min/general/fusion-counters-box.js?ver=1 HTTP/1.1" 200 527
107.174.109.42 - - [18/Aug/2026:07:38:21 -0400] "GET /wp-content/plugins/fusion-builder/assets/js/min/library/jquery.easyPieChart.js?ver=2.1.7 HTTP/1.1" 200 1451
107.174.109.42 - - [18/Aug/2026:07:38:21 -0400] "GET /wp-content/plugins/fusion-builder/assets/js/min/general/fusion-counters-circle.js?ver=1 HTTP/1.1" 200 959
107.174.109.42 - - [18/Aug/2026:07:38:21 -0400] "GET /wp-content/plugins/fusion-builder/assets/js/min/general/fusion-flip-boxes.js?ver=1 HTTP/1.1" 200 658
107.174.109.42 - - [18/Aug/2026:07:38:21 -0400] "GET /wp-content/plugins/fusion-builder/assets/js/min/general/fusion-gallery.js?ver=1 HTTP/1.1" 200 712
107.174.109.42 - - [18/Aug/2026:07:38:21 -0400] "GET /wp-content/themes/Avada/includes/lib/assets/min/js/library/jquery.fusion_maps.js?ver=2.2.2 HTTP/1.1" 200 1932
64.140.130.68 - - [18/Aug/2026:07:38:21 -0400] "GET /wp-content/plugins/fusion-builder/assets/js/min/general/fusion-column-bg-image.js?ver=1 HTTP/1.1" 200 758
64.140.130.68 - - [18/Aug/2026:07:38:21 -0400] "GET /wp-content/themes/Avada/includes/lib/assets/min/js/library/cssua.js?ver=2.1.28 HTTP/1.1" 200 1498
142.252.35.125 - - [18/Aug/2026:07:38:21 -0400] "GET /?gdbc-client=3.1.43-1787053101293 HTTP/1.1" 200 2126
64.140.128.173 - - [18/Aug/2026:07:38:21 -0400] "GET /wp-content/themes/Avada/assets/min/js/general/avada-select.js?ver=7.0.2 HTTP/1.1" 200 291
107.174.109.42 - - [18/Aug/2026:07:38:21 -0400] "GET /wp-content/themes/Avada/includes/lib/assets/min/js/general/fusion-google-map.js?ver=1 HTTP/1.1" 200 302
107.174.109.42 - - [18/Aug/2026:07:38:21 -0400] "GET /wp-content/plugins/fusion-builder/assets/js/min/general/fusion-image-before-after.js?ver=1.0 HTTP/1.1" 200 1080
107.174.109.42 - - [18/Aug/2026:07:38:21 -0400] "GET /wp-content/plugins/fusion-builder/assets/js/min/library/jquery.event.move.js?ver=2.0 HTTP/1.1" 200 1973
107.174.109.42 - - [18/Aug/2026:07:38:21 -0400] "GET /wp-content/plugins/fusion-builder/assets/js/min/library/lottie.js?ver=5.7.1 HTTP/1.1" 200 64451
107.174.109.42 - - [18/Aug/2026:07:38:21 -0400] "GET /wp-content/plugins/fusion-builder/assets/js/min/general/fusion-lottie.js?ver=1 HTTP/1.1" 200 554
64.140.139.45 - - [18/Aug/2026:07:38:21 -0400] "GET /wp-content/plugins/LayerSlider/assets/static/layerslider/js/layerslider.transitions.js?ver=6.11.2 HTTP/1.1" 200 3377
107.174.109.42 - - [18/Aug/2026:07:38:21 -0400] "GET /wp-content/plugins/fusion-builder/assets/js/min/general/fusion-menu.js?ver=1 HTTP/1.1" 200 2523
64.140.130.68 - - [18/Aug/2026:07:38:21 -0400] "GET /wp-content/themes/Avada/includes/lib/assets/min/js/library/modernizr.js?ver=3.3.1 HTTP/1.1" 200 5086
64.140.130.68 - - [18/Aug/2026:07:38:21 -0400] "GET /wp-content/themes/Avada/includes/lib/assets/min/js/general/fusion-waypoints.js?ver=1 HTTP/1.1" 200 287
64.140.130.68 - - [18/Aug/2026:07:38:21 -0400] "GET /wp-content/themes/Avada/includes/lib/assets/min/js/library/jquery.waypoints.js?ver=2.0.3 HTTP/1.1" 200 2606
107.174.109.42 - - [18/Aug/2026:07:38:21 -0400] "GET /wp-content/plugins/fusion-builder/assets/js/min/general/fusion-progress.js?ver=1 HTTP/1.1" 200 343
107.174.109.42 - - [18/Aug/2026:07:38:21 -0400] "GET /wp-content/plugins/fusion-builder/assets/js/min/general/fusion-syntax-highlighter.js?ver=1 HTTP/1.1" 200 733
107.174.109.42 - - [18/Aug/2026:07:38:21 -0400] "GET /wp-content/plugins/fusion-builder/assets/js/min/general/fusion-recent-posts.js?ver=1 HTTP/1.1" 200 821
107.174.109.42 - - [18/Aug/2026:07:38:21 -0400] "GET /wp-content/themes/Avada/includes/lib/assets/min/js/library/bootstrap.transition.js?ver=3.3.6 HTTP/1.1" 200 373
64.140.128.173 - - [18/Aug/2026:07:38:21 -0400] "GET /wp-content/themes/Avada/assets/min/js/general/avada-tabs-widget.js?ver=7.0.2 HTTP/1.1" 200 259
107.174.109.42 - - [18/Aug/2026:07:38:21 -0400] "GET /wp-content/themes/Avada/includes/lib/assets/min/js/library/bootstrap.tab.js?ver=3.1.1 HTTP/1.1" 200 767
64.140.128.173 - - [18/Aug/2026:07:38:21 -0400] "GET /wp-content/themes/Avada/assets/min/js/general/avada-to-top.js?ver=7.0.2 HTTP/1.1" 200 460
107.174.109.42 - - [18/Aug/2026:07:38:21 -0400] "GET /wp-content/plugins/fusion-builder/assets/js/min/general/fusion-testimonials.js?ver=1 HTTP/1.1" 200 575
107.174.109.42 - - [18/Aug/2026:07:38:21 -0400] "GET /wp-content/plugins/fusion-builder/assets/js/min/general/fusion-tabs.js?ver=1 HTTP/1.1" 200 965
107.174.109.42 - - [18/Aug/2026:07:38:21 -0400] "GET /wp-content/themes/Avada/includes/lib/assets/min/js/library/jquery.cycle.js?ver=3.0.3 HTTP/1.1" 200 7126
107.174.109.42 - - [18/Aug/2026:07:38:21 -0400] "GET /wp-content/plugins/fusion-builder/assets/js/min/library/jquery.textillate.js?ver=2.0 HTTP/1.1" 200 2170
107.174.109.42 - - [18/Aug/2026:07:38:21 -0400] "GET /wp-content/plugins/fusion-builder/assets/js/min/general/fusion-title.js?ver=1 HTTP/1.1" 200 1578
64.140.128.173 - - [18/Aug/2026:07:38:21 -0400] "GET /wp-content/themes/Avada/assets/min/js/general/avada-drop-down.js?ver=7.0.2 HTTP/1.1" 200 1082
64.140.130.68 - - [18/Aug/2026:07:38:21 -0400] "GET /wp-content/plugins/fusion-builder/assets/js/min/general/fusion-column.js?ver=1 HTTP/1.1" 200 922
107.174.109.42 - - [18/Aug/2026:07:38:21 -0400] "GET /wp-content/themes/Avada/includes/lib/assets/min/js/library/bootstrap.collapse.js?ver=3.1.1 HTTP/1.1" 200 1173
107.173.95.94 - - [18/Aug/2026:07:38:21 -0400] "GET /author/fowler-agency/ HTTP/1.1" 301 20
107.174.109.42 - - [18/Aug/2026:07:38:21 -0400] "GET /wp-content/plugins/fusion-builder/assets/js/min/general/fusion-toggles.js?ver=1 HTTP/1.1" 200 620
107.174.109.42 - - [18/Aug/2026:07:38:21 -0400] "GET /wp-content/plugins/fusion-builder/assets/js/min/general/fusion-video.js?ver=1 HTTP/1.1" 200 675
107.174.109.42 - - [18/Aug/2026:07:38:21 -0400] "GET /wp-content/themes/Avada/includes/lib/assets/min/js/library/vimeoPlayer.js?ver=2.2.1 HTTP/1.1" 200 5319
107.174.109.42 - - [18/Aug/2026:07:38:21 -0400] "GET /wp-content/themes/Avada/includes/lib/assets/min/js/library/jquery.hoverintent.js?ver=1 HTTP/1.1" 200 455
64.140.128.173 - - [18/Aug/2026:07:38:21 -0400] "GET /wp-content/themes/Avada/assets/min/js/general/avada-sidebars.js?ver=7.0.2 HTTP/1.1" 200 823
107.174.109.42 - - [18/Aug/2026:07:38:21 -0400] "GET /wp-content/plugins/fusion-core/js/min/fusion-vertical-menu-widget.js?ver=5.0.2 HTTP/1.1" 200 461
107.174.109.42 - - [18/Aug/2026:07:38:21 -0400] "GET /wp-content/themes/Avada/includes/lib/assets/min/js/general/fusion.js?ver=3.0.2 HTTP/1.1" 200 1250
64.140.130.68 - - [18/Aug/2026:07:38:21 -0400] "GET /wp-content/themes/Avada/includes/lib/assets/min/js/library/jquery.fade.js?ver=1 HTTP/1.1" 200 437
107.174.109.42 - - [18/Aug/2026:07:38:21 -0400] "GET /wp-content/themes/Avada/includes/lib/assets/min/js/library/lazysizes.js?ver=4.1.5 HTTP/1.1" 200 3228
107.174.109.42 - - [18/Aug/2026:07:38:21 -0400] "GET /wp-content/themes/Avada/includes/lib/assets/min/js/library/bootstrap.tooltip.js?ver=3.3.5 HTTP/1.1" 200 3831
107.174.109.42 - - [18/Aug/2026:07:38:21 -0400] "GET /wp-content/themes/Avada/includes/lib/assets/min/js/library/bootstrap.popover.js?ver=3.3.5 HTTP/1.1" 200 732
107.174.109.42 - - [18/Aug/2026:07:38:21 -0400] "GET /wp-content/themes/Avada/includes/lib/assets/min/js/library/jquery.carouFredSel.js?ver=6.2.1 HTTP/1.1" 200 13468
107.174.109.42 - - [18/Aug/2026:07:38:21 -0400] "GET /wp-content/themes/Avada/includes/lib/assets/min/js/library/jquery.easing.js?ver=1.3 HTTP/1.1" 200 800
107.174.109.42 - - [18/Aug/2026:07:38:21 -0400] "GET /wp-content/themes/Avada/includes/lib/assets/min/js/library/jquery.flexslider.js?ver=2.2.2 HTTP/1.1" 200 6514
64.140.128.173 - - [18/Aug/2026:07:38:21 -0400] "GET /wp-content/themes/Avada/includes/lib/assets/min/js/general/fusion-scroll-to-anchor.js?ver=1 HTTP/1.1" 200 1659
107.174.109.42 - - [18/Aug/2026:07:38:21 -0400] "GET /wp-content/themes/Avada/includes/lib/assets/min/js/library/jquery.hoverflow.js?ver=1 HTTP/1.1" 200 334
107.174.109.42 - - [18/Aug/2026:07:38:21 -0400] "GET /wp-content/themes/Avada/includes/lib/assets/min/js/library/jquery.placeholder.js?ver=2.0.7 HTTP/1.1" 200 849
107.174.109.42 - - [18/Aug/2026:07:38:21 -0400] "GET /wp-content/themes/Avada/includes/lib/assets/min/js/library/jquery.touchSwipe.js?ver=1.6.6 HTTP/1.1" 200 3541
107.174.109.42 - - [18/Aug/2026:07:38:21 -0400] "GET /wp-content/themes/Avada/includes/lib/assets/min/js/general/fusion-alert.js?ver=1 HTTP/1.1" 200 195
64.140.128.173 - - [18/Aug/2026:07:38:21 -0400] "GET /wp-content/themes/Avada/assets/min/js/general/avada-live-search.js?ver=7.0.2 HTTP/1.1" 200 1015
64.140.130.68 - - [18/Aug/2026:07:38:21 -0400] "GET /wp-content/themes/Avada/includes/lib/assets/min/js/library/jquery.requestAnimationFrame.js?ver=1 HTTP/1.1" 200 337
107.174.109.42 - - [18/Aug/2026:07:38:21 -0400] "GET /wp-content/themes/Avada/includes/lib/assets/min/js/general/fusion-carousel.js?ver=1 HTTP/1.1" 200 1334
64.140.130.68 - - [18/Aug/2026:07:38:21 -0400] "GET /wp-content/themes/Avada/includes/lib/assets/min/js/general/fusion-equal-heights.js?ver=1 HTTP/1.1" 200 621
64.140.130.68 - - [18/Aug/2026:07:38:21 -0400] "GET /wp-content/plugins/fusion-builder/assets/js/min/general/fusion-animations.js?ver=1 HTTP/1.1" 200 618
107.174.109.42 - - [18/Aug/2026:07:38:21 -0400] "GET /wp-content/themes/Avada/includes/lib/assets/min/js/general/fusion-flexslider.js?ver=1 HTTP/1.1" 200 1306
64.140.128.173 - - [18/Aug/2026:07:38:21 -0400] "GET /wp-content/themes/Avada/assets/min/js/library/jquery.elasticslider.js?ver=7.0.2 HTTP/1.1" 200 1598
64.140.128.173 - - [18/Aug/2026:07:38:21 -0400] "GET /wp-content/plugins/fusion-core/js/min/avada-fusion-slider.js?ver=5.0.2 HTTP/1.1" 200 3711
107.174.109.42 - - [18/Aug/2026:07:38:21 -0400] "GET /wp-content/themes/Avada/includes/lib/assets/min/js/general/fusion-popover.js?ver=1 HTTP/1.1" 200 305
107.174.109.42 - - [18/Aug/2026:07:38:21 -0400] "GET /wp-content/themes/Avada/includes/lib/assets/min/js/general/fusion-tooltip.js?ver=1 HTTP/1.1" 200 493
107.174.109.42 - - [18/Aug/2026:07:38:21 -0400] "GET /wp-content/themes/Avada/includes/lib/assets/min/js/general/fusion-sharing-box.js?ver=1 HTTP/1.1" 200 339
107.174.109.42 - - [18/Aug/2026:07:38:21 -0400] "GET /wp-content/themes/Avada/includes/lib/assets/min/js/general/fusion-blog.js?ver=1 HTTP/1.1" 200 2041
107.174.109.42 - - [18/Aug/2026:07:38:21 -0400] "GET /wp-content/themes/Avada/includes/lib/assets/min/js/general/fusion-button.js?ver=1 HTTP/1.1" 200 174
107.174.109.42 - - [18/Aug/2026:07:38:21 -0400] "GET /wp-content/themes/Avada/includes/lib/assets/min/js/general/fusion-general-global.js?ver=1 HTTP/1.1" 200 245
64.140.130.68 - - [18/Aug/2026:07:38:21 -0400] "GET /wp-content/plugins/fusion-builder/assets/js/min/general/fusion-container.js?ver=1 HTTP/1.1" 200 3041
64.140.130.68 - - [18/Aug/2026:07:38:21 -0400] "GET /wp-content/themes/Avada/includes/lib/assets/min/js/library/jquery.sticky-kit.js?ver=1.1.2 HTTP/1.1" 200 1932
64.140.128.173 - - [18/Aug/2026:07:38:21 -0400] "GET /wp-content/themes/Avada/assets/min/js/general/avada-elastic-slider.js?ver=7.0.2 HTTP/1.1" 200 233
107.174.109.42 - - [18/Aug/2026:07:38:21 -0400] "GET /wp-content/themes/Avada/assets/min/js/general/avada-header.js?ver=7.0.2 HTTP/1.1" 200 4098
64.140.130.68 - - [18/Aug/2026:07:38:21 -0400] "GET /wp-content/themes/Avada/includes/lib/assets/min/js/library/fusion-parallax.js?ver=1 HTTP/1.1" 200 2855
107.174.109.42 - - [18/Aug/2026:07:38:21 -0400] "GET /wp-content/themes/Avada/assets/min/js/general/avada-menu.js?ver=7.0.2 HTTP/1.1" 200 6819
107.174.109.42 - - [18/Aug/2026:07:38:21 -0400] "GET /wp-content/themes/Avada/includes/lib/assets/min/js/general/fusion-scroll-to-anchor.js?ver=1 HTTP/1.1" 200 1659
64.140.128.173 - - [18/Aug/2026:07:38:21 -0400] "GET /wp-includes/js/wp-embed.min.js?ver=5.5.20 HTTP/1.1" 200 804
107.174.109.42 - - [18/Aug/2026:07:38:21 -0400] "GET /wp-content/themes/Avada/includes/lib/assets/min/js/general/fusion-responsive-typography.js?ver=1 HTTP/1.1" 200 1068
107.174.109.42 - - [18/Aug/2026:07:38:21 -0400] "GET /wp-content/themes/Avada/assets/min/js/general/avada-skip-link-focus-fix.js?ver=7.0.2 HTTP/1.1" 200 242
64.140.139.45 - - [18/Aug/2026:07:38:21 -0400] "GET /wp-content/plugins/fusion-builder-elegant-tabs/js/eTabs.js?ver=2.7 HTTP/1.1" 200 5828
107.174.109.42 - - [18/Aug/2026:07:38:21 -0400] "GET /wp-content/themes/Avada/assets/min/js/library/bootstrap.scrollspy.js?ver=3.3.2 HTTP/1.1" 200 1065
107.174.109.42 - - [18/Aug/2026:07:38:21 -0400] "GET /wp-content/themes/Avada/assets/min/js/general/avada-comments.js?ver=7.0.2 HTTP/1.1" 200 478
64.140.128.173 - - [18/Aug/2026:07:38:21 -0400] "GET /wp-includes/js/underscore.min.js?ver=1.8.3 HTTP/1.1" 200 5663
107.174.109.42 - - [18/Aug/2026:07:38:21 -0400] "GET /wp-content/themes/Avada/assets/min/js/general/avada-general-footer.js?ver=7.0.2 HTTP/1.1" 200 218
107.174.109.42 - - [18/Aug/2026:07:38:21 -0400] "GET /wp-content/themes/Avada/assets/min/js/general/avada-quantity.js?ver=7.0.2 HTTP/1.1" 200 739
64.140.128.173 - - [18/Aug/2026:07:38:21 -0400] "GET /wp-includes/js/backbone.min.js?ver=1.4.0 HTTP/1.1" 200 7887
64.140.130.68 - - [18/Aug/2026:07:38:21 -0400] "GET /wp-content/plugins/fusion-builder/assets/js/min/library/jquery.countdown.js?ver=1.0 HTTP/1.1" 200 1055
107.174.109.42 - - [18/Aug/2026:07:38:21 -0400] "GET /wp-content/themes/Avada/assets/min/js/general/avada-scrollspy.js?ver=7.0.2 HTTP/1.1" 200 331
64.140.130.68 - - [18/Aug/2026:07:38:21 -0400] "GET /wp-content/plugins/fusion-builder/assets/js/min/general/fusion-countdown.js?ver=1 HTTP/1.1" 200 329
107.174.109.42 - - [18/Aug/2026:07:38:21 -0400] "GET /wp-content/themes/Avada/assets/min/js/general/avada-select.js?ver=7.0.2 HTTP/1.1" 200 291
107.174.109.42 - - [18/Aug/2026:07:38:22 -0400] "GET /wp-content/themes/Avada/assets/min/js/general/avada-sidebars.js?ver=7.0.2 HTTP/1.1" 200 823
107.174.109.42 - - [18/Aug/2026:07:38:22 -0400] "GET /wp-content/themes/Avada/assets/min/js/general/avada-tabs-widget.js?ver=7.0.2 HTTP/1.1" 200 259
107.174.109.42 - - [18/Aug/2026:07:38:22 -0400] "GET /wp-content/themes/Avada/assets/min/js/general/avada-to-top.js?ver=7.0.2 HTTP/1.1" 200 460
107.174.109.42 - - [18/Aug/2026:07:38:22 -0400] "GET /wp-content/themes/Avada/assets/min/js/general/avada-drop-down.js?ver=7.0.2 HTTP/1.1" 200 1082
107.174.109.42 - - [18/Aug/2026:07:38:22 -0400] "GET /wp-content/themes/Avada/assets/min/js/library/jquery.elasticslider.js?ver=7.0.2 HTTP/1.1" 200 1598
107.174.109.42 - - [18/Aug/2026:07:38:22 -0400] "GET /wp-content/themes/Avada/assets/min/js/general/avada-elastic-slider.js?ver=7.0.2 HTTP/1.1" 200 233
64.140.130.68 - - [18/Aug/2026:07:38:22 -0400] "GET /wp-content/themes/Avada/includes/lib/assets/min/js/library/jquery.appear.js?ver=1 HTTP/1.1" 200 1324
107.174.109.42 - - [18/Aug/2026:07:38:22 -0400] "GET /wp-content/themes/Avada/assets/min/js/general/avada-live-search.js?ver=7.0.2 HTTP/1.1" 200 1015
64.140.130.68 - - [18/Aug/2026:07:38:22 -0400] "GET /wp-content/plugins/fusion-builder/assets/js/min/library/jquery.countTo.js?ver=1 HTTP/1.1" 200 429
64.140.139.45 - - [18/Aug/2026:07:38:22 -0400] "GET /wp-content/plugins/elegant-elements-fusion-builder/assets/js/min/infi-elegant-fancy-button.min.js?ver=3.6.7 HTTP/1.1" 200 271
64.140.128.173 - - [18/Aug/2026:07:38:22 -0400] "GET /wp-includes/js/wp-emoji-release.min.js?ver=5.5.20 HTTP/1.1" 200 4662
107.174.109.42 - - [18/Aug/2026:07:38:22 -0400] "GET /wp-content/plugins/fusion-core/js/min/avada-fusion-slider.js?ver=5.0.2 HTTP/1.1" 200 3711
107.174.109.42 - - [18/Aug/2026:07:38:22 -0400] "GET /wp-includes/js/wp-embed.min.js?ver=5.5.20 HTTP/1.1" 200 804
107.174.109.42 - - [18/Aug/2026:07:38:22 -0400] "GET /wp-includes/js/underscore.min.js?ver=1.8.3 HTTP/1.1" 200 5663
107.174.109.42 - - [18/Aug/2026:07:38:22 -0400] "GET /wp-includes/js/backbone.min.js?ver=1.4.0 HTTP/1.1" 200 7887
107.174.109.42 - - [18/Aug/2026:07:38:22 -0400] "GET /wp-content/plugins/ninja-forms/assets/js/min/front-end-deps.js?ver=3.4.34.3 HTTP/1.1" 200 17257
107.174.109.42 - - [18/Aug/2026:07:38:22 -0400] "GET /wp-content/plugins/ninja-forms/assets/js/min/front-end.js?ver=3.4.34.3 HTTP/1.1" 200 39742
64.140.139.45 - - [18/Aug/2026:07:38:22 -0400] "GET /wp-content/plugins/elegant-elements-fusion-builder/assets/js/min/infi-elegant-video-list.min.js?ver=1 HTTP/1.1" 200 565
107.174.109.42 - - [18/Aug/2026:07:38:22 -0400] "GET /wp-includes/js/wp-emoji-release.min.js?ver=5.5.20 HTTP/1.1" 200 4662
64.140.130.68 - - [18/Aug/2026:07:38:22 -0400] "GET /wp-content/plugins/fusion-builder/assets/js/min/library/jquery.easyPieChart.js?ver=2.1.7 HTTP/1.1" 200 1451
64.140.130.68 - - [18/Aug/2026:07:38:22 -0400] "GET /wp-content/plugins/fusion-builder/assets/js/min/general/fusion-content-boxes.js?ver=1 HTTP/1.1" 200 949
64.140.128.173 - - [18/Aug/2026:07:38:22 -0400] "GET /wp-content/plugins/ninja-forms/assets/js/min/front-end-deps.js?ver=3.4.34.3 HTTP/1.1" 200 17257
64.140.130.68 - - [18/Aug/2026:07:38:22 -0400] "GET /wp-content/plugins/fusion-builder/assets/js/min/general/fusion-flip-boxes.js?ver=1 HTTP/1.1" 200 658
64.140.130.68 - - [18/Aug/2026:07:38:22 -0400] "GET /wp-content/themes/Avada/includes/lib/assets/min/js/library/fusion-video-bg.js?ver=1 HTTP/1.1" 200 1966
64.140.139.45 - - [18/Aug/2026:07:38:22 -0400] "GET /wp-content/themes/Avada/includes/lib/assets/min/js/library/imagesLoaded.js?ver=3.1.8 HTTP/1.1" 200 2221
107.174.109.42 - - [18/Aug/2026:07:38:22 -0400] "GET /?gdbc-client=3.1.43-1787053102246 HTTP/1.1" 200 2126
64.140.130.68 - - [18/Aug/2026:07:38:22 -0400] "GET /wp-content/themes/Avada/includes/lib/assets/min/js/library/jquery.fusion_maps.js?ver=2.2.2 HTTP/1.1" 200 1932
64.140.130.68 - - [18/Aug/2026:07:38:22 -0400] "GET /wp-content/plugins/fusion-builder/assets/js/min/general/fusion-gallery.js?ver=1 HTTP/1.1" 200 712
64.140.128.173 - - [18/Aug/2026:07:38:22 -0400] "GET /wp-content/plugins/ninja-forms/assets/js/min/front-end.js?ver=3.4.34.3 HTTP/1.1" 200 39742
64.140.130.68 - - [18/Aug/2026:07:38:22 -0400] "GET /wp-content/plugins/fusion-builder/assets/js/min/general/fusion-counters-box.js?ver=1 HTTP/1.1" 200 527
107.173.95.94 - - [18/Aug/2026:07:38:21 -0400] "GET / HTTP/1.1" 200 26011
64.140.130.68 - - [18/Aug/2026:07:38:22 -0400] "GET /wp-content/plugins/fusion-builder/assets/js/min/library/jquery.event.move.js?ver=2.0 HTTP/1.1" 200 1973
64.140.130.68 - - [18/Aug/2026:07:38:22 -0400] "GET /wp-content/plugins/fusion-builder/assets/js/min/general/fusion-counters-circle.js?ver=1 HTTP/1.1" 200 959
64.140.139.45 - - [18/Aug/2026:07:38:22 -0400] "GET /wp-content/themes/Avada/includes/lib/assets/min/js/library/isotope.js?ver=3.0.4 HTTP/1.1" 200 9619
64.140.130.68 - - [18/Aug/2026:07:38:22 -0400] "GET /wp-content/plugins/fusion-builder/assets/js/min/library/lottie.js?ver=5.7.1 HTTP/1.1" 200 64451
107.173.95.94 - - [18/Aug/2026:07:38:22 -0400] "GET /wp-includes/js/jquery/jquery.js?ver=1.12.4-wp HTTP/1.1" 200 33776
64.140.130.68 - - [18/Aug/2026:07:38:22 -0400] "GET /wp-content/plugins/fusion-builder/assets/js/min/general/fusion-lottie.js?ver=1 HTTP/1.1" 200 554
107.173.95.94 - - [18/Aug/2026:07:38:22 -0400] "GET /wp-content/plugins/LayerSlider/assets/static/layerslider/js/layerslider.utils.js?ver=6.11.2 HTTP/1.1" 200 41985
160.19.92.32 - - [18/Aug/2026:07:38:22 -0400] "GET /wp-content/plugins/elegant-elements-fusion-builder/assets/js/min/infi-elegant-fancy-button.min.js?ver=3.6.7 HTTP/1.1" 200 271
64.140.139.45 - - [18/Aug/2026:07:38:22 -0400] "GET /wp-content/themes/Avada/includes/lib/assets/min/js/library/packery.js?ver=2.0.0 HTTP/1.1" 200 4124
64.140.130.68 - - [18/Aug/2026:07:38:22 -0400] "GET /wp-content/plugins/fusion-builder/assets/js/min/general/fusion-progress.js?ver=1 HTTP/1.1" 200 343
107.173.95.94 - - [18/Aug/2026:07:38:22 -0400] "GET /wp-content/plugins/LayerSlider/assets/static/layerslider/js/layerslider.transitions.js?ver=6.11.2 HTTP/1.1" 200 3377
107.173.95.94 - - [18/Aug/2026:07:38:22 -0400] "GET /wp-content/plugins/LayerSlider/assets/static/layerslider/js/layerslider.kreaturamedia.jquery.js?ver=6.11.2 HTTP/1.1" 200 47183
