168.62.48.100 - - [18/Aug/2026:06:46:16 -0400] "GET //index/function.php HTTP/1.1" 200 - "-" "-"
168.62.48.100 - - [18/Aug/2026:06:46:17 -0400] "GET /index/function.php HTTP/1.1" 200 66768 "-" "-"
168.62.48.100 - - [18/Aug/2026:06:46:17 -0400] "GET /wp-includes/Requests/library/upload.php HTTP/1.1" 403 199 "-" "-"
168.62.48.100 - - [18/Aug/2026:06:46:18 -0400] "GET /Cachex.php HTTP/1.1" 200 - "-" "-"
168.62.48.100 - - [18/Aug/2026:06:46:19 -0400] "GET /Cachex.php HTTP/1.1" 200 66752 "-" "-"
168.62.48.100 - - [18/Aug/2026:06:46:20 -0400] "GET /Menu/fonts/%20backup/log/index/js/wpup.php HTTP/1.1" 200 - "-" "-"
168.62.48.100 - - [18/Aug/2026:06:46:21 -0400] "GET /Menu/fonts/%20backup/log/index/js/wpup.php HTTP/1.1" 200 66488 "-" "-"
168.62.48.100 - - [18/Aug/2026:06:46:22 -0400] "GET /wp-2019.php HTTP/1.1" 200 - "-" "-"
168.62.48.100 - - [18/Aug/2026:06:46:23 -0400] "GET /wp-2019.php HTTP/1.1" 200 66756 "-" "-"
168.62.48.100 - - [18/Aug/2026:06:46:24 -0400] "GET /wp-includes/blocks/social-link/index.php HTTP/1.1" 403 199 "-" "-"
168.62.48.100 - - [18/Aug/2026:06:46:24 -0400] "GET //.cache/x.php HTTP/1.1" 200 - "-" "-"
168.62.48.100 - - [18/Aug/2026:06:46:25 -0400] "GET /.cache/x.php HTTP/1.1" 200 66760 "-" "-"
168.62.48.100 - - [18/Aug/2026:06:46:26 -0400] "GET /wp-includes/blocks/nextpage/index.php HTTP/1.1" 403 199 "-" "-"
168.62.48.100 - - [18/Aug/2026:06:46:26 -0400] "GET /wp-content/index.php HTTP/1.1" 403 199 "-" "-"
168.62.48.100 - - [18/Aug/2026:06:46:26 -0400] "GET /wp-content/themes/index.php HTTP/1.1" 403 199 "-" "-"
168.62.48.100 - - [18/Aug/2026:06:46:26 -0400] "GET /wp-includes/blocks/pullquote/windex.php HTTP/1.1" 403 199 "-" "-"
168.62.48.100 - - [18/Aug/2026:06:46:26 -0400] "GET /help/crnpwfiu.php HTTP/1.1" 200 - "-" "-"
168.62.48.100 - - [18/Aug/2026:06:46:27 -0400] "GET /help/crnpwfiu.php HTTP/1.1" 200 66764 "-" "-"
168.62.48.100 - - [18/Aug/2026:06:46:28 -0400] "GET /wp-content/plugins/majapahitslot/index.php HTTP/1.1" 403 199 "-" "-"
168.62.48.100 - - [18/Aug/2026:06:46:28 -0400] "GET /wp-includes/blocks/post-date/index.php HTTP/1.1" 403 199 "-" "-"
168.62.48.100 - - [18/Aug/2026:06:46:28 -0400] "GET /wp-includes/blocks/navigation-submenu/index.php HTTP/1.1" 403 199 "-" "-"
168.62.48.100 - - [18/Aug/2026:06:46:28 -0400] "GET /wp-includes/css/dist/block-directory/upload.php HTTP/1.1" 403 199 "-" "-"
168.62.48.100 - - [18/Aug/2026:06:46:28 -0400] "GET /update/wpupex.php HTTP/1.1" 200 - "-" "-"
168.62.48.100 - - [18/Aug/2026:06:46:29 -0400] "GET /update/wpupex.php HTTP/1.1" 200 66764 "-" "-"
168.62.48.100 - - [18/Aug/2026:06:46:30 -0400] "GET /wp-admin/install.php HTTP/1.1" 200 1467 "-" "-"
168.62.48.100 - - [18/Aug/2026:06:46:30 -0400] "GET /wp-content/plugins/index.php HTTP/1.1" 403 199 "-" "-"
168.62.48.100 - - [18/Aug/2026:06:46:30 -0400] "GET /wp-admin/css/colors/coffee/index.php HTTP/1.1" 200 - "-" "-"
168.62.48.100 - - [18/Aug/2026:06:46:31 -0400] "GET /wp-admin/css/colors/coffee/ HTTP/1.1" 403 199 "-" "-"
168.62.48.100 - - [18/Aug/2026:06:46:31 -0400] "GET //wp-includes/certificates/upload.php HTTP/1.1" 403 199 "-" "-"
168.62.48.100 - - [18/Aug/2026:06:46:31 -0400] "GET /well-known/index.php HTTP/1.1" 200 - "-" "-"
168.62.48.100 - - [18/Aug/2026:06:46:32 -0400] "GET /well-known/ HTTP/1.1" 200 66756 "-" "-"
168.62.48.100 - - [18/Aug/2026:06:46:32 -0400] "GET /wp-includes/Ipv6.php HTTP/1.1" 403 199 "-" "-"
69.39.225.240 - - [18/Aug/2026:06:46:34 -0400] "POST /wp-cron.php?doing_wp_cron=1787049994.0200939178466796875000 HTTP/1.1" 200 20 "-" "WordPress/7.0.4; https://www.cleanmyseweranddrain.com"
168.62.48.100 - - [18/Aug/2026:06:46:32 -0400] "GET /wp-admin/js/index.php HTTP/1.1" 200 - "-" "-"
168.62.48.100 - - [18/Aug/2026:06:46:34 -0400] "GET /wp-admin/js/ HTTP/1.1" 403 199 "-" "-"
168.62.48.100 - - [18/Aug/2026:06:46:34 -0400] "GET /assets/plugins/gmap/dapa.php HTTP/1.1" 200 - "-" "-"
168.62.48.100 - - [18/Aug/2026:06:46:37 -0400] "GET /assets/plugins/gmap/dapa.php HTTP/1.1" 200 66456 "-" "-"
168.62.48.100 - - [18/Aug/2026:06:46:40 -0400] "GET /mt/byp.php HTTP/1.1" 200 - "-" "-"
168.62.48.100 - - [18/Aug/2026:06:46:43 -0400] "GET /mt/byp.php HTTP/1.1" 200 66756 "-" "-"
168.62.48.100 - - [18/Aug/2026:06:46:44 -0400] "GET /MTOS/byp.php HTTP/1.1" 200 - "-" "-"
168.62.48.100 - - [18/Aug/2026:06:46:44 -0400] "GET /MTOS/byp.php HTTP/1.1" 200 66760 "-" "-"
168.62.48.100 - - [18/Aug/2026:06:46:45 -0400] "GET /wp-content/plugins/admin.php HTTP/1.1" 403 199 "-" "-"
168.62.48.100 - - [18/Aug/2026:06:46:45 -0400] "GET /wp-content/themes/home/index.php HTTP/1.1" 403 199 "-" "-"
168.62.48.100 - - [18/Aug/2026:06:46:45 -0400] "GET /modules/ets_whatsapp/security.php HTTP/1.1" 200 - "-" "-"
168.62.48.100 - - [18/Aug/2026:06:46:46 -0400] "GET /modules/ets_whatsapp/security.php HTTP/1.1" 200 66460 "-" "-"
168.62.48.100 - - [18/Aug/2026:06:46:47 -0400] "GET /wp-includes/Text/Diff/Engine/upload.php HTTP/1.1" 403 199 "-" "-"
168.62.48.100 - - [18/Aug/2026:06:46:47 -0400] "GET /wordpress/wp-content/plugins/cvqvgfk/index.php HTTP/1.1" 403 199 "-" "-"
168.62.48.100 - - [18/Aug/2026:06:46:48 -0400] "GET /wp-includes/SimplePie/index.php HTTP/1.1" 403 199 "-" "-"
168.62.48.100 - - [18/Aug/2026:06:46:48 -0400] "GET /first.php HTTP/1.1" 200 - "-" "-"
168.62.48.100 - - [18/Aug/2026:06:46:48 -0400] "GET /first.php HTTP/1.1" 200 66752 "-" "-"
168.62.48.100 - - [18/Aug/2026:06:46:49 -0400] "GET /wp-includes/js/crop/index.php HTTP/1.1" 403 199 "-" "-"
168.62.48.100 - - [18/Aug/2026:06:46:49 -0400] "GET /wp-includes/theme-compat/index.php HTTP/1.1" 403 199 "-" "-"
168.62.48.100 - - [18/Aug/2026:06:46:49 -0400] "GET /wp-includes/blocks/shortcode/index.php HTTP/1.1" 403 199 "-" "-"
168.62.48.100 - - [18/Aug/2026:06:46:50 -0400] "GET /blog/byp.php HTTP/1.1" 200 - "-" "-"
168.62.48.100 - - [18/Aug/2026:06:46:51 -0400] "GET /blog/byp.php HTTP/1.1" 200 66760 "-" "-"
168.62.48.100 - - [18/Aug/2026:06:46:53 -0400] "GET /wp-includes/blocks/file/index.php HTTP/1.1" 403 199 "-" "-"
168.62.48.100 - - [18/Aug/2026:06:46:53 -0400] "GET /wp-includes/ID3/index.php HTTP/1.1" 403 199 "-" "-"
168.62.48.100 - - [18/Aug/2026:06:46:53 -0400] "GET //images/security.php HTTP/1.1" 200 - "-" "-"
168.62.48.100 - - [18/Aug/2026:06:46:54 -0400] "GET /images/security.php HTTP/1.1" 200 66768 "-" "-"
69.39.225.240 - - [18/Aug/2026:07:12:52 -0400] "POST /wp-cron.php?doing_wp_cron=1787051572.3702340126037597656250 HTTP/1.1" 200 20 "-" "WordPress/7.0.4; https://www.cleanmyseweranddrain.com"
103.65.236.108 - - [18/Aug/2026:07:12:50 -0400] "GET /sftp-config.json HTTP/1.1" 200 20 "-" "Mozilla/5.0 (Macintosh; Intel Mac OS X 10.15; rv:77.0) Gecko/20100101 Firefox/77.0"
103.65.236.108 - - [18/Aug/2026:07:12:53 -0400] "GET /sftp-config.json HTTP/1.1" 200 16488 "-" "Mozilla/5.0 (Macintosh; Intel Mac OS X 10.15; rv:77.0) Gecko/20100101 Firefox/77.0"
103.65.236.108 - - [18/Aug/2026:07:12:59 -0400] "GET /.vscode/sftp.json HTTP/1.1" 200 20 "-" "Mozilla/5.0 (Macintosh; Intel Mac OS X 10.15; rv:77.0) Gecko/20100101 Firefox/77.0"
103.65.236.108 - - [18/Aug/2026:07:13:00 -0400] "GET /.vscode/sftp.json HTTP/1.1" 200 16494 "-" "Mozilla/5.0 (Macintosh; Intel Mac OS X 10.15; rv:77.0) Gecko/20100101 Firefox/77.0"
69.39.225.240 - - [18/Aug/2026:08:47:07 -0400] "POST /wp-cron.php?doing_wp_cron=1787057227.9642760753631591796875 HTTP/1.1" 200 20 "-" "WordPress/7.0.4; https://www.cleanmyseweranddrain.com"
162.62.213.165 - - [18/Aug/2026:08:47:07 -0400] "GET / HTTP/1.1" 200 20 "-" "Mozilla/5.0 (iPhone; CPU iPhone OS 13_2_3 like Mac OS X) AppleWebKit/605.1.15 (KHTML, like Gecko) Version/13.0.3 Mobile/15E148 Safari/604.1"
69.39.225.240 - - [18/Aug/2026:09:10:29 -0400] "POST /wp-cron.php?doing_wp_cron=1787058629.6375629901885986328125 HTTP/1.1" 200 20 "-" "WordPress/7.0.4; https://www.cleanmyseweranddrain.com"
52.6.42.10 - - [18/Aug/2026:09:10:28 -0400] "GET / HTTP/1.1" 200 20 "-" "SonyEricssonW995/R1EA Profile/MIDP-2.1 Configuration/CLDC-1.1 UNTRUSTED/1.0"
89.124.112.117 - - [18/Aug/2026:09:56:21 -0400] "GET / HTTP/1.0" 200 - "http://cleanmyseweranddrain.com/" "Mozilla/5.0 (Windows NT 10.0; Win64; x64) AppleWebKit/537.36 (KHTML, like Gecko) Chrome/129.0.0.0 Safari/537.36"
69.39.225.240 - - [18/Aug/2026:10:16:38 -0400] "POST /wp-cron.php?doing_wp_cron=1787062598.1937499046325683593750 HTTP/1.1" 200 20 "-" "WordPress/7.0.4; https://www.cleanmyseweranddrain.com"
181.214.226.92 - - [18/Aug/2026:10:16:38 -0400] "GET / HTTP/1.1" 200 20 "-" "Mozilla/5.0 (Linux; Android 10; STK-LX3 Build/HUAWEISTK-LX3; wv) AppleWebKit/537.36 (KHTML, like Gecko) Version/4.0 Chrome/100.0.4896.127 Mobile Safari/537.36HiSearch/21.1.11.303"
54.165.38.208 - - [18/Aug/2026:11:23:14 -0400] "GET / HTTP/1.1" 200 20 "-" "Mozilla/5.0 (Windows NT 10.0; Win64; x64) AppleWebKit/537.36 (KHTML, like Gecko) Chrome/101.0.4951.64 Safari/537.36 Edg/101.0.1210.47"
38.107.232.45 - - [18/Aug/2026:12:39:21 -0400] "GET / HTTP/1.1" 200 20 "-" "Mozilla/5.0 (Windows NT 10.0; Win64; x64) AppleWebKit/537.36 (KHTML, like Gecko) Chrome/120.0.0.0 Safari/537.36"
38.107.232.45 - - [18/Aug/2026:12:39:22 -0400] "GET /wp-login.php HTTP/1.1" 200 20 "-" "Mozilla/5.0 (Windows NT 10.0; Win64; x64) AppleWebKit/537.36 (KHTML, like Gecko) Chrome/120.0.0.0 Safari/537.36"
38.107.232.45 - - [18/Aug/2026:12:39:22 -0400] "GET /wp-admin/ HTTP/1.1" 200 20 "-" "Mozilla/5.0 (Windows NT 10.0; Win64; x64) AppleWebKit/537.36 (KHTML, like Gecko) Chrome/120.0.0.0 Safari/537.36"
69.39.225.240 - - [18/Aug/2026:13:20:27 -0400] "POST /wp-cron.php?doing_wp_cron=1787073627.4206941127777099609375 HTTP/1.1" 200 20 "-" "WordPress/7.0.4; https://www.cleanmyseweranddrain.com"
103.59.161.72 - - [18/Aug/2026:13:20:27 -0400] "GET / HTTP/1.1" 200 20 "-" "Mozilla/5.0 (compatible; WP-Safe-Scanner/1.0)"
103.59.161.72 - - [18/Aug/2026:13:20:30 -0400] "GET /wp-content/uploads/ HTTP/1.1" 403 199 "-" "Mozilla/5.0 (compatible; WP-Safe-Scanner/1.0)"
103.59.161.72 - - [18/Aug/2026:13:20:30 -0400] "GET /wp-content/plugins/ HTTP/1.1" 403 199 "-" "Mozilla/5.0 (compatible; WP-Safe-Scanner/1.0)"
103.59.161.72 - - [18/Aug/2026:13:20:31 -0400] "GET /wp-content/themes/ HTTP/1.1" 403 199 "-" "Mozilla/5.0 (compatible; WP-Safe-Scanner/1.0)"
103.59.161.72 - - [18/Aug/2026:13:20:31 -0400] "GET /wp-includes/ HTTP/1.1" 403 199 "-" "Mozilla/5.0 (compatible; WP-Safe-Scanner/1.0)"
103.59.161.72 - - [18/Aug/2026:13:20:31 -0400] "GET /wp-admin/ HTTP/1.1" 200 20 "-" "Mozilla/5.0 (compatible; WP-Safe-Scanner/1.0)"
69.39.225.240 - - [18/Aug/2026:13:58:40 -0400] "POST /wp-cron.php?doing_wp_cron=1787075920.3724870681762695312500 HTTP/1.1" 200 20 "-" "WordPress/7.0.4; https://www.cleanmyseweranddrain.com"
20.191.45.212 - - [18/Aug/2026:13:58:39 -0400] "GET / HTTP/1.1" 200 20 "-" "DuckDuckBot/1.1; (+http://duckduckgo.com/duckduckbot.html)"
69.39.225.240 - - [18/Aug/2026:15:22:14 -0400] "POST /wp-cron.php?doing_wp_cron=1787080934.4932839870452880859375 HTTP/1.1" 200 20 "-" "WordPress/7.0.4; https://www.cleanmyseweranddrain.com"
3.90.177.95 - - [18/Aug/2026:15:22:10 -0400] "GET / HTTP/1.1" 200 20 "-" "Mozilla/5.0 (Macintosh; Intel Mac OS X 10_15_7) AppleWebKit/537.36 (KHTML, like Gecko) Chrome/119.0.0.0 Safari/537.36"
69.39.225.240 - - [18/Aug/2026:15:27:41 -0400] "POST /wp-cron.php?doing_wp_cron=1787081261.6081058979034423828125 HTTP/1.1" 200 20 "-" "WordPress/7.0.4; https://www.cleanmyseweranddrain.com"
43.157.22.109 - - [18/Aug/2026:15:27:40 -0400] "GET / HTTP/1.1" 200 20 "-" "Mozilla/5.0 (iPhone; CPU iPhone OS 13_2_3 like Mac OS X) AppleWebKit/605.1.15 (KHTML, like Gecko) Version/13.0.3 Mobile/15E148 Safari/604.1"
69.39.225.240 - - [18/Aug/2026:15:56:00 -0400] "POST /wp-cron.php?doing_wp_cron=1787082960.2430109977722167968750 HTTP/1.1" 200 20 "-" "WordPress/7.0.4; https://www.cleanmyseweranddrain.com"
135.135.22.27 - - [18/Aug/2026:15:55:59 -0400] "GET / HTTP/1.1" 200 20 "-" "Mozilla/5.0 (Windows NT 10.0; Win64; x64) AppleWebKit/537.36 (KHTML, like Gecko) Chrome/124.0 Safari/537.36"
69.39.225.240 - - [18/Aug/2026:16:28:32 -0400] "POST /wp-cron.php?doing_wp_cron=1787084912.4165909290313720703125 HTTP/1.1" 200 20 "-" "WordPress/7.0.4; https://www.cleanmyseweranddrain.com"
165.227.91.40 - - [18/Aug/2026:16:28:31 -0400] "GET /.git/config HTTP/1.1" 200 20 "-" "Mozilla/5.0 (X11; Linux x86_64) AppleWebKit/537.36 (KHTML, like Gecko) Chrome/81.0.4044.129 Safari/537.36"
170.246.197.196 - - [18/Aug/2026:17:45:06 -0400] "GET / HTTP/1.1" 200 - "-" "Mozilla/5.0 (Windows NT 10.0; Win64; x64) AppleWebKit/537.36 (KHTML, like Gecko) Chrome/120.0.0.0 Safari/537.36"
69.39.225.240 - - [18/Aug/2026:17:51:55 -0400] "POST /wp-cron.php?doing_wp_cron=1787089915.3550410270690917968750 HTTP/1.1" 200 20 "-" "WordPress/7.0.4; https://www.cleanmyseweranddrain.com"
32.193.54.150 - - [18/Aug/2026:17:51:54 -0400] "GET /robots.txt HTTP/1.1" 200 139 "-" "Mozilla/5.0 (Macintosh; Intel Mac OS X 10_10_1) AppleWebKit/600.2.5 (KHTML, like Gecko) Version/8.0.2 Safari/600.2.5 (Gort)"
69.39.225.240 - - [18/Aug/2026:20:00:37 -0400] "POST /wp-cron.php?doing_wp_cron=1787097637.5945699214935302734375 HTTP/1.1" 200 20 "-" "WordPress/7.0.4; https://www.cleanmyseweranddrain.com"
89.19.194.69 - - [18/Aug/2026:20:00:36 -0400] "GET / HTTP/1.0" 200 8 "-" "Mozilla/5.0 (Windows NT 6.3; Win64; x64) AppleWebKit/537.36 (KHTML, like Gecko) Chrome/75.0.3770.100 Safari/537.36"
34.76.146.130 - - [18/Aug/2026:20:28:14 -0400] "GET / HTTP/1.1" 200 20 "-" "Mozilla/5.0 (Windows NT 10.0; Win64; x64) AppleWebKit/537.36 (KHTML, like Gecko) Chrome/84.0.4147.105 Safari/537.36"
34.76.146.130 - - [18/Aug/2026:20:28:47 -0400] "GET / HTTP/1.1" 200 20 "-" "Mozilla/5.0 (Windows NT 10.0; Win64; x64) AppleWebKit/537.36 (KHTML, like Gecko) Chrome/84.0.4147.105 Safari/537.36"
159.223.18.101 - - [18/Aug/2026:20:38:07 -0400] "GET / HTTP/1.1" 200 20 "-" "Mozilla/5.0 (X11; Linux x86_64; rv:142.0) Gecko/20100101 Firefox/142.0"
69.39.225.240 - - [18/Aug/2026:20:55:25 -0400] "POST /wp-cron.php?doing_wp_cron=1787100925.7094190120697021484375 HTTP/1.1" 200 20 "-" "WordPress/7.0.4; https://www.cleanmyseweranddrain.com"
43.164.190.124 - - [18/Aug/2026:20:55:25 -0400] "GET / HTTP/1.1" 200 20 "-" "Mozilla/5.0 (iPhone; CPU iPhone OS 13_2_3 like Mac OS X) AppleWebKit/605.1.15 (KHTML, like Gecko) Version/13.0.3 Mobile/15E148 Safari/604.1"
69.39.225.240 - - [18/Aug/2026:20:57:16 -0400] "POST /wp-cron.php?doing_wp_cron=1787101036.6319561004638671875000 HTTP/1.1" 200 20 "-" "WordPress/7.0.4; https://www.cleanmyseweranddrain.com"
193.235.141.134 - - [18/Aug/2026:20:57:15 -0400] "GET / HTTP/1.1" 200 20 "-" "Mozilla/5.0 (iPhone; CPU iPhone OS 17_1_2 like Mac OS X) AppleWebKit/605.1.15 (KHTML, like Gecko) Version/17.1.2 Mobile/15E148 Safari/604"
69.39.225.240 - - [18/Aug/2026:21:12:34 -0400] "POST /wp-cron.php?doing_wp_cron=1787101954.1679151058197021484375 HTTP/1.1" 200 20 "-" "WordPress/7.0.4; https://www.cleanmyseweranddrain.com"
66.249.70.193 - - [18/Aug/2026:21:12:33 -0400] "GET /robots.txt HTTP/1.1" 200 20 "-" "Mozilla/5.0 (compatible; Googlebot/2.1; +http://www.google.com/bot.html)"
66.249.64.231 - - [18/Aug/2026:21:12:34 -0400] "GET /robots.txt HTTP/1.1" 200 139 "-" "Mozilla/5.0 (compatible; Googlebot/2.1; +http://www.google.com/bot.html)"
66.249.70.194 - - [18/Aug/2026:21:12:35 -0400] "GET / HTTP/1.1" 200 20 "-" "Mozilla/5.0 (Linux; Android 6.0.1; Nexus 5X Build/MMB29P) AppleWebKit/537.36 (KHTML, like Gecko) Chrome/151.0.7922.137 Mobile Safari/537.36 (compatible; Googlebot/2.1; +http://www.google.com/bot.html)"
109.105.210.54 - - [18/Aug/2026:21:13:20 -0400] "GET / HTTP/1.1" 200 20 "-" "Mozilla/5.0 AppleWebKit/537.36 (KHTML, like Gecko) Chrome/123.0.6312.86 Safari/537.36"
69.39.225.240 - - [18/Aug/2026:21:14:08 -0400] "POST /wp-cron.php?doing_wp_cron=1787102048.5029768943786621093750 HTTP/1.1" 200 20 "-" "WordPress/7.0.4; https://www.cleanmyseweranddrain.com"
109.105.210.53 - - [18/Aug/2026:21:14:07 -0400] "GET /favicon.ico HTTP/1.1" 200 20 "-" "Mozilla/5.0 AppleWebKit/537.36 (KHTML, like Gecko) Chrome/123.0.6312.86 Safari/537.36"
69.39.225.240 - - [18/Aug/2026:21:35:02 -0400] "POST /wp-cron.php?doing_wp_cron=1787103302.5748949050903320312500 HTTP/1.1" 200 20 "-" "WordPress/7.0.4; https://www.cleanmyseweranddrain.com"
137.23.58.189 - - [18/Aug/2026:21:35:01 -0400] "GET / HTTP/1.1" 200 20 "http://www.cleanmyseweranddrain.com" "Mozilla/5.0 (Windows NT 10.0; Win64; x64; rv:133.0) Gecko/20100101 Firefox/133.0"
69.39.225.240 - - [18/Aug/2026:21:47:30 -0400] "POST /wp-cron.php?doing_wp_cron=1787104050.5494771003723144531250 HTTP/1.1" 200 20 "-" "WordPress/7.0.4; https://www.cleanmyseweranddrain.com"
66.249.64.229 - - [18/Aug/2026:21:47:29 -0400] "GET /robots.txt HTTP/1.1" 200 139 "-" "Mozilla/5.0 (compatible; Googlebot/2.1; +http://www.google.com/bot.html)"
66.249.64.230 - - [18/Aug/2026:21:47:30 -0400] "GET / HTTP/1.1" 200 20 "-" "Mozilla/5.0 (Linux; Android 6.0.1; Nexus 5X Build/MMB29P) AppleWebKit/537.36 (KHTML, like Gecko) Chrome/151.0.7922.137 Mobile Safari/537.36 (compatible; Googlebot/2.1; +http://www.google.com/bot.html)"
69.39.225.240 - - [18/Aug/2026:22:28:25 -0400] "POST /wp-cron.php?doing_wp_cron=1787106505.2351469993591308593750 HTTP/1.1" 200 20 "-" "WordPress/7.0.4; https://www.cleanmyseweranddrain.com"
168.107.94.195 - - [18/Aug/2026:22:28:24 -0400] "GET / HTTP/1.1" 200 20 "-" "Mozilla/5.0 (Macintosh; Intel Mac OS X 13_6_2) AppleWebKit/537.36 (KHTML, like Gecko) Chrome/119.0.6045.159 Safari/537.36"
147.224.249.133 - - [18/Aug/2026:22:52:31 -0400] "GET /wp-content/plugins/pods/readme.txt HTTP/1.1" 200 20 "-" "Mozilla/5.0 (Macintosh; Intel Mac OS X 10_15_7) AppleWebKit/537.36 (KHTML, like Gecko) Chrome/124.0.0.0 Safari/537.36"
147.224.249.133 - - [18/Aug/2026:22:52:31 -0400] "GET /wp-content/plugins/pods/init.php HTTP/1.1" 403 199 "-" "Mozilla/5.0 (Macintosh; Intel Mac OS X 10_15_7) AppleWebKit/537.36 (KHTML, like Gecko) Chrome/124.0.0.0 Safari/537.36"
69.39.225.240 - - [19/Aug/2026:00:38:26 -0400] "POST /wp-cron.php?doing_wp_cron=1787114306.0501949787139892578125 HTTP/1.1" 200 20 "-" "WordPress/7.0.4; https://www.cleanmyseweranddrain.com"
54.152.163.42 - - [19/Aug/2026:00:38:25 -0400] "GET /septic-services/industrial-septic-service HTTP/1.1" 200 20 "-" "Mozilla/5.0 AppleWebKit/537.36 (KHTML, like Gecko; compatible; Amazonbot/0.1; +https://developer.amazon.com/support/amazonbot) Chrome/119.0.6045.214 Safari/537.36"
52.70.209.13 - - [19/Aug/2026:00:38:26 -0400] "GET /septic-services/industrial-septic-service/ HTTP/1.1" 200 25568 "-" "Mozilla/5.0 AppleWebKit/537.36 (KHTML, like Gecko; compatible; Amazonbot/0.1; +https://developer.amazon.com/support/amazonbot) Chrome/119.0.6045.214 Safari/537.36"
104.28.97.32 - - [19/Aug/2026:01:16:54 -0400] "GET / HTTP/1.1" 200 20 "https://www.google.com/" "Mozilla/5.0 (iPhone; CPU iPhone OS 26_6_0 like Mac OS X) AppleWebKit/605.1.15 (KHTML, like Gecko) CriOS/151.0.7922.112 Mobile/15E148 Safari/604.1"
69.39.225.240 - - [19/Aug/2026:01:56:32 -0400] "POST /wp-cron.php?doing_wp_cron=1787118992.3548669815063476562500 HTTP/1.1" 200 20 "-" "WordPress/7.0.4; https://www.cleanmyseweranddrain.com"
43.163.112.239 - - [19/Aug/2026:01:56:31 -0400] "GET / HTTP/1.1" 200 20 "-" "Mozilla/5.0 (iPhone; CPU iPhone OS 13_2_3 like Mac OS X) AppleWebKit/605.1.15 (KHTML, like Gecko) Version/13.0.3 Mobile/15E148 Safari/604.1"
69.39.225.240 - - [19/Aug/2026:02:22:48 -0400] "POST /wp-cron.php?doing_wp_cron=1787120568.1274509429931640625000 HTTP/1.1" 200 20 "-" "WordPress/7.0.4; https://www.cleanmyseweranddrain.com"
185.255.126.52 - - [19/Aug/2026:02:22:47 -0400] "GET / HTTP/1.0" 200 - "http://cleanmyseweranddrain.com/" "Mozilla/5.0 (Windows NT 10.0; Win64; x64) AppleWebKit/537.36 (KHTML, like Gecko) Chrome/130.0.0.0 Safari/537.36"
69.39.225.240 - - [19/Aug/2026:02:42:24 -0400] "POST /wp-cron.php?doing_wp_cron=1787121744.6161310672760009765625 HTTP/1.1" 200 20 "-" "WordPress/7.0.4; https://www.cleanmyseweranddrain.com"
43.157.98.187 - - [19/Aug/2026:02:42:23 -0400] "GET / HTTP/1.1" 200 20 "-" "Mozilla/5.0 (iPhone; CPU iPhone OS 13_2_3 like Mac OS X) AppleWebKit/605.1.15 (KHTML, like Gecko) Version/13.0.3 Mobile/15E148 Safari/604.1"
69.39.225.240 - - [19/Aug/2026:03:53:16 -0400] "POST /wp-cron.php?doing_wp_cron=1787125996.0349299907684326171875 HTTP/1.1" 200 20 "-" "WordPress/7.0.4; https://www.cleanmyseweranddrain.com"
51.68.236.64 - - [19/Aug/2026:03:53:15 -0400] "GET /robots.txt HTTP/1.1" 200 139 "-" "Mozilla/5.0 (compatible; MJ12bot/v2.0.5; http://mj12bot.com/)"
51.68.236.64 - - [19/Aug/2026:03:53:16 -0400] "GET / HTTP/1.1" 200 20 "-" "Mozilla/5.0 (compatible; MJ12bot/v2.0.5; http://mj12bot.com/)"
52.15.139.230 - - [19/Aug/2026:03:55:24 -0400] "GET / HTTP/1.1" 200 20 "-" "Mozilla/5.0 (Windows NT 10.0; Win64; x64) AppleWebKit/537.36 (KHTML, like Gecko) Chrome/146.0.7423.12 Safari/537.36"
69.63.184.39 - - [19/Aug/2026:04:13:01 -0400] "GET /robots.txt HTTP/1.1" 200 139 "-" "facebookexternalhit/1.1 (+http://www.facebook.com/externalhit_uatext.php)"
193.228.134.216 - - [19/Aug/2026:04:37:52 -0400] "GET / HTTP/1.1" 200 20 "-" "Mozilla/5.0 (X11; Linux x86_64) AppleWebKit/537.36 (KHTML, like Gecko) Chrome/56.0.2925.18 Safari/537.36"
69.39.225.240 - - [19/Aug/2026:05:11:07 -0400] "POST /wp-cron.php?doing_wp_cron=1787130667.3177518844604492187500 HTTP/1.1" 200 20 "-" "WordPress/7.0.4; https://www.cleanmyseweranddrain.com"
157.173.122.176 - - [19/Aug/2026:05:11:05 -0400] "GET / HTTP/1.1" 200 20 "-" "Mozilla/5.0 (Windows NT 10.0; Win64; x64) AppleWebKit/537.36 (KHTML, like Gecko) Chrome/91.0.4472.114 Safari/537.36 Edg/91.0.864.54"
69.39.225.240 - - [19/Aug/2026:05:34:18 -0400] "POST /wp-cron.php?doing_wp_cron=1787132058.5896759033203125000000 HTTP/1.1" 200 20 "-" "WordPress/7.0.4; https://www.cleanmyseweranddrain.com"
68.67.112.82 - - [19/Aug/2026:05:34:16 -0400] "GET /robots.txt HTTP/1.1" 200 139 "-" "Mozilla/5.0 AppleWebKit/537.36 (KHTML, like Gecko; compatible; YouBot/1.0; +https://docs.you.com/youbot; env:prod) Chrome/142.0.0.0 Safari/537.36"
68.67.112.82 - - [19/Aug/2026:05:34:18 -0400] "GET /septic-services/time-of-transfer-inspection HTTP/1.1" 200 20 "-" "Mozilla/5.0 AppleWebKit/537.36 (KHTML, like Gecko; compatible; YouBot/1.0; +https://docs.you.com/youbot; env:prod) Chrome/142.0.0.0 Safari/537.36"
68.67.112.82 - - [19/Aug/2026:05:34:20 -0400] "GET /septic-services/time-of-transfer-inspection/ HTTP/1.1" 200 26165 "-" "Mozilla/5.0 AppleWebKit/537.36 (KHTML, like Gecko; compatible; YouBot/1.0; +https://docs.you.com/youbot; env:prod) Chrome/142.0.0.0 Safari/537.36"
69.39.225.240 - - [19/Aug/2026:05:35:54 -0400] "POST /wp-cron.php?doing_wp_cron=1787132154.4783489704132080078125 HTTP/1.1" 200 20 "-" "WordPress/7.0.4; https://www.cleanmyseweranddrain.com"
91.92.47.210 - - [19/Aug/2026:05:35:53 -0400] "HEAD / HTTP/1.1" 200 - "-" "Mozilla/5.0"
91.92.47.210 - - [19/Aug/2026:05:35:55 -0400] "GET / HTTP/1.1" 200 20 "-" "Mozilla/5.0"
69.39.225.240 - - [19/Aug/2026:06:07:37 -0400] "POST /wp-cron.php?doing_wp_cron=1787134057.1062910556793212890625 HTTP/1.1" 200 20 "-" "WordPress/7.0.4; https://www.cleanmyseweranddrain.com"
82.165.20.239 - - [19/Aug/2026:06:07:36 -0400] "GET / HTTP/1.1" 200 20 "-" "Mozilla/5.0 (Windows NT 10.0; Win64; x64) AppleWebKit/537.36 Chrome/121.0 Safari/537.36"
82.165.20.239 - - [19/Aug/2026:06:07:37 -0400] "GET /contact HTTP/1.1" 200 20 "-" "Mozilla/5.0 (Windows NT 10.0; Win64; x64) AppleWebKit/537.36 Chrome/121.0 Safari/537.36"
82.165.20.239 - - [19/Aug/2026:06:07:37 -0400] "GET /our-team HTTP/1.1" 200 16477 "-" "Mozilla/5.0 (Windows NT 10.0; Win64; x64) AppleWebKit/537.36 Chrome/121.0 Safari/537.36"
82.165.20.239 - - [19/Aug/2026:06:07:37 -0400] "GET /about HTTP/1.1" 200 20 "-" "Mozilla/5.0 (Windows NT 10.0; Win64; x64) AppleWebKit/537.36 Chrome/121.0 Safari/537.36"
82.165.20.239 - - [19/Aug/2026:06:07:37 -0400] "GET /about-us HTTP/1.1" 200 16479 "-" "Mozilla/5.0 (Windows NT 10.0; Win64; x64) AppleWebKit/537.36 Chrome/121.0 Safari/537.36"
82.165.20.239 - - [19/Aug/2026:06:07:37 -0400] "GET /team HTTP/1.1" 200 16475 "-" "Mozilla/5.0 (Windows NT 10.0; Win64; x64) AppleWebKit/537.36 Chrome/121.0 Safari/537.36"
82.165.20.239 - - [19/Aug/2026:06:07:37 -0400] "GET /contactus HTTP/1.1" 200 16481 "-" "Mozilla/5.0 (Windows NT 10.0; Win64; x64) AppleWebKit/537.36 Chrome/121.0 Safari/537.36"
82.165.20.239 - - [19/Aug/2026:06:07:37 -0400] "GET /en/contact HTTP/1.1" 200 20 "-" "Mozilla/5.0 (Windows NT 10.0; Win64; x64) AppleWebKit/537.36 Chrome/121.0 Safari/537.36"
82.165.20.239 - - [19/Aug/2026:06:07:37 -0400] "GET /contact-us HTTP/1.1" 200 16481 "-" "Mozilla/5.0 (Windows NT 10.0; Win64; x64) AppleWebKit/537.36 Chrome/121.0 Safari/537.36"
82.165.20.239 - - [19/Aug/2026:06:07:37 -0400] "GET /staff HTTP/1.1" 200 16474 "-" "Mozilla/5.0 (Windows NT 10.0; Win64; x64) AppleWebKit/537.36 Chrome/121.0 Safari/537.36"
82.165.20.239 - - [19/Aug/2026:06:07:37 -0400] "GET /impressum HTTP/1.1" 200 16478 "-" "Mozilla/5.0 (Windows NT 10.0; Win64; x64) AppleWebKit/537.36 Chrome/121.0 Safari/537.36"
82.165.20.239 - - [19/Aug/2026:06:07:37 -0400] "GET /people HTTP/1.1" 200 16478 "-" "Mozilla/5.0 (Windows NT 10.0; Win64; x64) AppleWebKit/537.36 Chrome/121.0 Safari/537.36"
82.165.20.239 - - [19/Aug/2026:06:07:37 -0400] "GET /leadership HTTP/1.1" 200 16480 "-" "Mozilla/5.0 (Windows NT 10.0; Win64; x64) AppleWebKit/537.36 Chrome/121.0 Safari/537.36"
82.165.20.239 - - [19/Aug/2026:06:07:37 -0400] "GET /en/about HTTP/1.1" 200 20 "-" "Mozilla/5.0 (Windows NT 10.0; Win64; x64) AppleWebKit/537.36 Chrome/121.0 Safari/537.36"
82.165.20.239 - - [19/Aug/2026:06:07:37 -0400] "GET /reach-us HTTP/1.1" 200 16476 "-" "Mozilla/5.0 (Windows NT 10.0; Win64; x64) AppleWebKit/537.36 Chrome/121.0 Safari/537.36"
82.165.20.239 - - [19/Aug/2026:06:07:37 -0400] "GET /aboutus HTTP/1.1" 200 16479 "-" "Mozilla/5.0 (Windows NT 10.0; Win64; x64) AppleWebKit/537.36 Chrome/121.0 Safari/537.36"
82.165.20.239 - - [19/Aug/2026:06:07:37 -0400] "GET /get-in-touch HTTP/1.1" 200 16487 "-" "Mozilla/5.0 (Windows NT 10.0; Win64; x64) AppleWebKit/537.36 Chrome/121.0 Safari/537.36"
82.165.20.239 - - [19/Aug/2026:06:07:37 -0400] "GET /help HTTP/1.1" 200 16475 "-" "Mozilla/5.0 (Windows NT 10.0; Win64; x64) AppleWebKit/537.36 Chrome/121.0 Safari/537.36"
82.165.20.239 - - [19/Aug/2026:06:07:37 -0400] "GET /connect HTTP/1.1" 200 16477 "-" "Mozilla/5.0 (Windows NT 10.0; Win64; x64) AppleWebKit/537.36 Chrome/121.0 Safari/537.36"
82.165.20.239 - - [19/Aug/2026:06:07:37 -0400] "GET /kontakt HTTP/1.1" 200 16477 "-" "Mozilla/5.0 (Windows NT 10.0; Win64; x64) AppleWebKit/537.36 Chrome/121.0 Safari/537.36"
82.165.20.239 - - [19/Aug/2026:06:07:37 -0400] "GET /support HTTP/1.1" 200 16478 "-" "Mozilla/5.0 (Windows NT 10.0; Win64; x64) AppleWebKit/537.36 Chrome/121.0 Safari/537.36"
69.39.225.240 - - [19/Aug/2026:06:17:03 -0400] "POST /wp-cron.php?doing_wp_cron=1787134623.6499900817871093750000 HTTP/1.1" 200 20 "-" "WordPress/7.0.4; https://www.cleanmyseweranddrain.com"
74.125.151.193 - - [19/Aug/2026:06:17:01 -0400] "GET / HTTP/1.1" 200 20 "-" "Mozilla/5.0 (Linux; Android 6.0.1; Nexus 5X Build/MMB29P) AppleWebKit/537.36 (KHTML, like Gecko) Chrome/151.0.7922.137 Mobile Safari/537.36 (compatible; AdsBot-Google-Mobile; +http://www.google.com/mobile/adsbot.html)"
69.39.225.240 - - [19/Aug/2026:06:18:22 -0400] "POST /wp-cron.php?doing_wp_cron=1787134702.6680231094360351562500 HTTP/1.1" 200 20 "-" "WordPress/7.0.4; https://www.cleanmyseweranddrain.com"
43.165.2.110 - - [19/Aug/2026:06:18:21 -0400] "GET / HTTP/1.1" 200 20 "-" "Mozilla/5.0 (iPhone; CPU iPhone OS 13_2_3 like Mac OS X) AppleWebKit/605.1.15 (KHTML, like Gecko) Version/13.0.3 Mobile/15E148 Safari/604.1"
217.160.238.63 - - [19/Aug/2026:08:38:58 -0400] "GET / HTTP/1.1" 200 - "-" "EMAIL-EU-Academic-Crawler/4.1"
170.205.31.14 - - [19/Aug/2026:09:34:46 -0400] "GET /wp-content/plugins/pods/readme.txt HTTP/1.1" 200 20 "-" "Mozilla/5.0 (Macintosh; Intel Mac OS X 10_15_7) AppleWebKit/537.36 (KHTML, like Gecko) Chrome/124.0.0.0 Safari/537.36"
170.205.31.14 - - [19/Aug/2026:09:34:47 -0400] "GET /wp-content/plugins/pods/init.php HTTP/1.1" 403 199 "-" "Mozilla/5.0 (Macintosh; Intel Mac OS X 10_15_7) AppleWebKit/537.36 (KHTML, like Gecko) Chrome/124.0.0.0 Safari/537.36"
69.39.225.240 - - [19/Aug/2026:10:04:49 -0400] "POST /wp-cron.php?doing_wp_cron=1787148289.2469151020050048828125 HTTP/1.1" 200 20 "-" "WordPress/7.0.4; https://www.cleanmyseweranddrain.com"
72.58.115.200 - - [19/Aug/2026:10:04:48 -0400] "GET / HTTP/1.1" 200 20 "https://www.google.com/" "Mozilla/5.0 (iPhone; CPU iPhone OS 26_6_0 like Mac OS X) AppleWebKit/605.1.15 (KHTML, like Gecko) GSA/434.2.961627397 Mobile/15E148 Safari/604.1"
217.77.4.217 - - [19/Aug/2026:10:21:12 -0400] "GET / HTTP/1.1" 200 20 "-" "Mozilla/5.0 (Windows NT 10.0; Win64; x64) AppleWebKit/537.36 (KHTML, like Gecko) Chrome/131.0.0.0 Safari/537.36"
69.39.225.240 - - [19/Aug/2026:11:19:44 -0400] "POST /wp-cron.php?doing_wp_cron=1787152784.6650080680847167968750 HTTP/1.1" 200 20 "-" "WordPress/7.0.4; https://www.cleanmyseweranddrain.com"
67.212.118.61 - - [19/Aug/2026:11:19:43 -0400] "GET / HTTP/1.1" 200 20 "https://www.google.com/" "Mozilla/5.0 (iPhone; CPU iPhone OS 26_6_0 like Mac OS X) AppleWebKit/605.1.15 (KHTML, like Gecko) GSA/434.2.961627397 Mobile/15E148 Safari/604.1"
69.39.225.240 - - [19/Aug/2026:11:27:44 -0400] "POST /wp-cron.php?doing_wp_cron=1787153264.8403129577636718750000 HTTP/1.1" 200 20 "-" "WordPress/7.0.4; https://www.cleanmyseweranddrain.com"
43.165.67.31 - - [19/Aug/2026:11:27:44 -0400] "GET / HTTP/1.1" 200 20 "-" "Mozilla/5.0 (iPhone; CPU iPhone OS 13_2_3 like Mac OS X) AppleWebKit/605.1.15 (KHTML, like Gecko) Version/13.0.3 Mobile/15E148 Safari/604.1"
69.39.225.240 - - [19/Aug/2026:11:28:42 -0400] "POST /wp-cron.php?doing_wp_cron=1787153322.7919459342956542968750 HTTP/1.1" 200 20 "-" "WordPress/7.0.4; https://www.cleanmyseweranddrain.com"
147.93.133.234 - - [19/Aug/2026:11:28:41 -0400] "GET / HTTP/1.1" 200 20 "-" "Mozilla/5.0 (compatible; WhoToHireBot/1.0; +https://whotohire.com/bot)"
69.39.225.240 - - [19/Aug/2026:11:47:05 -0400] "POST /wp-cron.php?doing_wp_cron=1787154425.3166809082031250000000 HTTP/1.1" 200 20 "-" "WordPress/7.0.4; https://www.cleanmyseweranddrain.com"
217.77.4.217 - - [19/Aug/2026:11:47:04 -0400] "GET / HTTP/1.1" 200 20 "-" "Mozilla/5.0 (Windows NT 10.0; Win64; x64) AppleWebKit/537.36 (KHTML, like Gecko) Chrome/131.0.0.0 Safari/537.36"
69.39.225.240 - - [19/Aug/2026:11:52:40 -0400] "POST /wp-cron.php?doing_wp_cron=1787154760.0253090858459472656250 HTTP/1.1" 200 20 "-" "WordPress/7.0.4; https://www.cleanmyseweranddrain.com"
3.226.202.248 - - [19/Aug/2026:11:52:39 -0400] "GET /robots.txt HTTP/1.1" 200 139 "-" "Mozilla/5.0 (Macintosh; Intel Mac OS X 10_10_1) AppleWebKit/600.2.5 (KHTML, like Gecko) Version/8.0.2 Safari/600.2.5 (Gort)"
69.39.225.240 - - [19/Aug/2026:12:43:12 -0400] "POST /wp-cron.php?doing_wp_cron=1787157792.5179839134216308593750 HTTP/1.1" 200 20 "-" "WordPress/7.0.4; https://www.cleanmyseweranddrain.com"
3.139.242.79 - - [19/Aug/2026:12:43:11 -0400] "GET / HTTP/1.1" 200 20 "-" "visionheight.com/scan Mozilla/5.0 (Macintosh; Intel Mac OS X 10_15_7) Chrome/126.0.0.0 Safari/537.36"
40.88.21.235 - - [19/Aug/2026:12:53:22 -0400] "GET / HTTP/1.1" 200 20 "-" "DuckDuckBot/1.1; (+http://duckduckgo.com/duckduckbot.html)"
69.39.225.240 - - [19/Aug/2026:13:05:59 -0400] "POST /wp-cron.php?doing_wp_cron=1787159159.1617150306701660156250 HTTP/1.1" 200 20 "-" "WordPress/7.0.4; https://www.cleanmyseweranddrain.com"
217.77.4.217 - - [19/Aug/2026:13:05:58 -0400] "GET / HTTP/1.1" 200 20 "-" "Mozilla/5.0 (Windows NT 10.0; Win64; x64) AppleWebKit/537.36 (KHTML, like Gecko) Chrome/131.0.0.0 Safari/537.36"
69.39.225.240 - - [19/Aug/2026:14:05:34 -0400] "POST /wp-cron.php?doing_wp_cron=1787162734.2027819156646728515625 HTTP/1.1" 200 20 "-" "WordPress/7.0.4; https://www.cleanmyseweranddrain.com"
91.92.47.210 - - [19/Aug/2026:14:05:32 -0400] "HEAD / HTTP/1.1" 200 - "-" "Mozilla/5.0"
91.92.47.210 - - [19/Aug/2026:14:05:35 -0400] "GET / HTTP/1.1" 200 20 "-" "Mozilla/5.0"
216.244.66.250 - - [19/Aug/2026:16:32:38 -0400] "GET /robots.txt HTTP/1.1" 200 186 "-" "Mozilla/5.0 (compatible; DotBot/1.2; +https://opensiteexplorer.org/dotbot; help@moz.com)"
69.39.225.240 - - [19/Aug/2026:16:35:25 -0400] "POST /wp-cron.php?doing_wp_cron=1787171725.2242329120635986328125 HTTP/1.1" 200 20 "-" "WordPress/7.0.4; https://www.cleanmyseweranddrain.com"
216.244.66.250 - - [19/Aug/2026:16:35:22 -0400] "GET / HTTP/1.1" 200 - "-" "Mozilla/5.0 (compatible; DotBot/1.2; +https://opensiteexplorer.org/dotbot; help@moz.com)"
69.39.225.240 - - [19/Aug/2026:17:21:33 -0400] "POST /wp-cron.php?doing_wp_cron=1787174493.9900500774383544921875 HTTP/1.1" 200 20 "-" "WordPress/7.0.4; https://www.cleanmyseweranddrain.com"
157.66.56.22 - - [19/Aug/2026:17:21:33 -0400] "GET /sftp-config.json HTTP/1.1" 200 20 "-" "Mozilla/5.0 (Macintosh; Intel Mac OS X 10.15; rv:77.0) Gecko/20100101 Firefox/77.0"
157.66.56.22 - - [19/Aug/2026:17:21:37 -0400] "GET /sftp-config.json HTTP/1.1" 200 16486 "-" "Mozilla/5.0 (Macintosh; Intel Mac OS X 10.15; rv:77.0) Gecko/20100101 Firefox/77.0"
157.66.56.22 - - [19/Aug/2026:17:21:40 -0400] "GET /.vscode/sftp.json HTTP/1.1" 200 20 "-" "Mozilla/5.0 (Macintosh; Intel Mac OS X 10.15; rv:77.0) Gecko/20100101 Firefox/77.0"
69.39.225.240 - - [19/Aug/2026:17:59:55 -0400] "POST /wp-cron.php?doing_wp_cron=1787176795.3292810916900634765625 HTTP/1.1" 200 20 "-" "WordPress/7.0.4; https://www.cleanmyseweranddrain.com"
114.119.132.248 - - [19/Aug/2026:17:59:54 -0400] "GET /robots.txt HTTP/1.1" 200 139 "http://www.cleanmyseweranddrain.com/robots.txt" "Mozilla/5.0 (compatible;PetalBot;+https://webmaster.petalsearch.com/site/petalbot)"
20.98.80.248 - - [19/Aug/2026:18:03:27 -0400] "POST /wp-json/batch/v1 HTTP/1.1" 403 199 "-" "Mozilla/5.0"
20.98.80.248 - - [19/Aug/2026:18:04:02 -0400] "POST /?rest_route=/batch/v1 HTTP/1.1" 403 199 "-" "Mozilla/5.0"
69.39.225.240 - - [19/Aug/2026:18:04:37 -0400] "POST /wp-cron.php?doing_wp_cron=1787177077.8467569351196289062500 HTTP/1.1" 200 20 "-" "WordPress/7.0.4; https://www.cleanmyseweranddrain.com"
20.98.80.248 - - [19/Aug/2026:18:04:37 -0400] "POST / HTTP/1.1" 200 634 "-" "Mozilla/5.0"
20.98.80.248 - - [19/Aug/2026:18:06:52 -0400] "POST /wp-json/batch/v1 HTTP/1.1" 403 199 "-" "Mozilla/5.0"
20.98.80.248 - - [19/Aug/2026:18:07:27 -0400] "POST /?rest_route=/batch/v1 HTTP/1.1" 403 199 "-" "Mozilla/5.0"
69.39.225.240 - - [19/Aug/2026:18:07:59 -0400] "POST /wp-cron.php?doing_wp_cron=1787177279.2247140407562255859375 HTTP/1.1" 200 20 "-" "WordPress/7.0.4; https://www.cleanmyseweranddrain.com"
20.98.80.248 - - [19/Aug/2026:18:07:58 -0400] "POST / HTTP/1.1" 200 634 "-" "Mozilla/5.0"
20.98.80.248 - - [19/Aug/2026:18:10:19 -0400] "POST /wp-json/batch/v1 HTTP/1.1" 403 199 "-" "Mozilla/5.0"
20.98.80.248 - - [19/Aug/2026:18:10:52 -0400] "POST /?rest_route=/batch/v1 HTTP/1.1" 403 199 "-" "Mozilla/5.0"
69.39.225.240 - - [19/Aug/2026:18:11:25 -0400] "POST /wp-cron.php?doing_wp_cron=1787177485.2445170879364013671875 HTTP/1.1" 200 20 "-" "WordPress/7.0.4; https://www.cleanmyseweranddrain.com"
20.98.80.248 - - [19/Aug/2026:18:11:24 -0400] "POST / HTTP/1.1" 200 634 "-" "Mozilla/5.0"
69.39.225.240 - - [19/Aug/2026:18:19:01 -0400] "POST /wp-cron.php?doing_wp_cron=1787177941.2199809551239013671875 HTTP/1.1" 200 20 "-" "WordPress/7.0.4; https://www.cleanmyseweranddrain.com"
154.71.128.198 - - [19/Aug/2026:18:19:00 -0400] "GET / HTTP/1.1" 200 - "-" "Mozilla/5.0 (Windows NT 10.0; Win64; x64) AppleWebKit/537.36 (KHTML, like Gecko) Chrome/120.0.0.0 Safari/537.36"
69.39.225.240 - - [19/Aug/2026:18:22:24 -0400] "POST /wp-cron.php?doing_wp_cron=1787178144.7405610084533691406250 HTTP/1.1" 200 20 "-" "WordPress/7.0.4; https://www.cleanmyseweranddrain.com"
51.195.244.230 - - [19/Aug/2026:18:22:24 -0400] "GET /robots.txt HTTP/1.1" 200 139 "-" "Mozilla/5.0 (compatible; AhrefsBot/7.0; +http://ahrefs.com/robot/)"
142.44.228.163 - - [19/Aug/2026:18:22:25 -0400] "GET /septic-services/industrial-septic-service/ HTTP/1.1" 200 25567 "-" "Mozilla/5.0 (compatible; AhrefsBot/7.0; +http://ahrefs.com/robot/)"
54.39.6.135 - - [19/Aug/2026:18:24:50 -0400] "GET /wp-content/uploads/fusion-styles/288acfce84714eb41a7867c783a4adb9.min.css?ver=3.11.11 HTTP/1.1" 200 1108660 "-" "Mozilla/5.0 (compatible; AhrefsBot/7.0; +http://ahrefs.com/robot/)"
69.39.225.240 - - [19/Aug/2026:18:36:51 -0400] "POST /wp-cron.php?doing_wp_cron=1787179011.3292279243469238281250 HTTP/1.1" 200 20 "-" "WordPress/7.0.4; https://www.cleanmyseweranddrain.com"
124.156.225.181 - - [19/Aug/2026:18:36:50 -0400] "GET / HTTP/1.1" 200 20 "-" "Mozilla/5.0 (iPhone; CPU iPhone OS 13_2_3 like Mac OS X) AppleWebKit/605.1.15 (KHTML, like Gecko) Version/13.0.3 Mobile/15E148 Safari/604.1"
69.39.225.240 - - [19/Aug/2026:22:28:20 -0400] "POST /wp-cron.php?doing_wp_cron=1787192900.4838440418243408203125 HTTP/1.1" 200 20 "-" "WordPress/7.0.4; https://www.cleanmyseweranddrain.com"
34.79.246.102 - - [19/Aug/2026:22:28:19 -0400] "GET / HTTP/1.1" 200 20 "-" "Mozilla/5.0 (Windows NT 10.0; Win64; x64) AppleWebKit/537.36 (KHTML, like Gecko) Chrome/84.0.4147.105 Safari/537.36"
69.39.225.240 - - [19/Aug/2026:22:40:41 -0400] "POST /wp-cron.php?doing_wp_cron=1787193641.2492330074310302734375 HTTP/1.1" 200 20 "-" "WordPress/7.0.4; https://www.cleanmyseweranddrain.com"
101.33.81.73 - - [19/Aug/2026:22:40:40 -0400] "GET / HTTP/1.1" 200 20 "-" "Mozilla/5.0 (iPhone; CPU iPhone OS 13_2_3 like Mac OS X) AppleWebKit/605.1.15 (KHTML, like Gecko) Version/13.0.3 Mobile/15E148 Safari/604.1"
69.39.225.240 - - [19/Aug/2026:23:45:38 -0400] "POST /wp-cron.php?doing_wp_cron=1787197538.8674540519714355468750 HTTP/1.1" 200 20 "-" "WordPress/7.0.4; https://www.cleanmyseweranddrain.com"
43.162.109.249 - - [19/Aug/2026:23:45:38 -0400] "GET / HTTP/1.1" 200 20 "-" "Mozilla/5.0 (iPhone; CPU iPhone OS 13_2_3 like Mac OS X) AppleWebKit/605.1.15 (KHTML, like Gecko) Version/13.0.3 Mobile/15E148 Safari/604.1"
69.39.225.240 - - [20/Aug/2026:01:08:22 -0400] "POST /wp-cron.php?doing_wp_cron=1787202502.3835330009460449218750 HTTP/1.1" 200 20 "-" "WordPress/7.0.4; https://www.cleanmyseweranddrain.com"
69.171.234.23 - - [20/Aug/2026:01:08:21 -0400] "GET / HTTP/1.1" 200 - "-" "meta-externalagent/1.1 (+https://developers.facebook.com/docs/sharing/webmasters/crawler)"
78.138.31.192 - - [20/Aug/2026:02:51:21 -0400] "GET / HTTP/1.1" 200 20 "-" "Go-http-client/1.1"
78.138.31.192 - - [20/Aug/2026:02:51:21 -0400] "GET /wp-includes/css/buttons.css HTTP/1.1" 200 12954 "-" "Go-http-client/1.1"
89.124.72.75 - - [20/Aug/2026:03:09:16 -0400] "GET / HTTP/1.0" 200 - "http://cleanmyseweranddrain.com/" "Mozilla/5.0 (Windows NT 10.0; Win64; x64) AppleWebKit/537.36 (KHTML, like Gecko) Chrome/130.0.0.0 Safari/537.36 CCleaner/130.0.0.0"
69.39.225.240 - - [20/Aug/2026:03:14:39 -0400] "POST /wp-cron.php?doing_wp_cron=1787210079.0769770145416259765625 HTTP/1.1" 200 20 "-" "WordPress/7.0.4; https://www.cleanmyseweranddrain.com"
43.130.141.193 - - [20/Aug/2026:03:14:38 -0400] "GET / HTTP/1.1" 200 20 "-" "Mozilla/5.0 (iPhone; CPU iPhone OS 13_2_3 like Mac OS X) AppleWebKit/605.1.15 (KHTML, like Gecko) Version/13.0.3 Mobile/15E148 Safari/604.1"
69.39.225.240 - - [20/Aug/2026:03:30:02 -0400] "POST /wp-cron.php?doing_wp_cron=1787211002.8948009014129638671875 HTTP/1.1" 200 20 "-" "WordPress/7.0.4; https://www.cleanmyseweranddrain.com"
47.128.54.223 - - [20/Aug/2026:03:30:02 -0400] "GET /robots.txt HTTP/1.1" 200 186 "-" "Mozilla/5.0 (iPhone; CPU iPhone OS 7_1_2 like Mac OS X) AppleWebKit/537.36 (KHTML, like Gecko) Version/7.0 Mobile Safari/537.36 (compatible; Bytespider; https://bytedance.sg.larkoffice.com/docx/K5bxdypulop3IIxrJb0lOjLVgFe)"
69.39.225.240 - - [20/Aug/2026:03:37:54 -0400] "POST /wp-cron.php?doing_wp_cron=1787211474.4866490364074707031250 HTTP/1.1" 200 20 "-" "WordPress/7.0.4; https://www.cleanmyseweranddrain.com"
47.128.47.77 - - [20/Aug/2026:03:37:54 -0400] "GET /robots.txt HTTP/1.1" 200 139 "-" "Mozilla/5.0 (Linux; Android 5.0) AppleWebKit/537.36 (KHTML, like Gecko) Mobile Safari/537.36 (compatible; Bytespider; https://bytedance.sg.larkoffice.com/docx/K5bxdypulop3IIxrJb0lOjLVgFe)"
69.39.225.240 - - [20/Aug/2026:03:39:49 -0400] "POST /wp-cron.php?doing_wp_cron=1787211589.2268450260162353515625 HTTP/1.1" 200 20 "-" "WordPress/7.0.4; https://www.cleanmyseweranddrain.com"
119.13.90.79 - - [20/Aug/2026:03:39:48 -0400] "GET /ip HTTP/1.1" 200 66744 "-" "Mozilla/5.0 (Macintosh; Intel Mac OS X 10_15_7) AppleWebKit/537.36 (KHTML, like Gecko) Chrome/114.0.0.0 Safari/537.36"
149.232.128.216 - - [20/Aug/2026:03:39:48 -0400] "GET /ip HTTP/1.1" 200 66744 "-" "Mozilla/5.0 (Macintosh; Intel Mac OS X 10_15_7) AppleWebKit/537.36 (KHTML, like Gecko) Chrome/114.0.0.0 Safari/537.36"
110.238.109.153 - - [20/Aug/2026:03:39:48 -0400] "GET /ip HTTP/1.1" 200 66744 "-" "Mozilla/5.0 (Macintosh; Intel Mac OS X 10_15_7) AppleWebKit/537.36 (KHTML, like Gecko) Chrome/114.0.0.0 Safari/537.36"
43.133.220.37 - - [20/Aug/2026:04:14:29 -0400] "GET / HTTP/1.1" 200 20 "-" "Mozilla/5.0 (iPhone; CPU iPhone OS 13_2_3 like Mac OS X) AppleWebKit/605.1.15 (KHTML, like Gecko) Version/13.0.3 Mobile/15E148 Safari/604.1"
69.39.225.240 - - [20/Aug/2026:05:45:38 -0400] "POST /wp-cron.php?doing_wp_cron=1787219138.9606668949127197265625 HTTP/1.1" 200 20 "-" "WordPress/7.0.4; https://www.cleanmyseweranddrain.com"
148.222.185.43 - - [20/Aug/2026:05:45:38 -0400] "GET / HTTP/1.0" 200 - "http://www.cleanmyseweranddrain.com/" "Mozilla/5.0 (Windows NT 10.0; Win64; x64) AppleWebKit/537.36 (KHTML, like Gecko) Chrome/131.0.0.0 Safari/537.36 Avast/131.0.0.0"
69.39.225.240 - - [20/Aug/2026:06:26:09 -0400] "POST /wp-cron.php?doing_wp_cron=1787221569.1881339550018310546875 HTTP/1.1" 200 20 "-" "WordPress/7.0.4; https://www.cleanmyseweranddrain.com"
52.202.232.123 - - [20/Aug/2026:06:26:08 -0400] "GET /robots.txt HTTP/1.1" 200 139 "-" "Mozilla/5.0 (Macintosh; Intel Mac OS X 10_10_1) AppleWebKit/600.2.5 (KHTML, like Gecko) Version/8.0.2 Safari/600.2.5 (Gort)"
69.39.225.240 - - [20/Aug/2026:06:27:28 -0400] "POST /wp-cron.php?doing_wp_cron=1787221648.4833290576934814453125 HTTP/1.1" 200 20 "-" "WordPress/7.0.4; https://www.cleanmyseweranddrain.com"
66.249.64.229 - - [20/Aug/2026:06:27:27 -0400] "GET /robots.txt HTTP/1.1" 200 139 "-" "Mozilla/5.0 (compatible; Googlebot/2.1; +http://www.google.com/bot.html)"
66.249.64.229 - - [20/Aug/2026:06:27:28 -0400] "GET / HTTP/1.1" 200 20 "-" "Mozilla/5.0 (compatible; Googlebot/2.1; +http://www.google.com/bot.html)"
34.225.243.131 - - [20/Aug/2026:07:27:34 -0400] "GET /wp-content/plugins/site-reviews/assets/images/stars/default/star-full.svg HTTP/1.1" 200 531 "-" "Mozilla/5.0 AppleWebKit/537.36 (KHTML, like Gecko; compatible; Amazonbot/0.1; +https://developer.amazon.com/support/amazonbot) Chrome/119.0.6045.214 Safari/537.36"
69.39.225.240 - - [20/Aug/2026:07:43:16 -0400] "POST /wp-cron.php?doing_wp_cron=1787226196.2739880084991455078125 HTTP/1.1" 200 20 "-" "WordPress/7.1; https://www.cleanmyseweranddrain.com"
170.106.35.137 - - [20/Aug/2026:07:43:15 -0400] "GET / HTTP/1.1" 200 20 "-" "Mozilla/5.0 (iPhone; CPU iPhone OS 13_2_3 like Mac OS X) AppleWebKit/605.1.15 (KHTML, like Gecko) Version/13.0.3 Mobile/15E148 Safari/604.1"
66.249.64.229 - - [20/Aug/2026:08:13:07 -0400] "GET / HTTP/1.1" 200 20 "-" "Mozilla/5.0 (compatible; Googlebot/2.1; +http://www.google.com/bot.html)"
69.39.225.240 - - [20/Aug/2026:08:27:56 -0400] "POST /wp-cron.php?doing_wp_cron=1787228876.0833148956298828125000 HTTP/1.1" 200 20 "-" "WordPress/7.1; https://www.cleanmyseweranddrain.com"
43.153.102.138 - - [20/Aug/2026:08:27:55 -0400] "GET / HTTP/1.1" 200 20 "-" "Mozilla/5.0 (iPhone; CPU iPhone OS 13_2_3 like Mac OS X) AppleWebKit/605.1.15 (KHTML, like Gecko) Version/13.0.3 Mobile/15E148 Safari/604.1"
24.133.80.233 - - [20/Aug/2026:09:08:21 -0400] "GET /wp-content/plugins/forminator/readme.txt HTTP/1.1" 200 20 "-" "Mozilla/5.0 (Windows NT 10.0; Win64; x64) AppleWebKit/537.36 (KHTML, like Gecko) Chrome/125.0.0.0 Safari/537.36"
24.133.80.233 - - [20/Aug/2026:09:08:23 -0400] "GET /wp-content/plugins/forminator/readme.txt HTTP/1.1" 200 16693 "-" "Mozilla/5.0 (Windows NT 10.0; Win64; x64) AppleWebKit/537.36 (KHTML, like Gecko) Chrome/125.0.0.0 Safari/537.36"
24.133.80.233 - - [20/Aug/2026:09:08:32 -0400] "GET /wp-content/plugins/forminator/forminator.php HTTP/1.1" 403 199 "-" "Mozilla/5.0 (Windows NT 10.0; Win64; x64) AppleWebKit/537.36 (KHTML, like Gecko) Chrome/125.0.0.0 Safari/537.36"
69.39.225.240 - - [20/Aug/2026:10:45:41 -0400] "POST /wp-cron.php?doing_wp_cron=1787237141.5389509201049804687500 HTTP/1.1" 200 20 "-" "WordPress/7.1; https://www.cleanmyseweranddrain.com"
66.249.64.231 - - [20/Aug/2026:10:45:40 -0400] "GET / HTTP/1.1" 200 20 "-" "Mozilla/5.0 (Linux; Android 6.0.1; Nexus 5X Build/MMB29P) AppleWebKit/537.36 (KHTML, like Gecko) Chrome/99.0.4844.84 Mobile Safari/537.36 (compatible; Googlebot/2.1; +http://www.google.com/bot.html)"
66.249.64.230 - - [20/Aug/2026:10:45:40 -0400] "GET / HTTP/1.1" 200 20 "-" "Mozilla/5.0 (compatible; Googlebot/2.1; +http://www.google.com/bot.html)"
34.205.163.103 - - [20/Aug/2026:10:54:06 -0400] "GET /wp-content/plugins/site-reviews/assets/images/stars/default/star-empty.svg HTTP/1.1" 200 811 "-" "Mozilla/5.0 AppleWebKit/537.36 (KHTML, like Gecko; compatible; Amazonbot/0.1; +https://developer.amazon.com/support/amazonbot) Chrome/119.0.6045.214 Safari/537.36"
69.39.225.240 - - [20/Aug/2026:10:58:50 -0400] "POST /wp-cron.php?doing_wp_cron=1787237930.1726920604705810546875 HTTP/1.1" 200 20 "-" "WordPress/7.1; https://www.cleanmyseweranddrain.com"
78.138.31.192 - - [20/Aug/2026:10:58:49 -0400] "GET / HTTP/1.1" 200 - "-" "Mozilla/5.0 (Windows NT 10.0; Win64; x64) AppleWebKit/537.36 (KHTML, like Gecko) Chrome/80.0.3987.149 Safari/537.36"
43.156.228.27 - - [20/Aug/2026:12:01:33 -0400] "GET / HTTP/1.1" 200 20 "-" "Mozilla/5.0 (iPhone; CPU iPhone OS 13_2_3 like Mac OS X) AppleWebKit/605.1.15 (KHTML, like Gecko) Version/13.0.3 Mobile/15E148 Safari/604.1"
154.47.27.234 - - [20/Aug/2026:12:14:58 -0400] "GET / HTTP/1.0" 200 - "http://cleanmyseweranddrain.com/" "Mozilla/5.0 (Windows NT 10.0; Win64; x64) AppleWebKit/537.36 (KHTML, like Gecko) Chrome/130.0.0.0 Safari/537.36"
69.39.225.240 - - [20/Aug/2026:13:43:34 -0400] "POST /wp-cron.php?doing_wp_cron=1787247814.1166410446166992187500 HTTP/1.1" 200 20 "-" "WordPress/7.1; https://www.cleanmyseweranddrain.com"
199.89.53.221 - - [20/Aug/2026:13:43:33 -0400] "HEAD / HTTP/1.1" 200 - "-" "Mozilla/5.0 (X11; Linux x86_64) AppleWebKit/537.36 (KHTML, like Gecko) Chrome/96.0.4664.45 Safari/537.36"
69.39.225.240 - - [20/Aug/2026:13:48:49 -0400] "POST /wp-cron.php?doing_wp_cron=1787248129.5148580074310302734375 HTTP/1.1" 200 20 "-" "WordPress/7.1; https://www.cleanmyseweranddrain.com"
66.249.64.230 - - [20/Aug/2026:13:48:49 -0400] "GET / HTTP/1.1" 200 20 "-" "Mozilla/5.0 (Linux; Android 6.0.1; Nexus 5X Build/MMB29P) AppleWebKit/537.36 (KHTML, like Gecko) Chrome/151.0.7922.137 Mobile Safari/537.36 (compatible; Googlebot/2.1; +http://www.google.com/bot.html)"
69.39.225.240 - - [20/Aug/2026:13:56:22 -0400] "POST /wp-cron.php?doing_wp_cron=1787248582.0560650825500488281250 HTTP/1.1" 200 20 "-" "WordPress/7.1; https://www.cleanmyseweranddrain.com"
199.89.53.221 - - [20/Aug/2026:13:56:20 -0400] "HEAD /wordpress HTTP/1.1" 200 - "-" "Mozilla/5.0 (X11; Linux x86_64) AppleWebKit/537.36 (KHTML, like Gecko) Chrome/96.0.4664.45 Safari/537.36"
199.89.53.221 - - [20/Aug/2026:13:56:22 -0400] "HEAD /wordpress HTTP/1.1" 200 - "http://cleanmyseweranddrain.com/wordpress" "Mozilla/5.0 (X11; Linux x86_64) AppleWebKit/537.36 (KHTML, like Gecko) Chrome/96.0.4664.45 Safari/537.36"
69.39.225.240 - - [20/Aug/2026:14:00:15 -0400] "POST /wp-cron.php?doing_wp_cron=1787248814.9932041168212890625000 HTTP/1.1" 200 20 "-" "WordPress/7.1; https://www.cleanmyseweranddrain.com"
199.89.53.221 - - [20/Aug/2026:14:00:12 -0400] "HEAD /Wordpress HTTP/1.1" 200 - "-" "Mozilla/5.0 (X11; Linux x86_64) AppleWebKit/537.36 (KHTML, like Gecko) Chrome/96.0.4664.45 Safari/537.36"
199.89.53.221 - - [20/Aug/2026:14:00:15 -0400] "HEAD /Wordpress HTTP/1.1" 200 - "http://cleanmyseweranddrain.com/Wordpress" "Mozilla/5.0 (X11; Linux x86_64) AppleWebKit/537.36 (KHTML, like Gecko) Chrome/96.0.4664.45 Safari/537.36"
69.39.225.240 - - [20/Aug/2026:14:02:53 -0400] "POST /wp-cron.php?doing_wp_cron=1787248972.9980680942535400390625 HTTP/1.1" 200 20 "-" "WordPress/7.1; https://www.cleanmyseweranddrain.com"
199.89.53.221 - - [20/Aug/2026:14:02:52 -0400] "HEAD /WORDPRESS HTTP/1.1" 200 - "-" "Mozilla/5.0 (X11; Linux x86_64) AppleWebKit/537.36 (KHTML, like Gecko) Chrome/96.0.4664.45 Safari/537.36"
199.89.53.221 - - [20/Aug/2026:14:02:53 -0400] "HEAD /WORDPRESS HTTP/1.1" 200 - "http://cleanmyseweranddrain.com/WORDPRESS" "Mozilla/5.0 (X11; Linux x86_64) AppleWebKit/537.36 (KHTML, like Gecko) Chrome/96.0.4664.45 Safari/537.36"
69.39.225.240 - - [20/Aug/2026:14:07:54 -0400] "POST /wp-cron.php?doing_wp_cron=1787249274.4042279720306396484375 HTTP/1.1" 200 20 "-" "WordPress/7.1; https://www.cleanmyseweranddrain.com"
199.89.53.221 - - [20/Aug/2026:14:07:53 -0400] "HEAD /WordPress HTTP/1.1" 200 - "-" "Mozilla/5.0 (X11; Linux x86_64) AppleWebKit/537.36 (KHTML, like Gecko) Chrome/96.0.4664.45 Safari/537.36"
199.89.53.221 - - [20/Aug/2026:14:07:55 -0400] "HEAD /WordPress HTTP/1.1" 200 - "http://cleanmyseweranddrain.com/WordPress" "Mozilla/5.0 (X11; Linux x86_64) AppleWebKit/537.36 (KHTML, like Gecko) Chrome/96.0.4664.45 Safari/537.36"
69.39.225.240 - - [20/Aug/2026:14:13:35 -0400] "POST /wp-cron.php?doing_wp_cron=1787249615.6316990852355957031250 HTTP/1.1" 200 20 "-" "WordPress/7.1; https://www.cleanmyseweranddrain.com"
199.89.53.221 - - [20/Aug/2026:14:13:34 -0400] "HEAD /wp HTTP/1.1" 200 - "-" "Mozilla/5.0 (X11; Linux x86_64) AppleWebKit/537.36 (KHTML, like Gecko) Chrome/96.0.4664.45 Safari/537.36"
199.89.53.221 - - [20/Aug/2026:14:13:36 -0400] "HEAD /wp HTTP/1.1" 200 - "http://cleanmyseweranddrain.com/wp" "Mozilla/5.0 (X11; Linux x86_64) AppleWebKit/537.36 (KHTML, like Gecko) Chrome/96.0.4664.45 Safari/537.36"
