403Webshell
Server IP : 69.39.225.240  /  Your IP : 216.73.216.138
Web Server : Apache
System : Linux bronze7.serverhost.net 3.10.0-1160.105.1.el7.x86_64 #1 SMP Thu Dec 7 15:39:45 UTC 2023 x86_64
User : reademotions ( 1074)
PHP Version : 7.4.33
Disable Function : NONE
MySQL : OFF  |  cURL : ON  |  WGET : ON  |  Perl : ON  |  Python : ON  |  Sudo : ON  |  Pkexec : ON
Directory :  /var/log/httpd/

Upload File :
current_dir [ Writeable ] document_root [ Writeable ]

 

Command :


[ Back ]     

Current File : /var/log/httpd/cleanmyseweranddrain-access-log
69.39.225.240 - - [16/Aug/2026:07:33:30 -0400] "POST /wp-cron.php?doing_wp_cron=1786880010.3322629928588867187500 HTTP/1.1" 200 20 "-" "WordPress/7.0.4; https://www.cleanmyseweranddrain.com"
173.252.82.12 - - [16/Aug/2026:07:33:29 -0400] "GET / HTTP/1.1" 200 - "-" "meta-externalagent/1.1 (+https://developers.facebook.com/docs/sharing/webmasters/crawler)"
69.39.225.240 - - [16/Aug/2026:07:57:06 -0400] "POST /wp-cron.php?doing_wp_cron=1786881426.8249640464782714843750 HTTP/1.1" 200 20 "-" "WordPress/7.0.4; https://www.cleanmyseweranddrain.com"
38.107.232.38 - - [16/Aug/2026:07:57:06 -0400] "GET / HTTP/1.1" 200 20 "-" "Mozilla/5.0 (Windows NT 10.0; Win64; x64) AppleWebKit/537.36 (KHTML, like Gecko) Chrome/120.0.0.0 Safari/537.36"
38.107.232.38 - - [16/Aug/2026:07:57:07 -0400] "GET /wp-login.php HTTP/1.1" 200 20 "-" "Mozilla/5.0 (Windows NT 10.0; Win64; x64) AppleWebKit/537.36 (KHTML, like Gecko) Chrome/120.0.0.0 Safari/537.36"
38.107.232.38 - - [16/Aug/2026:07:57:08 -0400] "GET /wp-admin/ HTTP/1.1" 200 20 "-" "Mozilla/5.0 (Windows NT 10.0; Win64; x64) AppleWebKit/537.36 (KHTML, like Gecko) Chrome/120.0.0.0 Safari/537.36"
205.210.31.185 - - [16/Aug/2026:08:07:39 -0400] "GET / HTTP/1.1" 200 - "-" "Hello from Palo Alto Networks, find out more about our scans in https://docs-cortex.paloaltonetworks.com/r/1/Cortex-Xpanse/Scanning-activity"
69.39.225.240 - - [16/Aug/2026:08:22:27 -0400] "POST /wp-cron.php?doing_wp_cron=1786882947.5538740158081054687500 HTTP/1.1" 200 20 "-" "WordPress/7.0.4; https://www.cleanmyseweranddrain.com"
114.119.140.175 - - [16/Aug/2026:08:22:26 -0400] "GET /robots.txt HTTP/1.1" 200 139 "http://www.cleanmyseweranddrain.com/robots.txt" "Mozilla/5.0 (compatible;PetalBot;+https://webmaster.petalsearch.com/site/petalbot)"
69.39.225.240 - - [16/Aug/2026:08:24:43 -0400] "POST /wp-cron.php?doing_wp_cron=1786883083.7160139083862304687500 HTTP/1.1" 200 20 "-" "WordPress/7.0.4; https://www.cleanmyseweranddrain.com"
43.157.22.57 - - [16/Aug/2026:08:24:43 -0400] "GET / HTTP/1.1" 200 20 "-" "Mozilla/5.0 (iPhone; CPU iPhone OS 13_2_3 like Mac OS X) AppleWebKit/605.1.15 (KHTML, like Gecko) Version/13.0.3 Mobile/15E148 Safari/604.1"
69.39.225.240 - - [16/Aug/2026:09:10:59 -0400] "POST /wp-cron.php?doing_wp_cron=1786885859.5424981117248535156250 HTTP/1.1" 200 20 "-" "WordPress/7.0.4; https://www.cleanmyseweranddrain.com"
128.140.46.134 - - [16/Aug/2026:09:10:58 -0400] "GET / HTTP/1.1" 200 20 "-" "Mozilla/5.0 (Macintosh; Intel Mac OS X 10_15_7) AppleWebKit/537.36 (KHTML, like Gecko) Chrome/124.0 Safari/537.36"
74.50.98.121 - - [16/Aug/2026:09:38:01 -0400] "GET /.vscode/sftp.json HTTP/1.1" 200 20 "-" "Python/3.8 aiohttp/3.10.11"
74.50.98.121 - - [16/Aug/2026:09:38:02 -0400] "GET /.vscode/sftp.json HTTP/1.1" 200 16494 "-" "Python/3.8 aiohttp/3.10.11"
74.50.98.121 - - [16/Aug/2026:09:38:03 -0400] "GET /sftp-config.json HTTP/1.1" 200 20 "-" "Python/3.8 aiohttp/3.10.11"
74.50.98.121 - - [16/Aug/2026:09:38:04 -0400] "GET /sftp-config.json HTTP/1.1" 200 16488 "-" "Python/3.8 aiohttp/3.10.11"
74.50.98.121 - - [16/Aug/2026:09:38:04 -0400] "GET /.ftpconfig HTTP/1.1" 200 20 "-" "Python/3.8 aiohttp/3.10.11"
74.50.98.121 - - [16/Aug/2026:09:38:05 -0400] "GET /.ftpconfig HTTP/1.1" 200 16483 "-" "Python/3.8 aiohttp/3.10.11"
74.50.98.121 - - [16/Aug/2026:09:38:06 -0400] "GET /ftp_config.json HTTP/1.1" 200 20 "-" "Python/3.8 aiohttp/3.10.11"
74.50.98.121 - - [16/Aug/2026:09:38:07 -0400] "GET /ftp_config.json HTTP/1.1" 200 16491 "-" "Python/3.8 aiohttp/3.10.11"
69.39.225.240 - - [16/Aug/2026:09:44:24 -0400] "POST /wp-cron.php?doing_wp_cron=1786887864.0001740455627441406250 HTTP/1.1" 200 20 "-" "WordPress/7.0.4; https://www.cleanmyseweranddrain.com"
32.193.60.53 - - [16/Aug/2026:09:44:23 -0400] "GET /robots.txt HTTP/1.1" 200 139 "-" "Mozilla/5.0 (Macintosh; Intel Mac OS X 10_10_1) AppleWebKit/600.2.5 (KHTML, like Gecko) Version/8.0.2 Safari/600.2.5 (Gort)"
20.65.69.59 - - [16/Aug/2026:10:00:17 -0400] "GET /wp-content/plugins/hellopress/wp_filemanager.php HTTP/1.1" 403 199 "-" "-"
69.39.225.240 - - [16/Aug/2026:10:00:18 -0400] "POST /wp-cron.php?doing_wp_cron=1786888818.7069909572601318359375 HTTP/1.1" 200 20 "-" "WordPress/7.0.4; https://www.cleanmyseweranddrain.com"
20.65.69.59 - - [16/Aug/2026:10:00:17 -0400] "GET /this_is_a_new_hello_world.php HTTP/1.1" 200 - "-" "-"
20.65.69.59 - - [16/Aug/2026:10:00:30 -0400] "GET /akp.php HTTP/1.1" 200 - "-" "-"
69.39.225.240 - - [16/Aug/2026:10:00:44 -0400] "POST /wp-cron.php?doing_wp_cron=1786888844.1100769042968750000000 HTTP/1.1" 200 20 "-" "WordPress/7.0.4; https://www.cleanmyseweranddrain.com"
20.65.69.59 - - [16/Aug/2026:10:00:43 -0400] "GET /jga.php HTTP/1.1" 200 - "-" "-"
20.65.69.59 - - [16/Aug/2026:10:00:45 -0400] "GET /jga.php HTTP/1.1" 200 66748 "-" "-"
20.65.69.59 - - [16/Aug/2026:10:00:46 -0400] "GET /f35.php HTTP/1.1" 200 - "-" "-"
20.65.69.59 - - [16/Aug/2026:10:00:46 -0400] "GET /f35.php HTTP/1.1" 200 66748 "-" "-"
20.65.69.59 - - [16/Aug/2026:10:00:47 -0400] "GET /xx.php HTTP/1.1" 200 - "-" "-"
20.65.69.59 - - [16/Aug/2026:10:00:48 -0400] "GET /xx.php HTTP/1.1" 200 66748 "-" "-"
20.65.69.59 - - [16/Aug/2026:10:00:49 -0400] "GET /w.php HTTP/1.1" 200 - "-" "-"
20.65.69.59 - - [16/Aug/2026:10:00:49 -0400] "GET /w.php HTTP/1.1" 200 66748 "-" "-"
20.65.69.59 - - [16/Aug/2026:10:00:50 -0400] "GET /webdb.php HTTP/1.1" 200 - "-" "-"
20.65.69.59 - - [16/Aug/2026:10:00:51 -0400] "GET /webdb.php HTTP/1.1" 200 66752 "-" "-"
20.65.69.59 - - [16/Aug/2026:10:00:52 -0400] "GET /new.php HTTP/1.1" 200 - "-" "-"
20.65.69.59 - - [16/Aug/2026:10:00:52 -0400] "GET /new.php HTTP/1.1" 200 66748 "-" "-"
20.65.69.59 - - [16/Aug/2026:10:00:53 -0400] "GET /data.php HTTP/1.1" 200 - "-" "-"
20.65.69.59 - - [16/Aug/2026:10:00:54 -0400] "GET /data.php HTTP/1.1" 200 66752 "-" "-"
20.65.69.59 - - [16/Aug/2026:10:00:55 -0400] "GET /Jcrop.php HTTP/1.1" 200 - "-" "-"
20.65.69.59 - - [16/Aug/2026:10:00:56 -0400] "GET /Jcrop.php HTTP/1.1" 200 66752 "-" "-"
20.65.69.59 - - [16/Aug/2026:10:00:57 -0400] "GET /inc.php HTTP/1.1" 200 - "-" "-"
20.65.69.59 - - [16/Aug/2026:10:00:58 -0400] "GET /inc.php HTTP/1.1" 200 66748 "-" "-"
20.65.69.59 - - [16/Aug/2026:10:00:59 -0400] "GET /click.php HTTP/1.1" 200 - "-" "-"
20.65.69.59 - - [16/Aug/2026:10:00:59 -0400] "GET /click.php HTTP/1.1" 200 66752 "-" "-"
20.65.69.59 - - [16/Aug/2026:10:01:00 -0400] "GET /av.php HTTP/1.1" 200 - "-" "-"
20.65.69.59 - - [16/Aug/2026:10:01:01 -0400] "GET /av.php HTTP/1.1" 200 66748 "-" "-"
20.65.69.59 - - [16/Aug/2026:10:01:01 -0400] "GET /ynz.PhP7 HTTP/1.1" 200 - "-" "-"
20.65.69.59 - - [16/Aug/2026:10:01:02 -0400] "GET /ynz.PhP7 HTTP/1.1" 200 66752 "-" "-"
20.65.69.59 - - [16/Aug/2026:10:01:03 -0400] "GET /we2.php HTTP/1.1" 200 - "-" "-"
20.65.69.59 - - [16/Aug/2026:10:01:04 -0400] "GET /we2.php HTTP/1.1" 200 66748 "-" "-"
20.65.69.59 - - [16/Aug/2026:10:01:04 -0400] "GET /aa.php HTTP/1.1" 200 - "-" "-"
20.65.69.59 - - [16/Aug/2026:10:01:06 -0400] "GET /aa.php HTTP/1.1" 200 66748 "-" "-"
20.65.69.59 - - [16/Aug/2026:10:01:06 -0400] "GET /send.php HTTP/1.1" 200 - "-" "-"
20.65.69.59 - - [16/Aug/2026:10:01:07 -0400] "GET /send.php HTTP/1.1" 200 66752 "-" "-"
20.65.69.59 - - [16/Aug/2026:10:01:08 -0400] "GET /first.php HTTP/1.1" 200 - "-" "-"
20.65.69.59 - - [16/Aug/2026:10:01:09 -0400] "GET /first.php HTTP/1.1" 200 66752 "-" "-"
20.65.69.59 - - [16/Aug/2026:10:01:09 -0400] "GET /core.php HTTP/1.1" 200 - "-" "-"
20.65.69.59 - - [16/Aug/2026:10:01:10 -0400] "GET /core.php HTTP/1.1" 200 66752 "-" "-"
5.59.248.23 - - [16/Aug/2026:10:38:05 -0400] "POST /?rest_route=/batch/v1 HTTP/1.1" 403 199 "-" "python-requests/2.34.2"
5.59.248.23 - - [16/Aug/2026:10:38:05 -0400] "POST /?rest_route=/batch/v1 HTTP/1.1" 403 199 "-" "python-requests/2.34.2"
5.59.248.23 - - [16/Aug/2026:10:38:06 -0400] "POST /wp-json/batch/v1 HTTP/1.1" 403 199 "http://cleanmyseweranddrain.com/" "Mozilla/5.0 (Windows NT 10.0; Win64; x64) AppleWebKit/537.36 (KHTML, like Gecko) Chrome/126.0.0.0 Safari/537.36"
5.59.248.23 - - [16/Aug/2026:10:38:06 -0400] "POST /wp-json/batch/v1 HTTP/1.1" 403 199 "http://cleanmyseweranddrain.com/" "Mozilla/5.0 (Windows NT 10.0; Win64; x64) AppleWebKit/537.36 (KHTML, like Gecko) Chrome/126.0.0.0 Safari/537.36"
5.59.248.23 - - [16/Aug/2026:10:38:06 -0400] "POST /wp-json/batch/v1 HTTP/1.1" 403 199 "http://cleanmyseweranddrain.com/" "Mozilla/5.0 (Windows NT 10.0; Win64; x64) AppleWebKit/537.36 (KHTML, like Gecko) Chrome/126.0.0.0 Safari/537.36"
5.59.248.23 - - [16/Aug/2026:10:38:07 -0400] "POST /wp-json/batch/v1 HTTP/1.1" 403 199 "http://cleanmyseweranddrain.com/" "Mozilla/5.0 (Windows NT 10.0; Win64; x64) AppleWebKit/537.36 (KHTML, like Gecko) Chrome/126.0.0.0 Safari/537.36"
5.59.248.23 - - [16/Aug/2026:10:38:07 -0400] "POST /wp-json/batch/v1 HTTP/1.1" 403 199 "http://cleanmyseweranddrain.com/" "Mozilla/5.0 (Windows NT 10.0; Win64; x64) AppleWebKit/537.36 (KHTML, like Gecko) Chrome/126.0.0.0 Safari/537.36"
5.59.248.23 - - [16/Aug/2026:10:38:08 -0400] "POST /wp-json/batch/v1 HTTP/1.1" 403 199 "http://cleanmyseweranddrain.com/" "Mozilla/5.0 (Windows NT 10.0; Win64; x64) AppleWebKit/537.36 (KHTML, like Gecko) Chrome/126.0.0.0 Safari/537.36"
5.59.248.23 - - [16/Aug/2026:10:38:08 -0400] "POST /wp-json/batch/v1 HTTP/1.1" 403 199 "http://cleanmyseweranddrain.com/" "Mozilla/5.0 (Windows NT 10.0; Win64; x64) AppleWebKit/537.36 (KHTML, like Gecko) Chrome/126.0.0.0 Safari/537.36"
5.59.248.23 - - [16/Aug/2026:10:38:08 -0400] "POST /wp-json/batch/v1 HTTP/1.1" 403 199 "http://cleanmyseweranddrain.com/" "Mozilla/5.0 (Windows NT 10.0; Win64; x64) AppleWebKit/537.36 (KHTML, like Gecko) Chrome/126.0.0.0 Safari/537.36"
69.39.225.240 - - [16/Aug/2026:11:44:43 -0400] "POST /wp-cron.php?doing_wp_cron=1786895083.1768710613250732421875 HTTP/1.1" 200 20 "-" "WordPress/7.0.4; https://www.cleanmyseweranddrain.com"
23.94.155.58 - - [16/Aug/2026:11:44:37 -0400] "GET / HTTP/1.1" 200 20 "-" "Go-http-client/1.1"
69.39.225.240 - - [16/Aug/2026:11:49:44 -0400] "POST /wp-cron.php?doing_wp_cron=1786895384.2398478984832763671875 HTTP/1.1" 200 20 "-" "WordPress/7.0.4; https://www.cleanmyseweranddrain.com"
100.30.70.217 - - [16/Aug/2026:11:49:43 -0400] "HEAD / HTTP/1.1" 200 - "-" "Mozilla/5.0 (Macintosh; Intel Mac OS X 10_15_7) AppleWebKit/537.36 (KHTML, like Gecko) Chrome/105.0.0.0 Safari/537.36"
69.39.225.240 - - [16/Aug/2026:11:56:05 -0400] "POST /wp-cron.php?doing_wp_cron=1786895765.7303149700164794921875 HTTP/1.1" 200 20 "-" "WordPress/7.0.4; https://www.cleanmyseweranddrain.com"
49.0.205.121 - - [16/Aug/2026:11:56:04 -0400] "GET /ip HTTP/1.1" 200 - "-" "Mozilla/5.0 (Macintosh; Intel Mac OS X 10_15_7) AppleWebKit/537.36 (KHTML, like Gecko) Chrome/114.0.0.0 Safari/537.36"
159.138.131.156 - - [16/Aug/2026:11:56:04 -0400] "GET /ip HTTP/1.1" 200 - "-" "Mozilla/5.0 (Macintosh; Intel Mac OS X 10_15_7) AppleWebKit/537.36 (KHTML, like Gecko) Chrome/114.0.0.0 Safari/537.36"
110.238.84.74 - - [16/Aug/2026:11:56:05 -0400] "GET /ip HTTP/1.1" 200 - "-" "Mozilla/5.0 (Macintosh; Intel Mac OS X 10_15_7) AppleWebKit/537.36 (KHTML, like Gecko) Chrome/114.0.0.0 Safari/537.36"
69.39.225.240 - - [16/Aug/2026:13:07:19 -0400] "POST /wp-cron.php?doing_wp_cron=1786900039.7173221111297607421875 HTTP/1.1" 200 20 "-" "WordPress/7.0.4; https://www.cleanmyseweranddrain.com"
198.235.24.240 - - [16/Aug/2026:13:07:18 -0400] "GET / HTTP/1.1" 200 - "-" "Hello from Palo Alto Networks, find out more about our scans in https://docs-cortex.paloaltonetworks.com/r/1/Cortex-Xpanse/Scanning-activity"
69.39.225.240 - - [16/Aug/2026:13:23:03 -0400] "POST /wp-cron.php?doing_wp_cron=1786900983.5970869064331054687500 HTTP/1.1" 200 20 "-" "WordPress/7.0.4; https://www.cleanmyseweranddrain.com"
170.106.15.3 - - [16/Aug/2026:13:23:02 -0400] "GET / HTTP/1.1" 200 20 "-" "Mozilla/5.0 (iPhone; CPU iPhone OS 13_2_3 like Mac OS X) AppleWebKit/605.1.15 (KHTML, like Gecko) Version/13.0.3 Mobile/15E148 Safari/604.1"
69.39.225.240 - - [16/Aug/2026:14:02:21 -0400] "POST /wp-cron.php?doing_wp_cron=1786903341.9858980178833007812500 HTTP/1.1" 200 20 "-" "WordPress/7.0.4; https://www.cleanmyseweranddrain.com"
91.92.47.210 - - [16/Aug/2026:14:02:21 -0400] "HEAD / HTTP/1.1" 200 - "-" "Mozilla/5.0"
69.39.225.240 - - [16/Aug/2026:14:23:39 -0400] "POST /wp-cron.php?doing_wp_cron=1786904619.2850680351257324218750 HTTP/1.1" 200 20 "-" "WordPress/7.0.4; https://www.cleanmyseweranddrain.com"
91.92.47.210 - - [16/Aug/2026:14:23:38 -0400] "HEAD / HTTP/1.1" 200 - "-" "Mozilla/5.0"
91.92.47.210 - - [16/Aug/2026:14:23:39 -0400] "GET / HTTP/1.1" 200 20 "-" "Mozilla/5.0"
85.208.98.202 - - [16/Aug/2026:15:41:52 -0400] "GET /robots.txt HTTP/1.1" 200 20 "-" "Mozilla/5.0 (compatible; SiteAuditBot/0.97; +http://www.semrush.com/bot.html)"
85.208.98.202 - - [16/Aug/2026:15:41:53 -0400] "GET /robots.txt HTTP/1.1" 200 139 "-" "Mozilla/5.0 (compatible; SiteAuditBot/0.97; +http://www.semrush.com/bot.html)"
85.208.98.202 - - [16/Aug/2026:15:41:53 -0400] "GET / HTTP/1.1" 200 20 "-" "Mozilla/5.0 (compatible; SiteAuditBot/0.97; +http://www.semrush.com/bot.html)"
69.39.225.240 - - [16/Aug/2026:16:25:01 -0400] "POST /wp-cron.php?doing_wp_cron=1786911901.7459619045257568359375 HTTP/1.1" 200 20 "-" "WordPress/7.0.4; https://www.cleanmyseweranddrain.com"
35.195.215.216 - - [16/Aug/2026:16:25:00 -0400] "GET / HTTP/1.1" 200 20 "-" "Mozilla/5.0 (Windows NT 10.0; Win64; x64) AppleWebKit/537.36 (KHTML, like Gecko) Chrome/84.0.4147.105 Safari/537.36"
69.39.225.240 - - [16/Aug/2026:16:25:41 -0400] "POST /wp-cron.php?doing_wp_cron=1786911941.5762169361114501953125 HTTP/1.1" 200 20 "-" "WordPress/7.0.4; https://www.cleanmyseweranddrain.com"
35.195.215.216 - - [16/Aug/2026:16:25:40 -0400] "GET / HTTP/1.1" 200 20 "-" "Mozilla/5.0 (Windows NT 10.0; Win64; x64) AppleWebKit/537.36 (KHTML, like Gecko) Chrome/84.0.4147.105 Safari/537.36"
69.39.225.240 - - [16/Aug/2026:16:26:17 -0400] "POST /wp-cron.php?doing_wp_cron=1786911977.4934759140014648437500 HTTP/1.1" 200 20 "-" "WordPress/7.0.4; https://www.cleanmyseweranddrain.com"
35.195.215.216 - - [16/Aug/2026:16:26:16 -0400] "GET / HTTP/1.1" 200 20 "-" "Mozilla/5.0 (Windows NT 10.0; Win64; x64) AppleWebKit/537.36 (KHTML, like Gecko) Chrome/84.0.4147.105 Safari/537.36"
69.39.225.240 - - [16/Aug/2026:17:10:14 -0400] "POST /wp-cron.php?doing_wp_cron=1786914614.6104900836944580078125 HTTP/1.1" 200 20 "-" "WordPress/7.0.4; https://www.cleanmyseweranddrain.com"
216.244.66.250 - - [16/Aug/2026:17:10:13 -0400] "GET /robots.txt HTTP/1.1" 200 186 "-" "Mozilla/5.0 (compatible; DotBot/1.2; +https://opensiteexplorer.org/dotbot; help@moz.com)"
69.39.225.240 - - [16/Aug/2026:17:13:14 -0400] "POST /wp-cron.php?doing_wp_cron=1786914794.5445621013641357421875 HTTP/1.1" 200 20 "-" "WordPress/7.0.4; https://www.cleanmyseweranddrain.com"
51.68.236.87 - - [16/Aug/2026:17:13:13 -0400] "GET /robots.txt HTTP/1.1" 200 139 "-" "Mozilla/5.0 (compatible; MJ12bot/v2.0.5; http://mj12bot.com/)"
51.68.236.87 - - [16/Aug/2026:17:13:14 -0400] "GET / HTTP/1.1" 200 20 "-" "Mozilla/5.0 (compatible; MJ12bot/v2.0.5; http://mj12bot.com/)"
69.39.225.240 - - [16/Aug/2026:17:14:49 -0400] "POST /wp-cron.php?doing_wp_cron=1786914889.3937470912933349609375 HTTP/1.1" 200 20 "-" "WordPress/7.0.4; https://www.cleanmyseweranddrain.com"
216.244.66.250 - - [16/Aug/2026:17:14:48 -0400] "GET / HTTP/1.1" 200 - "-" "Mozilla/5.0 (compatible; DotBot/1.2; +https://opensiteexplorer.org/dotbot; help@moz.com)"
69.39.225.240 - - [16/Aug/2026:18:08:25 -0400] "POST /wp-cron.php?doing_wp_cron=1786918105.6999828815460205078125 HTTP/1.1" 200 20 "-" "WordPress/7.0.4; https://www.cleanmyseweranddrain.com"
40.88.21.235 - - [16/Aug/2026:18:08:25 -0400] "GET / HTTP/1.1" 200 20 "-" "DuckDuckBot/1.1; (+http://duckduckgo.com/duckduckbot.html)"
69.39.225.240 - - [16/Aug/2026:18:49:06 -0400] "POST /wp-cron.php?doing_wp_cron=1786920546.3628311157226562500000 HTTP/1.1" 200 20 "-" "WordPress/7.0.4; https://www.cleanmyseweranddrain.com"
77.91.84.96 - - [16/Aug/2026:18:49:05 -0400] "GET / HTTP/1.1" 200 20 "-" "Mozilla/5.0 (compatible; MSIE 10.0; Windows NT 10.0; WOW64; Trident/6.0)"
69.39.225.240 - - [16/Aug/2026:19:55:37 -0400] "POST /wp-cron.php?doing_wp_cron=1786924537.7611169815063476562500 HTTP/1.1" 200 20 "-" "WordPress/7.0.4; https://www.cleanmyseweranddrain.com"
66.249.64.102 - - [16/Aug/2026:19:55:37 -0400] "GET /robots.txt HTTP/1.1" 200 20 "-" "Mozilla/5.0 (compatible; Googlebot/2.1; +http://www.google.com/bot.html)"
66.249.70.161 - - [16/Aug/2026:19:55:37 -0400] "GET /robots.txt HTTP/1.1" 200 139 "-" "Mozilla/5.0 (compatible; Googlebot/2.1; +http://www.google.com/bot.html)"
66.249.64.101 - - [16/Aug/2026:19:55:38 -0400] "GET / HTTP/1.1" 200 20 "-" "Mozilla/5.0 (Linux; Android 6.0.1; Nexus 5X Build/MMB29P) AppleWebKit/537.36 (KHTML, like Gecko) Chrome/150.0.7871.186 Mobile Safari/537.36 (compatible; Googlebot/2.1; +http://www.google.com/bot.html)"
69.39.225.240 - - [16/Aug/2026:19:57:20 -0400] "POST /wp-cron.php?doing_wp_cron=1786924640.8487598896026611328125 HTTP/1.1" 200 20 "-" "WordPress/7.0.4; https://www.cleanmyseweranddrain.com"
66.249.70.162 - - [16/Aug/2026:19:57:20 -0400] "GET /robots.txt HTTP/1.1" 200 139 "-" "Mozilla/5.0 (compatible; Googlebot/2.1; +http://www.google.com/bot.html)"
66.249.70.162 - - [16/Aug/2026:19:57:20 -0400] "GET / HTTP/1.1" 200 20 "-" "Mozilla/5.0 (Linux; Android 6.0.1; Nexus 5X Build/MMB29P) AppleWebKit/537.36 (KHTML, like Gecko) Chrome/150.0.7871.186 Mobile Safari/537.36 (compatible; Googlebot/2.1; +http://www.google.com/bot.html)"
69.39.225.240 - - [16/Aug/2026:20:56:33 -0400] "POST /wp-cron.php?doing_wp_cron=1786928193.1232779026031494140625 HTTP/1.1" 200 20 "-" "WordPress/7.0.4; https://www.cleanmyseweranddrain.com"
167.172.104.139 - - [16/Aug/2026:20:56:32 -0400] "GET / HTTP/1.1" 200 20 "-" "Mozilla/5.0 (X11; Linux x86_64) AppleWebKit/537.36 (KHTML, like Gecko) Chrome/142.0.0.0 Safari/537.36"
69.39.225.240 - - [16/Aug/2026:21:26:44 -0400] "POST /wp-cron.php?doing_wp_cron=1786930004.3410599231719970703125 HTTP/1.1" 200 20 "-" "WordPress/7.0.4; https://www.cleanmyseweranddrain.com"
69.63.184.10 - - [16/Aug/2026:21:26:43 -0400] "GET /robots.txt HTTP/1.1" 200 139 "-" "facebookexternalhit/1.1 (+http://www.facebook.com/externalhit_uatext.php)"
84.235.168.63 - - [16/Aug/2026:21:29:03 -0400] "GET /wp-content/plugins/pods/readme.txt HTTP/1.1" 200 20 "-" "Mozilla/5.0 (Windows NT 10.0; Win64; x64) AppleWebKit/537.36 (KHTML, like Gecko) Chrome/125.0.0.0 Safari/537.36"
84.235.168.63 - - [16/Aug/2026:21:29:04 -0400] "GET /wp-content/plugins/pods/init.php HTTP/1.1" 403 199 "-" "Mozilla/5.0 (Windows NT 10.0; Win64; x64) AppleWebKit/537.36 (KHTML, like Gecko) Chrome/125.0.0.0 Safari/537.36"
69.39.225.240 - - [16/Aug/2026:21:58:04 -0400] "POST /wp-cron.php?doing_wp_cron=1786931884.4260590076446533203125 HTTP/1.1" 200 20 "-" "WordPress/7.0.4; https://www.cleanmyseweranddrain.com"
43.157.147.3 - - [16/Aug/2026:21:58:03 -0400] "GET / HTTP/1.1" 200 20 "-" "Mozilla/5.0 (iPhone; CPU iPhone OS 13_2_3 like Mac OS X) AppleWebKit/605.1.15 (KHTML, like Gecko) Version/13.0.3 Mobile/15E148 Safari/604.1"
38.107.232.23 - - [16/Aug/2026:21:58:26 -0400] "GET / HTTP/1.1" 200 20 "-" "Mozilla/5.0 (Windows NT 10.0; Win64; x64) AppleWebKit/537.36 (KHTML, like Gecko) Chrome/120.0.0.0 Safari/537.36"
38.107.232.23 - - [16/Aug/2026:21:58:27 -0400] "GET /wp-login.php HTTP/1.1" 200 20 "-" "Mozilla/5.0 (Windows NT 10.0; Win64; x64) AppleWebKit/537.36 (KHTML, like Gecko) Chrome/120.0.0.0 Safari/537.36"
38.107.232.23 - - [16/Aug/2026:21:58:28 -0400] "GET /wp-admin/ HTTP/1.1" 200 20 "-" "Mozilla/5.0 (Windows NT 10.0; Win64; x64) AppleWebKit/537.36 (KHTML, like Gecko) Chrome/120.0.0.0 Safari/537.36"
69.39.225.240 - - [16/Aug/2026:22:21:42 -0400] "POST /wp-cron.php?doing_wp_cron=1786933302.8762550354003906250000 HTTP/1.1" 200 20 "-" "WordPress/7.0.4; https://www.cleanmyseweranddrain.com"
207.45.4.128 - - [16/Aug/2026:22:21:42 -0400] "GET / HTTP/1.1" 200 20 "-" "Mozilla/5.0 (Macintosh; Intel Mac OS X 10_15_7) AppleWebKit/537.36 (KHTML, like Gecko) Chrome/146.0.0.0 Safari/537.36"
69.39.225.240 - - [16/Aug/2026:23:16:45 -0400] "POST /wp-cron.php?doing_wp_cron=1786936605.6375749111175537109375 HTTP/1.1" 200 20 "-" "WordPress/7.0.4; https://www.cleanmyseweranddrain.com"
23.251.146.115 - - [16/Aug/2026:23:16:44 -0400] "HEAD / HTTP/1.1" 200 - "-" "Mozilla/5.0 AppleWebKit/537.36 (KHTML, like Gecko); compatible; ShapBot/0.1.0"
23.251.146.115 - - [16/Aug/2026:23:16:45 -0400] "GET / HTTP/1.1" 200 20 "-" "Mozilla/5.0 AppleWebKit/537.36 (KHTML, like Gecko); compatible; ShapBot/0.1.0"
45.134.79.81 - - [16/Aug/2026:23:41:30 -0400] "GET / HTTP/1.1" 200 20 "-" "Mozilla/5.0 (compatible; WP-Safe-Scanner/1.0)"
45.134.79.81 - - [16/Aug/2026:23:41:40 -0400] "GET /wp-content/uploads/ HTTP/1.1" 403 199 "-" "Mozilla/5.0 (compatible; WP-Safe-Scanner/1.0)"
45.134.79.81 - - [16/Aug/2026:23:41:40 -0400] "GET /wp-content/plugins/ HTTP/1.1" 403 199 "-" "Mozilla/5.0 (compatible; WP-Safe-Scanner/1.0)"
45.134.79.81 - - [16/Aug/2026:23:41:41 -0400] "GET /wp-content/themes/ HTTP/1.1" 403 199 "-" "Mozilla/5.0 (compatible; WP-Safe-Scanner/1.0)"
45.134.79.81 - - [16/Aug/2026:23:41:41 -0400] "GET /wp-includes/ HTTP/1.1" 403 199 "-" "Mozilla/5.0 (compatible; WP-Safe-Scanner/1.0)"
45.134.79.81 - - [16/Aug/2026:23:41:41 -0400] "GET /wp-admin/ HTTP/1.1" 200 20 "-" "Mozilla/5.0 (compatible; WP-Safe-Scanner/1.0)"
92.222.104.193 - - [16/Aug/2026:23:42:48 -0400] "GET /robots.txt HTTP/1.1" 200 139 "-" "Mozilla/5.0 (compatible; AhrefsBot/7.0; +http://ahrefs.com/robot/)"
142.44.228.131 - - [16/Aug/2026:23:42:50 -0400] "GET /septic-services/time-of-transfer-inspection/ HTTP/1.1" 200 26163 "-" "Mozilla/5.0 (compatible; AhrefsBot/7.0; +http://ahrefs.com/robot/)"
142.44.225.113 - - [16/Aug/2026:23:45:02 -0400] "GET /wp-content/uploads/fusion-styles/55aff27d8682050c090b6514b3e7f37f.min.css?ver=3.11.11 HTTP/1.1" 200 1108636 "-" "Mozilla/5.0 (compatible; AhrefsBot/7.0; +http://ahrefs.com/robot/)"
15.235.96.185 - - [16/Aug/2026:23:45:04 -0400] "GET /wp-content/plugins/real-time-auto-find-and-replace/assets/js/rtafar.local.js?ver=1.8.0 HTTP/1.1" 200 19 "-" "Mozilla/5.0 (compatible; AhrefsBot/7.0; +http://ahrefs.com/robot/)"
142.44.220.145 - - [16/Aug/2026:23:45:05 -0400] "GET /wp-content/plugins/site-reviews/assets/styles/default.css?ver=7.2.13 HTTP/1.1" 200 30353 "-" "Mozilla/5.0 (compatible; AhrefsBot/7.0; +http://ahrefs.com/robot/)"
15.235.27.48 - - [16/Aug/2026:23:45:06 -0400] "GET /wp-content/plugins/pojo-accessibility/modules/legacy/assets/js/app.min.js?ver=1.0.0 HTTP/1.1" 200 5313 "-" "Mozilla/5.0 (compatible; AhrefsBot/7.0; +http://ahrefs.com/robot/)"
142.44.225.25 - - [16/Aug/2026:23:45:06 -0400] "GET /wp-includes/js/jquery/jquery-migrate.min.js?ver=3.4.1 HTTP/1.1" 200 13577 "-" "Mozilla/5.0 (compatible; AhrefsBot/7.0; +http://ahrefs.com/robot/)"
51.222.95.55 - - [16/Aug/2026:23:45:07 -0400] "GET /wp-includes/js/jquery/jquery.min.js?ver=3.7.1 HTTP/1.1" 200 87553 "-" "Mozilla/5.0 (compatible; AhrefsBot/7.0; +http://ahrefs.com/robot/)"
54.39.210.208 - - [16/Aug/2026:23:45:09 -0400] "GET /wp-content/plugins/site-reviews/assets/scripts/site-reviews.js?ver=7.2.13 HTTP/1.1" 200 42592 "-" "Mozilla/5.0 (compatible; AhrefsBot/7.0; +http://ahrefs.com/robot/)"
51.222.168.144 - - [16/Aug/2026:23:45:10 -0400] "GET /wp-content/themes/Avada-Child-Theme/style.css?ver=7.0.4 HTTP/1.1" 200 186 "-" "Mozilla/5.0 (compatible; AhrefsBot/7.0; +http://ahrefs.com/robot/)"
54.39.89.248 - - [16/Aug/2026:23:45:10 -0400] "GET /wp-content/plugins/pojo-accessibility/modules/legacy/assets/css/style.min.css?ver=1.0.0 HTTP/1.1" 200 52333 "-" "Mozilla/5.0 (compatible; AhrefsBot/7.0; +http://ahrefs.com/robot/)"
54.39.89.124 - - [16/Aug/2026:23:45:11 -0400] "GET /wp-content/plugins/real-time-auto-find-and-replace/assets/js/rtafar.app.min.js?ver=1.8.0 HTTP/1.1" 200 87478 "-" "Mozilla/5.0 (compatible; AhrefsBot/7.0; +http://ahrefs.com/robot/)"
167.114.139.139 - - [16/Aug/2026:23:45:12 -0400] "GET /wp-content/uploads/fusion-scripts/9c72215f2b3c9c79d588e9fc5288e91b.min.js?ver=3.11.11 HTTP/1.1" 200 546829 "-" "Mozilla/5.0 (compatible; AhrefsBot/7.0; +http://ahrefs.com/robot/)"
69.39.225.240 - - [17/Aug/2026:01:00:48 -0400] "POST /wp-cron.php?doing_wp_cron=1786942848.0454719066619873046875 HTTP/1.1" 200 20 "-" "WordPress/7.0.4; https://www.cleanmyseweranddrain.com"
47.236.78.136 - - [17/Aug/2026:01:00:47 -0400] "GET / HTTP/1.1" 200 20 "-" "Mozilla/5.0 (compatible; http-vs-https-checker/2.0; +https://github.com/example/http_vs_https)"
168.144.128.54 - - [17/Aug/2026:01:17:38 -0400] "GET /wp-content/plugins/wps-hide-login/wps-hide-login.php HTTP/1.1" 403 199 "-" "Go-http-client/1.1"
69.39.225.240 - - [17/Aug/2026:01:56:19 -0400] "POST /wp-cron.php?doing_wp_cron=1786946179.0455920696258544921875 HTTP/1.1" 200 20 "-" "WordPress/7.0.4; https://www.cleanmyseweranddrain.com"
43.166.244.192 - - [17/Aug/2026:01:56:17 -0400] "GET / HTTP/1.1" 200 20 "-" "Mozilla/5.0 (iPhone; CPU iPhone OS 13_2_3 like Mac OS X) AppleWebKit/605.1.15 (KHTML, like Gecko) Version/13.0.3 Mobile/15E148 Safari/604.1"
85.208.98.200 - - [17/Aug/2026:02:49:35 -0400] "GET /robots.txt HTTP/1.1" 200 139 "-" "Mozilla/5.0 (iPhone; CPU iPhone OS 6_0 like Mac OS X) AppleWebKit/536.26 (KHTML, like Gecko) Version/6.0 Mobile/10A5376e Safari/8536.25 (compatible; SiteAuditBot/0.97; +http://www.semrush.com/bot.html)"
85.208.98.200 - - [17/Aug/2026:02:49:36 -0400] "GET / HTTP/1.1" 200 20 "-" "Mozilla/5.0 (iPhone; CPU iPhone OS 6_0 like Mac OS X) AppleWebKit/536.26 (KHTML, like Gecko) Version/6.0 Mobile/10A5376e Safari/8536.25 (compatible; SiteAuditBot/0.97; +http://www.semrush.com/bot.html)"
85.208.98.200 - - [17/Aug/2026:02:50:15 -0400] "GET /septic-services/industrial-septic-service HTTP/1.1" 200 20 "-" "Mozilla/5.0 (iPhone; CPU iPhone OS 6_0 like Mac OS X) AppleWebKit/536.26 (KHTML, like Gecko) Version/6.0 Mobile/10A5376e Safari/8536.25 (compatible; SiteAuditBot/0.97; +http://www.semrush.com/bot.html)"
85.208.98.200 - - [17/Aug/2026:02:50:21 -0400] "GET /septic-services/time-of-transfer-inspection HTTP/1.1" 200 20 "-" "Mozilla/5.0 (iPhone; CPU iPhone OS 6_0 like Mac OS X) AppleWebKit/536.26 (KHTML, like Gecko) Version/6.0 Mobile/10A5376e Safari/8536.25 (compatible; SiteAuditBot/0.97; +http://www.semrush.com/bot.html)"
85.208.98.200 - - [17/Aug/2026:02:50:23 -0400] "GET /septic-services/industrial-septic-service/ HTTP/1.1" 200 25579 "-" "Mozilla/5.0 (iPhone; CPU iPhone OS 6_0 like Mac OS X) AppleWebKit/536.26 (KHTML, like Gecko) Version/6.0 Mobile/10A5376e Safari/8536.25 (compatible; SiteAuditBot/0.97; +http://www.semrush.com/bot.html)"
85.208.98.200 - - [17/Aug/2026:02:50:24 -0400] "GET /septic-services/time-of-transfer-inspection/ HTTP/1.1" 200 26173 "-" "Mozilla/5.0 (iPhone; CPU iPhone OS 6_0 like Mac OS X) AppleWebKit/536.26 (KHTML, like Gecko) Version/6.0 Mobile/10A5376e Safari/8536.25 (compatible; SiteAuditBot/0.97; +http://www.semrush.com/bot.html)"
85.208.98.200 - - [17/Aug/2026:02:50:25 -0400] "GET /wp-content/plugins/pojo-accessibility/modules/legacy/assets/css/style.min.css?ver=1.0.0 HTTP/1.1" 200 52333 "-" "Mozilla/5.0 (iPhone; CPU iPhone OS 6_0 like Mac OS X) AppleWebKit/536.26 (KHTML, like Gecko) Version/6.0 Mobile/10A5376e Safari/8536.25 (compatible; SiteAuditBot/0.97; +http://www.semrush.com/bot.html)"
85.208.98.200 - - [17/Aug/2026:02:50:25 -0400] "GET /wp-content/uploads/fusion-styles/288acfce84714eb41a7867c783a4adb9.min.css?ver=3.11.11 HTTP/1.1" 200 1108660 "-" "Mozilla/5.0 (iPhone; CPU iPhone OS 6_0 like Mac OS X) AppleWebKit/536.26 (KHTML, like Gecko) Version/6.0 Mobile/10A5376e Safari/8536.25 (compatible; SiteAuditBot/0.97; +http://www.semrush.com/bot.html)"
85.208.98.200 - - [17/Aug/2026:02:50:25 -0400] "GET /wp-content/plugins/site-reviews/assets/styles/default.css?ver=7.2.13 HTTP/1.1" 200 30353 "-" "Mozilla/5.0 (iPhone; CPU iPhone OS 6_0 like Mac OS X) AppleWebKit/536.26 (KHTML, like Gecko) Version/6.0 Mobile/10A5376e Safari/8536.25 (compatible; SiteAuditBot/0.97; +http://www.semrush.com/bot.html)"
85.208.98.200 - - [17/Aug/2026:02:50:25 -0400] "GET /wp-includes/js/jquery/jquery.min.js?ver=3.7.1 HTTP/1.1" 200 87553 "-" "Mozilla/5.0 (iPhone; CPU iPhone OS 6_0 like Mac OS X) AppleWebKit/536.26 (KHTML, like Gecko) Version/6.0 Mobile/10A5376e Safari/8536.25 (compatible; SiteAuditBot/0.97; +http://www.semrush.com/bot.html)"
85.208.98.200 - - [17/Aug/2026:02:50:26 -0400] "GET /wp-includes/js/jquery/jquery-migrate.min.js?ver=3.4.1 HTTP/1.1" 200 13577 "-" "Mozilla/5.0 (iPhone; CPU iPhone OS 6_0 like Mac OS X) AppleWebKit/536.26 (KHTML, like Gecko) Version/6.0 Mobile/10A5376e Safari/8536.25 (compatible; SiteAuditBot/0.97; +http://www.semrush.com/bot.html)"
85.208.98.200 - - [17/Aug/2026:02:50:26 -0400] "GET /wp-content/plugins/pojo-accessibility/modules/legacy/assets/js/app.min.js?ver=1.0.0 HTTP/1.1" 200 5313 "-" "Mozilla/5.0 (iPhone; CPU iPhone OS 6_0 like Mac OS X) AppleWebKit/536.26 (KHTML, like Gecko) Version/6.0 Mobile/10A5376e Safari/8536.25 (compatible; SiteAuditBot/0.97; +http://www.semrush.com/bot.html)"
85.208.98.200 - - [17/Aug/2026:02:50:26 -0400] "GET /wp-content/plugins/real-time-auto-find-and-replace/assets/js/rtafar.app.min.js?ver=1.8.0 HTTP/1.1" 200 87478 "-" "Mozilla/5.0 (iPhone; CPU iPhone OS 6_0 like Mac OS X) AppleWebKit/536.26 (KHTML, like Gecko) Version/6.0 Mobile/10A5376e Safari/8536.25 (compatible; SiteAuditBot/0.97; +http://www.semrush.com/bot.html)"
85.208.98.200 - - [17/Aug/2026:02:50:26 -0400] "GET /wp-content/plugins/site-reviews/assets/scripts/site-reviews.js?ver=7.2.13 HTTP/1.1" 200 42592 "-" "Mozilla/5.0 (iPhone; CPU iPhone OS 6_0 like Mac OS X) AppleWebKit/536.26 (KHTML, like Gecko) Version/6.0 Mobile/10A5376e Safari/8536.25 (compatible; SiteAuditBot/0.97; +http://www.semrush.com/bot.html)"
85.208.98.200 - - [17/Aug/2026:02:50:26 -0400] "GET /wp-content/uploads/fusion-scripts/626624a00f88e5de6fe40596d523f295.min.js?ver=3.11.11 HTTP/1.1" 200 546829 "-" "Mozilla/5.0 (iPhone; CPU iPhone OS 6_0 like Mac OS X) AppleWebKit/536.26 (KHTML, like Gecko) Version/6.0 Mobile/10A5376e Safari/8536.25 (compatible; SiteAuditBot/0.97; +http://www.semrush.com/bot.html)"
85.208.98.200 - - [17/Aug/2026:02:50:26 -0400] "GET /wp-content/uploads/fusion-styles/55aff27d8682050c090b6514b3e7f37f.min.css?ver=3.11.11 HTTP/1.1" 200 1108636 "-" "Mozilla/5.0 (iPhone; CPU iPhone OS 6_0 like Mac OS X) AppleWebKit/536.26 (KHTML, like Gecko) Version/6.0 Mobile/10A5376e Safari/8536.25 (compatible; SiteAuditBot/0.97; +http://www.semrush.com/bot.html)"
85.208.98.200 - - [17/Aug/2026:02:50:27 -0400] "GET /wp-content/plugins/real-time-auto-find-and-replace/assets/js/rtafar.local.js?ver=1.8.0 HTTP/1.1" 200 19 "-" "Mozilla/5.0 (iPhone; CPU iPhone OS 6_0 like Mac OS X) AppleWebKit/536.26 (KHTML, like Gecko) Version/6.0 Mobile/10A5376e Safari/8536.25 (compatible; SiteAuditBot/0.97; +http://www.semrush.com/bot.html)"
85.208.98.200 - - [17/Aug/2026:02:50:36 -0400] "GET /wp-content/themes/Avada-Child-Theme/style.css?ver=7.0.4 HTTP/1.1" 200 186 "-" "Mozilla/5.0 (iPhone; CPU iPhone OS 6_0 like Mac OS X) AppleWebKit/536.26 (KHTML, like Gecko) Version/6.0 Mobile/10A5376e Safari/8536.25 (compatible; SiteAuditBot/0.97; +http://www.semrush.com/bot.html)"
103.171.5.101 - - [17/Aug/2026:03:05:52 -0400] "GET /contactus/ HTTP/1.1" 200 20 "-" "Mozilla/5.0"
103.171.5.112 - - [17/Aug/2026:03:05:52 -0400] "GET /contact-us/ HTTP/1.1" 200 20 "-" "Mozilla/5.0"
69.39.225.240 - - [17/Aug/2026:03:05:53 -0400] "POST /wp-cron.php?doing_wp_cron=1786950353.3861930370330810546875 HTTP/1.1" 200 20 "-" "WordPress/7.0.4; https://www.cleanmyseweranddrain.com"
103.171.5.101 - - [17/Aug/2026:03:05:52 -0400] "GET / HTTP/1.1" 200 20 "-" "Mozilla/5.0"
103.171.5.101 - - [17/Aug/2026:03:05:53 -0400] "GET /contact/ HTTP/1.1" 200 20 "-" "Mozilla/5.0"
103.171.5.101 - - [17/Aug/2026:03:05:53 -0400] "GET /pages/contact-us/ HTTP/1.1" 200 20 "-" "Mozilla/5.0"
103.171.5.112 - - [17/Aug/2026:03:05:54 -0400] "GET /contactus/ HTTP/1.1" 200 16484 "http://cleanmyseweranddrain.com/contactus/" "Mozilla/5.0"
103.171.5.101 - - [17/Aug/2026:03:05:54 -0400] "GET /pages/contact-us/ HTTP/1.1" 200 16493 "http://cleanmyseweranddrain.com/pages/contact-us/" "Mozilla/5.0"
103.171.5.112 - - [17/Aug/2026:03:05:55 -0400] "GET /contact-us/ HTTP/1.1" 200 16486 "http://cleanmyseweranddrain.com/contact-us/" "Mozilla/5.0"
103.171.5.110 - - [17/Aug/2026:03:05:57 -0400] "GET /pages/contactus/ HTTP/1.1" 200 20 "-" "Mozilla/5.0"
103.171.5.112 - - [17/Aug/2026:03:05:57 -0400] "GET /pages/contact/ HTTP/1.1" 200 20 "-" "Mozilla/5.0"
103.171.5.101 - - [17/Aug/2026:03:05:58 -0400] "GET /pages/contactus/ HTTP/1.1" 200 16488 "http://cleanmyseweranddrain.com/pages/contactus/" "Mozilla/5.0"
155.2.219.70 - - [17/Aug/2026:04:10:15 -0400] "GET /.git/HEAD HTTP/1.1" 200 20 "-" "Mozilla/5.0 (Kubuntu; Linux i686) AppleWebKit/537.36 (KHTML, like Gecko) Chrome/138.0.0.0 Safari/537.36"
155.2.219.70 - - [17/Aug/2026:04:10:15 -0400] "GET /.env HTTP/1.1" 200 20 "-" "Mozilla/5.0 (Macintosh; Intel Mac OS X 10_15_7) AppleWebKit/605.1.15 (KHTML, like Gecko) Version/16.5 Safari/605.1.15"
155.2.219.70 - - [17/Aug/2026:04:10:16 -0400] "GET /.git/HEAD HTTP/1.1" 200 16483 "http://cleanmyseweranddrain.com/.git/HEAD" "Mozilla/5.0 (Kubuntu; Linux i686) AppleWebKit/537.36 (KHTML, like Gecko) Chrome/138.0.0.0 Safari/537.36"
155.2.219.70 - - [17/Aug/2026:04:10:16 -0400] "GET /.env HTTP/1.1" 200 16476 "http://cleanmyseweranddrain.com/.env" "Mozilla/5.0 (Macintosh; Intel Mac OS X 10_15_7) AppleWebKit/605.1.15 (KHTML, like Gecko) Version/16.5 Safari/605.1.15"
18.210.201.249 - - [17/Aug/2026:04:43:56 -0400] "GET /robots.txt HTTP/1.1" 200 139 "-" "Mozilla/5.0 (Macintosh; Intel Mac OS X 10_10_1) AppleWebKit/600.2.5 (KHTML, like Gecko) Version/8.0.2 Safari/600.2.5 (Gort)"
20.172.182.212 - - [17/Aug/2026:05:34:18 -0400] "GET / HTTP/1.1" 200 20 "-" "Mozilla/5.0 (Windows NT 10.0; Win64; x64) AppleWebKit/537.36 (KHTML, like Gecko) Chrome/124.0.0.0 Safari/537.36"
20.172.182.212 - - [17/Aug/2026:05:34:18 -0400] "GET / HTTP/1.1" 200 20 "-" "Mozilla/5.0 (Windows NT 10.0; Win64; x64) AppleWebKit/537.36 (KHTML, like Gecko) Chrome/124.0.0.0 Safari/537.36"
69.39.225.240 - - [17/Aug/2026:05:43:31 -0400] "POST /wp-cron.php?doing_wp_cron=1786959811.5362269878387451171875 HTTP/1.1" 200 20 "-" "WordPress/7.0.4; https://www.cleanmyseweranddrain.com"
110.226.124.93 - - [17/Aug/2026:05:43:30 -0400] "GET / HTTP/1.1" 200 20 "-" "Mozilla/5.0 (Windows NT 10.0; Win64; x64) AppleWebKit/537.36 (KHTML, like Gecko) Chrome/121.0.0.0 Safari/537.36"
69.39.225.240 - - [17/Aug/2026:06:15:13 -0400] "POST /wp-cron.php?doing_wp_cron=1786961713.0783259868621826171875 HTTP/1.1" 200 20 "-" "WordPress/7.0.4; https://www.cleanmyseweranddrain.com"
185.151.8.79 - - [17/Aug/2026:06:15:12 -0400] "GET / HTTP/1.1" 200 20 "-" "Mozilla/5.0 (Windows NT 10.0; Win64; x64; rv:123.0) Gecko/20100101 Firefox/123"
43.159.144.16 - - [17/Aug/2026:06:25:06 -0400] "GET / HTTP/1.1" 200 20 "-" "Mozilla/5.0 (iPhone; CPU iPhone OS 13_2_3 like Mac OS X) AppleWebKit/605.1.15 (KHTML, like Gecko) Version/13.0.3 Mobile/15E148 Safari/604.1"
69.39.225.240 - - [17/Aug/2026:06:28:55 -0400] "POST /wp-cron.php?doing_wp_cron=1786962535.0423219203948974609375 HTTP/1.1" 200 20 "-" "WordPress/7.0.4; https://www.cleanmyseweranddrain.com"
162.216.143.187 - - [17/Aug/2026:06:28:54 -0400] "GET / HTTP/1.1" 200 20 "-" "Mozilla/5.0 (X11; Linux x86_64; rv:91.0) Gecko/20100101 Firefox/91.0"
43.153.96.79 - - [17/Aug/2026:07:18:30 -0400] "GET / HTTP/1.1" 200 20 "-" "Mozilla/5.0 (iPhone; CPU iPhone OS 13_2_3 like Mac OS X) AppleWebKit/605.1.15 (KHTML, like Gecko) Version/13.0.3 Mobile/15E148 Safari/604.1"
69.39.225.240 - - [17/Aug/2026:08:41:42 -0400] "POST /wp-cron.php?doing_wp_cron=1786970502.4847290515899658203125 HTTP/1.1" 200 20 "-" "WordPress/7.0.4; https://www.cleanmyseweranddrain.com"
69.171.234.4 - - [17/Aug/2026:08:41:41 -0400] "GET / HTTP/1.1" 200 - "-" "meta-externalagent/1.1 (+https://developers.facebook.com/docs/sharing/webmasters/crawler)"
101.33.66.34 - - [17/Aug/2026:10:47:21 -0400] "GET / HTTP/1.1" 200 20 "-" "Mozilla/5.0 (iPhone; CPU iPhone OS 13_2_3 like Mac OS X) AppleWebKit/605.1.15 (KHTML, like Gecko) Version/13.0.3 Mobile/15E148 Safari/604.1"
69.39.225.240 - - [17/Aug/2026:11:05:21 -0400] "POST /wp-cron.php?doing_wp_cron=1786979121.1428449153900146484375 HTTP/1.1" 200 20 "-" "WordPress/7.0.4; https://www.cleanmyseweranddrain.com"
45.33.76.128 - - [17/Aug/2026:11:05:20 -0400] "GET / HTTP/1.1" 200 20 "-" "Mozilla/5.0 (Windows NT 10.0; Win64; x64) AppleWebKit/537.36 (KHTML, like Gecko) Chrome/99.0.4844.51 Safari/537.36"
69.39.225.240 - - [17/Aug/2026:11:46:48 -0400] "POST /wp-cron.php?doing_wp_cron=1786981608.8902699947357177734375 HTTP/1.1" 200 20 "-" "WordPress/7.0.4; https://www.cleanmyseweranddrain.com"
43.165.2.110 - - [17/Aug/2026:11:46:45 -0400] "GET / HTTP/1.1" 200 20 "-" "Mozilla/5.0 (iPhone; CPU iPhone OS 13_2_3 like Mac OS X) AppleWebKit/605.1.15 (KHTML, like Gecko) Version/13.0.3 Mobile/15E148 Safari/604.1"
39.46.7.42 - - [17/Aug/2026:11:53:56 -0400] "GET /contact HTTP/1.1" 200 20 "-" "Mozilla/5.0 (Windows NT 10.0; Win64; x64) AppleWebKit/537.36 (KHTML, like Gecko) Chrome/151.0.0.0 Safari/537.36"
39.46.7.42 - - [17/Aug/2026:11:55:07 -0400] "GET /get-in-touch HTTP/1.1" 200 16486 "-" "Mozilla/5.0 (Windows NT 10.0; Win64; x64) AppleWebKit/537.36 (KHTML, like Gecko) Chrome/151.0.0.0 Safari/537.36"
39.46.7.42 - - [17/Aug/2026:11:55:08 -0400] "GET /wp-content/plugins/pojo-accessibility/modules/legacy/assets/css/style.min.css?ver=1.0.0 HTTP/1.1" 200 52333 "http://www.cleanmyseweranddrain.com/get-in-touch" "Mozilla/5.0 (Windows NT 10.0; Win64; x64) AppleWebKit/537.36 (KHTML, like Gecko) Chrome/151.0.0.0 Safari/537.36"
39.46.7.42 - - [17/Aug/2026:11:55:08 -0400] "GET /wp-content/themes/Avada-Child-Theme/style.css?ver=7.0.4 HTTP/1.1" 200 186 "http://www.cleanmyseweranddrain.com/get-in-touch" "Mozilla/5.0 (Windows NT 10.0; Win64; x64) AppleWebKit/537.36 (KHTML, like Gecko) Chrome/151.0.0.0 Safari/537.36"
39.46.7.42 - - [17/Aug/2026:11:55:08 -0400] "GET /wp-content/plugins/site-reviews/assets/styles/default.css?ver=7.2.13 HTTP/1.1" 200 30353 "http://www.cleanmyseweranddrain.com/get-in-touch" "Mozilla/5.0 (Windows NT 10.0; Win64; x64) AppleWebKit/537.36 (KHTML, like Gecko) Chrome/151.0.0.0 Safari/537.36"
39.46.7.42 - - [17/Aug/2026:11:55:09 -0400] "GET /wp-includes/js/jquery/jquery.min.js?ver=3.7.1 HTTP/1.1" 200 87553 "http://www.cleanmyseweranddrain.com/get-in-touch" "Mozilla/5.0 (Windows NT 10.0; Win64; x64) AppleWebKit/537.36 (KHTML, like Gecko) Chrome/151.0.0.0 Safari/537.36"
39.46.7.42 - - [17/Aug/2026:11:55:11 -0400] "GET /wp-includes/js/jquery/jquery-migrate.min.js?ver=3.4.1 HTTP/1.1" 200 13577 "http://www.cleanmyseweranddrain.com/get-in-touch" "Mozilla/5.0 (Windows NT 10.0; Win64; x64) AppleWebKit/537.36 (KHTML, like Gecko) Chrome/151.0.0.0 Safari/537.36"
39.46.7.42 - - [17/Aug/2026:11:55:12 -0400] "GET /wp-content/themes/Avada/includes/lib/assets/fonts/icomoon/awb-icons.woff HTTP/1.1" 200 20884 "http://www.cleanmyseweranddrain.com/get-in-touch" "Mozilla/5.0 (Windows NT 10.0; Win64; x64) AppleWebKit/537.36 (KHTML, like Gecko) Chrome/151.0.0.0 Safari/537.36"
39.46.7.42 - - [17/Aug/2026:11:55:12 -0400] "GET /wp-content/themes/Avada/includes/lib/assets/fonts/fontawesome/webfonts/fa-brands-400.woff2 HTTP/1.1" 200 76736 "http://www.cleanmyseweranddrain.com/get-in-touch" "Mozilla/5.0 (Windows NT 10.0; Win64; x64) AppleWebKit/537.36 (KHTML, like Gecko) Chrome/151.0.0.0 Safari/537.36"
39.46.7.42 - - [17/Aug/2026:11:55:13 -0400] "GET /wp-content/themes/Avada/includes/lib/assets/fonts/fontawesome/webfonts/fa-regular-400.woff2 HTTP/1.1" 200 13264 "http://www.cleanmyseweranddrain.com/get-in-touch" "Mozilla/5.0 (Windows NT 10.0; Win64; x64) AppleWebKit/537.36 (KHTML, like Gecko) Chrome/151.0.0.0 Safari/537.36"
39.46.7.42 - - [17/Aug/2026:11:55:14 -0400] "GET /wp-content/plugins/real-time-auto-find-and-replace/assets/js/rtafar.local.js?ver=1.8.0 HTTP/1.1" 200 19 "http://www.cleanmyseweranddrain.com/get-in-touch" "Mozilla/5.0 (Windows NT 10.0; Win64; x64) AppleWebKit/537.36 (KHTML, like Gecko) Chrome/151.0.0.0 Safari/537.36"
39.46.7.42 - - [17/Aug/2026:11:55:14 -0400] "GET /wp-content/themes/Avada/includes/lib/assets/fonts/fontawesome/webfonts/fa-solid-900.woff2 HTTP/1.1" 200 78212 "http://www.cleanmyseweranddrain.com/get-in-touch" "Mozilla/5.0 (Windows NT 10.0; Win64; x64) AppleWebKit/537.36 (KHTML, like Gecko) Chrome/151.0.0.0 Safari/537.36"
39.46.7.42 - - [17/Aug/2026:11:55:14 -0400] "GET /wp-content/plugins/pojo-accessibility/modules/legacy/assets/js/app.min.js?ver=1.0.0 HTTP/1.1" 200 5313 "http://www.cleanmyseweranddrain.com/get-in-touch" "Mozilla/5.0 (Windows NT 10.0; Win64; x64) AppleWebKit/537.36 (KHTML, like Gecko) Chrome/151.0.0.0 Safari/537.36"
39.46.7.42 - - [17/Aug/2026:11:55:15 -0400] "GET /wp-content/plugins/real-time-auto-find-and-replace/assets/js/rtafar.app.min.js?ver=1.8.0 HTTP/1.1" 200 87478 "http://www.cleanmyseweranddrain.com/get-in-touch" "Mozilla/5.0 (Windows NT 10.0; Win64; x64) AppleWebKit/537.36 (KHTML, like Gecko) Chrome/151.0.0.0 Safari/537.36"
39.46.7.42 - - [17/Aug/2026:11:55:17 -0400] "GET /wp-content/uploads/fusion-scripts/66cb1938e9982f48f438a19184266868.min.js?ver=3.11.11 HTTP/1.1" 200 556624 "http://www.cleanmyseweranddrain.com/get-in-touch" "Mozilla/5.0 (Windows NT 10.0; Win64; x64) AppleWebKit/537.36 (KHTML, like Gecko) Chrome/151.0.0.0 Safari/537.36"
39.46.7.42 - - [17/Aug/2026:11:55:09 -0400] "GET /wp-content/uploads/fusion-styles/4970331fea01003fc13c9b429a7530a5.min.css?ver=3.11.11 HTTP/1.1" 200 1106656 "http://www.cleanmyseweranddrain.com/get-in-touch" "Mozilla/5.0 (Windows NT 10.0; Win64; x64) AppleWebKit/537.36 (KHTML, like Gecko) Chrome/151.0.0.0 Safari/537.36"
39.46.7.42 - - [17/Aug/2026:12:06:49 -0400] "GET /contact HTTP/1.1" 200 20 "-" "Mozilla/5.0 (Windows NT 10.0; Win64; x64) AppleWebKit/537.36 (KHTML, like Gecko) Chrome/151.0.0.0 Safari/537.36"
39.46.7.42 - - [17/Aug/2026:12:07:03 -0400] "GET /contact-us HTTP/1.1" 200 16483 "-" "Mozilla/5.0 (Windows NT 10.0; Win64; x64) AppleWebKit/537.36 (KHTML, like Gecko) Chrome/151.0.0.0 Safari/537.36"
39.46.7.42 - - [17/Aug/2026:12:07:12 -0400] "GET /wp-content/plugins/pojo-accessibility/modules/legacy/assets/css/style.min.css?ver=1.0.0 HTTP/1.1" 200 52333 "http://www.cleanmyseweranddrain.com/contact-us" "Mozilla/5.0 (Windows NT 10.0; Win64; x64) AppleWebKit/537.36 (KHTML, like Gecko) Chrome/151.0.0.0 Safari/537.36"
39.46.7.42 - - [17/Aug/2026:12:07:12 -0400] "GET /wp-content/themes/Avada-Child-Theme/style.css?ver=7.0.4 HTTP/1.1" 200 186 "http://www.cleanmyseweranddrain.com/contact-us" "Mozilla/5.0 (Windows NT 10.0; Win64; x64) AppleWebKit/537.36 (KHTML, like Gecko) Chrome/151.0.0.0 Safari/537.36"
39.46.7.42 - - [17/Aug/2026:12:07:13 -0400] "GET /wp-content/plugins/site-reviews/assets/styles/default.css?ver=7.2.13 HTTP/1.1" 200 30353 "http://www.cleanmyseweranddrain.com/contact-us" "Mozilla/5.0 (Windows NT 10.0; Win64; x64) AppleWebKit/537.36 (KHTML, like Gecko) Chrome/151.0.0.0 Safari/537.36"
39.46.7.42 - - [17/Aug/2026:12:07:13 -0400] "GET /wp-includes/js/jquery/jquery.min.js?ver=3.7.1 HTTP/1.1" 200 87553 "http://www.cleanmyseweranddrain.com/contact-us" "Mozilla/5.0 (Windows NT 10.0; Win64; x64) AppleWebKit/537.36 (KHTML, like Gecko) Chrome/151.0.0.0 Safari/537.36"
39.46.7.42 - - [17/Aug/2026:12:07:13 -0400] "GET /wp-content/uploads/fusion-styles/4970331fea01003fc13c9b429a7530a5.min.css?ver=3.11.11 HTTP/1.1" 200 1106656 "http://www.cleanmyseweranddrain.com/contact-us" "Mozilla/5.0 (Windows NT 10.0; Win64; x64) AppleWebKit/537.36 (KHTML, like Gecko) Chrome/151.0.0.0 Safari/537.36"
39.46.7.42 - - [17/Aug/2026:12:07:15 -0400] "GET /contactus HTTP/1.1" 200 16481 "-" "Mozilla/5.0 (Windows NT 10.0; Win64; x64) AppleWebKit/537.36 (KHTML, like Gecko) Chrome/151.0.0.0 Safari/537.36"
39.46.7.42 - - [17/Aug/2026:12:07:22 -0400] "GET /wp-content/plugins/pojo-accessibility/modules/legacy/assets/css/style.min.css?ver=1.0.0 HTTP/1.1" 206 1 "http://www.cleanmyseweranddrain.com/contactus" "Mozilla/5.0 (Windows NT 10.0; Win64; x64) AppleWebKit/537.36 (KHTML, like Gecko) Chrome/151.0.0.0 Safari/537.36"
39.46.7.42 - - [17/Aug/2026:12:07:22 -0400] "GET /wp-content/uploads/fusion-styles/4970331fea01003fc13c9b429a7530a5.min.css?ver=3.11.11 HTTP/1.1" 206 1 "http://www.cleanmyseweranddrain.com/contactus" "Mozilla/5.0 (Windows NT 10.0; Win64; x64) AppleWebKit/537.36 (KHTML, like Gecko) Chrome/151.0.0.0 Safari/537.36"
39.46.7.42 - - [17/Aug/2026:12:07:22 -0400] "GET /wp-includes/js/jquery/jquery.min.js?ver=3.7.1 HTTP/1.1" 206 1 "http://www.cleanmyseweranddrain.com/contactus" "Mozilla/5.0 (Windows NT 10.0; Win64; x64) AppleWebKit/537.36 (KHTML, like Gecko) Chrome/151.0.0.0 Safari/537.36"
39.46.7.42 - - [17/Aug/2026:12:07:22 -0400] "GET /wp-content/plugins/pojo-accessibility/modules/legacy/assets/css/style.min.css?ver=1.0.0 HTTP/1.1" 206 7591 "http://www.cleanmyseweranddrain.com/contactus" "Mozilla/5.0 (Windows NT 10.0; Win64; x64) AppleWebKit/537.36 (KHTML, like Gecko) Chrome/151.0.0.0 Safari/537.36"
39.46.7.42 - - [17/Aug/2026:12:07:23 -0400] "GET /wp-includes/js/jquery/jquery-migrate.min.js?ver=3.4.1 HTTP/1.1" 200 13577 "http://www.cleanmyseweranddrain.com/contactus" "Mozilla/5.0 (Windows NT 10.0; Win64; x64) AppleWebKit/537.36 (KHTML, like Gecko) Chrome/151.0.0.0 Safari/537.36"
39.46.7.42 - - [17/Aug/2026:12:07:23 -0400] "GET /wp-includes/js/jquery/jquery.min.js?ver=3.7.1 HTTP/1.1" 206 29758 "http://www.cleanmyseweranddrain.com/contactus" "Mozilla/5.0 (Windows NT 10.0; Win64; x64) AppleWebKit/537.36 (KHTML, like Gecko) Chrome/151.0.0.0 Safari/537.36"
39.46.7.42 - - [17/Aug/2026:12:07:24 -0400] "GET /wp-content/themes/Avada/includes/lib/assets/fonts/icomoon/awb-icons.woff HTTP/1.1" 200 20884 "http://www.cleanmyseweranddrain.com/contactus" "Mozilla/5.0 (Windows NT 10.0; Win64; x64) AppleWebKit/537.36 (KHTML, like Gecko) Chrome/151.0.0.0 Safari/537.36"
39.46.7.42 - - [17/Aug/2026:12:07:24 -0400] "GET /wp-content/themes/Avada/includes/lib/assets/fonts/fontawesome/webfonts/fa-brands-400.woff2 HTTP/1.1" 200 76736 "http://www.cleanmyseweranddrain.com/contactus" "Mozilla/5.0 (Windows NT 10.0; Win64; x64) AppleWebKit/537.36 (KHTML, like Gecko) Chrome/151.0.0.0 Safari/537.36"
39.46.7.42 - - [17/Aug/2026:12:07:25 -0400] "GET /wp-content/themes/Avada/includes/lib/assets/fonts/fontawesome/webfonts/fa-regular-400.woff2 HTTP/1.1" 200 13264 "http://www.cleanmyseweranddrain.com/contactus" "Mozilla/5.0 (Windows NT 10.0; Win64; x64) AppleWebKit/537.36 (KHTML, like Gecko) Chrome/151.0.0.0 Safari/537.36"
39.46.7.42 - - [17/Aug/2026:12:07:26 -0400] "GET /wp-content/plugins/real-time-auto-find-and-replace/assets/js/rtafar.local.js?ver=1.8.0 HTTP/1.1" 200 19 "http://www.cleanmyseweranddrain.com/contactus" "Mozilla/5.0 (Windows NT 10.0; Win64; x64) AppleWebKit/537.36 (KHTML, like Gecko) Chrome/151.0.0.0 Safari/537.36"
39.46.7.42 - - [17/Aug/2026:12:07:26 -0400] "GET /wp-content/themes/Avada/includes/lib/assets/fonts/fontawesome/webfonts/fa-solid-900.woff2 HTTP/1.1" 200 78212 "http://www.cleanmyseweranddrain.com/contactus" "Mozilla/5.0 (Windows NT 10.0; Win64; x64) AppleWebKit/537.36 (KHTML, like Gecko) Chrome/151.0.0.0 Safari/537.36"
39.46.7.42 - - [17/Aug/2026:12:07:26 -0400] "GET /wp-content/plugins/pojo-accessibility/modules/legacy/assets/js/app.min.js?ver=1.0.0 HTTP/1.1" 200 5313 "http://www.cleanmyseweranddrain.com/contactus" "Mozilla/5.0 (Windows NT 10.0; Win64; x64) AppleWebKit/537.36 (KHTML, like Gecko) Chrome/151.0.0.0 Safari/537.36"
39.46.7.42 - - [17/Aug/2026:12:07:22 -0400] "GET /wp-content/uploads/fusion-styles/4970331fea01003fc13c9b429a7530a5.min.css?ver=3.11.11 HTTP/1.1" 206 1037234 "http://www.cleanmyseweranddrain.com/contactus" "Mozilla/5.0 (Windows NT 10.0; Win64; x64) AppleWebKit/537.36 (KHTML, like Gecko) Chrome/151.0.0.0 Safari/537.36"
39.46.7.42 - - [17/Aug/2026:12:07:31 -0400] "GET /about HTTP/1.1" 200 20 "-" "Mozilla/5.0 (Windows NT 10.0; Win64; x64) AppleWebKit/537.36 (KHTML, like Gecko) Chrome/151.0.0.0 Safari/537.36"
39.46.7.42 - - [17/Aug/2026:12:07:45 -0400] "GET /about-us HTTP/1.1" 200 16479 "-" "Mozilla/5.0 (Windows NT 10.0; Win64; x64) AppleWebKit/537.36 (KHTML, like Gecko) Chrome/151.0.0.0 Safari/537.36"
39.46.7.42 - - [17/Aug/2026:12:07:49 -0400] "GET /wp-content/uploads/fusion-styles/4970331fea01003fc13c9b429a7530a5.min.css?ver=3.11.11 HTTP/1.1" 206 1 "http://www.cleanmyseweranddrain.com/about-us" "Mozilla/5.0 (Windows NT 10.0; Win64; x64) AppleWebKit/537.36 (KHTML, like Gecko) Chrome/151.0.0.0 Safari/537.36"
39.46.7.42 - - [17/Aug/2026:12:07:49 -0400] "GET /wp-content/themes/Avada/includes/lib/assets/fonts/fontawesome/webfonts/fa-solid-900.woff2 HTTP/1.1" 206 1 "http://www.cleanmyseweranddrain.com/about-us" "Mozilla/5.0 (Windows NT 10.0; Win64; x64) AppleWebKit/537.36 (KHTML, like Gecko) Chrome/151.0.0.0 Safari/537.36"
39.46.7.42 - - [17/Aug/2026:12:07:49 -0400] "GET /wp-content/plugins/pojo-accessibility/modules/legacy/assets/js/app.min.js?ver=1.0.0 HTTP/1.1" 206 1 "http://www.cleanmyseweranddrain.com/about-us" "Mozilla/5.0 (Windows NT 10.0; Win64; x64) AppleWebKit/537.36 (KHTML, like Gecko) Chrome/151.0.0.0 Safari/537.36"
