216.244.66.237 - - [18/Aug/2026:01:27:20 -0400] "GET /portfolio-item/art-6/ HTTP/1.1" 200 151500 "-" "Mozilla/5.0 (compatible; DotBot/1.2; +https://opensiteexplorer.org/dotbot; help@moz.com)"
43.156.79.172 - - [18/Aug/2026:01:31:28 -0400] "GET / HTTP/1.1" 200 20 "-" "Mozilla/5.0 (iPhone; CPU iPhone OS 13_2_3 like Mac OS X) AppleWebKit/605.1.15 (KHTML, like Gecko) Version/13.0.3 Mobile/15E148 Safari/604.1"
69.165.72.152 - - [18/Aug/2026:01:41:44 -0400] "GET /index.php?rest_route=/wp/v2/posts&per_page=10&_fields=id,comment_status,date&orderby=date&order=desc HTTP/1.1" 200 184 "http://lewaf.bronze-server.com" "Mozilla/5.0 (X11; Linux x86_64) AppleWebKit/537.36 (KHTML, like Gecko) Chrome/122.0.27.2 Safari/537.36"
69.165.72.152 - - [18/Aug/2026:01:41:46 -0400] "POST /wp-comments-post.php HTTP/1.1" 200 1118 "http://lewaf.bronze-server.com" "Mozilla/5.0 (Windows NT 10.0; Win64; x64) AppleWebKit/537.36 (KHTML, like Gecko) Chrome/119.0.64.89 Safari/537.36 Edg/119.0.64.89"
216.244.66.237 - - [18/Aug/2026:02:06:26 -0400] "GET /robots.txt HTTP/1.1" 200 316 "-" "Mozilla/5.0 (compatible; DotBot/1.2; +https://opensiteexplorer.org/dotbot; help@moz.com)"
216.244.66.237 - - [18/Aug/2026:02:15:02 -0400] "GET /portfolio-item/art-5/feed/ HTTP/1.1" 200 743 "-" "Mozilla/5.0 (compatible; DotBot/1.2; +https://opensiteexplorer.org/dotbot; help@moz.com)"
43.165.186.188 - - [18/Aug/2026:02:26:54 -0400] "GET / HTTP/1.1" 200 20 "-" "Mozilla/5.0 (iPhone; CPU iPhone OS 13_2_3 like Mac OS X) AppleWebKit/605.1.15 (KHTML, like Gecko) Version/13.0.3 Mobile/15E148 Safari/604.1"
20.191.45.212 - - [18/Aug/2026:02:39:55 -0400] "GET / HTTP/1.1" 200 20 "-" "DuckDuckBot/1.1; (+http://duckduckgo.com/duckduckbot.html)"
216.244.66.237 - - [18/Aug/2026:02:53:00 -0400] "GET /robots.txt HTTP/1.1" 200 316 "-" "Mozilla/5.0 (compatible; DotBot/1.2; +https://opensiteexplorer.org/dotbot; help@moz.com)"
69.39.225.240 - - [18/Aug/2026:03:06:56 -0400] "POST /wp-cron.php?doing_wp_cron=1787036816.9490680694580078125000 HTTP/1.1" 200 20 "-" "WordPress/7.0.4; https://www.lewaf.com"
216.244.66.237 - - [18/Aug/2026:03:06:54 -0400] "GET /cart/?remove_item=64b6b3b6340ffb40931058f9d484356c&_wpnonce=f77f1d1fe0 HTTP/1.1" 200 212334 "-" "Mozilla/5.0 (compatible; DotBot/1.2; +https://opensiteexplorer.org/dotbot; help@moz.com)"
216.244.66.237 - - [18/Aug/2026:03:07:03 -0400] "GET /cart/?remove_item=6d29ccfababa3f755ab0ef13ec653fdf&_wpnonce=99c889b717 HTTP/1.1" 200 212334 "-" "Mozilla/5.0 (compatible; DotBot/1.2; +https://opensiteexplorer.org/dotbot; help@moz.com)"
216.244.66.237 - - [18/Aug/2026:03:07:10 -0400] "GET /cart/?remove_item=e1fe2d2278bd2e2e81fbc42380546640&_wpnonce=63b4f74a2f HTTP/1.1" 200 212334 "-" "Mozilla/5.0 (compatible; DotBot/1.2; +https://opensiteexplorer.org/dotbot; help@moz.com)"
69.39.225.240 - - [18/Aug/2026:03:42:53 -0400] "POST /wp-cron.php?doing_wp_cron=1787038973.4137101173400878906250 HTTP/1.1" 200 20 "-" "WordPress/7.0.4; https://www.lewaf.com"
20.191.45.212 - - [18/Aug/2026:03:42:52 -0400] "GET / HTTP/1.1" 200 20 "-" "DuckDuckBot/1.1; (+http://duckduckgo.com/duckduckbot.html)"
104.28.240.58 - - [18/Aug/2026:04:15:21 -0400] "GET /ms-themes.php HTTP/1.1" 200 20 "-" "Go-http-client/1.1"
43.133.221.163 - - [18/Aug/2026:04:20:54 -0400] "GET /tel:5305810600 HTTP/1.1" 200 - "http://zyakj.cn" "Mozilla/5.0 (iPhone; CPU iPhone OS 18_7 like Mac OS X) AppleWebKit/605.1.15 (KHTML, like Gecko) Version/26.5 Mobile/15E148 Safari/604.1"
69.39.225.240 - - [18/Aug/2026:04:20:55 -0400] "POST /wp-cron.php?doing_wp_cron=1787041255.8001990318298339843750 HTTP/1.1" 200 20 "-" "WordPress/7.0.4; https://www.lewaf.com"
43.133.221.163 - - [18/Aug/2026:04:20:54 -0400] "GET /mailto:infolewaf.com HTTP/1.1" 200 - "https://m.baidu.com/s?word=www.acdr.cn" "Mozilla/5.0 (iPhone; CPU iPhone OS 18_7 like Mac OS X) AppleWebKit/605.1.15 (KHTML, like Gecko) Version/26.5 Mobile/15E148 Safari/604.1"
43.133.221.163 - - [18/Aug/2026:04:20:54 -0400] "GET /?add-to-cart=6142 HTTP/1.1" 200 - "http://www.meago.cn" "Mozilla/5.0 (iPhone; CPU iPhone OS 18_7 like Mac OS X) AppleWebKit/605.1.15 (KHTML, like Gecko) Version/26.5 Mobile/15E148 Safari/604.1"
43.133.221.163 - - [18/Aug/2026:04:20:54 -0400] "GET /?add-to-cart=6137 HTTP/1.1" 200 - "http://www.mzis.cn" "Mozilla/5.0 (iPhone; CPU iPhone OS 18_7 like Mac OS X) AppleWebKit/605.1.15 (KHTML, like Gecko) Version/26.5 Mobile/15E148 Safari/604.1"
43.133.221.163 - - [18/Aug/2026:04:20:54 -0400] "GET / HTTP/1.1" 200 - "http://ywpkj.cn" "Mozilla/5.0 (iPhone; CPU iPhone OS 18_7 like Mac OS X) AppleWebKit/605.1.15 (KHTML, like Gecko) Version/26.5 Mobile/15E148 Safari/604.1"
43.133.221.163 - - [18/Aug/2026:04:20:56 -0400] "GET /tel:5305810600 HTTP/1.1" 200 136604 "http://zyakj.cn" "Mozilla/5.0 (iPhone; CPU iPhone OS 18_7 like Mac OS X) AppleWebKit/605.1.15 (KHTML, like Gecko) Version/26.5 Mobile/15E148 Safari/604.1"
43.133.221.163 - - [18/Aug/2026:04:20:56 -0400] "GET /mailto:infolewaf.com HTTP/1.1" 200 136662 "https://m.baidu.com/s?word=www.acdr.cn" "Mozilla/5.0 (iPhone; CPU iPhone OS 18_7 like Mac OS X) AppleWebKit/605.1.15 (KHTML, like Gecko) Version/26.5 Mobile/15E148 Safari/604.1"
69.39.225.240 - - [18/Aug/2026:04:26:31 -0400] "POST /wp-cron.php?doing_wp_cron=1787041591.5030460357666015625000 HTTP/1.1" 200 20 "-" "WordPress/7.0.4; https://www.lewaf.com"
103.131.71.23 - - [18/Aug/2026:04:26:30 -0400] "GET /robots.txt HTTP/1.1" 200 171 "-" "Mozilla/5.0 (compatible; coccocbot-image/1.0; +http://help.coccoc.com/searchengine)"
69.39.225.240 - - [18/Aug/2026:04:27:31 -0400] "POST /wp-cron.php?doing_wp_cron=1787041650.9990150928497314453125 HTTP/1.1" 200 20 "-" "WordPress/7.0.4; https://www.lewaf.com"
216.244.66.237 - - [18/Aug/2026:04:27:30 -0400] "GET /robots.txt HTTP/1.1" 200 316 "-" "Mozilla/5.0 (compatible; DotBot/1.2; +https://opensiteexplorer.org/dotbot; help@moz.com)"
69.39.225.240 - - [18/Aug/2026:04:39:50 -0400] "POST /wp-cron.php?doing_wp_cron=1787042390.8542261123657226562500 HTTP/1.1" 200 20 "-" "WordPress/7.0.4; https://www.lewaf.com"
216.244.66.237 - - [18/Aug/2026:04:39:49 -0400] "GET /cart/?remove_item=e1fe2d2278bd2e2e81fbc42380546640&_wpnonce=a0040cd104 HTTP/1.1" 200 212334 "-" "Mozilla/5.0 (compatible; DotBot/1.2; +https://opensiteexplorer.org/dotbot; help@moz.com)"
192.71.46.30 - - [18/Aug/2026:04:48:43 -0400] "GET / HTTP/1.1" 200 20 "-" "Mozilla/5.0 (iPhone; CPU iPhone OS 17_3_1 like Mac OS X) AppleWebKit/605.1.15 (KHTML, like Gecko) Version/17.3.1 Mobile/15E148 Safari/604"
69.39.225.240 - - [18/Aug/2026:04:59:40 -0400] "POST /wp-cron.php?doing_wp_cron=1787043580.7748720645904541015625 HTTP/1.1" 200 20 "-" "WordPress/7.0.4; https://www.lewaf.com"
155.2.194.21 - - [18/Aug/2026:04:59:40 -0400] "GET /.git/config HTTP/1.1" 200 20 "-" "Go-http-client/1.1"
155.2.194.21 - - [18/Aug/2026:04:59:41 -0400] "GET /.git/config HTTP/1.1" 200 28136 "http://lewaf.com/.git/config" "Go-http-client/1.1"
69.39.225.240 - - [18/Aug/2026:05:11:08 -0400] "POST /wp-cron.php?doing_wp_cron=1787044268.5392909049987792968750 HTTP/1.1" 200 20 "-" "WordPress/7.0.4; https://www.lewaf.com"
35.95.29.114 - - [18/Aug/2026:05:11:07 -0400] "GET / HTTP/1.1" 200 20 "-" "Mozilla/5.0 (Windows NT 10.0; Win64; x64) AppleWebKit/537.36 (KHTML, like Gecko) Chrome/113.0.0.0 Safari/537.36"
69.39.225.240 - - [18/Aug/2026:05:49:32 -0400] "POST /wp-cron.php?doing_wp_cron=1787046572.2208280563354492187500 HTTP/1.1" 200 20 "-" "WordPress/7.0.4; https://www.lewaf.com"
146.190.161.161 - - [18/Aug/2026:05:49:31 -0400] "GET / HTTP/1.1" 200 20 "-" "Mozilla/5.0 (X11; Linux x86_64) AppleWebKit/537.36 (KHTML, like Gecko) Chrome/142.0.0.0 Safari/537.36"
69.39.225.240 - - [18/Aug/2026:05:59:37 -0400] "POST /wp-cron.php?doing_wp_cron=1787047177.9171481132507324218750 HTTP/1.1" 200 20 "-" "WordPress/7.0.4; https://www.lewaf.com"
104.37.185.7 - - [18/Aug/2026:05:59:37 -0400] "GET /robots.txt HTTP/1.0" 200 316 "-" "Mozilla/5.0 (compatible; heritrix/3.14.2-SNAPSHOT-2026-04-13T06:21:22Z +https://www.image-meta.com)"
104.37.185.7 - - [18/Aug/2026:05:59:38 -0400] "GET / HTTP/1.0" 200 - "-" "Mozilla/5.0 (compatible; heritrix/3.14.2-SNAPSHOT-2026-04-13T06:21:22Z +https://www.image-meta.com)"
69.39.225.240 - - [18/Aug/2026:06:12:35 -0400] "POST /wp-cron.php?doing_wp_cron=1787047955.0448079109191894531250 HTTP/1.1" 200 20 "-" "WordPress/7.0.4; https://www.lewaf.com"
103.77.106.196 - - [18/Aug/2026:06:12:34 -0400] "GET /sftp-config.json HTTP/1.1" 200 20 "-" "Mozilla/5.0 (Macintosh; Intel Mac OS X 10.15; rv:77.0) Gecko/20100101 Firefox/77.0"
103.77.106.196 - - [18/Aug/2026:06:12:36 -0400] "GET /sftp-config.json HTTP/1.1" 200 28188 "-" "Mozilla/5.0 (Macintosh; Intel Mac OS X 10.15; rv:77.0) Gecko/20100101 Firefox/77.0"
103.77.106.196 - - [18/Aug/2026:06:12:37 -0400] "GET /.vscode/sftp.json HTTP/1.1" 200 20 "-" "Mozilla/5.0 (Macintosh; Intel Mac OS X 10.15; rv:77.0) Gecko/20100101 Firefox/77.0"
103.77.106.196 - - [18/Aug/2026:06:12:38 -0400] "GET /.vscode/sftp.json HTTP/1.1" 200 28189 "-" "Mozilla/5.0 (Macintosh; Intel Mac OS X 10.15; rv:77.0) Gecko/20100101 Firefox/77.0"
69.39.225.240 - - [18/Aug/2026:06:15:54 -0400] "POST /wp-cron.php?doing_wp_cron=1787048154.3133270740509033203125 HTTP/1.1" 200 20 "-" "WordPress/7.0.4; https://www.lewaf.com"
43.130.91.75 - - [18/Aug/2026:06:15:53 -0400] "GET / HTTP/1.1" 200 20 "-" "Mozilla/5.0 (Windows NT 10.0; Win64; x64) AppleWebKit/537.36 (KHTML, like Gecko) Chrome/131.0.0.0 Safari/537.36"
69.39.225.240 - - [18/Aug/2026:06:20:14 -0400] "POST /wp-cron.php?doing_wp_cron=1787048414.0241100788116455078125 HTTP/1.1" 200 20 "-" "WordPress/7.0.4; https://www.lewaf.com"
103.131.71.175 - - [18/Aug/2026:06:20:13 -0400] "GET /robots.txt HTTP/1.1" 200 20 "-" "Mozilla/5.0 (compatible; coccocbot-web/1.0; +http://help.coccoc.com/searchengine)"
103.131.71.175 - - [18/Aug/2026:06:20:15 -0400] "GET /robots.txt HTTP/1.1" 200 171 "-" "Mozilla/5.0 (compatible; coccocbot-web/1.0; +http://help.coccoc.com/searchengine)"
69.39.225.240 - - [18/Aug/2026:06:26:30 -0400] "POST /wp-cron.php?doing_wp_cron=1787048790.0097560882568359375000 HTTP/1.1" 200 20 "-" "WordPress/7.0.4; https://www.lewaf.com"
43.166.131.228 - - [18/Aug/2026:06:26:29 -0400] "GET / HTTP/1.1" 200 20 "-" "Mozilla/5.0 (iPhone; CPU iPhone OS 13_2_3 like Mac OS X) AppleWebKit/605.1.15 (KHTML, like Gecko) Version/13.0.3 Mobile/15E148 Safari/604.1"
69.39.225.240 - - [18/Aug/2026:06:33:38 -0400] "POST /wp-cron.php?doing_wp_cron=1787049218.9085090160369873046875 HTTP/1.1" 200 20 "-" "WordPress/7.0.4; https://www.lewaf.com"
91.92.47.210 - - [18/Aug/2026:06:33:35 -0400] "HEAD / HTTP/1.1" 200 - "-" "Mozilla/5.0"
216.244.66.237 - - [18/Aug/2026:06:46:56 -0400] "GET /robots.txt HTTP/1.1" 200 316 "-" "Mozilla/5.0 (compatible; DotBot/1.2; +https://opensiteexplorer.org/dotbot; help@moz.com)"
69.39.225.240 - - [18/Aug/2026:07:01:32 -0400] "POST /wp-cron.php?doing_wp_cron=1787050892.0986289978027343750000 HTTP/1.1" 200 20 "-" "WordPress/7.0.4; https://www.lewaf.com"
216.244.66.237 - - [18/Aug/2026:07:01:30 -0400] "GET /cart/?remove_item=c767895746d4bab5ebc71d6072cd3c48&_wpnonce=41792a304c HTTP/1.1" 200 212334 "-" "Mozilla/5.0 (compatible; DotBot/1.2; +https://opensiteexplorer.org/dotbot; help@moz.com)"
216.244.66.237 - - [18/Aug/2026:07:01:36 -0400] "GET /cart/?remove_item=ceb8d4ba118f6cfe3c60e82d306dfd73&_wpnonce=d1b9af9c3a HTTP/1.1" 200 212334 "-" "Mozilla/5.0 (compatible; DotBot/1.2; +https://opensiteexplorer.org/dotbot; help@moz.com)"
69.39.225.240 - - [18/Aug/2026:07:12:10 -0400] "POST /wp-cron.php?doing_wp_cron=1787051530.7301309108734130859375 HTTP/1.1" 200 20 "-" "WordPress/7.0.4; https://www.lewaf.com"
52.26.161.71 - - [18/Aug/2026:07:12:09 -0400] "GET / HTTP/1.1" 200 20 "-" "Mozilla/5.0 (Windows NT 10.0; Win64; x64) AppleWebKit/537.36 (KHTML, like Gecko) Chrome/113.0.0.0 Safari/537.36"
69.39.225.240 - - [18/Aug/2026:07:16:06 -0400] "POST /wp-cron.php?doing_wp_cron=1787051766.7970249652862548828125 HTTP/1.1" 200 20 "-" "WordPress/7.0.4; https://www.lewaf.com"
103.65.236.108 - - [18/Aug/2026:07:16:05 -0400] "GET /sftp-config.json HTTP/1.1" 200 20 "-" "Mozilla/5.0 (Macintosh; Intel Mac OS X 10.15; rv:77.0) Gecko/20100101 Firefox/77.0"
103.65.236.108 - - [18/Aug/2026:07:16:08 -0400] "GET /sftp-config.json HTTP/1.1" 200 28186 "-" "Mozilla/5.0 (Macintosh; Intel Mac OS X 10.15; rv:77.0) Gecko/20100101 Firefox/77.0"
103.65.236.108 - - [18/Aug/2026:07:16:09 -0400] "GET /.vscode/sftp.json HTTP/1.1" 200 20 "-" "Mozilla/5.0 (Macintosh; Intel Mac OS X 10.15; rv:77.0) Gecko/20100101 Firefox/77.0"
103.65.236.108 - - [18/Aug/2026:07:16:13 -0400] "GET /.vscode/sftp.json HTTP/1.1" 200 28189 "-" "Mozilla/5.0 (Macintosh; Intel Mac OS X 10.15; rv:77.0) Gecko/20100101 Firefox/77.0"
69.39.225.240 - - [18/Aug/2026:07:33:36 -0400] "POST /wp-cron.php?doing_wp_cron=1787052816.6637890338897705078125 HTTP/1.1" 200 20 "-" "WordPress/7.0.4; https://www.lewaf.com"
216.244.66.237 - - [18/Aug/2026:07:33:35 -0400] "GET /robots.txt HTTP/1.1" 200 316 "-" "Mozilla/5.0 (compatible; DotBot/1.2; +https://opensiteexplorer.org/dotbot; help@moz.com)"
69.39.225.240 - - [18/Aug/2026:07:47:58 -0400] "POST /wp-cron.php?doing_wp_cron=1787053678.0980648994445800781250 HTTP/1.1" 200 20 "-" "WordPress/7.0.4; https://www.lewaf.com"
216.244.66.237 - - [18/Aug/2026:07:47:57 -0400] "GET /cart/?remove_item=64b6b3b6340ffb40931058f9d484356c&_wpnonce=750d358b98 HTTP/1.1" 200 212334 "-" "Mozilla/5.0 (compatible; DotBot/1.2; +https://opensiteexplorer.org/dotbot; help@moz.com)"
216.244.66.237 - - [18/Aug/2026:07:48:02 -0400] "GET /cart/?remove_item=64b6b3b6340ffb40931058f9d484356c&_wpnonce=8559ffbae8 HTTP/1.1" 200 212334 "-" "Mozilla/5.0 (compatible; DotBot/1.2; +https://opensiteexplorer.org/dotbot; help@moz.com)"
168.62.48.100 - - [18/Aug/2026:08:16:49 -0400] "GET /wp-content/plugins/hellopress/wp_filemanager.php HTTP/1.1" 403 199 "-" "-"
69.39.225.240 - - [18/Aug/2026:08:16:50 -0400] "POST /wp-cron.php?doing_wp_cron=1787055410.1014070510864257812500 HTTP/1.1" 200 20 "-" "WordPress/7.0.4; https://www.lewaf.com"
168.62.48.100 - - [18/Aug/2026:08:16:49 -0400] "GET /this_is_a_new_hello_world.php HTTP/1.1" 200 - "-" "-"
168.62.48.100 - - [18/Aug/2026:08:16:50 -0400] "GET /this_is_a_new_hello_world.php HTTP/1.1" 200 136457 "-" "-"
168.62.48.100 - - [18/Aug/2026:08:16:51 -0400] "GET /weozh.php HTTP/1.1" 200 - "-" "-"
168.62.48.100 - - [18/Aug/2026:08:16:51 -0400] "GET /weozh.php HTTP/1.1" 200 136417 "-" "-"
168.62.48.100 - - [18/Aug/2026:08:16:52 -0400] "GET /rymmm.php HTTP/1.1" 200 - "-" "-"
168.62.48.100 - - [18/Aug/2026:08:16:52 -0400] "GET /rymmm.php HTTP/1.1" 200 136417 "-" "-"
168.62.48.100 - - [18/Aug/2026:08:16:53 -0400] "GET /lddxs.php HTTP/1.1" 200 - "-" "-"
168.62.48.100 - - [18/Aug/2026:08:16:53 -0400] "GET /lddxs.php HTTP/1.1" 200 136417 "-" "-"
168.62.48.100 - - [18/Aug/2026:08:16:54 -0400] "GET /zjggu.php HTTP/1.1" 200 - "-" "-"
168.62.48.100 - - [18/Aug/2026:08:16:55 -0400] "GET /zjggu.php HTTP/1.1" 200 136417 "-" "-"
168.62.48.100 - - [18/Aug/2026:08:16:55 -0400] "GET /dlvqo.php HTTP/1.1" 200 - "-" "-"
168.62.48.100 - - [18/Aug/2026:08:16:55 -0400] "GET /dlvqo.php HTTP/1.1" 200 136417 "-" "-"
168.62.48.100 - - [18/Aug/2026:08:16:56 -0400] "GET /pkmoj.php HTTP/1.1" 200 - "-" "-"
168.62.48.100 - - [18/Aug/2026:08:16:57 -0400] "GET /pkmoj.php HTTP/1.1" 200 136417 "-" "-"
168.62.48.100 - - [18/Aug/2026:08:16:57 -0400] "GET /kopyw.php HTTP/1.1" 200 - "-" "-"
168.62.48.100 - - [18/Aug/2026:08:16:58 -0400] "GET /kopyw.php HTTP/1.1" 200 136417 "-" "-"
168.62.48.100 - - [18/Aug/2026:08:16:58 -0400] "GET /zznmg.php HTTP/1.1" 200 - "-" "-"
168.62.48.100 - - [18/Aug/2026:08:16:59 -0400] "GET /zznmg.php HTTP/1.1" 200 136417 "-" "-"
168.62.48.100 - - [18/Aug/2026:08:16:59 -0400] "GET /bhfnd.php HTTP/1.1" 200 - "-" "-"
168.62.48.100 - - [18/Aug/2026:08:17:00 -0400] "GET /bhfnd.php HTTP/1.1" 200 136417 "-" "-"
168.62.48.100 - - [18/Aug/2026:08:17:00 -0400] "GET /qfvqu.php HTTP/1.1" 200 - "-" "-"
168.62.48.100 - - [18/Aug/2026:08:17:01 -0400] "GET /qfvqu.php HTTP/1.1" 200 136417 "-" "-"
168.62.48.100 - - [18/Aug/2026:08:17:01 -0400] "GET /oivcl.php HTTP/1.1" 200 - "-" "-"
168.62.48.100 - - [18/Aug/2026:08:17:02 -0400] "GET /oivcl.php HTTP/1.1" 200 136417 "-" "-"
168.62.48.100 - - [18/Aug/2026:08:17:02 -0400] "GET /zugvi.php HTTP/1.1" 200 - "-" "-"
168.62.48.100 - - [18/Aug/2026:08:17:03 -0400] "GET /zugvi.php HTTP/1.1" 200 136417 "-" "-"
168.62.48.100 - - [18/Aug/2026:08:17:04 -0400] "GET /wsrer.php HTTP/1.1" 200 - "-" "-"
168.62.48.100 - - [18/Aug/2026:08:17:04 -0400] "GET /wsrer.php HTTP/1.1" 200 136417 "-" "-"
168.62.48.100 - - [18/Aug/2026:08:17:05 -0400] "GET /ucpfr.php HTTP/1.1" 200 - "-" "-"
168.62.48.100 - - [18/Aug/2026:08:17:05 -0400] "GET /ucpfr.php HTTP/1.1" 200 136417 "-" "-"
168.62.48.100 - - [18/Aug/2026:08:17:06 -0400] "GET /yxijx.php HTTP/1.1" 200 - "-" "-"
168.62.48.100 - - [18/Aug/2026:08:17:07 -0400] "GET /yxijx.php HTTP/1.1" 200 136417 "-" "-"
168.62.48.100 - - [18/Aug/2026:08:17:07 -0400] "GET /zwlsv.php HTTP/1.1" 200 - "-" "-"
168.62.48.100 - - [18/Aug/2026:08:17:08 -0400] "GET /zwlsv.php HTTP/1.1" 200 136417 "-" "-"
168.62.48.100 - - [18/Aug/2026:08:17:08 -0400] "GET /jrpga.php HTTP/1.1" 200 - "-" "-"
168.62.48.100 - - [18/Aug/2026:08:17:09 -0400] "GET /jrpga.php HTTP/1.1" 200 136417 "-" "-"
168.62.48.100 - - [18/Aug/2026:08:17:09 -0400] "GET /museu/yhweq.php HTTP/1.1" 200 - "-" "-"
168.62.48.100 - - [18/Aug/2026:08:17:10 -0400] "GET /museu/yhweq.php HTTP/1.1" 200 136429 "-" "-"
168.62.48.100 - - [18/Aug/2026:08:17:10 -0400] "GET /nwwha.php HTTP/1.1" 200 - "-" "-"
168.62.48.100 - - [18/Aug/2026:08:17:11 -0400] "GET /nwwha.php HTTP/1.1" 200 136417 "-" "-"
168.62.48.100 - - [18/Aug/2026:08:17:11 -0400] "GET /opsqt.php HTTP/1.1" 200 - "-" "-"
168.62.48.100 - - [18/Aug/2026:08:17:12 -0400] "GET /opsqt.php HTTP/1.1" 200 136417 "-" "-"
168.62.48.100 - - [18/Aug/2026:08:17:12 -0400] "GET /jvcpa.php HTTP/1.1" 200 - "-" "-"
168.62.48.100 - - [18/Aug/2026:08:17:14 -0400] "GET /jvcpa.php HTTP/1.1" 200 136417 "-" "-"
168.62.48.100 - - [18/Aug/2026:08:17:15 -0400] "GET /wp-includes/block-supports/input.php HTTP/1.1" 403 199 "-" "-"
168.62.48.100 - - [18/Aug/2026:08:17:15 -0400] "GET /wp-includes/wp-conflg.php HTTP/1.1" 403 199 "-" "-"
168.62.48.100 - - [18/Aug/2026:08:17:15 -0400] "GET /wp-includes/Requests/library/a1cord.php HTTP/1.1" 403 199 "-" "-"
168.62.48.100 - - [18/Aug/2026:08:17:15 -0400] "GET /wp-includes/images/wp/snXZcWW.php HTTP/1.1" 403 199 "-" "-"
168.62.48.100 - - [18/Aug/2026:08:17:15 -0400] "GET /assets/admin/login/info.php HTTP/1.1" 200 - "-" "-"
168.62.48.100 - - [18/Aug/2026:08:17:15 -0400] "GET /assets/admin/login/info.php HTTP/1.1" 200 136453 "-" "-"
168.62.48.100 - - [18/Aug/2026:08:17:16 -0400] "GET /wp-includes/theme-previews-exception.php HTTP/1.1" 403 199 "-" "-"
168.62.48.100 - - [18/Aug/2026:08:17:16 -0400] "GET /images/menu/2025/04/aa97abcd1241bfd851db3d662a4f2b62e.php HTTP/1.1" 200 - "-" "-"
168.62.48.100 - - [18/Aug/2026:08:17:18 -0400] "GET /images/menu/2025/04/aa97abcd1241bfd851db3d662a4f2b62e.php HTTP/1.1" 200 136513 "-" "-"
168.62.48.100 - - [18/Aug/2026:08:17:19 -0400] "GET /wp-includes/fazemrx1949_l7oIHvFs.php HTTP/1.1" 403 199 "-" "-"
168.62.48.100 - - [18/Aug/2026:08:17:19 -0400] "GET /assets/filemanager/dialog.php HTTP/1.1" 200 - "-" "-"
168.62.48.100 - - [18/Aug/2026:08:17:19 -0400] "GET /assets/filemanager/dialog.php HTTP/1.1" 200 136457 "-" "-"
168.62.48.100 - - [18/Aug/2026:08:17:20 -0400] "GET /assets/font/bootstrap-icon/shell.php HTTP/1.1" 200 - "-" "-"
69.39.225.240 - - [18/Aug/2026:08:17:24 -0400] "POST /wp-cron.php?doing_wp_cron=1787055444.1236929893493652343750 HTTP/1.1" 200 20 "-" "WordPress/7.0.4; https://www.lewaf.com"
168.62.48.100 - - [18/Aug/2026:08:17:23 -0400] "GET /assets/font/bootstrap-icon/shell.php HTTP/1.1" 200 136471 "-" "-"
168.62.48.100 - - [18/Aug/2026:08:17:27 -0400] "GET /.well-known/acme-challenge/local-access.php HTTP/1.1" 403 199 "-" "-"
168.62.48.100 - - [18/Aug/2026:08:17:27 -0400] "GET /wp-includes/php-compat/Olu2RK.php HTTP/1.1" 403 199 "-" "-"
168.62.48.100 - - [18/Aug/2026:08:17:27 -0400] "GET /wp-includes/assets/wow.php HTTP/1.1" 403 199 "-" "-"
168.62.48.100 - - [18/Aug/2026:08:17:27 -0400] "GET /wp-includes/wp_y13h6oGI.php HTTP/1.1" 403 199 "-" "-"
168.62.48.100 - - [18/Aug/2026:08:17:27 -0400] "GET /wp-includes/css/Lgt1ghftfgbaas.php HTTP/1.1" 403 199 "-" "-"
168.62.48.100 - - [18/Aug/2026:08:17:27 -0400] "GET /wp-includes/rest-api/menu.php HTTP/1.1" 403 199 "-" "-"
168.62.48.100 - - [18/Aug/2026:08:17:27 -0400] "GET /wp-includes/customize/5dCx2y.php HTTP/1.1" 403 199 "-" "-"
168.62.48.100 - - [18/Aug/2026:08:17:27 -0400] "GET /wp-includes/bK9rpN.php HTTP/1.1" 403 199 "-" "-"
168.62.48.100 - - [18/Aug/2026:08:17:27 -0400] "GET /wp-includes/IXR/options.php HTTP/1.1" 403 199 "-" "-"
168.62.48.100 - - [18/Aug/2026:08:17:27 -0400] "GET /images/slide/2025/09/op4.php HTTP/1.1" 200 - "-" "-"
168.62.48.100 - - [18/Aug/2026:08:17:28 -0400] "GET /images/slide/2025/09/op4.php HTTP/1.1" 200 136455 "-" "-"
168.62.48.100 - - [18/Aug/2026:08:17:29 -0400] "GET /wp-includes/class-wp-theme-json-schema-variable.php HTTP/1.1" 403 199 "-" "-"
168.62.48.100 - - [18/Aug/2026:08:17:29 -0400] "GET /wp-includes/css/nDJvnf.php HTTP/1.1" 403 199 "-" "-"
168.62.48.100 - - [18/Aug/2026:08:17:29 -0400] "GET /wp-includes/pomo/mail.php HTTP/1.1" 403 199 "-" "-"
168.62.48.100 - - [18/Aug/2026:08:17:29 -0400] "GET /wp-admin/includes/ms-repository.php HTTP/1.1" 200 - "-" "-"
168.62.48.100 - - [18/Aug/2026:08:17:32 -0400] "GET /wp-admin/includes/ms-repository.php HTTP/1.1" 200 136469 "-" "-"
168.62.48.100 - - [18/Aug/2026:08:17:32 -0400] "GET /wp-includes/sodium_compat/rd64D5.php HTTP/1.1" 403 199 "-" "-"
168.62.48.100 - - [18/Aug/2026:08:17:32 -0400] "GET /wp-includes/assets/lXppkm.php HTTP/1.1" 403 199 "-" "-"
168.62.48.100 - - [18/Aug/2026:08:17:32 -0400] "GET /wp-includes/Requests/about.php HTTP/1.1" 403 199 "-" "-"
168.62.48.100 - - [18/Aug/2026:08:17:32 -0400] "GET /wp-includes/html-api/wp-load.php HTTP/1.1" 403 199 "-" "-"
168.62.48.100 - - [18/Aug/2026:08:17:32 -0400] "GET /wp-includes/sitemaps/about.php HTTP/1.1" 403 199 "-" "-"
168.62.48.100 - - [18/Aug/2026:08:17:32 -0400] "GET /wp-includes/images/wp-load.php HTTP/1.1" 403 199 "-" "-"
168.62.48.100 - - [18/Aug/2026:08:17:32 -0400] "GET /wp-includes/theme-compat/82NtBt.php HTTP/1.1" 403 199 "-" "-"
168.62.48.100 - - [18/Aug/2026:08:17:32 -0400] "GET /wp-includes/block-bindings/UpeDL0.php HTTP/1.1" 403 199 "-" "-"
168.62.48.100 - - [18/Aug/2026:08:17:32 -0400] "GET /wp-includes/html-api/QxXX0h.php HTTP/1.1" 403 199 "-" "-"
168.62.48.100 - - [18/Aug/2026:08:17:32 -0400] "GET /wp-includes/Text/r51tv7.php HTTP/1.1" 403 199 "-" "-"
168.62.48.100 - - [18/Aug/2026:08:17:32 -0400] "GET /wp-includes/images/JpIAZA.php HTTP/1.1" 403 199 "-" "-"
168.62.48.100 - - [18/Aug/2026:08:17:32 -0400] "GET /wp-includes/block-bindings/kXaPL5.php HTTP/1.1" 403 199 "-" "-"
168.62.48.100 - - [18/Aug/2026:08:17:32 -0400] "GET /wp-includes/PHPMailer/8bmaeS.php HTTP/1.1" 403 199 "-" "-"
168.62.48.100 - - [18/Aug/2026:08:17:32 -0400] "GET /wp-includes/block-patterns/mkA9wN.php HTTP/1.1" 403 199 "-" "-"
168.62.48.100 - - [18/Aug/2026:08:17:32 -0400] "GET /rezor.php HTTP/1.1" 200 - "-" "-"
168.62.48.100 - - [18/Aug/2026:08:17:33 -0400] "GET /rezor.php HTTP/1.1" 200 136417 "-" "-"
168.62.48.100 - - [18/Aug/2026:08:17:33 -0400] "GET /uploads/bypass.php HTTP/1.1" 200 - "-" "-"
168.62.48.100 - - [18/Aug/2026:08:17:34 -0400] "GET /uploads/bypass.php HTTP/1.1" 200 136435 "-" "-"
168.62.48.100 - - [18/Aug/2026:08:17:34 -0400] "GET /wp-admin/includes/3p8jj8r.php HTTP/1.1" 200 - "-" "-"
168.62.48.100 - - [18/Aug/2026:08:17:35 -0400] "GET /wp-admin/includes/3p8jj8r.php HTTP/1.1" 200 136457 "-" "-"
168.62.48.100 - - [18/Aug/2026:08:17:36 -0400] "GET //index/function.php HTTP/1.1" 200 - "-" "-"
168.62.48.100 - - [18/Aug/2026:08:17:36 -0400] "GET /index/function.php HTTP/1.1" 200 136435 "-" "-"
168.62.48.100 - - [18/Aug/2026:08:17:37 -0400] "GET /wp-includes/Requests/library/upload.php HTTP/1.1" 403 199 "-" "-"
168.62.48.100 - - [18/Aug/2026:08:17:37 -0400] "GET /Cachex.php HTTP/1.1" 200 - "-" "-"
168.62.48.100 - - [18/Aug/2026:08:17:37 -0400] "GET /Cachex.php HTTP/1.1" 200 136419 "-" "-"
168.62.48.100 - - [18/Aug/2026:08:17:38 -0400] "GET /Menu/fonts/%20backup/log/index/js/wpup.php HTTP/1.1" 200 - "-" "-"
168.62.48.100 - - [18/Aug/2026:08:17:38 -0400] "GET /Menu/fonts/%20backup/log/index/js/wpup.php HTTP/1.1" 200 136477 "-" "-"
168.62.48.100 - - [18/Aug/2026:08:17:39 -0400] "GET /wp-2019.php HTTP/1.1" 200 - "-" "-"
168.62.48.100 - - [18/Aug/2026:08:17:39 -0400] "GET /wp-2019.php HTTP/1.1" 200 136421 "-" "-"
168.62.48.100 - - [18/Aug/2026:08:17:40 -0400] "GET /wp-includes/blocks/social-link/index.php HTTP/1.1" 403 199 "-" "-"
168.62.48.100 - - [18/Aug/2026:08:17:40 -0400] "GET //.cache/x.php HTTP/1.1" 200 - "-" "-"
168.62.48.100 - - [18/Aug/2026:08:17:40 -0400] "GET /.cache/x.php HTTP/1.1" 200 136423 "-" "-"
168.62.48.100 - - [18/Aug/2026:08:17:41 -0400] "GET /wp-includes/blocks/nextpage/index.php HTTP/1.1" 403 199 "-" "-"
168.62.48.100 - - [18/Aug/2026:08:17:41 -0400] "GET /wp-content/index.php HTTP/1.1" 403 199 "-" "-"
168.62.48.100 - - [18/Aug/2026:08:17:41 -0400] "GET /wp-content/themes/index.php HTTP/1.1" 403 199 "-" "-"
168.62.48.100 - - [18/Aug/2026:08:17:41 -0400] "GET /wp-includes/blocks/pullquote/windex.php HTTP/1.1" 403 199 "-" "-"
168.62.48.100 - - [18/Aug/2026:08:17:41 -0400] "GET /help/crnpwfiu.php HTTP/1.1" 200 - "-" "-"
168.62.48.100 - - [18/Aug/2026:08:17:41 -0400] "GET /help/crnpwfiu.php HTTP/1.1" 200 136433 "-" "-"
168.62.48.100 - - [18/Aug/2026:08:17:42 -0400] "GET /wp-content/plugins/majapahitslot/index.php HTTP/1.1" 403 199 "-" "-"
168.62.48.100 - - [18/Aug/2026:08:17:42 -0400] "GET /wp-includes/blocks/post-date/index.php HTTP/1.1" 403 199 "-" "-"
168.62.48.100 - - [18/Aug/2026:08:17:42 -0400] "GET /wp-includes/blocks/navigation-submenu/index.php HTTP/1.1" 403 199 "-" "-"
168.62.48.100 - - [18/Aug/2026:08:17:42 -0400] "GET /wp-includes/css/dist/block-directory/upload.php HTTP/1.1" 403 199 "-" "-"
168.62.48.100 - - [18/Aug/2026:08:17:42 -0400] "GET /update/wpupex.php HTTP/1.1" 200 - "-" "-"
168.62.48.100 - - [18/Aug/2026:08:17:42 -0400] "GET /update/wpupex.php HTTP/1.1" 200 136433 "-" "-"
168.62.48.100 - - [18/Aug/2026:08:17:43 -0400] "GET /wp-admin/install.php HTTP/1.1" 200 17008 "-" "-"
168.62.48.100 - - [18/Aug/2026:08:17:43 -0400] "GET /wp-content/plugins/index.php HTTP/1.1" 403 199 "-" "-"
168.62.48.100 - - [18/Aug/2026:08:17:43 -0400] "GET /wp-admin/css/colors/coffee/index.php HTTP/1.1" 200 - "-" "-"
168.62.48.100 - - [18/Aug/2026:08:17:44 -0400] "GET /wp-admin/css/colors/coffee/ HTTP/1.1" 403 199 "-" "-"
168.62.48.100 - - [18/Aug/2026:08:17:44 -0400] "GET //wp-includes/certificates/upload.php HTTP/1.1" 403 199 "-" "-"
168.62.48.100 - - [18/Aug/2026:08:17:45 -0400] "GET /well-known/index.php HTTP/1.1" 200 - "-" "-"
168.62.48.100 - - [18/Aug/2026:08:17:45 -0400] "GET /well-known/ HTTP/1.1" 200 136421 "-" "-"
168.62.48.100 - - [18/Aug/2026:08:17:46 -0400] "GET /wp-includes/Ipv6.php HTTP/1.1" 403 199 "-" "-"
168.62.48.100 - - [18/Aug/2026:08:17:46 -0400] "GET /wp-admin/js/index.php HTTP/1.1" 200 - "-" "-"
168.62.48.100 - - [18/Aug/2026:08:17:46 -0400] "GET /wp-admin/js/ HTTP/1.1" 403 199 "-" "-"
168.62.48.100 - - [18/Aug/2026:08:17:46 -0400] "GET /assets/plugins/gmap/dapa.php HTTP/1.1" 200 - "-" "-"
168.62.48.100 - - [18/Aug/2026:08:17:46 -0400] "GET /assets/plugins/gmap/dapa.php HTTP/1.1" 200 136455 "-" "-"
168.62.48.100 - - [18/Aug/2026:08:17:47 -0400] "GET /mt/byp.php HTTP/1.1" 200 - "-" "-"
168.62.48.100 - - [18/Aug/2026:08:17:47 -0400] "GET /mt/byp.php HTTP/1.1" 200 136419 "-" "-"
168.62.48.100 - - [18/Aug/2026:08:17:48 -0400] "GET /MTOS/byp.php HTTP/1.1" 200 - "-" "-"
168.62.48.100 - - [18/Aug/2026:08:17:48 -0400] "GET /MTOS/byp.php HTTP/1.1" 200 136423 "-" "-"
168.62.48.100 - - [18/Aug/2026:08:17:49 -0400] "GET /wp-content/plugins/admin.php HTTP/1.1" 403 199 "-" "-"
168.62.48.100 - - [18/Aug/2026:08:17:49 -0400] "GET /wp-content/themes/home/index.php HTTP/1.1" 403 199 "-" "-"
168.62.48.100 - - [18/Aug/2026:08:17:49 -0400] "GET /modules/ets_whatsapp/security.php HTTP/1.1" 200 - "-" "-"
168.62.48.100 - - [18/Aug/2026:08:17:50 -0400] "GET /modules/ets_whatsapp/security.php HTTP/1.1" 200 136465 "-" "-"
168.62.48.100 - - [18/Aug/2026:08:17:50 -0400] "GET /wp-includes/Text/Diff/Engine/upload.php HTTP/1.1" 403 199 "-" "-"
168.62.48.100 - - [18/Aug/2026:08:17:50 -0400] "GET /wordpress/wp-content/plugins/cvqvgfk/index.php HTTP/1.1" 403 199 "-" "-"
168.62.48.100 - - [18/Aug/2026:08:17:50 -0400] "GET /wp-includes/SimplePie/index.php HTTP/1.1" 403 199 "-" "-"
69.39.225.240 - - [18/Aug/2026:08:17:51 -0400] "POST /wp-cron.php?doing_wp_cron=1787055471.4333350658416748046875 HTTP/1.1" 200 20 "-" "WordPress/7.0.4; https://www.lewaf.com"
168.62.48.100 - - [18/Aug/2026:08:17:50 -0400] "GET /first.php HTTP/1.1" 200 - "-" "-"
168.62.48.100 - - [18/Aug/2026:08:17:51 -0400] "GET /first.php HTTP/1.1" 200 136417 "-" "-"
168.62.48.100 - - [18/Aug/2026:08:17:52 -0400] "GET /wp-includes/js/crop/index.php HTTP/1.1" 403 199 "-" "-"
168.62.48.100 - - [18/Aug/2026:08:17:52 -0400] "GET /wp-includes/theme-compat/index.php HTTP/1.1" 403 199 "-" "-"
168.62.48.100 - - [18/Aug/2026:08:17:52 -0400] "GET /wp-includes/blocks/shortcode/index.php HTTP/1.1" 403 199 "-" "-"
168.62.48.100 - - [18/Aug/2026:08:17:52 -0400] "GET /blog/byp.php HTTP/1.1" 200 - "-" "-"
168.62.48.100 - - [18/Aug/2026:08:17:52 -0400] "GET /blog/byp.php HTTP/1.1" 200 136423 "-" "-"
168.62.48.100 - - [18/Aug/2026:08:17:53 -0400] "GET /wp-includes/blocks/file/index.php HTTP/1.1" 403 199 "-" "-"
168.62.48.100 - - [18/Aug/2026:08:17:53 -0400] "GET /wp-includes/ID3/index.php HTTP/1.1" 403 199 "-" "-"
168.62.48.100 - - [18/Aug/2026:08:17:53 -0400] "GET //images/security.php HTTP/1.1" 200 - "-" "-"
168.62.48.100 - - [18/Aug/2026:08:17:53 -0400] "GET /images/security.php HTTP/1.1" 200 136437 "-" "-"
44.195.188.79 - - [18/Aug/2026:08:32:05 -0400] "GET /robots.txt HTTP/1.1" 200 20 "-" "Mozilla/5.0 (Macintosh; Intel Mac OS X 10_10_1) AppleWebKit/600.2.5 (KHTML, like Gecko) Version/8.0.2 Safari/600.2.5 (Gort)"
44.195.188.79 - - [18/Aug/2026:08:32:06 -0400] "GET /robots.txt HTTP/1.1" 200 171 "-" "Mozilla/5.0 (Macintosh; Intel Mac OS X 10_10_1) AppleWebKit/600.2.5 (KHTML, like Gecko) Version/8.0.2 Safari/600.2.5 (Gort)"
69.39.225.240 - - [18/Aug/2026:08:43:10 -0400] "POST /wp-cron.php?doing_wp_cron=1787056990.0567750930786132812500 HTTP/1.1" 200 20 "-" "WordPress/7.0.4; https://www.lewaf.com"
82.108.212.9 - - [18/Aug/2026:08:43:08 -0400] "GET / HTTP/1.1" 200 20 "-" "Mozilla/5.0 (Macintosh; Intel Mac OS X 10_15_7) AppleWebKit/537.36 (KHTML, like Gecko) Chrome/120.0.0.0 Safari/537.36"
18.222.7.216 - - [18/Aug/2026:09:33:10 -0400] "GET / HTTP/1.1" 200 20 "-" "Apache-HttpClient/4.5.14 (Java/21.0.12)"
69.39.225.240 - - [18/Aug/2026:09:33:55 -0400] "POST /wp-cron.php?doing_wp_cron=1787060035.2822840213775634765625 HTTP/1.1" 200 20 "-" "WordPress/7.0.4; https://www.lewaf.com"
51.68.107.151 - - [18/Aug/2026:09:33:54 -0400] "GET /robots.txt HTTP/1.1" 200 20 "-" "Mozilla/5.0 (compatible; MJ12bot/v2.0.5; http://mj12bot.com/)"
51.68.107.151 - - [18/Aug/2026:09:33:55 -0400] "GET /robots.txt HTTP/1.1" 200 171 "-" "Mozilla/5.0 (compatible; MJ12bot/v2.0.5; http://mj12bot.com/)"
51.68.107.151 - - [18/Aug/2026:09:33:56 -0400] "GET / HTTP/1.1" 200 20 "-" "Mozilla/5.0 (compatible; MJ12bot/v2.0.5; http://mj12bot.com/)"
51.68.107.151 - - [18/Aug/2026:09:34:03 -0400] "GET / HTTP/1.1" 200 20 "-" "Mozilla/5.0 (compatible; MJ12bot/v2.0.5; http://mj12bot.com/)"
69.39.225.240 - - [18/Aug/2026:09:51:51 -0400] "POST /wp-cron.php?doing_wp_cron=1787061111.6759970188140869140625 HTTP/1.1" 200 20 "-" "WordPress/7.0.4; https://www.lewaf.com"
216.244.66.237 - - [18/Aug/2026:09:51:51 -0400] "GET /robots.txt HTTP/1.1" 200 316 "-" "Mozilla/5.0 (compatible; DotBot/1.2; +https://opensiteexplorer.org/dotbot; help@moz.com)"
69.39.225.240 - - [18/Aug/2026:10:05:46 -0400] "POST /wp-cron.php?doing_wp_cron=1787061946.7446510791778564453125 HTTP/1.1" 200 20 "-" "WordPress/7.0.4; https://www.lewaf.com"
216.244.66.237 - - [18/Aug/2026:10:05:44 -0400] "GET /cart/?remove_item=c767895746d4bab5ebc71d6072cd3c48&_wpnonce=785f127fdd HTTP/1.1" 200 212334 "-" "Mozilla/5.0 (compatible; DotBot/1.2; +https://opensiteexplorer.org/dotbot; help@moz.com)"
69.39.225.240 - - [18/Aug/2026:10:38:00 -0400] "POST /wp-cron.php?doing_wp_cron=1787063880.2353639602661132812500 HTTP/1.1" 200 20 "-" "WordPress/7.0.4; https://www.lewaf.com"
216.244.66.237 - - [18/Aug/2026:10:37:37 -0400] "GET /robots.txt HTTP/1.1" 200 316 "-" "Mozilla/5.0 (compatible; DotBot/1.2; +https://opensiteexplorer.org/dotbot; help@moz.com)"
69.39.225.240 - - [18/Aug/2026:10:41:07 -0400] "POST /wp-cron.php?doing_wp_cron=1787064067.0603868961334228515625 HTTP/1.1" 200 20 "-" "WordPress/7.0.4; https://www.lewaf.com"
103.131.71.26 - - [18/Aug/2026:10:41:04 -0400] "GET /robots.txt HTTP/1.1" 200 20 "-" "Mozilla/5.0 (compatible; coccocbot-image/1.0; +http://help.coccoc.com/searchengine)"
103.131.71.26 - - [18/Aug/2026:10:41:08 -0400] "GET /robots.txt HTTP/1.1" 200 171 "-" "Mozilla/5.0 (compatible; coccocbot-image/1.0; +http://help.coccoc.com/searchengine)"
69.39.225.240 - - [18/Aug/2026:10:59:19 -0400] "POST /wp-cron.php?doing_wp_cron=1787065159.9877231121063232421875 HTTP/1.1" 200 20 "-" "WordPress/7.0.4; https://www.lewaf.com"
136.243.228.195 - - [18/Aug/2026:10:59:16 -0400] "GET /robots.txt HTTP/1.1" 200 20 "-" "Mozilla/5.0 (compatible; DataForSeoBot/1.0; +https://dataforseo.com/dataforseo-bot)"
136.243.228.198 - - [18/Aug/2026:10:59:20 -0400] "GET /robots.txt HTTP/1.1" 200 171 "-" "Mozilla/5.0 (compatible; DataForSeoBot/1.0; +https://dataforseo.com/dataforseo-bot)"
69.39.225.240 - - [18/Aug/2026:10:59:25 -0400] "POST /wp-cron.php?doing_wp_cron=1787065165.0771539211273193359375 HTTP/1.1" 200 20 "-" "WordPress/7.0.4; https://www.lewaf.com"
136.243.228.195 - - [18/Aug/2026:10:59:22 -0400] "GET /robots.txt HTTP/1.1" 200 20 "-" "Mozilla/5.0 (compatible; DataForSeoBot/1.0; +https://dataforseo.com/dataforseo-bot)"
136.243.228.198 - - [18/Aug/2026:10:59:25 -0400] "GET /robots.txt HTTP/1.1" 200 171 "-" "Mozilla/5.0 (compatible; DataForSeoBot/1.0; +https://dataforseo.com/dataforseo-bot)"
205.210.31.164 - - [18/Aug/2026:11:00:58 -0400] "GET / HTTP/1.1" 200 - "-" "Hello from Palo Alto Networks, find out more about our scans in https://docs-cortex.paloaltonetworks.com/r/1/Cortex-Xpanse/Scanning-activity"
69.39.225.240 - - [18/Aug/2026:11:14:26 -0400] "POST /wp-cron.php?doing_wp_cron=1787066066.8549530506134033203125 HTTP/1.1" 200 20 "-" "WordPress/7.0.4; https://www.lewaf.com"
43.166.244.251 - - [18/Aug/2026:11:14:24 -0400] "GET / HTTP/1.1" 200 20 "-" "Mozilla/5.0 (iPhone; CPU iPhone OS 13_2_3 like Mac OS X) AppleWebKit/605.1.15 (KHTML, like Gecko) Version/13.0.3 Mobile/15E148 Safari/604.1"
69.39.225.240 - - [18/Aug/2026:11:23:05 -0400] "POST /wp-cron.php?doing_wp_cron=1787066585.7601680755615234375000 HTTP/1.1" 200 20 "-" "WordPress/7.0.4; https://www.lewaf.com"
216.244.66.237 - - [18/Aug/2026:11:23:03 -0400] "GET /robots.txt HTTP/1.1" 200 316 "-" "Mozilla/5.0 (compatible; DotBot/1.2; +https://opensiteexplorer.org/dotbot; help@moz.com)"
216.244.66.237 - - [18/Aug/2026:11:31:48 -0400] "GET /wp-content/uploads/2021/09/batter-5.png HTTP/1.1" 200 1123381 "-" "Mozilla/5.0 (compatible; DotBot/1.2; +https://opensiteexplorer.org/dotbot; help@moz.com)"
69.39.225.240 - - [18/Aug/2026:11:36:24 -0400] "POST /wp-cron.php?doing_wp_cron=1787067384.6446349620819091796875 HTTP/1.1" 200 20 "-" "WordPress/7.0.4; https://www.lewaf.com"
216.244.66.237 - - [18/Aug/2026:11:36:22 -0400] "GET /cart/?remove_item=e1fe2d2278bd2e2e81fbc42380546640&_wpnonce=e65620b03d HTTP/1.1" 200 212334 "-" "Mozilla/5.0 (compatible; DotBot/1.2; +https://opensiteexplorer.org/dotbot; help@moz.com)"
157.90.95.245 - - [18/Aug/2026:12:07:06 -0400] "GET /wp-content/plugins/pods/readme.txt HTTP/1.1" 200 28212 "-" "Mozilla/5.0 (Windows NT 10.0; Win64; x64) AppleWebKit/537.36 (KHTML, like Gecko) Chrome/125.0.0.0 Safari/537.36"
157.90.95.245 - - [18/Aug/2026:12:07:09 -0400] "GET /wp-content/plugins/pods/init.php HTTP/1.1" 403 199 "-" "Mozilla/5.0 (Windows NT 10.0; Win64; x64) AppleWebKit/537.36 (KHTML, like Gecko) Chrome/125.0.0.0 Safari/537.36"
69.39.225.240 - - [18/Aug/2026:12:08:54 -0400] "POST /wp-cron.php?doing_wp_cron=1787069334.0943229198455810546875 HTTP/1.1" 200 20 "-" "WordPress/7.0.4; https://www.lewaf.com"
43.134.163.229 - - [18/Aug/2026:12:08:51 -0400] "GET / HTTP/1.1" 200 20 "-" "Mozilla/5.0 (iPhone; CPU iPhone OS 13_2_3 like Mac OS X) AppleWebKit/605.1.15 (KHTML, like Gecko) Version/13.0.3 Mobile/15E148 Safari/604.1"
69.39.225.240 - - [18/Aug/2026:12:15:11 -0400] "POST /wp-cron.php?doing_wp_cron=1787069711.4246399402618408203125 HTTP/1.1" 200 20 "-" "WordPress/7.0.4; https://www.lewaf.com"
103.131.71.25 - - [18/Aug/2026:12:15:07 -0400] "GET /robots.txt HTTP/1.1" 200 171 "-" "Mozilla/5.0 (compatible; coccocbot-image/1.0; +http://help.coccoc.com/searchengine)"
69.39.225.240 - - [18/Aug/2026:12:17:57 -0400] "POST /wp-cron.php?doing_wp_cron=1787069877.7168109416961669921875 HTTP/1.1" 200 20 "-" "WordPress/7.0.4; https://www.lewaf.com"
47.243.218.50 - - [18/Aug/2026:12:17:55 -0400] "GET / HTTP/1.1" 200 20 "-" "Mozilla/5.0 (Windows NT 10.0; Win64; x64) AppleWebKit/537.36 (KHTML, like Gecko) Chrome/116.0.0.0 Safari/537.36"
69.39.225.240 - - [18/Aug/2026:12:36:56 -0400] "POST /wp-cron.php?doing_wp_cron=1787071016.1309349536895751953125 HTTP/1.1" 200 20 "-" "WordPress/7.0.4; https://www.lewaf.com"
198.235.24.137 - - [18/Aug/2026:12:36:53 -0400] "GET / HTTP/1.1" 200 - "-" "Hello from Palo Alto Networks, find out more about our scans in https://docs-cortex.paloaltonetworks.com/r/1/Cortex-Xpanse/Scanning-activity"
69.39.225.240 - - [18/Aug/2026:12:40:30 -0400] "POST /wp-cron.php?doing_wp_cron=1787071230.0308239459991455078125 HTTP/1.1" 200 20 "-" "WordPress/7.0.4; https://www.lewaf.com"
38.107.232.45 - - [18/Aug/2026:12:40:28 -0400] "GET / HTTP/1.1" 200 20 "-" "Mozilla/5.0 (Windows NT 10.0; Win64; x64) AppleWebKit/537.36 (KHTML, like Gecko) Chrome/120.0.0.0 Safari/537.36"
38.107.232.45 - - [18/Aug/2026:12:40:33 -0400] "GET /wp-login.php HTTP/1.1" 200 20 "-" "Mozilla/5.0 (Windows NT 10.0; Win64; x64) AppleWebKit/537.36 (KHTML, like Gecko) Chrome/120.0.0.0 Safari/537.36"
38.107.232.45 - - [18/Aug/2026:12:40:35 -0400] "GET /wp-admin/ HTTP/1.1" 200 20 "-" "Mozilla/5.0 (Windows NT 10.0; Win64; x64) AppleWebKit/537.36 (KHTML, like Gecko) Chrome/120.0.0.0 Safari/537.36"
69.39.225.240 - - [18/Aug/2026:12:54:44 -0400] "POST /wp-cron.php?doing_wp_cron=1787072084.1310338973999023437500 HTTP/1.1" 200 20 "-" "WordPress/7.0.4; https://www.lewaf.com"
216.244.66.237 - - [18/Aug/2026:12:54:41 -0400] "GET /robots.txt HTTP/1.1" 200 316 "-" "Mozilla/5.0 (compatible; DotBot/1.2; +https://opensiteexplorer.org/dotbot; help@moz.com)"
69.39.225.240 - - [18/Aug/2026:13:06:38 -0400] "POST /wp-cron.php?doing_wp_cron=1787072798.1380200386047363281250 HTTP/1.1" 200 20 "-" "WordPress/7.0.4; https://www.lewaf.com"
216.244.66.237 - - [18/Aug/2026:13:06:35 -0400] "GET /cart/?remove_item=64b6b3b6340ffb40931058f9d484356c&_wpnonce=bb69990dda HTTP/1.1" 200 212334 "-" "Mozilla/5.0 (compatible; DotBot/1.2; +https://opensiteexplorer.org/dotbot; help@moz.com)"
69.39.225.240 - - [18/Aug/2026:13:25:02 -0400] "POST /wp-cron.php?doing_wp_cron=1787073902.0145070552825927734375 HTTP/1.1" 200 20 "-" "WordPress/7.0.4; https://www.lewaf.com"
103.131.71.84 - - [18/Aug/2026:13:24:59 -0400] "GET /robots.txt HTTP/1.1" 200 20 "-" "Mozilla/5.0 (compatible; coccocbot-web/1.0; +http://help.coccoc.com/searchengine)"
103.131.71.84 - - [18/Aug/2026:13:25:03 -0400] "GET /robots.txt HTTP/1.1" 200 171 "-" "Mozilla/5.0 (compatible; coccocbot-web/1.0; +http://help.coccoc.com/searchengine)"
69.39.225.240 - - [18/Aug/2026:13:39:23 -0400] "POST /wp-cron.php?doing_wp_cron=1787074763.8807480335235595703125 HTTP/1.1" 200 20 "-" "WordPress/7.0.4; https://www.lewaf.com"
216.244.66.237 - - [18/Aug/2026:13:39:21 -0400] "GET /robots.txt HTTP/1.1" 200 316 "-" "Mozilla/5.0 (compatible; DotBot/1.2; +https://opensiteexplorer.org/dotbot; help@moz.com)"
69.39.225.240 - - [18/Aug/2026:13:53:06 -0400] "POST /wp-cron.php?doing_wp_cron=1787075586.7064650058746337890625 HTTP/1.1" 200 20 "-" "WordPress/7.0.4; https://www.lewaf.com"
216.244.66.237 - - [18/Aug/2026:13:53:04 -0400] "GET /cart/?remove_item=ceb8d4ba118f6cfe3c60e82d306dfd73&_wpnonce=d5bf0d2846 HTTP/1.1" 200 212334 "-" "Mozilla/5.0 (compatible; DotBot/1.2; +https://opensiteexplorer.org/dotbot; help@moz.com)"
69.39.225.240 - - [18/Aug/2026:14:46:59 -0400] "POST /wp-cron.php?doing_wp_cron=1787078819.8260331153869628906250 HTTP/1.1" 200 20 "-" "WordPress/7.0.4; https://www.lewaf.com"
136.243.228.195 - - [18/Aug/2026:14:46:57 -0400] "GET / HTTP/1.1" 200 20 "-" "Mozilla/5.0 (compatible; DataForSeoBot/1.0; +https://dataforseo.com/dataforseo-bot)"
193.181.13.96 - - [18/Aug/2026:15:20:41 -0400] "GET /robots.txt HTTP/1.1" 200 20 "-" "Mozilla/5.0 (Android 14; Mobile; rv:123.0) Gecko/123.0 Firefox/123"
5.133.195.100 - - [18/Aug/2026:15:20:43 -0400] "GET /robots.txt HTTP/1.1" 200 171 "http://lewaf.com/robots.txt" "Mozilla/5.0 (Android 14; Mobile; rv:123.0) Gecko/123.0 Firefox/123"
185.12.148.27 - - [18/Aug/2026:15:20:45 -0400] "GET /llms.txt HTTP/1.1" 200 20 "-" "Mozilla/5.0 (Android 14; Mobile; rv:123.0) Gecko/123.0 Firefox/123"
93.158.109.86 - - [18/Aug/2026:15:20:47 -0400] "GET /llms.txt HTTP/1.1" 200 28185 "http://lewaf.com/llms.txt" "Mozilla/5.0 (Android 14; Mobile; rv:123.0) Gecko/123.0 Firefox/123"
151.252.29.222 - - [18/Aug/2026:15:20:50 -0400] "GET / HTTP/1.1" 200 20 "-" "Mozilla/5.0 (Android 14; Mobile; rv:123.0) Gecko/123.0 Firefox/123"
69.39.225.240 - - [18/Aug/2026:16:39:49 -0400] "POST /wp-cron.php?doing_wp_cron=1787085589.1799850463867187500000 HTTP/1.1" 200 20 "-" "WordPress/7.0.4; https://www.lewaf.com"
66.249.70.174 - - [18/Aug/2026:16:39:46 -0400] "GET /ads.txt HTTP/1.1" 200 28166 "-" "Mozilla/5.0 (compatible; Googlebot/2.1; +http://www.google.com/bot.html)"
216.244.66.237 - - [18/Aug/2026:16:41:12 -0400] "GET /robots.txt HTTP/1.1" 200 316 "-" "Mozilla/5.0 (compatible; DotBot/1.2; +https://opensiteexplorer.org/dotbot; help@moz.com)"
47.205.167.160 - - [18/Aug/2026:16:49:46 -0400] "GET / HTTP/1.1" 200 20 "-" "Mozilla/5.0 (Windows NT 10.0; Win64; x64) AppleWebKit/537.36 (KHTML, like Gecko) Chrome/151.0.0.0 Safari/537.36"
69.39.225.240 - - [18/Aug/2026:16:54:55 -0400] "POST /wp-cron.php?doing_wp_cron=1787086495.5270230770111083984375 HTTP/1.1" 200 20 "-" "WordPress/7.0.4; https://www.lewaf.com"
216.244.66.237 - - [18/Aug/2026:16:54:53 -0400] "GET /cart/?remove_item=6d29ccfababa3f755ab0ef13ec653fdf&_wpnonce=2b93ff941d HTTP/1.1" 200 212334 "-" "Mozilla/5.0 (compatible; DotBot/1.2; +https://opensiteexplorer.org/dotbot; help@moz.com)"
216.244.66.237 - - [18/Aug/2026:16:56:24 -0400] "GET /wp-content/uploads/2021/09/batter-2.png HTTP/1.1" 200 713474 "-" "Mozilla/5.0 (compatible; DotBot/1.2; +https://opensiteexplorer.org/dotbot; help@moz.com)"
69.39.225.240 - - [18/Aug/2026:17:27:42 -0400] "POST /wp-cron.php?doing_wp_cron=1787088462.3654170036315917968750 HTTP/1.1" 200 20 "-" "WordPress/7.0.4; https://www.lewaf.com"
216.244.66.237 - - [18/Aug/2026:17:27:40 -0400] "GET /robots.txt HTTP/1.1" 200 316 "-" "Mozilla/5.0 (compatible; DotBot/1.2; +https://opensiteexplorer.org/dotbot; help@moz.com)"
96.255.218.209 - - [18/Aug/2026:17:40:03 -0400] "GET / HTTP/1.1" 200 - "-" "Mozilla/5.0 (Windows NT 10.0; Win64; x64) AppleWebKit/537.36 (KHTML, like Gecko) Chrome/144.0.0.0 Safari/537.36"
69.39.225.240 - - [18/Aug/2026:17:40:24 -0400] "POST /wp-cron.php?doing_wp_cron=1787089224.3446159362792968750000 HTTP/1.1" 200 20 "-" "WordPress/7.0.4; https://www.lewaf.com"
216.244.66.237 - - [18/Aug/2026:17:40:22 -0400] "GET /cart/?remove_item=c767895746d4bab5ebc71d6072cd3c48&_wpnonce=443bdd3bae HTTP/1.1" 200 212334 "-" "Mozilla/5.0 (compatible; DotBot/1.2; +https://opensiteexplorer.org/dotbot; help@moz.com)"
69.39.225.240 - - [18/Aug/2026:18:01:00 -0400] "POST /wp-cron.php?doing_wp_cron=1787090460.3063600063323974609375 HTTP/1.1" 200 20 "-" "WordPress/7.0.4; https://www.lewaf.com"
45.11.172.239 - - [18/Aug/2026:18:00:58 -0400] "GET /.git/config HTTP/1.1" 200 28132 "-" "Go-http-client/1.1"
69.39.225.240 - - [18/Aug/2026:18:17:40 -0400] "POST /wp-cron.php?doing_wp_cron=1787091460.3853480815887451171875 HTTP/1.1" 200 20 "-" "WordPress/7.0.4; https://www.lewaf.com"
43.167.174.74 - - [18/Aug/2026:18:17:38 -0400] "GET / HTTP/1.1" 200 20 "-" "Mozilla/5.0 (Windows NT 10.0; Win64; x64) AppleWebKit/537.36 (KHTML, like Gecko) Chrome/111.0.0.0 Safari/537.36"
69.39.225.240 - - [18/Aug/2026:18:30:31 -0400] "POST /wp-cron.php?doing_wp_cron=1787092231.8424661159515380859375 HTTP/1.1" 200 20 "-" "WordPress/7.0.4; https://www.lewaf.com"
192.178.4.100 - - [18/Aug/2026:18:30:29 -0400] "GET / HTTP/1.1" 200 20 "-" "Mozilla/5.0 (compatible; Googlebot/2.1; +http://www.google.com/bot.html)"
69.39.225.240 - - [18/Aug/2026:19:17:57 -0400] "POST /wp-cron.php?doing_wp_cron=1787095077.4215850830078125000000 HTTP/1.1" 200 20 "-" "WordPress/7.0.4; https://www.lewaf.com"
103.131.71.223 - - [18/Aug/2026:19:17:55 -0400] "GET /robots.txt HTTP/1.1" 200 20 "-" "Mozilla/5.0 (compatible; coccocbot-web/1.0; +http://help.coccoc.com/searchengine)"
103.131.71.223 - - [18/Aug/2026:19:17:58 -0400] "GET /robots.txt HTTP/1.1" 200 171 "-" "Mozilla/5.0 (compatible; coccocbot-web/1.0; +http://help.coccoc.com/searchengine)"
3.93.128.70 - - [18/Aug/2026:19:22:11 -0400] "GET /robots.txt HTTP/1.1" 200 171 "-" "Mozilla/5.0 (Macintosh; Intel Mac OS X 10_10_1) AppleWebKit/600.2.5 (KHTML, like Gecko) Version/8.0.2 Safari/600.2.5 (Gort)"
69.39.225.240 - - [18/Aug/2026:19:30:35 -0400] "POST /wp-cron.php?doing_wp_cron=1787095835.8187780380249023437500 HTTP/1.1" 200 20 "-" "WordPress/7.0.4; https://www.lewaf.com"
103.131.71.24 - - [18/Aug/2026:19:30:33 -0400] "GET /robots.txt HTTP/1.1" 200 20 "-" "Mozilla/5.0 (compatible; coccocbot-image/1.0; +http://help.coccoc.com/searchengine)"
103.131.71.24 - - [18/Aug/2026:19:30:37 -0400] "GET /robots.txt HTTP/1.1" 200 171 "-" "Mozilla/5.0 (compatible; coccocbot-image/1.0; +http://help.coccoc.com/searchengine)"
69.39.225.240 - - [18/Aug/2026:20:14:40 -0400] "POST /wp-cron.php?doing_wp_cron=1787098480.8975110054016113281250 HTTP/1.1" 200 20 "-" "WordPress/7.0.4; https://www.lewaf.com"
66.249.70.173 - - [18/Aug/2026:20:14:38 -0400] "GET /robots.txt HTTP/1.1" 200 171 "-" "Mozilla/5.0 (compatible; Googlebot/2.1; +http://www.google.com/bot.html)"
66.249.70.174 - - [18/Aug/2026:20:14:41 -0400] "GET / HTTP/1.1" 200 20 "-" "Mozilla/5.0 (Linux; Android 6.0.1; Nexus 5X Build/MMB29P) AppleWebKit/537.36 (KHTML, like Gecko) Chrome/151.0.7922.137 Mobile Safari/537.36 (compatible; Googlebot/2.1; +http://www.google.com/bot.html)"
69.39.225.240 - - [18/Aug/2026:20:18:28 -0400] "POST /wp-cron.php?doing_wp_cron=1787098708.7893760204315185546875 HTTP/1.1" 200 20 "-" "WordPress/7.0.4; https://www.lewaf.com"
101.32.208.70 - - [18/Aug/2026:20:18:26 -0400] "GET / HTTP/1.1" 200 20 "-" "Mozilla/5.0 (iPhone; CPU iPhone OS 13_2_3 like Mac OS X) AppleWebKit/605.1.15 (KHTML, like Gecko) Version/13.0.3 Mobile/15E148 Safari/604.1"
69.39.225.240 - - [18/Aug/2026:20:37:34 -0400] "POST /wp-cron.php?doing_wp_cron=1787099854.8324069976806640625000 HTTP/1.1" 200 20 "-" "WordPress/7.0.4; https://www.lewaf.com"
40.88.21.235 - - [18/Aug/2026:20:37:32 -0400] "GET / HTTP/1.1" 200 20 "-" "DuckDuckBot/1.1; (+http://duckduckgo.com/duckduckbot.html)"
69.39.225.240 - - [18/Aug/2026:21:26:47 -0400] "POST /wp-cron.php?doing_wp_cron=1787102807.6052350997924804687500 HTTP/1.1" 200 20 "-" "WordPress/7.0.4; https://www.lewaf.com"
52.24.1.114 - - [18/Aug/2026:21:26:44 -0400] "GET / HTTP/1.1" 200 20 "-" "Mozilla/5.0 (Windows NT 10.0; Win64; x64) AppleWebKit/537.36 (KHTML, like Gecko) Chrome/113.0.0.0 Safari/537.36"
69.39.225.240 - - [18/Aug/2026:21:42:44 -0400] "POST /wp-cron.php?doing_wp_cron=1787103764.5017480850219726562500 HTTP/1.1" 200 20 "-" "WordPress/7.0.4; https://www.lewaf.com"
35.205.123.189 - - [18/Aug/2026:21:42:42 -0400] "GET / HTTP/1.1" 200 20 "-" "Mozilla/5.0 (Windows NT 10.0; Win64; x64) AppleWebKit/537.36 (KHTML, like Gecko) Chrome/84.0.4147.105 Safari/537.36"
69.39.225.240 - - [18/Aug/2026:22:42:28 -0400] "POST /wp-cron.php?doing_wp_cron=1787107348.7464900016784667968750 HTTP/1.1" 200 20 "-" "WordPress/7.0.4; https://www.lewaf.com"
34.74.242.206 - - [18/Aug/2026:22:42:24 -0400] "GET /robots.txt HTTP/1.0" 200 20 "-" "ZoominfoBot (zoominfobot at zoominfo dot com)"
34.74.242.206 - - [18/Aug/2026:22:42:29 -0400] "GET /robots.txt HTTP/1.1" 200 171 "-" "ZoominfoBot (zoominfobot at zoominfo dot com)"
34.74.242.206 - - [18/Aug/2026:22:42:31 -0400] "GET / HTTP/1.0" 200 20 "-" "ZoominfoBot (zoominfobot at zoominfo dot com)"
69.39.225.240 - - [18/Aug/2026:22:58:22 -0400] "POST /wp-cron.php?doing_wp_cron=1787108302.2365200519561767578125 HTTP/1.1" 200 20 "-" "WordPress/7.0.4; https://www.lewaf.com"
34.74.242.206 - - [18/Aug/2026:22:58:20 -0400] "GET /robots.txt HTTP/1.0" 200 171 "-" "ZoominfoBot (zoominfobot at zoominfo dot com)"
34.74.242.206 - - [18/Aug/2026:22:58:22 -0400] "GET / HTTP/1.0" 200 20 "-" "ZoominfoBot (zoominfobot at zoominfo dot com)"
69.39.225.240 - - [18/Aug/2026:23:16:40 -0400] "POST /wp-cron.php?doing_wp_cron=1787109400.2556059360504150390625 HTTP/1.1" 200 20 "-" "WordPress/7.0.4; https://www.lewaf.com"
168.107.94.195 - - [18/Aug/2026:23:16:38 -0400] "GET / HTTP/1.1" 200 20 "-" "Mozilla/5.0 (X11; Linux x86_64) Gecko/20100101 Firefox/120.0.1"
185.223.152.216 - - [18/Aug/2026:23:26:24 -0400] "GET /favicon.ico HTTP/1.1" 200 20 "-" "NetworkingExtension/8624.4.5.10.5 Network/5812.160.9 iOS/26.6"
