185.223.152.204 - - [18/Aug/2026:23:26:24 -0400] "GET / HTTP/1.1" 200 20 "-" "Mozilla/5.0 (Macintosh; Intel Mac OS X 10_11_1) AppleWebKit/601.2.4 (KHTML, like Gecko) Version/9.0.1 Safari/601.2.4 facebookexternalhit/1.1 Facebot Twitterbot/1.0"
69.39.225.240 - - [18/Aug/2026:23:26:26 -0400] "POST /wp-cron.php?doing_wp_cron=1787109986.1129510402679443359375 HTTP/1.1" 200 20 "-" "WordPress/7.0.4; https://www.lewaf.com"
185.223.152.7 - - [18/Aug/2026:23:26:24 -0400] "GET /apple-touch-icon-precomposed.png HTTP/1.1" 200 28184 "-" "NetworkingExtension/8624.4.5.10.5 Network/5812.160.9 iOS/26.6"
185.223.152.227 - - [18/Aug/2026:23:26:24 -0400] "GET /apple-touch-icon.png HTTP/1.1" 200 28177 "-" "NetworkingExtension/8624.4.5.10.5 Network/5812.160.9 iOS/26.6"
69.39.225.240 - - [19/Aug/2026:00:13:14 -0400] "POST /wp-cron.php?doing_wp_cron=1787112794.2703719139099121093750 HTTP/1.1" 200 20 "-" "WordPress/7.0.4; https://www.lewaf.com"
114.119.140.250 - - [19/Aug/2026:00:13:12 -0400] "GET /robots.txt HTTP/1.1" 200 20 "http://lewaf.com/robots.txt" "Mozilla/5.0 (compatible;PetalBot;+https://webmaster.petalsearch.com/site/petalbot)"
114.119.140.250 - - [19/Aug/2026:00:13:15 -0400] "GET /robots.txt HTTP/1.1" 200 171 "http://lewaf.com/robots.txt" "Mozilla/5.0 (compatible;PetalBot;+https://webmaster.petalsearch.com/site/petalbot)"
69.39.225.240 - - [19/Aug/2026:00:17:46 -0400] "POST /wp-cron.php?doing_wp_cron=1787113066.3359858989715576171875 HTTP/1.1" 200 20 "-" "WordPress/7.0.4; https://www.lewaf.com"
192.178.4.100 - - [19/Aug/2026:00:17:43 -0400] "GET /robots.txt HTTP/1.1" 200 20 "-" "Mozilla/5.0 (compatible; Googlebot/2.1; +http://www.google.com/bot.html)"
66.249.70.174 - - [19/Aug/2026:00:17:46 -0400] "GET /robots.txt HTTP/1.1" 200 171 "-" "Mozilla/5.0 (compatible; Googlebot/2.1; +http://www.google.com/bot.html)"
69.39.225.240 - - [19/Aug/2026:00:17:52 -0400] "POST /wp-cron.php?doing_wp_cron=1787113072.2964780330657958984375 HTTP/1.1" 200 20 "-" "WordPress/7.0.4; https://www.lewaf.com"
192.178.4.99 - - [19/Aug/2026:00:17:50 -0400] "GET /ads.txt HTTP/1.1" 200 20 "-" "Mozilla/5.0 (compatible; Googlebot/2.1; +http://www.google.com/bot.html)"
66.249.70.173 - - [19/Aug/2026:00:17:54 -0400] "GET /ads.txt HTTP/1.1" 200 28169 "-" "Mozilla/5.0 (compatible; Googlebot/2.1; +http://www.google.com/bot.html)"
69.39.225.240 - - [19/Aug/2026:00:23:30 -0400] "POST /wp-cron.php?doing_wp_cron=1787113410.0109019279479980468750 HTTP/1.1" 200 20 "-" "WordPress/7.0.4; https://www.lewaf.com"
103.131.71.20 - - [19/Aug/2026:00:23:28 -0400] "GET /robots.txt HTTP/1.1" 200 171 "-" "Mozilla/5.0 (compatible; coccocbot-image/1.0; +http://help.coccoc.com/searchengine)"
69.39.225.240 - - [19/Aug/2026:00:37:18 -0400] "POST /wp-cron.php?doing_wp_cron=1787114238.1450569629669189453125 HTTP/1.1" 200 20 "-" "WordPress/7.0.4; https://www.lewaf.com"
43.153.119.119 - - [19/Aug/2026:00:37:16 -0400] "GET / HTTP/1.1" 200 20 "-" "Mozilla/5.0 (iPhone; CPU iPhone OS 13_2_3 like Mac OS X) AppleWebKit/605.1.15 (KHTML, like Gecko) Version/13.0.3 Mobile/15E148 Safari/604.1"
69.39.225.240 - - [19/Aug/2026:01:07:07 -0400] "POST /wp-cron.php?doing_wp_cron=1787116027.7698910236358642578125 HTTP/1.1" 200 20 "-" "WordPress/7.0.4; https://www.lewaf.com"
114.119.137.180 - - [19/Aug/2026:01:07:05 -0400] "GET / HTTP/1.1" 200 20 "http://www.lewaf.com/" "Mozilla/5.0 (Linux; Android 7.0;) AppleWebKit/537.36 (HTML, like Gecko) Mobile Safari/537.36 (compatible; PetalBot;+https://webmaster.petalsearch.com/site/petalbot)"
69.39.225.240 - - [19/Aug/2026:01:12:16 -0400] "POST /wp-cron.php?doing_wp_cron=1787116336.8858909606933593750000 HTTP/1.1" 200 20 "-" "WordPress/7.0.4; https://www.lewaf.com"
51.68.236.72 - - [19/Aug/2026:01:12:13 -0400] "GET /robots.txt HTTP/1.1" 200 20 "-" "Mozilla/5.0 (compatible; MJ12bot/v2.0.5; http://mj12bot.com/)"
51.68.236.72 - - [19/Aug/2026:01:12:17 -0400] "GET /robots.txt HTTP/1.1" 200 171 "-" "Mozilla/5.0 (compatible; MJ12bot/v2.0.5; http://mj12bot.com/)"
51.68.236.72 - - [19/Aug/2026:01:12:20 -0400] "GET / HTTP/1.1" 200 20 "-" "Mozilla/5.0 (compatible; MJ12bot/v2.0.5; http://mj12bot.com/)"
51.68.236.72 - - [19/Aug/2026:01:12:31 -0400] "GET / HTTP/1.1" 200 20 "-" "Mozilla/5.0 (compatible; MJ12bot/v2.0.5; http://mj12bot.com/)"
69.39.225.240 - - [19/Aug/2026:01:17:45 -0400] "POST /wp-cron.php?doing_wp_cron=1787116665.6835579872131347656250 HTTP/1.1" 200 20 "-" "WordPress/7.0.4; https://www.lewaf.com"
103.204.209.169 - - [19/Aug/2026:01:17:43 -0400] "GET / HTTP/1.1" 200 20 "-" "Mozilla/5.0 (Windows NT 10.0; Win64; x64) AppleWebKit/537.36 (KHTML, like Gecko) Chrome/111.0.0.0 Safari/537.36"
69.39.225.240 - - [19/Aug/2026:01:22:36 -0400] "POST /wp-cron.php?doing_wp_cron=1787116956.7621939182281494140625 HTTP/1.1" 200 20 "-" "WordPress/7.0.4; https://www.lewaf.com"
50.18.8.240 - - [19/Aug/2026:01:22:34 -0400] "GET /robots.txt HTTP/1.1" 200 171 "-" "TerraCotta 0.2 https://www.github.com/ceramicTeam/CeramicTerracotta"
69.39.225.240 - - [19/Aug/2026:01:41:03 -0400] "POST /wp-cron.php?doing_wp_cron=1787118063.3758020401000976562500 HTTP/1.1" 200 20 "-" "WordPress/7.0.4; https://www.lewaf.com"
82.108.212.9 - - [19/Aug/2026:01:41:01 -0400] "GET / HTTP/1.1" 200 20 "-" "Mozilla/5.0 (X11; Linux x86_64) AppleWebKit/537.36 (KHTML, like Gecko) Chrome/120.0.0.0 Safari/537.36"
69.39.225.240 - - [19/Aug/2026:03:21:51 -0400] "POST /wp-cron.php?doing_wp_cron=1787124111.3439679145812988281250 HTTP/1.1" 200 20 "-" "WordPress/7.0.4; https://www.lewaf.com"
34.195.16.23 - - [19/Aug/2026:03:21:47 -0400] "GET /robots.txt HTTP/1.1" 200 20 "-" "Mozilla/5.0 (Macintosh; Intel Mac OS X 10_10_1) AppleWebKit/600.2.5 (KHTML, like Gecko) Version/8.0.2 Safari/600.2.5 (Gort)"
34.195.16.23 - - [19/Aug/2026:03:21:51 -0400] "GET /robots.txt HTTP/1.1" 200 171 "-" "Mozilla/5.0 (Macintosh; Intel Mac OS X 10_10_1) AppleWebKit/600.2.5 (KHTML, like Gecko) Version/8.0.2 Safari/600.2.5 (Gort)"
146.70.165.106 - - [19/Aug/2026:03:48:12 -0400] "GET /wp-content/plugins/wpmudev-updates/changelog.txt HTTP/1.1" 200 - "-" "Mozilla/5.0 (Windows NT 10.0; Win64; x64) AppleWebKit/537.36 Chrome/126 Safari/537.36"
69.39.225.240 - - [19/Aug/2026:03:55:52 -0400] "POST /wp-cron.php?doing_wp_cron=1787126152.2622289657592773437500 HTTP/1.1" 200 20 "-" "WordPress/7.0.4; https://www.lewaf.com"
198.235.24.178 - - [19/Aug/2026:03:55:49 -0400] "GET / HTTP/1.1" 200 - "-" "Hello from Palo Alto Networks, find out more about our scans in https://docs-cortex.paloaltonetworks.com/r/1/Cortex-Xpanse/Scanning-activity"
69.39.225.240 - - [19/Aug/2026:04:10:20 -0400] "POST /wp-cron.php?doing_wp_cron=1787127020.1887159347534179687500 HTTP/1.1" 200 20 "-" "WordPress/7.0.4; https://www.lewaf.com"
44.254.76.240 - - [19/Aug/2026:04:10:17 -0400] "GET / HTTP/1.1" 200 20 "-" "Mozilla/5.0 (Windows NT 10.0; Win64; x64) AppleWebKit/537.36 (KHTML, like Gecko) Chrome/113.0.0.0 Safari/537.36"
69.39.225.240 - - [19/Aug/2026:04:52:25 -0400] "POST /wp-cron.php?doing_wp_cron=1787129545.8478729724884033203125 HTTP/1.1" 200 20 "-" "WordPress/7.0.4; https://www.lewaf.com"
35.245.99.155 - - [19/Aug/2026:04:52:23 -0400] "GET / HTTP/1.1" 200 20 "-" "Mozilla/5.0 (Macintosh; Intel Mac OS X 10_15_7) AppleWebKit/605.1.15 (KHTML, like Gecko) Version/15.0 Safari/605.1.15"
69.39.225.240 - - [19/Aug/2026:05:10:42 -0400] "POST /wp-cron.php?doing_wp_cron=1787130642.4682109355926513671875 HTTP/1.1" 200 20 "-" "WordPress/7.0.4; https://www.lewaf.com"
20.191.45.212 - - [19/Aug/2026:05:10:24 -0400] "GET / HTTP/1.1" 200 20 "-" "DuckDuckBot/1.1; (+http://duckduckgo.com/duckduckbot.html)"
20.191.45.212 - - [19/Aug/2026:05:10:30 -0400] "GET /favicon.ico HTTP/1.1" 200 20 "-" "DuckDuckBot/1.1; (+http://duckduckgo.com/duckduckbot.html)"
65.21.32.180 - - [19/Aug/2026:05:21:49 -0400] "GET / HTTP/1.1" 200 20 "-" "Mozilla/5.0 (compatible; AffsignalCrawler/1.0; +https://affsignal.com/bot)"
69.39.225.240 - - [19/Aug/2026:05:36:16 -0400] "POST /wp-cron.php?doing_wp_cron=1787132176.4900660514831542968750 HTTP/1.1" 200 20 "-" "WordPress/7.0.4; https://www.lewaf.com"
91.92.47.210 - - [19/Aug/2026:05:36:10 -0400] "HEAD / HTTP/1.1" 200 - "-" "Mozilla/5.0"
69.39.225.240 - - [19/Aug/2026:05:41:08 -0400] "POST /wp-cron.php?doing_wp_cron=1787132468.8067519664764404296875 HTTP/1.1" 200 20 "-" "WordPress/7.0.4; https://www.lewaf.com"
103.131.71.59 - - [19/Aug/2026:05:41:06 -0400] "GET /robots.txt HTTP/1.1" 200 20 "-" "Mozilla/5.0 (compatible; coccocbot-web/1.0; +http://help.coccoc.com/searchengine)"
103.131.71.59 - - [19/Aug/2026:05:41:10 -0400] "GET /robots.txt HTTP/1.1" 200 171 "-" "Mozilla/5.0 (compatible; coccocbot-web/1.0; +http://help.coccoc.com/searchengine)"
69.39.225.240 - - [19/Aug/2026:05:42:33 -0400] "POST /wp-cron.php?doing_wp_cron=1787132553.5045740604400634765625 HTTP/1.1" 200 20 "-" "WordPress/7.0.4; https://www.lewaf.com"
43.157.158.178 - - [19/Aug/2026:05:42:31 -0400] "GET / HTTP/1.1" 200 20 "-" "Mozilla/5.0 (iPhone; CPU iPhone OS 13_2_3 like Mac OS X) AppleWebKit/605.1.15 (KHTML, like Gecko) Version/13.0.3 Mobile/15E148 Safari/604.1"
69.39.225.240 - - [19/Aug/2026:06:41:06 -0400] "POST /wp-cron.php?doing_wp_cron=1787136066.0057768821716308593750 HTTP/1.1" 200 20 "-" "WordPress/7.0.4; https://www.lewaf.com"
43.165.186.188 - - [19/Aug/2026:06:40:59 -0400] "GET / HTTP/1.1" 200 20 "-" "Mozilla/5.0 (iPhone; CPU iPhone OS 13_2_3 like Mac OS X) AppleWebKit/605.1.15 (KHTML, like Gecko) Version/13.0.3 Mobile/15E148 Safari/604.1"
34.148.153.217 - - [19/Aug/2026:07:54:28 -0400] "GET / HTTP/1.1" 200 20 "-" "Mozilla/5.0 (X11; Linux x86_64) AppleWebKit/537.36 (KHTML, like Gecko) Chrome/149.0.0.0 Safari/537.36"
69.39.225.240 - - [19/Aug/2026:08:01:41 -0400] "POST /wp-cron.php?doing_wp_cron=1787140901.9891190528869628906250 HTTP/1.1" 200 20 "-" "WordPress/7.0.4; https://www.lewaf.com"
50.3.222.159 - - [19/Aug/2026:08:01:38 -0400] "GET /wp-login.php HTTP/1.1" 200 20 "-" "Mozilla/5.0 (Windows NT 10.0; Win64; x64) AppleWebKit/537.36 (KHTML, like Gecko) Chrome/115.0.0.0 Safari/537.36 Edg/115.0.1901.203"
34.148.153.217 - - [19/Aug/2026:08:07:55 -0400] "GET / HTTP/1.1" 200 20 "-" "Mozilla/5.0 (X11; Linux x86_64) AppleWebKit/537.36 (KHTML, like Gecko) Chrome/149.0.0.0 Safari/537.36"
34.148.153.217 - - [19/Aug/2026:08:18:54 -0400] "GET / HTTP/1.1" 200 20 "-" "Mozilla/5.0 (X11; Linux x86_64) AppleWebKit/537.36 (KHTML, like Gecko) Chrome/149.0.0.0 Safari/537.36"
69.39.225.240 - - [19/Aug/2026:08:29:47 -0400] "POST /wp-cron.php?doing_wp_cron=1787142587.6813631057739257812500 HTTP/1.1" 200 20 "-" "WordPress/7.0.4; https://www.lewaf.com"
216.244.66.237 - - [19/Aug/2026:08:29:43 -0400] "GET /robots.txt HTTP/1.1" 200 316 "-" "Mozilla/5.0 (compatible; DotBot/1.2; +https://opensiteexplorer.org/dotbot; help@moz.com)"
34.148.153.217 - - [19/Aug/2026:08:30:09 -0400] "GET / HTTP/1.1" 200 20 "-" "Mozilla/5.0 (X11; Linux x86_64) AppleWebKit/537.36 (KHTML, like Gecko) Chrome/149.0.0.0 Safari/537.36"
34.148.153.217 - - [19/Aug/2026:08:30:19 -0400] "GET /z9x8c7v6b5-debug-trigger-lewaf.com HTTP/1.1" 200 20 "-" "Mozilla/5.0 AppleWebKit/537.36 (KHTML, like Gecko); compatible; Perplexity-User/1.0; +https://perplexity.ai/perplexity-user"
69.39.225.240 - - [19/Aug/2026:08:30:26 -0400] "POST /wp-cron.php?doing_wp_cron=1787142626.9631400108337402343750 HTTP/1.1" 200 20 "-" "WordPress/7.0.4; https://www.lewaf.com"
34.148.153.217 - - [19/Aug/2026:08:30:20 -0400] "GET /.env HTTP/1.1" 200 20 "-" "Mozilla/5.0 AppleWebKit/537.36 (KHTML, like Gecko); compatible; Perplexity-User/1.0; +https://perplexity.ai/perplexity-user"
34.148.153.217 - - [19/Aug/2026:08:30:20 -0400] "GET /.env.example HTTP/1.1" 200 20 "-" "Mozilla/5.0 AppleWebKit/537.36 (KHTML, like Gecko); compatible; Perplexity-User/1.0; +https://perplexity.ai/perplexity-user"
34.148.153.217 - - [19/Aug/2026:08:30:20 -0400] "GET /rclone.conf HTTP/1.1" 200 20 "-" "Mozilla/5.0 AppleWebKit/537.36 (KHTML, like Gecko); compatible; Perplexity-User/1.0; +https://perplexity.ai/perplexity-user"
34.148.153.217 - - [19/Aug/2026:08:30:20 -0400] "GET /dist/manifest.json HTTP/1.1" 200 20 "-" "Mozilla/5.0 (X11; Linux x86_64) AppleWebKit/537.36 (KHTML, like Gecko) Chrome/149.0.0.0 Safari/537.36"
34.148.153.217 - - [19/Aug/2026:08:30:20 -0400] "GET /.github/workflows/deploy.yml HTTP/1.1" 200 20 "-" "Mozilla/5.0 AppleWebKit/537.36 (KHTML, like Gecko); compatible; Perplexity-User/1.0; +https://perplexity.ai/perplexity-user"
34.148.153.217 - - [19/Aug/2026:08:30:20 -0400] "GET /dist/.vite/manifest.json HTTP/1.1" 200 20 "-" "Mozilla/5.0 (X11; Linux x86_64) AppleWebKit/537.36 (KHTML, like Gecko) Chrome/149.0.0.0 Safari/537.36"
34.148.153.217 - - [19/Aug/2026:08:30:20 -0400] "GET /.vite/manifest.json HTTP/1.1" 200 20 "-" "Mozilla/5.0 (X11; Linux x86_64) AppleWebKit/537.36 (KHTML, like Gecko) Chrome/149.0.0.0 Safari/537.36"
34.148.153.217 - - [19/Aug/2026:08:30:20 -0400] "GET /wp-json HTTP/1.1" 200 90112 "-" "Mozilla/5.0 AppleWebKit/537.36 (KHTML, like Gecko); compatible; Perplexity-User/1.0; +https://perplexity.ai/perplexity-user"
34.148.153.217 - - [19/Aug/2026:08:30:21 -0400] "GET /build/manifest.json HTTP/1.1" 200 20 "-" "Mozilla/5.0 (X11; Linux x86_64) AppleWebKit/537.36 (KHTML, like Gecko) Chrome/149.0.0.0 Safari/537.36"
34.148.153.217 - - [19/Aug/2026:08:30:28 -0400] "GET /z9x8c7v6b5-debug-trigger-lewaf.com HTTP/1.1" 200 28224 "http://lewaf.com/z9x8c7v6b5-debug-trigger-lewaf.com" "Mozilla/5.0 AppleWebKit/537.36 (KHTML, like Gecko); compatible; Perplexity-User/1.0; +https://perplexity.ai/perplexity-user"
34.148.153.217 - - [19/Aug/2026:08:30:30 -0400] "GET /.env HTTP/1.1" 200 28210 "http://lewaf.com/.env" "Mozilla/5.0 AppleWebKit/537.36 (KHTML, like Gecko); compatible; Perplexity-User/1.0; +https://perplexity.ai/perplexity-user"
34.148.153.217 - - [19/Aug/2026:08:30:30 -0400] "GET /.env.local HTTP/1.1" 200 20 "-" "Mozilla/5.0 AppleWebKit/537.36 (KHTML, like Gecko); compatible; Perplexity-User/1.0; +https://perplexity.ai/perplexity-user"
34.148.153.217 - - [19/Aug/2026:08:30:30 -0400] "GET /.env.production HTTP/1.1" 200 20 "-" "Mozilla/5.0 AppleWebKit/537.36 (KHTML, like Gecko); compatible; Perplexity-User/1.0; +https://perplexity.ai/perplexity-user"
34.148.153.217 - - [19/Aug/2026:08:30:30 -0400] "GET /.env.backup HTTP/1.1" 200 20 "-" "Mozilla/5.0 AppleWebKit/537.36 (KHTML, like Gecko); compatible; Perplexity-User/1.0; +https://perplexity.ai/perplexity-user"
34.148.153.217 - - [19/Aug/2026:08:30:31 -0400] "GET /.env.example HTTP/1.1" 200 28216 "http://lewaf.com/.env.example" "Mozilla/5.0 AppleWebKit/537.36 (KHTML, like Gecko); compatible; Perplexity-User/1.0; +https://perplexity.ai/perplexity-user"
34.148.153.217 - - [19/Aug/2026:08:30:31 -0400] "GET /dist/manifest.json HTTP/1.1" 200 28219 "http://lewaf.com/dist/manifest.json" "Mozilla/5.0 (X11; Linux x86_64) AppleWebKit/537.36 (KHTML, like Gecko) Chrome/149.0.0.0 Safari/537.36"
34.148.153.217 - - [19/Aug/2026:08:30:32 -0400] "POST /graphql HTTP/1.1" 200 28212 "http://lewaf.com" "Mozilla/5.0 (X11; Linux x86_64) AppleWebKit/537.36 (KHTML, like Gecko) Chrome/149.0.0.0 Safari/537.36"
34.148.153.217 - - [19/Aug/2026:08:30:38 -0400] "GET /?add-to-cart=6137 HTTP/1.1" 200 20 "-" "Mozilla/5.0 (X11; Linux x86_64) AppleWebKit/537.36 (KHTML, like Gecko) Chrome/149.0.0.0 Safari/537.36"
34.148.153.217 - - [19/Aug/2026:08:30:42 -0400] "POST /api/graphql HTTP/1.1" 200 28218 "http://lewaf.com" "Mozilla/5.0 (X11; Linux x86_64) AppleWebKit/537.36 (KHTML, like Gecko) Chrome/149.0.0.0 Safari/537.36"
34.148.153.217 - - [19/Aug/2026:08:30:48 -0400] "GET /?add-to-cart=6142 HTTP/1.1" 200 20 "-" "Mozilla/5.0 (X11; Linux x86_64) AppleWebKit/537.36 (KHTML, like Gecko) Chrome/149.0.0.0 Safari/537.36"
34.148.153.217 - - [19/Aug/2026:08:30:53 -0400] "POST /v1/graphql HTTP/1.1" 200 28214 "http://lewaf.com" "Mozilla/5.0 (X11; Linux x86_64) AppleWebKit/537.36 (KHTML, like Gecko) Chrome/149.0.0.0 Safari/537.36"
69.39.225.240 - - [19/Aug/2026:08:45:32 -0400] "POST /wp-cron.php?doing_wp_cron=1787143531.9680540561676025390625 HTTP/1.1" 200 20 "-" "WordPress/7.0.4; https://www.lewaf.com"
216.244.66.237 - - [19/Aug/2026:08:45:25 -0400] "GET /cart/?remove_item=64b6b3b6340ffb40931058f9d484356c&_wpnonce=48ea6fe798 HTTP/1.1" 200 212334 "-" "Mozilla/5.0 (compatible; DotBot/1.2; +https://opensiteexplorer.org/dotbot; help@moz.com)"
216.244.66.237 - - [19/Aug/2026:08:46:02 -0400] "GET /cart/?remove_item=7ef655920211ac9502bf69d5a65bb941&_wpnonce=92f7a8b363 HTTP/1.1" 200 212334 "-" "Mozilla/5.0 (compatible; DotBot/1.2; +https://opensiteexplorer.org/dotbot; help@moz.com)"
34.148.153.217 - - [19/Aug/2026:08:52:23 -0400] "GET / HTTP/1.1" 200 20 "-" "Mozilla/5.0 (X11; Linux x86_64) AppleWebKit/537.36 (KHTML, like Gecko) Chrome/149.0.0.0 Safari/537.36"
34.139.206.249 - - [19/Aug/2026:09:00:20 -0400] "GET / HTTP/1.1" 200 20 "-" "Mozilla/5.0 (X11; Linux x86_64) AppleWebKit/537.36 (KHTML, like Gecko) Chrome/149.0.0.0 Safari/537.36"
69.39.225.240 - - [19/Aug/2026:09:03:43 -0400] "POST /wp-cron.php?doing_wp_cron=1787144623.2141339778900146484375 HTTP/1.1" 200 20 "-" "WordPress/7.0.4; https://www.lewaf.com"
34.148.153.217 - - [19/Aug/2026:09:03:31 -0400] "GET / HTTP/1.1" 200 20 "-" "Mozilla/5.0 (X11; Linux x86_64) AppleWebKit/537.36 (KHTML, like Gecko) Chrome/149.0.0.0 Safari/537.36"
69.39.225.240 - - [19/Aug/2026:09:06:20 -0400] "POST /wp-cron.php?doing_wp_cron=1787144780.7424490451812744140625 HTTP/1.1" 200 20 "-" "WordPress/7.0.4; https://www.lewaf.com"
84.239.42.49 - - [19/Aug/2026:09:05:59 -0400] "GET /.git/config HTTP/1.1" 200 28134 "-" "Go-http-client/1.1"
50.18.8.240 - - [19/Aug/2026:09:20:17 -0400] "GET /robots.txt HTTP/1.1" 200 171 "-" "TerraCotta 0.2 https://www.github.com/ceramicTeam/CeramicTerracotta"
34.148.153.217 - - [19/Aug/2026:09:36:46 -0400] "GET / HTTP/1.1" 200 20 "-" "Mozilla/5.0 (X11; Linux x86_64) AppleWebKit/537.36 (KHTML, like Gecko) Chrome/149.0.0.0 Safari/537.36"
69.39.225.240 - - [19/Aug/2026:10:04:44 -0400] "POST /wp-cron.php?doing_wp_cron=1787148284.4234809875488281250000 HTTP/1.1" 200 20 "-" "WordPress/7.0.4; https://www.lewaf.com"
216.244.66.237 - - [19/Aug/2026:10:04:42 -0400] "GET /cart/?remove_item=e1fe2d2278bd2e2e81fbc42380546640&_wpnonce=1212968fc0 HTTP/1.1" 200 212334 "-" "Mozilla/5.0 (compatible; DotBot/1.2; +https://opensiteexplorer.org/dotbot; help@moz.com)"
69.39.225.240 - - [19/Aug/2026:10:26:38 -0400] "POST /wp-cron.php?doing_wp_cron=1787149598.6627049446105957031250 HTTP/1.1" 200 20 "-" "WordPress/7.0.4; https://www.lewaf.com"
198.235.24.152 - - [19/Aug/2026:10:26:37 -0400] "GET / HTTP/1.1" 200 - "-" "Hello from Palo Alto Networks, find out more about our scans in https://docs-cortex.paloaltonetworks.com/r/1/Cortex-Xpanse/Scanning-activity"
69.39.225.240 - - [19/Aug/2026:10:31:10 -0400] "POST /wp-cron.php?doing_wp_cron=1787149870.8667058944702148437500 HTTP/1.1" 200 20 "-" "WordPress/7.0.4; https://www.lewaf.com"
196.119.163.183 - - [19/Aug/2026:10:31:09 -0400] "GET /.env HTTP/1.1" 200 20 "-" "Mozilla/5.0 (Macintosh; Intel Mac OS X 10.15; rv:77.0) Gecko/20100101 Firefox/77.0"
196.119.163.183 - - [19/Aug/2026:10:31:11 -0400] "GET /.env HTTP/1.1" 200 28184 "-" "Mozilla/5.0 (Macintosh; Intel Mac OS X 10.15; rv:77.0) Gecko/20100101 Firefox/77.0"
69.39.225.240 - - [19/Aug/2026:10:40:36 -0400] "POST /wp-cron.php?doing_wp_cron=1787150436.0797441005706787109375 HTTP/1.1" 200 20 "-" "WordPress/7.0.4; https://www.lewaf.com"
103.131.71.40 - - [19/Aug/2026:10:40:34 -0400] "GET /robots.txt HTTP/1.1" 200 20 "-" "Mozilla/5.0 (compatible; coccocbot-image/1.0; +http://help.coccoc.com/searchengine)"
103.131.71.40 - - [19/Aug/2026:10:40:37 -0400] "GET /robots.txt HTTP/1.1" 200 171 "-" "Mozilla/5.0 (compatible; coccocbot-image/1.0; +http://help.coccoc.com/searchengine)"
216.244.66.237 - - [19/Aug/2026:11:25:30 -0400] "GET /cart/?remove_item=e1fe2d2278bd2e2e81fbc42380546640&_wpnonce=79b767e04b HTTP/1.1" 200 212334 "-" "Mozilla/5.0 (compatible; DotBot/1.2; +https://opensiteexplorer.org/dotbot; help@moz.com)"
192.178.4.101 - - [19/Aug/2026:11:35:56 -0400] "GET / HTTP/1.1" 200 20 "-" "Mozilla/5.0 (Linux; Android 6.0.1; Nexus 5X Build/MMB29P) AppleWebKit/537.36 (KHTML, like Gecko) Chrome/151.0.7922.137 Mobile Safari/537.36 (compatible; Googlebot/2.1; +http://www.google.com/bot.html)"
103.131.71.69 - - [19/Aug/2026:12:14:31 -0400] "GET /robots.txt HTTP/1.1" 200 20 "-" "Mozilla/5.0 (compatible; coccocbot-web/1.0; +http://help.coccoc.com/searchengine)"
103.131.71.69 - - [19/Aug/2026:12:14:34 -0400] "GET /robots.txt HTTP/1.1" 200 171 "-" "Mozilla/5.0 (compatible; coccocbot-web/1.0; +http://help.coccoc.com/searchengine)"
69.39.225.240 - - [19/Aug/2026:12:16:52 -0400] "POST /wp-cron.php?doing_wp_cron=1787156212.1179389953613281250000 HTTP/1.1" 200 20 "-" "WordPress/7.0.4; https://www.lewaf.com"
43.167.204.181 - - [19/Aug/2026:12:16:50 -0400] "GET / HTTP/1.1" 200 20 "-" "Mozilla/5.0 (Windows NT 10.0; Win64; x64) AppleWebKit/537.36 (KHTML, like Gecko) Chrome/103.0.0.0 Safari/537.36"
69.39.225.240 - - [19/Aug/2026:12:23:57 -0400] "POST /wp-cron.php?doing_wp_cron=1787156637.5588390827178955078125 HTTP/1.1" 200 20 "-" "WordPress/7.0.4; https://www.lewaf.com"
20.191.45.212 - - [19/Aug/2026:12:23:56 -0400] "GET / HTTP/1.1" 200 20 "-" "DuckDuckBot/1.1; (+http://duckduckgo.com/duckduckbot.html)"
130.131.228.125 - - [19/Aug/2026:13:26:18 -0400] "POST /wp-json/batch/v1 HTTP/1.1" 403 199 "-" "Mozilla/5.0"
130.131.228.125 - - [19/Aug/2026:13:26:29 -0400] "POST /?rest_route=/batch/v1 HTTP/1.1" 403 199 "-" "Mozilla/5.0"
130.131.228.125 - - [19/Aug/2026:13:27:10 -0400] "POST / HTTP/1.1" 200 17008 "-" "Mozilla/5.0"
130.131.228.125 - - [19/Aug/2026:13:28:39 -0400] "POST /wp-json/batch/v1 HTTP/1.1" 403 199 "-" "Mozilla/5.0"
130.131.228.125 - - [19/Aug/2026:13:28:46 -0400] "POST /wp-json/batch/v1 HTTP/1.1" 403 199 "-" "Mozilla/5.0"
130.131.228.125 - - [19/Aug/2026:13:29:05 -0400] "POST /?rest_route=/batch/v1 HTTP/1.1" 403 199 "-" "Mozilla/5.0"
130.131.228.125 - - [19/Aug/2026:13:29:23 -0400] "POST /?rest_route=/batch/v1 HTTP/1.1" 403 199 "-" "Mozilla/5.0"
130.131.228.125 - - [19/Aug/2026:13:29:36 -0400] "POST / HTTP/1.1" 200 17008 "-" "Mozilla/5.0"
130.131.228.125 - - [19/Aug/2026:13:30:56 -0400] "POST /wp-json/batch/v1 HTTP/1.1" 403 199 "-" "Mozilla/5.0"
130.131.228.125 - - [19/Aug/2026:13:31:18 -0400] "POST /wp-json/batch/v1 HTTP/1.1" 403 199 "-" "Mozilla/5.0"
130.131.228.125 - - [19/Aug/2026:13:31:35 -0400] "POST /?rest_route=/batch/v1 HTTP/1.1" 403 199 "-" "Mozilla/5.0"
130.131.228.125 - - [19/Aug/2026:13:31:51 -0400] "POST / HTTP/1.1" 200 17008 "-" "Mozilla/5.0"
100.26.66.245 - - [19/Aug/2026:13:32:41 -0400] "GET /robots.txt HTTP/1.1" 200 171 "-" "Mozilla/5.0 (Macintosh; Intel Mac OS X 10_10_1) AppleWebKit/600.2.5 (KHTML, like Gecko) Version/8.0.2 Safari/600.2.5 (Gort)"
69.39.225.240 - - [19/Aug/2026:14:01:02 -0400] "POST /wp-cron.php?doing_wp_cron=1787162462.3450438976287841796875 HTTP/1.1" 200 20 "-" "WordPress/7.0.4; https://www.lewaf.com"
103.131.71.23 - - [19/Aug/2026:14:01:00 -0400] "GET /robots.txt HTTP/1.1" 200 171 "-" "Mozilla/5.0 (compatible; coccocbot-image/1.0; +http://help.coccoc.com/searchengine)"
69.39.225.240 - - [19/Aug/2026:14:04:07 -0400] "POST /wp-cron.php?doing_wp_cron=1787162647.3805170059204101562500 HTTP/1.1" 200 20 "-" "WordPress/7.0.4; https://www.lewaf.com"
91.92.47.210 - - [19/Aug/2026:14:03:58 -0400] "HEAD / HTTP/1.1" 200 - "-" "Mozilla/5.0"
69.39.225.240 - - [19/Aug/2026:14:05:44 -0400] "POST /wp-cron.php?doing_wp_cron=1787162744.4803910255432128906250 HTTP/1.1" 200 20 "-" "WordPress/7.0.4; https://www.lewaf.com"
91.92.47.210 - - [19/Aug/2026:14:05:40 -0400] "HEAD / HTTP/1.1" 200 - "-" "Mozilla/5.0"
111.119.249.149 - - [19/Aug/2026:14:11:04 -0400] "GET /ip HTTP/1.1" 200 - "-" "Mozilla/5.0 (Macintosh; Intel Mac OS X 10_15_7) AppleWebKit/537.36 (KHTML, like Gecko) Chrome/114.0.0.0 Safari/537.36"
159.138.121.253 - - [19/Aug/2026:14:11:01 -0400] "GET /ip HTTP/1.1" 200 - "-" "Mozilla/5.0 (Macintosh; Intel Mac OS X 10_15_7) AppleWebKit/537.36 (KHTML, like Gecko) Chrome/114.0.0.0 Safari/537.36"
46.250.169.231 - - [19/Aug/2026:14:11:04 -0400] "GET /ip HTTP/1.1" 200 - "-" "Mozilla/5.0 (Macintosh; Intel Mac OS X 10_15_7) AppleWebKit/537.36 (KHTML, like Gecko) Chrome/114.0.0.0 Safari/537.36"
46.250.171.192 - - [19/Aug/2026:14:11:02 -0400] "GET /ip HTTP/1.1" 200 - "-" "Mozilla/5.0 (Macintosh; Intel Mac OS X 10_15_7) AppleWebKit/537.36 (KHTML, like Gecko) Chrome/114.0.0.0 Safari/537.36"
183.87.46.36 - - [19/Aug/2026:14:11:01 -0400] "GET /ip HTTP/1.1" 200 - "-" "Mozilla/5.0 (Macintosh; Intel Mac OS X 10_15_7) AppleWebKit/537.36 (KHTML, like Gecko) Chrome/114.0.0.0 Safari/537.36"
49.0.244.39 - - [19/Aug/2026:14:11:04 -0400] "GET /ip HTTP/1.1" 200 - "-" "Mozilla/5.0 (Macintosh; Intel Mac OS X 10_15_7) AppleWebKit/537.36 (KHTML, like Gecko) Chrome/114.0.0.0 Safari/537.36"
146.70.165.106 - - [19/Aug/2026:15:30:46 -0400] "GET /wp-content/plugins/wpmudev-updates/changelog.txt HTTP/1.1" 200 - "-" "Mozilla/5.0 (Windows NT 10.0; Win64; x64) AppleWebKit/537.36 Chrome/126 Safari/537.36"
146.70.165.106 - - [19/Aug/2026:15:30:46 -0400] "GET /wp-content/plugins/wpmudev-updates/changelog.txt HTTP/1.1" 200 122880 "-" "Mozilla/5.0 (Windows NT 10.0; Win64; x64) AppleWebKit/537.36 Chrome/126 Safari/537.36"
69.39.225.240 - - [19/Aug/2026:16:23:06 -0400] "POST /wp-cron.php?doing_wp_cron=1787170986.3189759254455566406250 HTTP/1.1" 200 20 "-" "WordPress/7.0.4; https://www.lewaf.com"
66.249.70.174 - - [19/Aug/2026:16:23:05 -0400] "GET /ads.txt HTTP/1.1" 200 28168 "-" "Mozilla/5.0 (compatible; Googlebot/2.1; +http://www.google.com/bot.html)"
45.11.172.15 - - [19/Aug/2026:16:27:14 -0400] "GET /.git/config HTTP/1.1" 200 28130 "-" "Go-http-client/1.1"
69.39.225.240 - - [19/Aug/2026:17:32:04 -0400] "POST /wp-cron.php?doing_wp_cron=1787175124.0873959064483642578125 HTTP/1.1" 200 20 "-" "WordPress/7.0.4; https://www.lewaf.com"
45.33.102.247 - - [19/Aug/2026:17:32:03 -0400] "HEAD /wp/ HTTP/1.1" 200 - "-" "Mozilla/5.0 (Windows NT 10.0; Win64; x64) AppleWebKit/537.36 (KHTML, like Gecko) Chrome/125.0.6422.112 Safari/537.36 Brave/1.63.120"
45.33.102.247 - - [19/Aug/2026:17:32:04 -0400] "HEAD /wp/ HTTP/1.1" 200 - "http://lewaf.com/wp/" "Mozilla/5.0 (Windows NT 10.0; Win64; x64) AppleWebKit/537.36 (KHTML, like Gecko) Chrome/125.0.6422.112 Safari/537.36 Brave/1.63.120"
45.33.102.247 - - [19/Aug/2026:17:32:04 -0400] "HEAD /new/ HTTP/1.1" 200 - "-" "Mozilla/5.0 (Macintosh; Intel Mac OS X 15_0) AppleWebKit/537.36 (KHTML, like Gecko) Chrome/125.0.6422.141 Safari/537.36"
45.33.102.247 - - [19/Aug/2026:17:32:05 -0400] "HEAD /new/ HTTP/1.1" 200 - "http://lewaf.com/new/" "Mozilla/5.0 (Macintosh; Intel Mac OS X 15_0) AppleWebKit/537.36 (KHTML, like Gecko) Chrome/125.0.6422.141 Safari/537.36"
45.33.102.247 - - [19/Aug/2026:17:32:05 -0400] "HEAD /old/ HTTP/1.1" 200 - "-" "Mozilla/5.0 (X11; Linux x86_64; rv:127.0) Gecko/20100101 Firefox/127.0"
45.33.102.247 - - [19/Aug/2026:17:32:05 -0400] "HEAD /old/ HTTP/1.1" 200 - "http://lewaf.com/old/" "Mozilla/5.0 (X11; Linux x86_64; rv:127.0) Gecko/20100101 Firefox/127.0"
45.33.102.247 - - [19/Aug/2026:17:32:06 -0400] "HEAD /blog/ HTTP/1.1" 200 - "-" "Mozilla/5.0 (Linux; Android 13; Pixel 7a) AppleWebKit/537.36 (KHTML, like Gecko) Chrome/124.0.6367.82 Mobile Safari/537.36"
45.33.102.247 - - [19/Aug/2026:17:32:06 -0400] "HEAD /blog/ HTTP/1.1" 200 - "http://lewaf.com/blog/" "Mozilla/5.0 (Linux; Android 13; Pixel 7a) AppleWebKit/537.36 (KHTML, like Gecko) Chrome/124.0.6367.82 Mobile Safari/537.36"
45.33.102.247 - - [19/Aug/2026:17:32:06 -0400] "HEAD / HTTP/1.1" 200 - "-" "Mozilla/5.0 (X11; Linux x86_64) AppleWebKit/537.36 (KHTML, like Gecko) Chrome/125.0.6422.76 Safari/537.36"
45.33.102.247 - - [19/Aug/2026:17:32:07 -0400] "HEAD /backup/ HTTP/1.1" 200 - "-" "Mozilla/5.0 (Windows NT 11.0; Win64; x64) AppleWebKit/537.36 (KHTML, like Gecko) Edg/128.0.2790.25 Chrome/128.0.6540.22 Safari/537.36"
45.33.102.247 - - [19/Aug/2026:17:32:08 -0400] "HEAD /backup/ HTTP/1.1" 200 - "http://lewaf.com/backup/" "Mozilla/5.0 (Windows NT 11.0; Win64; x64) AppleWebKit/537.36 (KHTML, like Gecko) Edg/128.0.2790.25 Chrome/128.0.6540.22 Safari/537.36"
45.33.102.247 - - [19/Aug/2026:17:32:08 -0400] "HEAD /wordpress/ HTTP/1.1" 200 - "-" "Mozilla/5.0 (X11; Fedora; Linux x86_64; rv:125.0) Gecko/20100101 Firefox/125.0"
45.33.102.247 - - [19/Aug/2026:17:32:09 -0400] "HEAD /wordpress/ HTTP/1.1" 200 - "http://lewaf.com/wordpress/" "Mozilla/5.0 (X11; Fedora; Linux x86_64; rv:125.0) Gecko/20100101 Firefox/125.0"
69.39.225.240 - - [19/Aug/2026:17:59:54 -0400] "POST /wp-cron.php?doing_wp_cron=1787176794.4278390407562255859375 HTTP/1.1" 200 20 "-" "WordPress/7.0.4; https://www.lewaf.com"
216.244.66.237 - - [19/Aug/2026:17:59:53 -0400] "GET /cart/?remove_item=6d29ccfababa3f755ab0ef13ec653fdf&_wpnonce=f0da081f29 HTTP/1.1" 200 212334 "-" "Mozilla/5.0 (compatible; DotBot/1.2; +https://opensiteexplorer.org/dotbot; help@moz.com)"
69.39.225.240 - - [19/Aug/2026:18:03:39 -0400] "POST /wp-cron.php?doing_wp_cron=1787177018.9779520034790039062500 HTTP/1.1" 200 20 "-" "WordPress/7.0.4; https://www.lewaf.com"
43.161.217.205 - - [19/Aug/2026:18:03:38 -0400] "GET / HTTP/1.1" 200 20 "-" "Mozilla/5.0 (iPhone; CPU iPhone OS 13_2_3 like Mac OS X) AppleWebKit/605.1.15 (KHTML, like Gecko) Version/13.0.3 Mobile/15E148 Safari/604.1"
69.39.225.240 - - [19/Aug/2026:19:14:36 -0400] "POST /wp-cron.php?doing_wp_cron=1787181276.3856959342956542968750 HTTP/1.1" 200 20 "-" "WordPress/7.0.4; https://www.lewaf.com"
43.135.145.77 - - [19/Aug/2026:19:14:35 -0400] "GET / HTTP/1.1" 200 20 "-" "Mozilla/5.0 (iPhone; CPU iPhone OS 13_2_3 like Mac OS X) AppleWebKit/605.1.15 (KHTML, like Gecko) Version/13.0.3 Mobile/15E148 Safari/604.1"
69.39.225.240 - - [19/Aug/2026:19:42:40 -0400] "POST /wp-cron.php?doing_wp_cron=1787182960.4309420585632324218750 HTTP/1.1" 200 20 "-" "WordPress/7.0.4; https://www.lewaf.com"
103.131.71.88 - - [19/Aug/2026:19:42:38 -0400] "GET /robots.txt HTTP/1.1" 200 20 "-" "Mozilla/5.0 (compatible; coccocbot-web/1.0; +http://help.coccoc.com/searchengine)"
103.131.71.88 - - [19/Aug/2026:19:42:41 -0400] "GET /robots.txt HTTP/1.1" 200 171 "-" "Mozilla/5.0 (compatible; coccocbot-web/1.0; +http://help.coccoc.com/searchengine)"
72.11.155.223 - - [19/Aug/2026:20:17:14 -0400] "GET / HTTP/1.1" 200 20 "-" "Mozilla/5.0 (CentOS; Linux i686) AppleWebKit/537.36 (KHTML, like Gecko) Chrome/125.0.0.0 Safari/537.36"
69.39.225.240 - - [19/Aug/2026:21:27:13 -0400] "POST /wp-cron.php?doing_wp_cron=1787189233.0444839000701904296875 HTTP/1.1" 200 20 "-" "WordPress/7.0.4; https://www.lewaf.com"
100.50.179.0 - - [19/Aug/2026:21:27:11 -0400] "GET /robots.txt HTTP/1.1" 200 20 "-" "Mozilla/5.0 (Macintosh; Intel Mac OS X 10_10_1) AppleWebKit/600.2.5 (KHTML, like Gecko) Version/8.0.2 Safari/600.2.5 (Gort)"
100.49.88.137 - - [19/Aug/2026:21:27:13 -0400] "GET /robots.txt HTTP/1.1" 200 171 "-" "Mozilla/5.0 (Macintosh; Intel Mac OS X 10_10_1) AppleWebKit/600.2.5 (KHTML, like Gecko) Version/8.0.2 Safari/600.2.5 (Gort)"
20.206.96.72 - - [19/Aug/2026:21:27:48 -0400] "GET /wp-content/themes/seotheme/db.php?u HTTP/1.1" 403 199 "www.google.com" "Mozlila/5.0 (Linux; Android 7.0; SM-G892A Bulid/NRD90M; wv) AppleWebKit/537.36 (KHTML, like Gecko) Version/4.0 Chrome/60.0.3112.107 Moblie Safari/537.36"
20.206.96.72 - - [19/Aug/2026:21:27:48 -0400] "GET / HTTP/1.1" 200 17006 "-" "Mozlila/5.0 (Linux; Android 7.0; SM-G892A Bulid/NRD90M; wv) AppleWebKit/537.36 (KHTML, like Gecko) Version/4.0 Chrome/60.0.3112.107 Moblie Safari/537.36"
20.206.96.72 - - [19/Aug/2026:21:27:48 -0400] "POST /ALFA_DATA/alfacgiapi/perl.alfa HTTP/1.1" 200 17006 "www.google.com" "Mozlila/5.0 (Linux; Android 7.0; SM-G892A Bulid/NRD90M; wv) AppleWebKit/537.36 (KHTML, like Gecko) Version/4.0 Chrome/60.0.3112.107 Moblie Safari/537.36"
20.206.96.72 - - [19/Aug/2026:21:27:49 -0400] "GET /wp-content/plugins/apikey/apikey.php?test=hello HTTP/1.1" 403 199 "-" "Mozlila/5.0 (Linux; Android 7.0; SM-G892A Bulid/NRD90M; wv) AppleWebKit/537.36 (KHTML, like Gecko) Version/4.0 Chrome/60.0.3112.107 Moblie Safari/537.36"
20.206.96.72 - - [19/Aug/2026:21:27:49 -0400] "POST /alfacgiapi/perl.alfa HTTP/1.1" 200 17006 "www.google.com" "Mozlila/5.0 (Linux; Android 7.0; SM-G892A Bulid/NRD90M; wv) AppleWebKit/537.36 (KHTML, like Gecko) Version/4.0 Chrome/60.0.3112.107 Moblie Safari/537.36"
20.206.96.72 - - [19/Aug/2026:21:27:49 -0400] "GET /plugins/content/apismtp/apismtp.php?test=hello HTTP/1.1" 200 17006 "-" "Mozlila/5.0 (Linux; Android 7.0; SM-G892A Bulid/NRD90M; wv) AppleWebKit/537.36 (KHTML, like Gecko) Version/4.0 Chrome/60.0.3112.107 Moblie Safari/537.36"
20.206.96.72 - - [19/Aug/2026:21:27:49 -0400] "GET /wp-content/plugins/apikey/apikey.php.suspected?test=hello HTTP/1.1" 200 17006 "-" "Mozlila/5.0 (Linux; Android 7.0; SM-G892A Bulid/NRD90M; wv) AppleWebKit/537.36 (KHTML, like Gecko) Version/4.0 Chrome/60.0.3112.107 Moblie Safari/537.36"
20.206.96.72 - - [19/Aug/2026:21:27:49 -0400] "GET /plugins/content/apismtp/apismtp.php.suspected?test=hello HTTP/1.1" 200 17006 "-" "Mozlila/5.0 (Linux; Android 7.0; SM-G892A Bulid/NRD90M; wv) AppleWebKit/537.36 (KHTML, like Gecko) Version/4.0 Chrome/60.0.3112.107 Moblie Safari/537.36"
69.39.225.240 - - [19/Aug/2026:21:27:52 -0400] "POST /wp-cron.php?doing_wp_cron=1787189272.5480821132659912109375 HTTP/1.1" 200 20 "-" "WordPress/7.0.4; https://www.lewaf.com"
20.206.96.72 - - [19/Aug/2026:21:27:48 -0400] "POST /wp-plain.php HTTP/1.1" 200 136665 "www.google.com" "Mozilla/5.0 (Linux; Android 7.0; SM-G892A Bulid/NRD90M; wv) AppleWebKit/537.36 (KHTML, like Gecko) Version/4.0 Chrome/60.0.3112.107 Moblie Safari/537.36"
20.206.96.72 - - [19/Aug/2026:21:27:53 -0400] "GET /zvofeldi.php?Fox=d3wL7 HTTP/1.1" 200 - "www.google.com" "Mozilla/5.0 (Linux; Android 7.0; SM-G892A Bulid/NRD90M; wv) AppleWebKit/537.36 (KHTML, like Gecko) Version/4.0 Chrome/60.0.3112.107 Moblie Safari/537.36"
20.206.96.72 - - [19/Aug/2026:21:27:58 -0400] "GET /zvofeldi.php?Fox=d3wL7 HTTP/1.1" 200 136638 "www.google.com" "Mozilla/5.0 (Linux; Android 7.0; SM-G892A Bulid/NRD90M; wv) AppleWebKit/537.36 (KHTML, like Gecko) Version/4.0 Chrome/60.0.3112.107 Moblie Safari/537.36"
69.39.225.240 - - [19/Aug/2026:23:13:54 -0400] "POST /wp-cron.php?doing_wp_cron=1787195634.5607709884643554687500 HTTP/1.1" 200 20 "-" "WordPress/7.1; https://www.lewaf.com"
45.230.44.165 - - [19/Aug/2026:23:13:52 -0400] "GET / HTTP/1.1" 200 - "-" "Mozilla/5.0 (Windows NT 10.0; Win64; x64) AppleWebKit/537.36 (KHTML, like Gecko) Chrome/144.0.0.0 Safari/537.36"
171.97.66.50 - - [19/Aug/2026:23:14:09 -0400] "GET / HTTP/1.1" 200 - "-" "Mozilla/5.0 (Windows NT 10.0; Win64; x64) AppleWebKit/537.36 (KHTML, like Gecko) Chrome/144.0.0.0 Safari/537.36"
69.39.225.240 - - [19/Aug/2026:23:25:24 -0400] "POST /wp-cron.php?doing_wp_cron=1787196324.5734291076660156250000 HTTP/1.1" 200 20 "-" "WordPress/7.1; https://www.lewaf.com"
216.244.66.237 - - [19/Aug/2026:23:25:21 -0400] "GET /cart/?remove_item=c767895746d4bab5ebc71d6072cd3c48&_wpnonce=ac5fea46f5 HTTP/1.1" 200 213838 "-" "Mozilla/5.0 (compatible; DotBot/1.2; +https://opensiteexplorer.org/dotbot; help@moz.com)"
145.239.10.137 - - [19/Aug/2026:23:32:00 -0400] "GET /wp-content/plugins/pwnd/403.php HTTP/1.1" 403 199 "http://lewaf.com/wp-content/plugins/pwnd/403.php" "Mozilla/5.0 (iPhone; CPU iPhone OS 17_5_1 like Mac OS X) AppleWebKit/605.1.15 (KHTML, like Gecko) Version/17.5 Mobile/15E148 Safari/604.1"
69.39.225.240 - - [19/Aug/2026:23:37:20 -0400] "POST /wp-cron.php?doing_wp_cron=1787197040.6533160209655761718750 HTTP/1.1" 200 20 "-" "WordPress/7.1; https://www.lewaf.com"
34.76.110.89 - - [19/Aug/2026:23:37:18 -0400] "GET / HTTP/1.1" 200 20 "-" "Mozilla/5.0 (Windows NT 10.0; Win64; x64) AppleWebKit/537.36 (KHTML, like Gecko) Chrome/84.0.4147.105 Safari/537.36"
69.39.225.240 - - [19/Aug/2026:23:43:50 -0400] "POST /wp-cron.php?doing_wp_cron=1787197430.1333940029144287109375 HTTP/1.1" 200 20 "-" "WordPress/7.1; https://www.lewaf.com"
43.160.219.138 - - [19/Aug/2026:23:43:48 -0400] "GET / HTTP/1.1" 200 20 "-" "Mozilla/5.0 (iPhone; CPU iPhone OS 13_2_3 like Mac OS X) AppleWebKit/605.1.15 (KHTML, like Gecko) Version/13.0.3 Mobile/15E148 Safari/604.1"
69.39.225.240 - - [19/Aug/2026:23:48:46 -0400] "POST /wp-cron.php?doing_wp_cron=1787197726.8847599029541015625000 HTTP/1.1" 200 20 "-" "WordPress/7.1; https://www.lewaf.com"
103.131.71.38 - - [19/Aug/2026:23:48:43 -0400] "GET /robots.txt HTTP/1.1" 200 20 "-" "Mozilla/5.0 (compatible; coccocbot-image/1.0; +http://help.coccoc.com/searchengine)"
103.131.71.38 - - [19/Aug/2026:23:49:00 -0400] "GET /robots.txt HTTP/1.1" 200 171 "-" "Mozilla/5.0 (compatible; coccocbot-image/1.0; +http://help.coccoc.com/searchengine)"
83.99.206.131 - - [20/Aug/2026:00:15:21 -0400] "GET / HTTP/1.1" 200 20 "-" "Mozilla/5.0 (X11; Linux x86_64) AppleWebKit/537.36 (KHTML, like Gecko; GeedoShopProductFinder) Chrome/142.0.0.0 Safari/537.36"
192.178.4.100 - - [20/Aug/2026:00:20:02 -0400] "GET /robots.txt HTTP/1.1" 200 20 "-" "Mozilla/5.0 (compatible; Googlebot/2.1; +http://www.google.com/bot.html)"
192.178.4.100 - - [20/Aug/2026:00:20:08 -0400] "GET /ads.txt HTTP/1.1" 200 20 "-" "Mozilla/5.0 (compatible; Googlebot/2.1; +http://www.google.com/bot.html)"
66.249.70.173 - - [20/Aug/2026:00:20:10 -0400] "GET /robots.txt HTTP/1.1" 200 171 "-" "Mozilla/5.0 (compatible; Googlebot/2.1; +http://www.google.com/bot.html)"
69.39.225.240 - - [20/Aug/2026:00:20:20 -0400] "POST /wp-cron.php?doing_wp_cron=1787199620.8802549839019775390625 HTTP/1.1" 200 20 "-" "WordPress/7.1; https://www.lewaf.com"
66.249.70.173 - - [20/Aug/2026:00:20:15 -0400] "GET /ads.txt HTTP/1.1" 200 28483 "-" "Mozilla/5.0 (compatible; Googlebot/2.1; +http://www.google.com/bot.html)"
43.134.163.229 - - [20/Aug/2026:00:36:27 -0400] "GET / HTTP/1.1" 200 20 "-" "Mozilla/5.0 (iPhone; CPU iPhone OS 13_2_3 like Mac OS X) AppleWebKit/605.1.15 (KHTML, like Gecko) Version/13.0.3 Mobile/15E148 Safari/604.1"
167.63.176.235 - - [20/Aug/2026:00:56:20 -0400] "GET / HTTP/1.1" 200 20 "-" "Mozilla/5.0 (Windows NT 10.0; Win64; x64) AppleWebKit/537.36 (KHTML, like Gecko) Chrome/108.0.0.0 Safari/537.36"
199.45.154.52 - - [20/Aug/2026:01:31:44 -0400] "GET / HTTP/1.1" 200 20 "-" "Mozilla/5.0 (compatible; CensysInspect/1.1; +https://about.censys.io/)"
145.239.10.137 - - [20/Aug/2026:01:48:24 -0400] "GET /wp-content/plugins/pwnd/mah.php?p= HTTP/1.1" 403 199 "http://lewaf.com/wp-content/plugins/pwnd/mah.php?p=" "Mozilla/5.0 (iPhone; CPU iPhone OS 17_5_1 like Mac OS X) AppleWebKit/605.1.15 (KHTML, like Gecko) Version/17.5 Mobile/15E148 Safari/604.1"
69.39.225.240 - - [20/Aug/2026:01:50:25 -0400] "POST /wp-cron.php?doing_wp_cron=1787205025.5714530944824218750000 HTTP/1.1" 200 20 "-" "WordPress/7.1; https://www.lewaf.com"
146.70.185.43 - - [20/Aug/2026:01:50:23 -0400] "GET /wp-content/plugins/wpmudev-updates/changelog.txt HTTP/1.1" 200 - "-" "Mozilla/5.0 (Windows NT 10.0; Win64; x64) AppleWebKit/537.36 Chrome/126 Safari/537.36"
146.70.185.43 - - [20/Aug/2026:01:50:26 -0400] "GET /wp-content/plugins/wpmudev-updates/changelog.txt HTTP/1.1" 200 114688 "-" "Mozilla/5.0 (Windows NT 10.0; Win64; x64) AppleWebKit/537.36 Chrome/126 Safari/537.36"
104.64.219.187 - - [20/Aug/2026:02:04:50 -0400] "POST /?rest_route=/batch/v1 HTTP/1.1" 403 199 "-" "Mozilla/5.0"
69.39.225.240 - - [20/Aug/2026:02:06:30 -0400] "POST /wp-cron.php?doing_wp_cron=1787205990.1018900871276855468750 HTTP/1.1" 200 20 "-" "WordPress/7.1; https://www.lewaf.com"
216.244.66.237 - - [20/Aug/2026:02:06:26 -0400] "GET /cart/?remove_item=6d29ccfababa3f755ab0ef13ec653fdf&_wpnonce=5408eb6796 HTTP/1.1" 200 213838 "-" "Mozilla/5.0 (compatible; DotBot/1.2; +https://opensiteexplorer.org/dotbot; help@moz.com)"
69.39.225.240 - - [20/Aug/2026:02:22:52 -0400] "POST /wp-cron.php?doing_wp_cron=1787206972.1735498905181884765625 HTTP/1.1" 200 20 "-" "WordPress/7.1; https://www.lewaf.com"
98.84.200.43 - - [20/Aug/2026:02:22:49 -0400] "GET / HTTP/1.1" 200 20 "-" "Mozilla/5.0 AppleWebKit/537.36 (KHTML, like Gecko; compatible; Amazonbot/0.1; +https://developer.amazon.com/support/amazonbot) Chrome/119.0.6045.214 Safari/537.36"
103.131.71.51 - - [20/Aug/2026:02:30:02 -0400] "GET /robots.txt HTTP/1.1" 200 171 "-" "Mozilla/5.0 (compatible; coccocbot-image/1.0; +http://help.coccoc.com/searchengine)"
80.225.197.159 - - [20/Aug/2026:02:52:20 -0400] "GET /file-manager/initialize HTTP/1.1" 200 28526 "-" "Mozilla/5.0 (Windows NT 10.0; Win64; x64) AppleWebKit/537.36"
69.39.225.240 - - [20/Aug/2026:03:13:40 -0400] "POST /wp-cron.php?doing_wp_cron=1787210020.4058399200439453125000 HTTP/1.1" 200 20 "-" "WordPress/7.1; https://www.lewaf.com"
103.131.71.160 - - [20/Aug/2026:03:13:37 -0400] "GET /robots.txt HTTP/1.1" 200 20 "-" "Mozilla/5.0 (compatible; coccocbot-web/1.0; +http://help.coccoc.com/searchengine)"
103.131.71.160 - - [20/Aug/2026:03:13:41 -0400] "GET /robots.txt HTTP/1.1" 200 171 "-" "Mozilla/5.0 (compatible; coccocbot-web/1.0; +http://help.coccoc.com/searchengine)"
80.225.197.159 - - [20/Aug/2026:03:23:20 -0400] "GET /file-manager/initialize HTTP/1.1" 200 28526 "-" "Mozilla/5.0 (Windows NT 10.0; Win64; x64) AppleWebKit/537.36"
45.89.242.125 - - [20/Aug/2026:04:21:13 -0400] "GET /000.php HTTP/1.1" 200 28449 "-" "Go-http-client/1.1"
45.89.242.125 - - [20/Aug/2026:04:21:16 -0400] "GET /wp-admin/css/index.php HTTP/1.1" 200 20 "-" "Go-http-client/1.1"
45.89.242.125 - - [20/Aug/2026:04:21:18 -0400] "GET /wp-admin/css/ HTTP/1.1" 403 199 "http://www.lewaf.com/wp-admin/css/index.php" "Go-http-client/1.1"
45.89.242.125 - - [20/Aug/2026:04:21:18 -0400] "GET /wp-content/plugins/index.php HTTP/1.1" 403 199 "-" "Go-http-client/1.1"
45.89.242.125 - - [20/Aug/2026:04:21:19 -0400] "GET /wp-content/index.php HTTP/1.1" 403 199 "-" "Go-http-client/1.1"
45.89.242.125 - - [20/Aug/2026:04:21:19 -0400] "GET //wp-content/plugins/fix/up.php HTTP/1.1" 403 199 "-" "Go-http-client/1.1"
69.39.225.240 - - [20/Aug/2026:04:49:20 -0400] "POST /wp-cron.php?doing_wp_cron=1787215760.2845931053161621093750 HTTP/1.1" 200 20 "-" "WordPress/7.1; https://www.lewaf.com"
43.157.191.20 - - [20/Aug/2026:04:49:18 -0400] "GET / HTTP/1.1" 200 20 "-" "Mozilla/5.0 (iPhone; CPU iPhone OS 13_2_3 like Mac OS X) AppleWebKit/605.1.15 (KHTML, like Gecko) Version/13.0.3 Mobile/15E148 Safari/604.1"
43.134.56.214 - - [20/Aug/2026:05:36:09 -0400] "GET / HTTP/1.1" 200 20 "-" "Mozilla/5.0 (iPhone; CPU iPhone OS 13_2_3 like Mac OS X) AppleWebKit/605.1.15 (KHTML, like Gecko) Version/13.0.3 Mobile/15E148 Safari/604.1"
69.39.225.240 - - [20/Aug/2026:05:44:49 -0400] "POST /wp-cron.php?doing_wp_cron=1787219089.7952570915222167968750 HTTP/1.1" 200 20 "-" "WordPress/7.1; https://www.lewaf.com"
114.119.137.180 - - [20/Aug/2026:05:44:47 -0400] "GET /robots.txt HTTP/1.1" 200 171 "http://www.lewaf.com/robots.txt" "Mozilla/5.0 (compatible;PetalBot;+https://webmaster.petalsearch.com/site/petalbot)"
24.199.123.107 - - [20/Aug/2026:05:51:06 -0400] "GET / HTTP/1.1" 200 20 "-" "Mozilla/5.0 (X11; Linux x86_64) AppleWebKit/537.36 (KHTML, like Gecko) Chrome/142.0.0.0 Safari/537.36"
69.39.225.240 - - [20/Aug/2026:06:11:53 -0400] "POST /wp-cron.php?doing_wp_cron=1787220713.3982260227203369140625 HTTP/1.1" 200 20 "-" "WordPress/7.1; https://www.lewaf.com"
216.244.66.237 - - [20/Aug/2026:06:11:51 -0400] "GET /cart/?remove_item=ceb8d4ba118f6cfe3c60e82d306dfd73&_wpnonce=f591e84b1b HTTP/1.1" 200 213838 "-" "Mozilla/5.0 (compatible; DotBot/1.2; +https://opensiteexplorer.org/dotbot; help@moz.com)"
69.39.225.240 - - [20/Aug/2026:06:39:09 -0400] "POST /wp-cron.php?doing_wp_cron=1787222349.3050420284271240234375 HTTP/1.1" 200 20 "-" "WordPress/7.1; https://www.lewaf.com"
8.216.32.154 - - [20/Aug/2026:06:39:06 -0400] "GET / HTTP/1.1" 200 20 "-" "Mozilla/5.0 (Windows NT 10.0; Win64; x64) AppleWebKit/537.36 (KHTML, like Gecko) Chrome/133.0.0.0 Safari/537.36"
69.39.225.240 - - [20/Aug/2026:07:30:08 -0400] "POST /wp-cron.php?doing_wp_cron=1787225408.5869419574737548828125 HTTP/1.1" 200 20 "-" "WordPress/7.1; https://www.lewaf.com"
51.38.189.62 - - [20/Aug/2026:07:30:04 -0400] "GET / HTTP/1.1" 200 20 "-" "Mozilla/5.0 (Windows NT 10.0; Win64; x64) AppleWebKit/537.36 (KHTML, like Gecko) Chrome/148.0.0.0 Safari/537.36"
103.131.71.26 - - [20/Aug/2026:07:30:21 -0400] "GET /robots.txt HTTP/1.1" 200 20 "-" "Mozilla/5.0 (compatible; coccocbot-image/1.0; +http://help.coccoc.com/searchengine)"
69.39.225.240 - - [20/Aug/2026:07:30:26 -0400] "POST /wp-cron.php?doing_wp_cron=1787225426.5141520500183105468750 HTTP/1.1" 200 20 "-" "WordPress/7.1; https://www.lewaf.com"
103.131.71.26 - - [20/Aug/2026:07:30:24 -0400] "GET /robots.txt HTTP/1.1" 200 171 "-" "Mozilla/5.0 (compatible; coccocbot-image/1.0; +http://help.coccoc.com/searchengine)"
69.39.225.240 - - [20/Aug/2026:07:34:53 -0400] "POST /wp-cron.php?doing_wp_cron=1787225693.6719009876251220703125 HTTP/1.1" 200 20 "-" "WordPress/7.1; https://www.lewaf.com"
3.93.128.70 - - [20/Aug/2026:07:34:51 -0400] "GET /robots.txt HTTP/1.1" 200 171 "-" "Mozilla/5.0 (Macintosh; Intel Mac OS X 10_10_1) AppleWebKit/600.2.5 (KHTML, like Gecko) Version/8.0.2 Safari/600.2.5 (Gort)"
69.39.225.240 - - [20/Aug/2026:07:54:52 -0400] "POST /wp-cron.php?doing_wp_cron=1787226892.7734999656677246093750 HTTP/1.1" 200 20 "-" "WordPress/7.1; https://www.lewaf.com"
45.133.176.45 - - [20/Aug/2026:07:54:50 -0400] "GET /bless.php HTTP/1.1" 200 - "-" "Mozilla/5.0 (X11; Linux i686; rv:79.0) Gecko/20100101 Firefox/79.0"
45.133.176.45 - - [20/Aug/2026:07:54:53 -0400] "GET /O-Simple.php HTTP/1.1" 200 - "-" "Mozilla/5.0 (Macintosh; Intel Mac OS X 10_15_6) AppleWebKit/537.36 (KHTML, like Gecko) Chrome/84.0.4147.105 Safari/537.36"
45.133.176.45 - - [20/Aug/2026:07:54:55 -0400] "GET /lock360.php HTTP/1.1" 200 - "-" "Mozilla/5.0 (Windows NT 10.0) AppleWebKit/537.36 (KHTML, like Gecko) Chrome/84.0.4147.105 Safari/537.36"
45.133.176.45 - - [20/Aug/2026:07:54:57 -0400] "GET /zwso.php HTTP/1.1" 200 - "-" "Mozilla/5.0 (Windows NT 6.3; Win64; x64; rv:73.0) Gecko/20100101 Firefox/73.0"
45.133.176.45 - - [20/Aug/2026:07:55:00 -0400] "GET /chosen.php HTTP/1.1" 200 - "-" "Mozilla/5.0 (Windows NT 10.0; WOW64; Trident/7.0; .NET4.0C; .NET4.0E; .NET CLR 2.0.50727; .NET CLR 3.0.30729; .NET CLR 3.5.30729; rv:11.0) like Gecko"
45.133.176.45 - - [20/Aug/2026:07:55:02 -0400] "GET /about.php HTTP/1.1" 200 - "-" "Mozilla/5.0 (Macintosh; Intel Mac OS X 10_15_6) AppleWebKit/537.36 (KHTML, like Gecko) Chrome/84.0.4147.105 Safari/537.36 OPR/70.0.3728.95"
45.133.176.45 - - [20/Aug/2026:07:55:04 -0400] "GET /admin.php HTTP/1.1" 200 - "-" "Mozilla/5.0 (Windows NT 10.0; Win64; x64) AppleWebKit/537.36 (KHTML, like Gecko) Chrome/58.0.3029.110 Safari/537.3"
45.133.176.45 - - [20/Aug/2026:07:55:06 -0400] "GET /mah.php HTTP/1.1" 200 - "-" "Mozilla/5.0 (Macintosh; Intel Mac OS X 10_15_6) AppleWebKit/537.36 (KHTML, like Gecko) Chrome/84.0.4147.125 Safari/537.36"
45.133.176.45 - - [20/Aug/2026:07:55:09 -0400] "GET /.wp/wso.php HTTP/1.1" 200 - "-" "Mozilla/5.0 (Linux x86_64; rv:79.0) Gecko/20100101 Firefox/79.0"
45.133.176.45 - - [20/Aug/2026:07:55:11 -0400] "GET /core.php HTTP/1.1" 200 - "-" "Mozilla/5.0 (Windows NT 6.1; Win64; x64) AppleWebKit/537.36 (KHTML, like Gecko) Chrome/58.0.3029.110 Safari/537.3"
45.133.176.45 - - [20/Aug/2026:07:55:13 -0400] "GET /robots.php HTTP/1.1" 200 - "-" "Mozilla/5.0 (Windows NT 10.0; Win64; x64) AppleWebKit/537.36 (KHTML, like Gecko) Chrome/83.0.4103.97 Safari/537.36"
45.133.176.45 - - [20/Aug/2026:07:55:15 -0400] "GET /inputs.php HTTP/1.1" 200 - "-" "Mozilla/5.0 (Macintosh; Intel Mac OS X 10_10_1) AppleWebKit/537.36 (KHTML, like Gecko) Chrome/39.0.2171.95 Safari/537.36"
45.133.176.45 - - [20/Aug/2026:07:55:18 -0400] "GET /mini.php HTTP/1.1" 200 - "-" "Mozilla/5.0 (Windows NT 10.0; WOW64; Trident/7.0; .NET4.0C; .NET4.0E; .NET CLR 2.0.50727; .NET CLR 3.0.30729; .NET CLR 3.5.30729; rv:11.0) like Gecko"
45.133.176.45 - - [20/Aug/2026:07:55:20 -0400] "GET /goods.php HTTP/1.1" 200 - "-" "Mozilla/5.0 (compatible; MSIE 10.0; Windows NT 6.1; Trident/6.0)"
69.39.225.240 - - [20/Aug/2026:07:55:24 -0400] "POST /wp-cron.php?doing_wp_cron=1787226924.3026831150054931640625 HTTP/1.1" 200 20 "-" "WordPress/7.1; https://www.lewaf.com"
45.133.176.45 - - [20/Aug/2026:07:55:22 -0400] "GET /file5.php HTTP/1.1" 200 - "-" "Mozilla/5.0 (Macintosh; Intel Mac OS X 10_15_6) AppleWebKit/537.36 (KHTML, like Gecko) Chrome/84.0.4147.105 Safari/537.36 OPR/70.0.3728.95"
45.133.176.45 - - [20/Aug/2026:07:55:24 -0400] "GET /ahax.php HTTP/1.1" 200 - "-" "Mozilla/5.0 (Windows NT 6.1; Win64; x64) AppleWebKit/537.36 (KHTML, like Gecko) Chrome/74.0.3729.169 Safari/537.36"
45.133.176.45 - - [20/Aug/2026:07:55:27 -0400] "GET /f35.php HTTP/1.1" 200 - "-" "Mozilla/5.0 (Windows NT 10.0; Win64; x64) AppleWebKit/537.36 (KHTML, like Gecko) Chrome/83.0.4103.61 Safari/537.36"
45.133.176.45 - - [20/Aug/2026:07:55:29 -0400] "GET /simple.php HTTP/1.1" 200 - "-" "Mozilla/5.0 (Macintosh; Intel Mac OS X 10_10_1) AppleWebKit/537.36 (KHTML, like Gecko) Chrome/39.0.2171.95 Safari/537.36"
45.133.176.45 - - [20/Aug/2026:07:55:31 -0400] "GET /amax.php HTTP/1.1" 200 - "-" "Mozilla/5.0 (Windows NT 10.0; Win64; x64) AppleWebKit/537.36 (KHTML, like Gecko) Chrome/80.0.3987.149 Safari/537.36"
45.133.176.45 - - [20/Aug/2026:07:55:33 -0400] "GET /update/f35.php HTTP/1.1" 200 - "-" "Mozilla/5.0 (X11; Ubuntu; Linux x86_64; rv:79.0) Gecko/20100101 Firefox/79.0"
45.133.176.45 - - [20/Aug/2026:07:55:35 -0400] "GET /wp-content/hello.php HTTP/1.1" 403 199 "-" "Mozilla/5.0 (Windows NT 10.0; Win64; x64) AppleWebKit/537.36 (KHTML, like Gecko) Chrome/79.0.3945.130 Safari/537.36"
45.133.176.45 - - [20/Aug/2026:07:55:36 -0400] "GET /wp-admin/maint/bootstrap.php HTTP/1.1" 200 - "-" "Mozilla/5.0 (Windows NT 10.0; Win64; x64) AppleWebKit/537.36 (KHTML, like Gecko) Chrome/70.0.3538.77 Safari/537.36"
45.133.176.45 - - [20/Aug/2026:07:55:38 -0400] "GET /themes/zMousse/otuz1.php HTTP/1.1" 200 - "-" "Mozilla/5.0 (Windows NT 10.0; Win64; x64) AppleWebKit/537.36 (KHTML, like Gecko) Chrome/69.0.3497.100 Safari/537.36"
