69.39.225.240 - - [20/Aug/2026:15:46:30 -0400] "POST /wp-cron.php?doing_wp_cron=1787255190.3051919937133789062500 HTTP/1.1" 200 20 "-" "WordPress/7.1; https://www.lewaf.com"
20.122.142.214 - - [20/Aug/2026:15:46:29 -0400] "GET /xp.php HTTP/1.1" 200 - "-" "-"
20.122.142.214 - - [20/Aug/2026:15:46:31 -0400] "GET /xp.php HTTP/1.1" 200 137918 "-" "-"
20.122.142.214 - - [20/Aug/2026:15:46:32 -0400] "GET /xper1.php HTTP/1.1" 200 - "-" "-"
20.122.142.214 - - [20/Aug/2026:15:46:32 -0400] "GET /xper1.php HTTP/1.1" 200 137924 "-" "-"
20.122.142.214 - - [20/Aug/2026:15:46:33 -0400] "GET /xpohywjo.php HTTP/1.1" 200 - "-" "-"
20.122.142.214 - - [20/Aug/2026:15:46:34 -0400] "GET /xpohywjo.php HTTP/1.1" 200 137930 "-" "-"
20.122.142.214 - - [20/Aug/2026:15:46:35 -0400] "GET /xpwer1.php HTTP/1.1" 200 - "-" "-"
20.122.142.214 - - [20/Aug/2026:15:46:35 -0400] "GET /xpwer1.php HTTP/1.1" 200 137926 "-" "-"
20.122.142.214 - - [20/Aug/2026:15:46:36 -0400] "GET /xqPt1nWJXye.php HTTP/1.1" 200 - "-" "-"
20.122.142.214 - - [20/Aug/2026:15:46:36 -0400] "GET /xqPt1nWJXye.php HTTP/1.1" 200 137936 "-" "-"
20.122.142.214 - - [20/Aug/2026:15:46:37 -0400] "GET /xr.php HTTP/1.1" 200 - "-" "-"
20.122.142.214 - - [20/Aug/2026:15:46:38 -0400] "GET /xr.php HTTP/1.1" 200 137918 "-" "-"
20.122.142.214 - - [20/Aug/2026:15:46:39 -0400] "GET /xrawp.php HTTP/1.1" 200 - "-" "-"
20.122.142.214 - - [20/Aug/2026:15:46:39 -0400] "GET /xrawp.php HTTP/1.1" 200 137924 "-" "-"
20.122.142.214 - - [20/Aug/2026:15:46:40 -0400] "GET /xrp.php HTTP/1.1" 200 - "-" "-"
20.122.142.214 - - [20/Aug/2026:15:46:40 -0400] "GET /xrp.php HTTP/1.1" 200 137920 "-" "-"
20.122.142.214 - - [20/Aug/2026:15:46:41 -0400] "GET /xs5x46mb.php HTTP/1.1" 200 - "-" "-"
20.122.142.214 - - [20/Aug/2026:15:46:41 -0400] "GET /xs5x46mb.php HTTP/1.1" 200 137930 "-" "-"
20.122.142.214 - - [20/Aug/2026:15:46:42 -0400] "GET /xtgirlms.php HTTP/1.1" 200 - "-" "-"
20.122.142.214 - - [20/Aug/2026:15:46:42 -0400] "GET /xtgirlms.php HTTP/1.1" 200 137930 "-" "-"
20.122.142.214 - - [20/Aug/2026:15:46:43 -0400] "GET /xvs.php HTTP/1.1" 200 - "-" "-"
20.122.142.214 - - [20/Aug/2026:15:46:44 -0400] "GET /xvs.php HTTP/1.1" 200 137920 "-" "-"
20.122.142.214 - - [20/Aug/2026:15:46:45 -0400] "GET /xwx1.php HTTP/1.1" 200 - "-" "-"
20.122.142.214 - - [20/Aug/2026:15:46:45 -0400] "GET /xwx1.php HTTP/1.1" 200 137922 "-" "-"
20.122.142.214 - - [20/Aug/2026:15:46:46 -0400] "GET /xxl.php HTTP/1.1" 200 - "-" "-"
20.122.142.214 - - [20/Aug/2026:15:46:47 -0400] "GET /xxl.php HTTP/1.1" 200 137920 "-" "-"
20.122.142.214 - - [20/Aug/2026:15:46:48 -0400] "GET /xxw.php HTTP/1.1" 200 - "-" "-"
20.122.142.214 - - [20/Aug/2026:15:46:49 -0400] "GET /xxw.php HTTP/1.1" 200 137920 "-" "-"
20.122.142.214 - - [20/Aug/2026:15:46:50 -0400] "GET /XxX.php HTTP/1.1" 200 - "-" "-"
20.122.142.214 - - [20/Aug/2026:15:46:50 -0400] "GET /XxX.php HTTP/1.1" 200 137920 "-" "-"
20.122.142.214 - - [20/Aug/2026:15:46:51 -0400] "GET /xxxx.php HTTP/1.1" 200 - "-" "-"
20.122.142.214 - - [20/Aug/2026:15:46:52 -0400] "GET /xxxx.php HTTP/1.1" 200 137922 "-" "-"
20.122.142.214 - - [20/Aug/2026:15:46:53 -0400] "GET /xy.php HTTP/1.1" 200 - "-" "-"
20.122.142.214 - - [20/Aug/2026:15:46:53 -0400] "GET /xy.php HTTP/1.1" 200 137918 "-" "-"
20.122.142.214 - - [20/Aug/2026:15:46:54 -0400] "GET /xy/index.php HTTP/1.1" 200 - "-" "-"
20.122.142.214 - - [20/Aug/2026:15:46:54 -0400] "GET /xy/ HTTP/1.1" 200 137912 "-" "-"
20.122.142.214 - - [20/Aug/2026:15:46:55 -0400] "GET /xy9brdftkyivz9ij6rusmsCdefault.php HTTP/1.1" 200 - "-" "-"
20.122.142.214 - - [20/Aug/2026:15:46:56 -0400] "GET /xy9brdftkyivz9ij6rusmsCdefault.php HTTP/1.1" 200 137974 "-" "-"
20.122.142.214 - - [20/Aug/2026:15:46:58 -0400] "GET /yaztn.php HTTP/1.1" 200 - "-" "-"
20.122.142.214 - - [20/Aug/2026:15:47:01 -0400] "GET /yaztn.php HTTP/1.1" 200 137924 "-" "-"
20.122.142.214 - - [20/Aug/2026:15:47:02 -0400] "GET /yjoxrfglsep.php HTTP/1.1" 200 - "-" "-"
20.122.142.214 - - [20/Aug/2026:15:47:02 -0400] "GET /yjoxrfglsep.php HTTP/1.1" 200 137936 "-" "-"
20.122.142.214 - - [20/Aug/2026:15:47:04 -0400] "GET /ynz.PhP HTTP/1.1" 200 - "-" "-"
20.122.142.214 - - [20/Aug/2026:15:47:04 -0400] "GET /ynz.PhP HTTP/1.1" 200 137920 "-" "-"
20.122.142.214 - - [20/Aug/2026:15:47:05 -0400] "GET /yongxing/index.php HTTP/1.1" 200 - "-" "-"
20.122.142.214 - - [20/Aug/2026:15:47:06 -0400] "GET /yongxing/ HTTP/1.1" 200 137924 "-" "-"
20.122.142.214 - - [20/Aug/2026:15:47:06 -0400] "GET /yunu.php HTTP/1.1" 200 - "-" "-"
20.122.142.214 - - [20/Aug/2026:15:47:07 -0400] "GET /yunu.php HTTP/1.1" 200 137922 "-" "-"
20.122.142.214 - - [20/Aug/2026:15:47:08 -0400] "GET /yvltn.php HTTP/1.1" 200 - "-" "-"
20.122.142.214 - - [20/Aug/2026:15:47:08 -0400] "GET /yvltn.php HTTP/1.1" 200 137924 "-" "-"
20.122.142.214 - - [20/Aug/2026:15:47:09 -0400] "GET /ywwbf.php HTTP/1.1" 200 - "-" "-"
20.122.142.214 - - [20/Aug/2026:15:47:10 -0400] "GET /ywwbf.php HTTP/1.1" 200 137924 "-" "-"
20.122.142.214 - - [20/Aug/2026:15:47:10 -0400] "GET /z3ki.php HTTP/1.1" 200 - "-" "-"
20.122.142.214 - - [20/Aug/2026:15:47:11 -0400] "GET /z3ki.php HTTP/1.1" 200 137922 "-" "-"
20.122.142.214 - - [20/Aug/2026:15:47:11 -0400] "GET /z43agz.php HTTP/1.1" 200 - "-" "-"
20.122.142.214 - - [20/Aug/2026:15:47:12 -0400] "GET /z43agz.php HTTP/1.1" 200 137926 "-" "-"
20.122.142.214 - - [20/Aug/2026:15:47:12 -0400] "GET /z57.php HTTP/1.1" 200 - "-" "-"
20.122.142.214 - - [20/Aug/2026:15:47:13 -0400] "GET /z57.php HTTP/1.1" 200 137920 "-" "-"
20.122.142.214 - - [20/Aug/2026:15:47:13 -0400] "GET /zabbix.php HTTP/1.1" 200 - "-" "-"
20.122.142.214 - - [20/Aug/2026:15:47:14 -0400] "GET /zabbix.php HTTP/1.1" 200 137926 "-" "-"
20.122.142.214 - - [20/Aug/2026:15:47:14 -0400] "GET /zabbix/zabbix.php HTTP/1.1" 200 - "-" "-"
20.122.142.214 - - [20/Aug/2026:15:47:15 -0400] "GET /zabbix/zabbix.php HTTP/1.1" 200 137940 "-" "-"
20.122.142.214 - - [20/Aug/2026:15:47:16 -0400] "GET /zample.php HTTP/1.1" 200 - "-" "-"
20.122.142.214 - - [20/Aug/2026:15:47:16 -0400] "GET /zample.php HTTP/1.1" 200 137926 "-" "-"
20.122.142.214 - - [20/Aug/2026:15:47:17 -0400] "GET /zc-104.php HTTP/1.1" 200 - "-" "-"
20.122.142.214 - - [20/Aug/2026:15:47:18 -0400] "GET /zc-104.php HTTP/1.1" 200 137926 "-" "-"
20.122.142.214 - - [20/Aug/2026:15:47:19 -0400] "GET /zc-208.php HTTP/1.1" 200 - "-" "-"
20.122.142.214 - - [20/Aug/2026:15:47:20 -0400] "GET /zc-208.php HTTP/1.1" 200 137926 "-" "-"
20.122.142.214 - - [20/Aug/2026:15:47:20 -0400] "GET /zc-729.php HTTP/1.1" 200 - "-" "-"
20.122.142.214 - - [20/Aug/2026:15:47:21 -0400] "GET /zc-729.php HTTP/1.1" 200 137926 "-" "-"
20.122.142.214 - - [20/Aug/2026:15:47:22 -0400] "GET /zews.php HTTP/1.1" 200 - "-" "-"
20.122.142.214 - - [20/Aug/2026:15:47:22 -0400] "GET /zews.php HTTP/1.1" 200 137922 "-" "-"
69.39.225.240 - - [20/Aug/2026:15:47:24 -0400] "POST /wp-cron.php?doing_wp_cron=1787255244.0871109962463378906250 HTTP/1.1" 200 20 "-" "WordPress/7.1; https://www.lewaf.com"
20.122.142.214 - - [20/Aug/2026:15:47:23 -0400] "GET /zfile.php HTTP/1.1" 200 - "-" "-"
20.122.142.214 - - [20/Aug/2026:15:47:24 -0400] "GET /zfile.php HTTP/1.1" 200 137924 "-" "-"
20.122.142.214 - - [20/Aug/2026:15:47:24 -0400] "GET /ZHopizXxeQB.php HTTP/1.1" 200 - "-" "-"
20.122.142.214 - - [20/Aug/2026:15:47:25 -0400] "GET /ZHopizXxeQB.php HTTP/1.1" 200 137936 "-" "-"
20.122.142.214 - - [20/Aug/2026:15:47:26 -0400] "GET /zi-936.php HTTP/1.1" 200 - "-" "-"
20.122.142.214 - - [20/Aug/2026:15:47:26 -0400] "GET /zi-936.php HTTP/1.1" 200 137926 "-" "-"
20.122.142.214 - - [20/Aug/2026:15:47:27 -0400] "GET /zildan.php HTTP/1.1" 200 - "-" "-"
20.122.142.214 - - [20/Aug/2026:15:47:27 -0400] "GET /zildan.php HTTP/1.1" 200 137926 "-" "-"
20.122.142.214 - - [20/Aug/2026:15:47:28 -0400] "GET /zip.php HTTP/1.1" 200 - "-" "-"
20.122.142.214 - - [20/Aug/2026:15:47:28 -0400] "GET /zip.php HTTP/1.1" 200 137920 "-" "-"
20.122.142.214 - - [20/Aug/2026:15:47:29 -0400] "GET /zk.php HTTP/1.1" 200 - "-" "-"
20.122.142.214 - - [20/Aug/2026:15:47:30 -0400] "GET /zk.php HTTP/1.1" 200 137918 "-" "-"
20.122.142.214 - - [20/Aug/2026:15:47:34 -0400] "GET /zkotynva.php HTTP/1.1" 200 - "-" "-"
20.122.142.214 - - [20/Aug/2026:15:47:34 -0400] "GET /zkotynva.php HTTP/1.1" 200 137930 "-" "-"
20.122.142.214 - - [20/Aug/2026:15:47:35 -0400] "GET /zleqd.php HTTP/1.1" 200 - "-" "-"
20.122.142.214 - - [20/Aug/2026:15:47:36 -0400] "GET /zleqd.php HTTP/1.1" 200 137924 "-" "-"
20.122.142.214 - - [20/Aug/2026:15:47:36 -0400] "GET /Zoo.php HTTP/1.1" 200 - "-" "-"
20.122.142.214 - - [20/Aug/2026:15:47:37 -0400] "GET /Zoo.php HTTP/1.1" 200 137920 "-" "-"
20.122.142.214 - - [20/Aug/2026:15:47:38 -0400] "GET /zsec.php HTTP/1.1" 200 - "-" "-"
20.122.142.214 - - [20/Aug/2026:15:47:39 -0400] "GET /zsec.php HTTP/1.1" 200 137922 "-" "-"
20.122.142.214 - - [20/Aug/2026:15:47:40 -0400] "GET /zup.php HTTP/1.1" 200 - "-" "-"
20.122.142.214 - - [20/Aug/2026:15:47:40 -0400] "GET /zup.php HTTP/1.1" 200 137920 "-" "-"
20.122.142.214 - - [20/Aug/2026:15:47:43 -0400] "GET /zwq.php HTTP/1.1" 200 - "-" "-"
20.122.142.214 - - [20/Aug/2026:15:47:44 -0400] "GET /zwq.php HTTP/1.1" 200 137920 "-" "-"
20.122.142.214 - - [20/Aug/2026:15:47:44 -0400] "GET /zwso.php HTTP/1.1" 200 - "-" "-"
20.122.142.214 - - [20/Aug/2026:15:47:45 -0400] "GET /zwso.php HTTP/1.1" 200 137922 "-" "-"
69.39.225.240 - - [20/Aug/2026:15:59:30 -0400] "POST /wp-cron.php?doing_wp_cron=1787255970.6262168884277343750000 HTTP/1.1" 200 20 "-" "WordPress/7.1; https://www.lewaf.com"
43.131.36.84 - - [20/Aug/2026:15:59:30 -0400] "GET / HTTP/1.1" 200 20 "-" "Mozilla/5.0 (iPhone; CPU iPhone OS 13_2_3 like Mac OS X) AppleWebKit/605.1.15 (KHTML, like Gecko) Version/13.0.3 Mobile/15E148 Safari/604.1"
66.249.70.174 - - [20/Aug/2026:16:20:20 -0400] "GET /ads.txt HTTP/1.1" 200 28477 "-" "Mozilla/5.0 (compatible; Googlebot/2.1; +http://www.google.com/bot.html)"
69.39.225.240 - - [20/Aug/2026:16:22:29 -0400] "POST /wp-cron.php?doing_wp_cron=1787257349.7196938991546630859375 HTTP/1.1" 200 20 "-" "WordPress/7.1; https://www.lewaf.com"
40.88.21.235 - - [20/Aug/2026:16:22:28 -0400] "GET / HTTP/1.1" 200 20 "-" "DuckDuckBot/1.1; (+http://duckduckgo.com/duckduckbot.html)"
69.39.225.240 - - [20/Aug/2026:16:24:11 -0400] "POST /wp-cron.php?doing_wp_cron=1787257450.9794390201568603515625 HTTP/1.1" 200 20 "-" "WordPress/7.1; https://www.lewaf.com"
34.230.176.20 - - [20/Aug/2026:16:24:10 -0400] "GET /robots.txt HTTP/1.1" 200 20 "-" "Mozilla/5.0 (Macintosh; Intel Mac OS X 10_10_1) AppleWebKit/600.2.5 (KHTML, like Gecko) Version/8.0.2 Safari/600.2.5 (Gort)"
34.230.176.20 - - [20/Aug/2026:16:24:11 -0400] "GET /robots.txt HTTP/1.1" 200 171 "-" "Mozilla/5.0 (Macintosh; Intel Mac OS X 10_10_1) AppleWebKit/600.2.5 (KHTML, like Gecko) Version/8.0.2 Safari/600.2.5 (Gort)"
69.39.225.240 - - [20/Aug/2026:17:53:17 -0400] "POST /wp-cron.php?doing_wp_cron=1787262797.3567841053009033203125 HTTP/1.1" 200 20 "-" "WordPress/7.1; https://www.lewaf.com"
43.155.157.239 - - [20/Aug/2026:17:53:16 -0400] "GET / HTTP/1.1" 200 20 "-" "Mozilla/5.0 (iPhone; CPU iPhone OS 13_2_3 like Mac OS X) AppleWebKit/605.1.15 (KHTML, like Gecko) Version/13.0.3 Mobile/15E148 Safari/604.1"
129.225.125.127 - - [20/Aug/2026:18:08:15 -0400] "GET /wp-content/plugins/pods/readme.txt HTTP/1.1" 200 20 "-" "Mozilla/5.0 (Windows NT 10.0; Win64; x64; rv:126.0) Gecko/20100101 Firefox/126.0"
129.225.125.127 - - [20/Aug/2026:18:08:16 -0400] "GET /wp-content/plugins/pods/init.php HTTP/1.1" 403 199 "-" "Mozilla/5.0 (Windows NT 10.0; Win64; x64; rv:126.0) Gecko/20100101 Firefox/126.0"
69.39.225.240 - - [20/Aug/2026:18:17:22 -0400] "POST /wp-cron.php?doing_wp_cron=1787264242.0111029148101806640625 HTTP/1.1" 200 20 "-" "WordPress/7.1; https://www.lewaf.com"
105.112.105.246 - - [20/Aug/2026:18:17:21 -0400] "GET / HTTP/1.1" 200 20 "-" "Mozilla/5.0 (Windows NT 10.0; Win64; x64) AppleWebKit/537.36 (KHTML, like Gecko) Chrome/131.0.0.0 Safari/537.36"
69.39.225.240 - - [20/Aug/2026:18:27:44 -0400] "POST /wp-cron.php?doing_wp_cron=1787264864.4912490844726562500000 HTTP/1.1" 200 20 "-" "WordPress/7.1; https://www.lewaf.com"
73.174.47.39 - - [20/Aug/2026:18:27:43 -0400] "GET / HTTP/1.1" 200 - "-" "Mozilla/5.0 (Windows NT 10.0; Win64; x64) AppleWebKit/537.36 (KHTML, like Gecko) Chrome/144.0.0.0 Safari/537.36"
69.39.225.240 - - [20/Aug/2026:18:58:00 -0400] "POST /wp-cron.php?doing_wp_cron=1787266680.0942869186401367187500 HTTP/1.1" 200 20 "-" "WordPress/7.1; https://www.lewaf.com"
51.68.236.59 - - [20/Aug/2026:18:57:59 -0400] "GET /robots.txt HTTP/1.1" 200 20 "-" "Mozilla/5.0 (compatible; MJ12bot/v2.0.5; http://mj12bot.com/)"
51.68.236.59 - - [20/Aug/2026:18:58:00 -0400] "GET /robots.txt HTTP/1.1" 200 171 "-" "Mozilla/5.0 (compatible; MJ12bot/v2.0.5; http://mj12bot.com/)"
51.68.236.59 - - [20/Aug/2026:18:58:01 -0400] "GET / HTTP/1.1" 200 20 "-" "Mozilla/5.0 (compatible; MJ12bot/v2.0.5; http://mj12bot.com/)"
51.68.236.59 - - [20/Aug/2026:18:58:06 -0400] "GET / HTTP/1.1" 200 20 "-" "Mozilla/5.0 (compatible; MJ12bot/v2.0.5; http://mj12bot.com/)"
69.39.225.240 - - [20/Aug/2026:19:25:57 -0400] "POST /wp-cron.php?doing_wp_cron=1787268357.2141020298004150390625 HTTP/1.1" 200 20 "-" "WordPress/7.1; https://www.lewaf.com"
103.131.71.62 - - [20/Aug/2026:19:25:56 -0400] "GET /robots.txt HTTP/1.1" 200 20 "-" "Mozilla/5.0 (compatible; coccocbot-web/1.0; +http://help.coccoc.com/searchengine)"
103.131.71.62 - - [20/Aug/2026:19:25:58 -0400] "GET /robots.txt HTTP/1.1" 200 171 "-" "Mozilla/5.0 (compatible; coccocbot-web/1.0; +http://help.coccoc.com/searchengine)"
69.39.225.240 - - [20/Aug/2026:19:43:22 -0400] "POST /wp-cron.php?doing_wp_cron=1787269402.2948620319366455078125 HTTP/1.1" 200 20 "-" "WordPress/7.1; https://www.lewaf.com"
216.244.66.237 - - [20/Aug/2026:19:43:21 -0400] "GET /portfolio-item/art-5/ HTTP/1.1" 200 153433 "-" "Mozilla/5.0 (compatible; DotBot/1.2; +https://opensiteexplorer.org/dotbot; help@moz.com)"
69.39.225.240 - - [20/Aug/2026:19:51:22 -0400] "POST /wp-cron.php?doing_wp_cron=1787269882.2475850582122802734375 HTTP/1.1" 200 20 "-" "WordPress/7.1; https://www.lewaf.com"
216.244.66.237 - - [20/Aug/2026:19:51:21 -0400] "GET /cart/?remove_item=ceb8d4ba118f6cfe3c60e82d306dfd73&_wpnonce=d5119ecad1 HTTP/1.1" 200 213838 "-" "Mozilla/5.0 (compatible; DotBot/1.2; +https://opensiteexplorer.org/dotbot; help@moz.com)"
69.39.225.240 - - [20/Aug/2026:19:51:26 -0400] "POST /wp-cron.php?doing_wp_cron=1787269886.8537468910217285156250 HTTP/1.1" 200 20 "-" "WordPress/7.1; https://www.lewaf.com"
216.244.66.237 - - [20/Aug/2026:19:51:26 -0400] "GET /cart/?remove_item=ceb8d4ba118f6cfe3c60e82d306dfd73&_wpnonce=fdb07af552 HTTP/1.1" 200 213838 "-" "Mozilla/5.0 (compatible; DotBot/1.2; +https://opensiteexplorer.org/dotbot; help@moz.com)"
85.208.98.18 - - [20/Aug/2026:20:01:58 -0400] "GET /robots.txt HTTP/1.1" 200 171 "-" "Mozilla/5.0 (compatible; SemrushBot; +http://www.semrush.com/bot.html)"
69.39.225.240 - - [20/Aug/2026:20:09:20 -0400] "POST /wp-cron.php?doing_wp_cron=1787270960.9397950172424316406250 HTTP/1.1" 200 20 "-" "WordPress/7.1; https://www.lewaf.com"
69.39.225.240 - - [20/Aug/2026:20:09:20 -0400] "POST /wp-cron.php?doing_wp_cron=1787270960.9401340484619140625000 HTTP/1.1" 200 20 "-" "WordPress/7.1; https://www.lewaf.com"
49.0.244.39 - - [20/Aug/2026:20:09:19 -0400] "GET /ip HTTP/1.1" 200 138024 "-" "Mozilla/5.0 (Macintosh; Intel Mac OS X 10_15_7) AppleWebKit/537.36 (KHTML, like Gecko) Chrome/114.0.0.0 Safari/537.36"
190.92.201.175 - - [20/Aug/2026:20:09:19 -0400] "GET /ip HTTP/1.1" 200 138027 "-" "Mozilla/5.0 (Macintosh; Intel Mac OS X 10_15_7) AppleWebKit/537.36 (KHTML, like Gecko) Chrome/114.0.0.0 Safari/537.36"
149.232.141.129 - - [20/Aug/2026:20:09:19 -0400] "GET /ip HTTP/1.1" 200 122880 "-" "Mozilla/5.0 (Macintosh; Intel Mac OS X 10_15_7) AppleWebKit/537.36 (KHTML, like Gecko) Chrome/114.0.0.0 Safari/537.36"
149.232.142.236 - - [20/Aug/2026:20:09:22 -0400] "GET /ip HTTP/1.1" 200 138028 "-" "Mozilla/5.0 (Macintosh; Intel Mac OS X 10_15_7) AppleWebKit/537.36 (KHTML, like Gecko) Chrome/114.0.0.0 Safari/537.36"
40.88.21.235 - - [20/Aug/2026:20:25:29 -0400] "GET / HTTP/1.1" 200 20 "-" "DuckDuckBot/1.1; (+http://duckduckgo.com/duckduckbot.html)"
69.39.225.240 - - [20/Aug/2026:21:00:22 -0400] "POST /wp-cron.php?doing_wp_cron=1787274022.0996060371398925781250 HTTP/1.1" 200 20 "-" "WordPress/7.1; https://www.lewaf.com"
40.88.21.235 - - [20/Aug/2026:21:00:21 -0400] "GET / HTTP/1.1" 200 20 "-" "DuckDuckBot/1.1; (+http://duckduckgo.com/duckduckbot.html)"
69.39.225.240 - - [20/Aug/2026:21:15:33 -0400] "POST /wp-cron.php?doing_wp_cron=1787274933.8325750827789306640625 HTTP/1.1" 200 20 "-" "WordPress/7.1; https://www.lewaf.com"
216.244.66.237 - - [20/Aug/2026:21:15:33 -0400] "GET /cart/?remove_item=64b6b3b6340ffb40931058f9d484356c&_wpnonce=615220219e HTTP/1.1" 200 213838 "-" "Mozilla/5.0 (compatible; DotBot/1.2; +https://opensiteexplorer.org/dotbot; help@moz.com)"
216.244.66.237 - - [20/Aug/2026:21:55:48 -0400] "GET /cart/?remove_item=c767895746d4bab5ebc71d6072cd3c48&_wpnonce=0ffb983bc6 HTTP/1.1" 200 213838 "-" "Mozilla/5.0 (compatible; DotBot/1.2; +https://opensiteexplorer.org/dotbot; help@moz.com)"
216.244.66.237 - - [20/Aug/2026:21:55:52 -0400] "GET /cart/?remove_item=ceb8d4ba118f6cfe3c60e82d306dfd73&_wpnonce=bc089eda24 HTTP/1.1" 200 213838 "-" "Mozilla/5.0 (compatible; DotBot/1.2; +https://opensiteexplorer.org/dotbot; help@moz.com)"
69.39.225.240 - - [20/Aug/2026:22:19:01 -0400] "POST /wp-cron.php?doing_wp_cron=1787278741.9294800758361816406250 HTTP/1.1" 200 20 "-" "WordPress/7.1; https://www.lewaf.com"
34.34.253.229 - - [20/Aug/2026:22:19:01 -0400] "GET / HTTP/1.1" 200 20 "-" "Mozilla/5.0 (X11; Linux x86_64) AppleWebKit/537.36 (KHTML, like Gecko) Chrome/151.0.0.0 Safari/537.36"
103.131.71.43 - - [20/Aug/2026:22:21:22 -0400] "GET /robots.txt HTTP/1.1" 200 20 "-" "Mozilla/5.0 (compatible; coccocbot-image/1.0; +http://help.coccoc.com/searchengine)"
69.39.225.240 - - [20/Aug/2026:22:21:29 -0400] "POST /wp-cron.php?doing_wp_cron=1787278889.6122601032257080078125 HTTP/1.1" 200 20 "-" "WordPress/7.1; https://www.lewaf.com"
103.131.71.43 - - [20/Aug/2026:22:21:29 -0400] "GET /robots.txt HTTP/1.1" 200 171 "-" "Mozilla/5.0 (compatible; coccocbot-image/1.0; +http://help.coccoc.com/searchengine)"
210.213.66.211 - - [20/Aug/2026:22:25:26 -0400] "GET / HTTP/1.1" 200 20 "-" "Mozilla/5.0 (Windows NT 10.0; Win64; x64) AppleWebKit/537.36 (KHTML, like Gecko) Chrome/151.0.0.0 Safari/537.36"
69.39.225.240 - - [20/Aug/2026:22:29:15 -0400] "POST /wp-cron.php?doing_wp_cron=1787279355.7261619567871093750000 HTTP/1.1" 200 20 "-" "WordPress/7.1; https://www.lewaf.com"
43.164.0.96 - - [20/Aug/2026:22:29:15 -0400] "GET / HTTP/1.1" 200 20 "-" "Mozilla/5.0 (iPhone; CPU iPhone OS 13_2_3 like Mac OS X) AppleWebKit/605.1.15 (KHTML, like Gecko) Version/13.0.3 Mobile/15E148 Safari/604.1"
69.39.225.240 - - [20/Aug/2026:23:10:16 -0400] "POST /wp-cron.php?doing_wp_cron=1787281816.0992429256439208984375 HTTP/1.1" 200 20 "-" "WordPress/7.1; https://www.lewaf.com"
216.244.66.237 - - [20/Aug/2026:23:10:15 -0400] "GET / HTTP/1.1" 200 - "-" "Mozilla/5.0 (compatible; DotBot/1.2; +https://opensiteexplorer.org/dotbot; help@moz.com)"
69.39.225.240 - - [20/Aug/2026:23:20:11 -0400] "POST /wp-cron.php?doing_wp_cron=1787282411.0125939846038818359375 HTTP/1.1" 200 20 "-" "WordPress/7.1; https://www.lewaf.com"
213.188.78.115 - - [20/Aug/2026:23:20:10 -0400] "GET / HTTP/1.1" 200 20 "-" "Mozilla/5.0 (Macintosh; Intel Mac OS X 10_15_7) AppleWebKit/537.36 (KHTML, like Gecko) Chrome/128.0.0.0 Safari/537.36"
69.39.225.240 - - [20/Aug/2026:23:25:17 -0400] "POST /wp-cron.php?doing_wp_cron=1787282717.6939699649810791015625 HTTP/1.1" 200 20 "-" "WordPress/7.1; https://www.lewaf.com"
114.119.137.7 - - [20/Aug/2026:23:25:17 -0400] "GET /robots.txt HTTP/1.1" 200 20 "http://lewaf.com/robots.txt" "Mozilla/5.0 (compatible;PetalBot;+https://webmaster.petalsearch.com/site/petalbot)"
114.119.137.7 - - [20/Aug/2026:23:25:18 -0400] "GET /robots.txt HTTP/1.1" 200 171 "http://lewaf.com/robots.txt" "Mozilla/5.0 (compatible;PetalBot;+https://webmaster.petalsearch.com/site/petalbot)"
69.39.225.240 - - [21/Aug/2026:00:02:55 -0400] "POST /wp-cron.php?doing_wp_cron=1787284975.2903900146484375000000 HTTP/1.1" 200 20 "-" "WordPress/7.1; https://www.lewaf.com"
192.178.4.101 - - [21/Aug/2026:00:02:54 -0400] "GET /ads.txt HTTP/1.1" 200 20 "-" "Mozilla/5.0 (compatible; Googlebot/2.1; +http://www.google.com/bot.html)"
66.249.70.173 - - [21/Aug/2026:00:03:02 -0400] "GET /ads.txt HTTP/1.1" 200 28484 "-" "Mozilla/5.0 (compatible; Googlebot/2.1; +http://www.google.com/bot.html)"
69.39.225.240 - - [21/Aug/2026:00:28:32 -0400] "POST /wp-cron.php?doing_wp_cron=1787286512.1172690391540527343750 HTTP/1.1" 200 20 "-" "WordPress/7.1; https://www.lewaf.com"
103.131.71.46 - - [21/Aug/2026:00:28:31 -0400] "GET /robots.txt HTTP/1.1" 200 171 "-" "Mozilla/5.0 (compatible; coccocbot-image/1.0; +http://help.coccoc.com/searchengine)"
69.39.225.240 - - [21/Aug/2026:00:34:41 -0400] "POST /wp-cron.php?doing_wp_cron=1787286881.3108530044555664062500 HTTP/1.1" 200 20 "-" "WordPress/7.1; https://www.lewaf.com"
216.244.66.237 - - [21/Aug/2026:00:34:40 -0400] "GET /portfolio-item/art-6/ HTTP/1.1" 200 153004 "-" "Mozilla/5.0 (compatible; DotBot/1.2; +https://opensiteexplorer.org/dotbot; help@moz.com)"
105.119.3.86 - - [21/Aug/2026:00:45:57 -0400] "GET / HTTP/1.1" 200 20 "-" "Mozilla/5.0 (Windows NT 10.0; Win64; x64) AppleWebKit/537.36 (KHTML, like Gecko) Chrome/124.0.0.0 Safari/537.36"
69.39.225.240 - - [21/Aug/2026:00:52:22 -0400] "POST /wp-cron.php?doing_wp_cron=1787287942.5053310394287109375000 HTTP/1.1" 200 20 "-" "WordPress/7.1; https://www.lewaf.com"
34.79.230.17 - - [21/Aug/2026:00:52:21 -0400] "GET / HTTP/1.1" 200 20 "-" "Mozilla/5.0 (Windows NT 10.0; Win64; x64) AppleWebKit/537.36 (KHTML, like Gecko) Chrome/84.0.4147.105 Safari/537.36"
69.39.225.240 - - [21/Aug/2026:01:16:00 -0400] "POST /wp-cron.php?doing_wp_cron=1787289360.6300079822540283203125 HTTP/1.1" 200 20 "-" "WordPress/7.1; https://www.lewaf.com"
216.244.66.237 - - [21/Aug/2026:01:16:00 -0400] "GET /portfolio-item/art-5/feed/ HTTP/1.1" 200 741 "-" "Mozilla/5.0 (compatible; DotBot/1.2; +https://opensiteexplorer.org/dotbot; help@moz.com)"
69.39.225.240 - - [21/Aug/2026:02:01:38 -0400] "POST /wp-cron.php?doing_wp_cron=1787292098.8395879268646240234375 HTTP/1.1" 200 20 "-" "WordPress/7.1; https://www.lewaf.com"
103.131.71.185 - - [21/Aug/2026:02:01:38 -0400] "GET /robots.txt HTTP/1.1" 200 20 "-" "Mozilla/5.0 (compatible; coccocbot-web/1.0; +http://help.coccoc.com/searchengine)"
103.131.71.185 - - [21/Aug/2026:02:01:40 -0400] "GET /robots.txt HTTP/1.1" 200 171 "-" "Mozilla/5.0 (compatible; coccocbot-web/1.0; +http://help.coccoc.com/searchengine)"
69.39.225.240 - - [21/Aug/2026:02:07:52 -0400] "POST /wp-cron.php?doing_wp_cron=1787292472.5554740428924560546875 HTTP/1.1" 200 20 "-" "WordPress/7.1; https://www.lewaf.com"
216.244.66.237 - - [21/Aug/2026:02:07:49 -0400] "GET /cart/?remove_item=64b6b3b6340ffb40931058f9d484356c&_wpnonce=f77f1d1fe0 HTTP/1.1" 200 213838 "-" "Mozilla/5.0 (compatible; DotBot/1.2; +https://opensiteexplorer.org/dotbot; help@moz.com)"
216.244.66.237 - - [21/Aug/2026:02:08:00 -0400] "GET /cart/?remove_item=6d29ccfababa3f755ab0ef13ec653fdf&_wpnonce=99c889b717 HTTP/1.1" 200 213838 "-" "Mozilla/5.0 (compatible; DotBot/1.2; +https://opensiteexplorer.org/dotbot; help@moz.com)"
216.244.66.237 - - [21/Aug/2026:02:08:08 -0400] "GET /cart/?remove_item=e1fe2d2278bd2e2e81fbc42380546640&_wpnonce=63b4f74a2f HTTP/1.1" 200 213838 "-" "Mozilla/5.0 (compatible; DotBot/1.2; +https://opensiteexplorer.org/dotbot; help@moz.com)"
194.110.207.62 - - [21/Aug/2026:02:16:13 -0400] "GET /index.php?rest_route=/wp/v2/plugins HTTP/1.1" 200 6635 "-" "Mozilla/5.0 (Macintosh; Intel Mac OS X 10_9_1) AppleWebKit/537.36 (KHTML, like Gecko) Chrome/49.0.2638.22 Safari/537.36"
194.110.207.62 - - [21/Aug/2026:02:16:16 -0400] "GET /index.php?rest_route=/wp/v2/plugins HTTP/1.1" 200 6634 "-" "Mozilla/5.0 (compatible; MSIE 10.0; Windows NT 10.0; Win64; x64; Trident/6.0)"
194.110.207.62 - - [21/Aug/2026:02:16:16 -0400] "GET /wp-json/wp/v2/plugins HTTP/1.1" 200 6634 "http://lewaf.com/index.php?rest_route=/wp/v2/plugins" "Mozilla/5.0 (compatible; MSIE 10.0; Windows NT 10.0; Win64; x64; Trident/6.0)"
194.110.207.62 - - [21/Aug/2026:02:16:54 -0400] "GET /wp-json/wp/v2/plugins HTTP/1.1" 200 6635 "http://lewaf.bronze-server.com/index.php?rest_route=/wp/v2/plugins" "Mozilla/5.0 (Macintosh; Intel Mac OS X 10_9_1) AppleWebKit/537.36 (KHTML, like Gecko) Chrome/49.0.2638.22 Safari/537.36"
54.152.198.76 - - [21/Aug/2026:02:26:10 -0400] "GET /robots.txt HTTP/1.1" 200 171 "-" "Mozilla/5.0 (Macintosh; Intel Mac OS X 10_10_1) AppleWebKit/600.2.5 (KHTML, like Gecko) Version/8.0.2 Safari/600.2.5 (Gort)"
69.39.225.240 - - [21/Aug/2026:02:39:08 -0400] "POST /wp-cron.php?doing_wp_cron=1787294348.4567620754241943359375 HTTP/1.1" 200 20 "-" "WordPress/7.1; https://www.lewaf.com"
185.217.0.59 - - [21/Aug/2026:02:39:07 -0400] "GET / HTTP/1.1" 200 20 "-" "Mozilla/5.0 (Windows NT 10.0; Win64; x64) AppleWebKit/537.36 Chrome/120.0.0.0 Safari/537.36"
69.39.225.240 - - [21/Aug/2026:02:39:27 -0400] "POST /wp-cron.php?doing_wp_cron=1787294367.2290809154510498046875 HTTP/1.1" 200 20 "-" "WordPress/7.1; https://www.lewaf.com"
108.186.112.90 - - [21/Aug/2026:02:39:24 -0400] "GET / HTTP/1.1" 200 20 "http://lewaf.com/" "Mozilla/5.0 (Windows NT 10.0; Win64; x64) AppleWebKit/537.36 (KHTML, like Gecko) Chrome/126.0.0.0 Safari/537.36"
108.186.112.90 - - [21/Aug/2026:02:39:32 -0400] "GET / HTTP/1.1" 200 20 "http://lewaf.com/" "Mozilla/5.0 (Windows NT 10.0; Win64; x64) AppleWebKit/537.36 (KHTML, like Gecko) Chrome/126.0.0.0 Safari/537.36"
157.230.83.140 - - [21/Aug/2026:02:55:08 -0400] "GET / HTTP/1.1" 200 20 "-" "Mozilla/5.0 (X11; Linux x86_64) AppleWebKit/537.36 (KHTML, like Gecko) Chrome/142.0.0.0 Safari/537.36"
69.39.225.240 - - [21/Aug/2026:03:00:45 -0400] "POST /wp-cron.php?doing_wp_cron=1787295645.6829330921173095703125 HTTP/1.1" 200 20 "-" "WordPress/7.1; https://www.lewaf.com"
54.187.56.142 - - [21/Aug/2026:03:00:44 -0400] "GET / HTTP/1.1" 200 20 "-" "Mozilla/5.0 (Windows NT 10.0; Win64; x64) AppleWebKit/537.36 (KHTML, like Gecko) Chrome/113.0.0.0 Safari/537.36"
69.39.225.240 - - [21/Aug/2026:03:29:21 -0400] "POST /wp-cron.php?doing_wp_cron=1787297361.4112510681152343750000 HTTP/1.1" 200 20 "-" "WordPress/7.1; https://www.lewaf.com"
43.130.3.120 - - [21/Aug/2026:03:29:20 -0400] "GET / HTTP/1.1" 200 20 "-" "Mozilla/5.0 (iPhone; CPU iPhone OS 13_2_3 like Mac OS X) AppleWebKit/605.1.15 (KHTML, like Gecko) Version/13.0.3 Mobile/15E148 Safari/604.1"
69.39.225.240 - - [21/Aug/2026:03:32:02 -0400] "POST /wp-cron.php?doing_wp_cron=1787297522.3017430305480957031250 HTTP/1.1" 200 20 "-" "WordPress/7.1; https://www.lewaf.com"
216.244.66.237 - - [21/Aug/2026:03:32:00 -0400] "GET /cart/?remove_item=6d29ccfababa3f755ab0ef13ec653fdf&_wpnonce=1889ffe3c2 HTTP/1.1" 200 213838 "-" "Mozilla/5.0 (compatible; DotBot/1.2; +https://opensiteexplorer.org/dotbot; help@moz.com)"
69.39.225.240 - - [21/Aug/2026:04:30:50 -0400] "POST /wp-cron.php?doing_wp_cron=1787301050.6669158935546875000000 HTTP/1.1" 200 20 "-" "WordPress/7.1; https://www.lewaf.com"
107.150.80.63 - - [21/Aug/2026:04:30:49 -0400] "GET /wp-login.php HTTP/1.1" 200 20 "-" "Mozilla/5.0 (Windows NT 10.0; Win64; x64) AppleWebKit/537.36 (KHTML, like Gecko) Chrome/115.0.0.0 Safari/537.36 Edg/115.0.1901.203"
69.39.225.240 - - [21/Aug/2026:04:44:17 -0400] "POST /wp-cron.php?doing_wp_cron=1787301857.7190980911254882812500 HTTP/1.1" 200 20 "-" "WordPress/7.1; https://www.lewaf.com"
43.157.38.228 - - [21/Aug/2026:04:44:16 -0400] "GET / HTTP/1.1" 200 20 "-" "Mozilla/5.0 (iPhone; CPU iPhone OS 13_2_3 like Mac OS X) AppleWebKit/605.1.15 (KHTML, like Gecko) Version/13.0.3 Mobile/15E148 Safari/604.1"
198.235.24.181 - - [21/Aug/2026:05:42:12 -0400] "GET / HTTP/1.1" 200 - "-" "Hello from Palo Alto Networks, find out more about our scans in https://docs-cortex.paloaltonetworks.com/r/1/Cortex-Xpanse/Scanning-activity"
35.252.200.186 - - [21/Aug/2026:05:57:36 -0400] "GET / HTTP/1.1" 200 - "-" "Mozilla/5.0 (Windows NT 10.0; Win64; x64) AppleWebKit/537.36 (KHTML, like Gecko) Chrome/95.0.4638.69 Safari/537.36"
69.39.225.240 - - [21/Aug/2026:06:18:00 -0400] "POST /wp-cron.php?doing_wp_cron=1787307480.4219899177551269531250 HTTP/1.1" 200 20 "-" "WordPress/7.1; https://www.lewaf.com"
150.5.132.68 - - [21/Aug/2026:06:17:59 -0400] "GET / HTTP/1.1" 200 20 "-" "Mozilla/5.0 (Windows NT 10.0; Win64; x64) AppleWebKit/537.36 (KHTML, like Gecko) Chrome/117.0.0.0 Safari/537.36"
69.39.225.240 - - [21/Aug/2026:06:29:59 -0400] "POST /wp-cron.php?doing_wp_cron=1787308199.0167660713195800781250 HTTP/1.1" 200 20 "-" "WordPress/7.1; https://www.lewaf.com"
216.244.66.237 - - [21/Aug/2026:06:29:58 -0400] "GET /cart/?remove_item=64b6b3b6340ffb40931058f9d484356c&_wpnonce=8559ffbae8 HTTP/1.1" 200 213838 "-" "Mozilla/5.0 (compatible; DotBot/1.2; +https://opensiteexplorer.org/dotbot; help@moz.com)"
216.244.66.237 - - [21/Aug/2026:06:30:03 -0400] "GET /cart/?remove_item=6d29ccfababa3f755ab0ef13ec653fdf&_wpnonce=b269e13778 HTTP/1.1" 200 213838 "-" "Mozilla/5.0 (compatible; DotBot/1.2; +https://opensiteexplorer.org/dotbot; help@moz.com)"
69.39.225.240 - - [21/Aug/2026:06:47:19 -0400] "POST /wp-cron.php?doing_wp_cron=1787309239.3701679706573486328125 HTTP/1.1" 200 20 "-" "WordPress/7.1; https://www.lewaf.com"
103.131.71.39 - - [21/Aug/2026:06:47:18 -0400] "GET /robots.txt HTTP/1.1" 200 20 "-" "Mozilla/5.0 (compatible; coccocbot-image/1.0; +http://help.coccoc.com/searchengine)"
103.131.71.39 - - [21/Aug/2026:06:47:21 -0400] "GET /robots.txt HTTP/1.1" 200 171 "-" "Mozilla/5.0 (compatible; coccocbot-image/1.0; +http://help.coccoc.com/searchengine)"
20.40.208.6 - - [21/Aug/2026:06:56:53 -0400] "GET /wp-content/plugins/hellopress/wp_filemanager.php HTTP/1.1" 403 199 "-" "-"
69.39.225.240 - - [21/Aug/2026:06:56:54 -0400] "POST /wp-cron.php?doing_wp_cron=1787309814.0322980880737304687500 HTTP/1.1" 200 20 "-" "WordPress/7.1; https://www.lewaf.com"
20.40.208.6 - - [21/Aug/2026:06:56:53 -0400] "GET /this_is_a_new_hello_world.php HTTP/1.1" 200 138022 "-" "-"
20.40.208.6 - - [21/Aug/2026:06:56:54 -0400] "GET /wp-content/plugins/index.php HTTP/1.1" 403 199 "-" "-"
20.40.208.6 - - [21/Aug/2026:06:56:54 -0400] "GET /wp-content/themes/index.php HTTP/1.1" 403 199 "-" "-"
20.40.208.6 - - [21/Aug/2026:06:56:54 -0400] "GET /wp-content/themes/astra/inc/ki1k.php HTTP/1.1" 403 199 "-" "-"
20.40.208.6 - - [21/Aug/2026:06:56:54 -0400] "GET /wp-admin/js/widgets/ HTTP/1.1" 403 199 "-" "-"
20.40.208.6 - - [21/Aug/2026:06:56:54 -0400] "GET /wp-the.php HTTP/1.1" 200 137984 "-" "-"
20.40.208.6 - - [21/Aug/2026:06:56:54 -0400] "GET /leaf.php HTTP/1.1" 200 137980 "-" "-"
20.40.208.6 - - [21/Aug/2026:06:56:55 -0400] "GET //wp.php HTTP/1.1" 200 - "-" "-"
20.40.208.6 - - [21/Aug/2026:06:56:55 -0400] "GET /wp.php HTTP/1.1" 200 137976 "-" "-"
20.40.208.6 - - [21/Aug/2026:06:56:56 -0400] "GET /berlin.php HTTP/1.1" 200 137984 "-" "-"
20.40.208.6 - - [21/Aug/2026:06:56:57 -0400] "GET /wp-includes/Text/wp-conflg.php HTTP/1.1" 403 199 "-" "-"
20.40.208.6 - - [21/Aug/2026:06:56:57 -0400] "GET /wp-block.php HTTP/1.1" 200 137988 "-" "-"
20.40.208.6 - - [21/Aug/2026:06:56:57 -0400] "GET /readme.php HTTP/1.1" 200 137984 "-" "-"
20.40.208.6 - - [21/Aug/2026:06:56:58 -0400] "GET /wp-admin/js/widgets/index.php HTTP/1.1" 200 - "-" "-"
20.40.208.6 - - [21/Aug/2026:06:56:58 -0400] "GET /wp-admin/js/widgets/ HTTP/1.1" 403 199 "-" "-"
20.40.208.6 - - [21/Aug/2026:06:56:58 -0400] "GET //xxx.php HTTP/1.1" 200 - "-" "-"
20.40.208.6 - - [21/Aug/2026:06:56:59 -0400] "GET /xxx.php HTTP/1.1" 200 137978 "-" "-"
20.40.208.6 - - [21/Aug/2026:06:56:59 -0400] "GET /wp-login.php HTTP/1.1" 200 - "-" "-"
20.40.208.6 - - [21/Aug/2026:06:57:02 -0400] "GET /new.php HTTP/1.1" 200 137978 "-" "-"
20.40.208.6 - - [21/Aug/2026:06:57:02 -0400] "GET /classwithtostring.php HTTP/1.1" 200 138006 "-" "-"
20.40.208.6 - - [21/Aug/2026:06:57:03 -0400] "GET /wp-slss.php HTTP/1.1" 200 137986 "-" "-"
20.40.208.6 - - [21/Aug/2026:06:57:04 -0400] "GET /x.php HTTP/1.1" 200 137974 "-" "-"
20.40.208.6 - - [21/Aug/2026:06:57:04 -0400] "GET /wp-content/uploads/index.php HTTP/1.1" 403 199 "-" "-"
20.40.208.6 - - [21/Aug/2026:06:57:04 -0400] "GET /wp-content/about.php HTTP/1.1" 403 199 "-" "-"
20.40.208.6 - - [21/Aug/2026:06:57:04 -0400] "GET /wefile.php HTTP/1.1" 200 137984 "-" "-"
20.40.208.6 - - [21/Aug/2026:06:57:05 -0400] "GET /yanz.php HTTP/1.1" 200 137980 "-" "-"
20.40.208.6 - - [21/Aug/2026:06:57:05 -0400] "GET /makeasmtp.php HTTP/1.1" 200 137990 "-" "-"
20.40.208.6 - - [21/Aug/2026:06:57:06 -0400] "GET /wp-admin/network/admin.php HTTP/1.1" 200 - "-" "-"
20.40.208.6 - - [21/Aug/2026:06:57:08 -0400] "GET /file.php HTTP/1.1" 200 137980 "-" "-"
20.40.208.6 - - [21/Aug/2026:06:57:09 -0400] "GET /wp-content/index.php HTTP/1.1" 403 199 "-" "-"
20.40.208.6 - - [21/Aug/2026:06:57:09 -0400] "GET /666.php HTTP/1.1" 200 137978 "-" "-"
20.40.208.6 - - [21/Aug/2026:06:57:09 -0400] "GET /info.php HTTP/1.1" 200 137980 "-" "-"
20.40.208.6 - - [21/Aug/2026:06:57:10 -0400] "GET /min.php HTTP/1.1" 200 137978 "-" "-"
20.40.208.6 - - [21/Aug/2026:06:57:10 -0400] "GET /wp-admin/function.php HTTP/1.1" 200 138006 "-" "-"
20.40.208.6 - - [21/Aug/2026:06:57:11 -0400] "GET /ok.php HTTP/1.1" 200 137976 "-" "-"
20.40.208.6 - - [21/Aug/2026:06:57:11 -0400] "GET /wp-admin/network/chosen.php HTTP/1.1" 200 138018 "-" "-"
20.40.208.6 - - [21/Aug/2026:06:57:12 -0400] "GET /wp-includes/customize/wp-login.php HTTP/1.1" 403 199 "-" "-"
20.40.208.6 - - [21/Aug/2026:06:57:12 -0400] "GET /index/function.php HTTP/1.1" 200 138000 "-" "-"
20.40.208.6 - - [21/Aug/2026:06:57:13 -0400] "GET //wp-file.php HTTP/1.1" 200 - "-" "-"
20.40.208.6 - - [21/Aug/2026:06:57:13 -0400] "GET /wp-file.php HTTP/1.1" 200 137986 "-" "-"
20.40.208.6 - - [21/Aug/2026:06:57:14 -0400] "GET /miru1.php HTTP/1.1" 200 137982 "-" "-"
20.40.208.6 - - [21/Aug/2026:06:57:14 -0400] "GET //shell.php HTTP/1.1" 200 - "-" "-"
20.40.208.6 - - [21/Aug/2026:06:57:15 -0400] "GET /shell.php HTTP/1.1" 200 137982 "-" "-"
20.40.208.6 - - [21/Aug/2026:06:57:15 -0400] "GET /simple.php HTTP/1.1" 200 137984 "-" "-"
20.40.208.6 - - [21/Aug/2026:06:57:16 -0400] "GET /wp-xx.php HTTP/1.1" 200 137982 "-" "-"
20.40.208.6 - - [21/Aug/2026:06:57:16 -0400] "GET /wp-2019.php HTTP/1.1" 200 137986 "-" "-"
20.40.208.6 - - [21/Aug/2026:06:57:17 -0400] "GET /wp-conflg.php HTTP/1.1" 200 137990 "-" "-"
20.40.208.6 - - [21/Aug/2026:06:57:18 -0400] "GET /wp-admin/css/wp-conflg.php HTTP/1.1" 200 138016 "-" "-"
20.40.208.6 - - [21/Aug/2026:06:57:18 -0400] "GET /sitemap.php HTTP/1.1" 200 137986 "-" "-"
20.40.208.6 - - [21/Aug/2026:06:57:19 -0400] "GET /jlex.php HTTP/1.1" 200 137980 "-" "-"
20.40.208.6 - - [21/Aug/2026:06:57:19 -0400] "GET /cx.php HTTP/1.1" 200 137976 "-" "-"
20.40.208.6 - - [21/Aug/2026:06:57:20 -0400] "GET /index.php0 HTTP/1.1" 200 137984 "-" "-"
20.40.208.6 - - [21/Aug/2026:06:57:21 -0400] "GET /kk.php HTTP/1.1" 200 137976 "-" "-"
20.40.208.6 - - [21/Aug/2026:06:57:21 -0400] "GET /aaa.php HTTP/1.1" 200 137978 "-" "-"
20.40.208.6 - - [21/Aug/2026:06:57:22 -0400] "GET /wp-includes/rest-api/fields/index.php HTTP/1.1" 403 199 "-" "-"
20.40.208.6 - - [21/Aug/2026:06:57:22 -0400] "GET //w3lls.php HTTP/1.1" 200 - "-" "-"
20.40.208.6 - - [21/Aug/2026:06:57:22 -0400] "GET /w3lls.php HTTP/1.1" 200 137982 "-" "-"
20.40.208.6 - - [21/Aug/2026:06:57:23 -0400] "GET /noe.php HTTP/1.1" 200 137978 "-" "-"
69.39.225.240 - - [21/Aug/2026:06:57:24 -0400] "POST /wp-cron.php?doing_wp_cron=1787309844.1721050739288330078125 HTTP/1.1" 200 20 "-" "WordPress/7.1; https://www.lewaf.com"
20.40.208.6 - - [21/Aug/2026:06:57:23 -0400] "GET /wp-admin/js/wp-conflg.php HTTP/1.1" 200 138014 "-" "-"
20.40.208.6 - - [21/Aug/2026:06:57:24 -0400] "GET /gk.php HTTP/1.1" 200 137976 "-" "-"
20.40.208.6 - - [21/Aug/2026:06:57:24 -0400] "GET /xper1.php HTTP/1.1" 200 137982 "-" "-"
20.40.208.6 - - [21/Aug/2026:06:57:25 -0400] "GET /drykl.php HTTP/1.1" 200 137982 "-" "-"
20.40.208.6 - - [21/Aug/2026:06:57:25 -0400] "GET /ccou.php HTTP/1.1" 200 137980 "-" "-"
20.40.208.6 - - [21/Aug/2026:06:57:26 -0400] "GET /wmore1.php HTTP/1.1" 200 137984 "-" "-"
20.40.208.6 - - [21/Aug/2026:06:57:27 -0400] "GET /GA13.php HTTP/1.1" 200 137980 "-" "-"
20.40.208.6 - - [21/Aug/2026:06:57:28 -0400] "GET /ma1.php HTTP/1.1" 200 137978 "-" "-"
20.40.208.6 - - [21/Aug/2026:06:57:29 -0400] "GET /wp-content/packed.php HTTP/1.1" 403 199 "-" "-"
20.40.208.6 - - [21/Aug/2026:06:57:29 -0400] "GET /wp-admin/images/wp-login.php HTTP/1.1" 200 138020 "-" "-"
20.40.208.6 - - [21/Aug/2026:06:57:29 -0400] "GET /wp-admin/images/index.php HTTP/1.1" 200 - "-" "-"
20.40.208.6 - - [21/Aug/2026:06:57:29 -0400] "GET /wp-admin/images/ HTTP/1.1" 403 199 "-" "-"
20.40.208.6 - - [21/Aug/2026:06:57:30 -0400] "GET /link.php HTTP/1.1" 200 137980 "-" "-"
20.40.208.6 - - [21/Aug/2026:06:57:30 -0400] "GET /xex.php HTTP/1.1" 200 137978 "-" "-"
20.40.208.6 - - [21/Aug/2026:06:57:31 -0400] "GET //ops.php HTTP/1.1" 200 - "-" "-"
20.40.208.6 - - [21/Aug/2026:06:57:31 -0400] "GET /ops.php HTTP/1.1" 200 137978 "-" "-"
20.40.208.6 - - [21/Aug/2026:06:57:32 -0400] "GET /qlex1.php HTTP/1.1" 200 137982 "-" "-"
20.40.208.6 - - [21/Aug/2026:06:57:32 -0400] "GET /k.php HTTP/1.1" 200 137974 "-" "-"
20.40.208.6 - - [21/Aug/2026:06:57:33 -0400] "GET /wp-blog-header.php HTTP/1.1" 200 - "-" "-"
20.40.208.6 - - [21/Aug/2026:06:57:33 -0400] "GET /wp-links.php HTTP/1.1" 200 137988 "-" "-"
20.40.208.6 - - [21/Aug/2026:06:57:34 -0400] "GET /byp.php HTTP/1.1" 200 137978 "-" "-"
20.40.208.6 - - [21/Aug/2026:06:57:34 -0400] "GET /buds1.php HTTP/1.1" 200 137982 "-" "-"
20.40.208.6 - - [21/Aug/2026:06:57:35 -0400] "GET /wp-includes/ID3/index.php HTTP/1.1" 403 199 "-" "-"
20.40.208.6 - - [21/Aug/2026:06:57:35 -0400] "GET /wp.php HTTP/1.1" 200 137976 "-" "-"
20.40.208.6 - - [21/Aug/2026:06:57:35 -0400] "GET /file5.php HTTP/1.1" 200 137982 "-" "-"
20.40.208.6 - - [21/Aug/2026:06:57:36 -0400] "GET //wp-includes/l10n/themes.php HTTP/1.1" 403 199 "-" "-"
20.40.208.6 - - [21/Aug/2026:06:57:36 -0400] "GET /wp-admin/wp-conflg.php HTTP/1.1" 200 138008 "-" "-"
20.40.208.6 - - [21/Aug/2026:06:57:36 -0400] "GET /as.php HTTP/1.1" 200 137976 "-" "-"
20.40.208.6 - - [21/Aug/2026:06:57:37 -0400] "GET /wp-content/plugins/seoplugins/mar.php HTTP/1.1" 403 199 "-" "-"
20.40.208.6 - - [21/Aug/2026:06:57:37 -0400] "GET /csa.php HTTP/1.1" 200 137978 "-" "-"
20.40.208.6 - - [21/Aug/2026:06:57:38 -0400] "GET /wp-includes/css/wp-conflg.php HTTP/1.1" 403 199 "-" "-"
20.40.208.6 - - [21/Aug/2026:06:57:38 -0400] "GET /403.php HTTP/1.1" 200 137978 "-" "-"
20.40.208.6 - - [21/Aug/2026:06:57:38 -0400] "GET /wp-content/config.php HTTP/1.1" 403 199 "-" "-"
20.40.208.6 - - [21/Aug/2026:06:57:38 -0400] "GET /b.php HTTP/1.1" 200 137974 "-" "-"
20.40.208.6 - - [21/Aug/2026:06:57:39 -0400] "GET /wp-content/themes/admin.php HTTP/1.1" 403 199 "-" "-"
20.40.208.6 - - [21/Aug/2026:06:57:39 -0400] "GET /wp-includes/Text/Diff/Engine/about.php HTTP/1.1" 403 199 "-" "-"
20.40.208.6 - - [21/Aug/2026:06:57:39 -0400] "GET /jok3r.php HTTP/1.1" 200 137982 "-" "-"
20.40.208.6 - - [21/Aug/2026:06:57:40 -0400] "GET /themes.php HTTP/1.1" 200 137984 "-" "-"
20.40.208.6 - - [21/Aug/2026:06:57:40 -0400] "GET /images/404.php HTTP/1.1" 200 137992 "-" "-"
20.40.208.6 - - [21/Aug/2026:06:57:41 -0400] "GET /file1.php HTTP/1.1" 200 137982 "-" "-"
20.40.208.6 - - [21/Aug/2026:06:57:41 -0400] "GET /doc.php HTTP/1.1" 200 137978 "-" "-"
20.40.208.6 - - [21/Aug/2026:06:57:42 -0400] "GET /2x.php HTTP/1.1" 200 137976 "-" "-"
20.40.208.6 - - [21/Aug/2026:06:57:42 -0400] "GET /wplogbak.php HTTP/1.1" 200 137988 "-" "-"
20.40.208.6 - - [21/Aug/2026:06:57:43 -0400] "GET /test.php HTTP/1.1" 200 137980 "-" "-"
20.40.208.6 - - [21/Aug/2026:06:57:44 -0400] "GET /p-blog.php HTTP/1.1" 200 137984 "-" "-"
20.40.208.6 - - [21/Aug/2026:06:57:44 -0400] "GET /geforce.php HTTP/1.1" 200 137986 "-" "-"
20.40.208.6 - - [21/Aug/2026:06:57:45 -0400] "GET /config.php HTTP/1.1" 200 137984 "-" "-"
20.40.208.6 - - [21/Aug/2026:06:57:45 -0400] "GET /wp-content/themes/cay-van-phong/filemanager.php HTTP/1.1" 403 199 "-" "-"
20.40.208.6 - - [21/Aug/2026:06:57:45 -0400] "GET /wp-includes/assets/index.php HTTP/1.1" 403 199 "-" "-"
20.40.208.6 - - [21/Aug/2026:06:57:45 -0400] "GET /wp-includes/customize/index.php HTTP/1.1" 403 199 "-" "-"
20.40.208.6 - - [21/Aug/2026:06:57:45 -0400] "GET /bless24.php HTTP/1.1" 200 137986 "-" "-"
20.40.208.6 - - [21/Aug/2026:06:57:46 -0400] "GET /sta.php HTTP/1.1" 200 137978 "-" "-"
20.40.208.6 - - [21/Aug/2026:06:57:46 -0400] "GET /wp-content/themes/twenty/twenty.php HTTP/1.1" 403 199 "-" "-"
20.40.208.6 - - [21/Aug/2026:06:57:46 -0400] "GET /wp-includes/wp-class.php HTTP/1.1" 403 199 "-" "-"
20.40.208.6 - - [21/Aug/2026:06:57:46 -0400] "GET /assets/images/doc.php HTTP/1.1" 200 138006 "-" "-"
20.40.208.6 - - [21/Aug/2026:06:57:47 -0400] "GET /sql.php HTTP/1.1" 200 137978 "-" "-"
20.40.208.6 - - [21/Aug/2026:06:57:47 -0400] "GET /sg.php HTTP/1.1" 200 137976 "-" "-"
20.40.208.6 - - [21/Aug/2026:06:57:48 -0400] "GET /shell20211028.php HTTP/1.1" 200 137998 "-" "-"
20.40.208.6 - - [21/Aug/2026:06:57:49 -0400] "GET /packed.php HTTP/1.1" 200 137984 "-" "-"
20.40.208.6 - - [21/Aug/2026:06:57:49 -0400] "GET /ms.php HTTP/1.1" 200 137976 "-" "-"
20.40.208.6 - - [21/Aug/2026:06:57:50 -0400] "GET /wp-content/upgrade-temp-backup/wp-login.php HTTP/1.1" 403 199 "-" "-"
20.40.208.6 - - [21/Aug/2026:06:57:50 -0400] "GET /wp-content/themes/aahana/json.php HTTP/1.1" 403 199 "-" "-"
20.40.208.6 - - [21/Aug/2026:06:57:50 -0400] "GET /wp-admin/includes/install.php HTTP/1.1" 200 138022 "-" "-"
20.40.208.6 - - [21/Aug/2026:06:57:50 -0400] "GET /wp-includes/pomo/install.php HTTP/1.1" 403 199 "-" "-"
69.39.225.240 - - [21/Aug/2026:06:57:51 -0400] "POST /wp-cron.php?doing_wp_cron=1787309871.3211390972137451171875 HTTP/1.1" 200 20 "-" "WordPress/7.1; https://www.lewaf.com"
20.40.208.6 - - [21/Aug/2026:06:57:50 -0400] "GET /f22.php HTTP/1.1" 200 137978 "-" "-"
20.40.208.6 - - [21/Aug/2026:06:57:51 -0400] "GET /wp-content/plugins/admin.php HTTP/1.1" 403 199 "-" "-"
20.40.208.6 - - [21/Aug/2026:06:57:51 -0400] "GET /wp-includes/assets/about.php HTTP/1.1" 403 199 "-" "-"
20.40.208.6 - - [21/Aug/2026:06:57:51 -0400] "GET /1.php HTTP/1.1" 200 137974 "-" "-"
20.40.208.6 - - [21/Aug/2026:06:57:51 -0400] "GET /wp-content/uploads/wp-conflg.php HTTP/1.1" 403 199 "-" "-"
20.40.208.6 - - [21/Aug/2026:06:57:52 -0400] "GET /wander.php HTTP/1.1" 200 137984 "-" "-"
20.40.208.6 - - [21/Aug/2026:06:57:52 -0400] "GET /wp-includes/SimplePie/wp-conflg.php HTTP/1.1" 403 199 "-" "-"
20.40.208.6 - - [21/Aug/2026:06:57:52 -0400] "GET /wp-access.php HTTP/1.1" 200 137990 "-" "-"
20.40.208.6 - - [21/Aug/2026:06:57:53 -0400] "GET /wp-content/file.php HTTP/1.1" 403 199 "-" "-"
20.40.208.6 - - [21/Aug/2026:06:57:53 -0400] "GET /buy.php HTTP/1.1" 200 137978 "-" "-"
20.40.208.6 - - [21/Aug/2026:06:57:53 -0400] "GET /wp-sing.php HTTP/1.1" 200 137986 "-" "-"
20.40.208.6 - - [21/Aug/2026:06:57:54 -0400] "GET /chosen.php HTTP/1.1" 200 137984 "-" "-"
20.40.208.6 - - [21/Aug/2026:06:57:54 -0400] "GET /wp-includes/block-supports/autoload_classmap.php HTTP/1.1" 403 199 "-" "-"
69.39.225.240 - - [21/Aug/2026:06:57:55 -0400] "POST /wp-cron.php?doing_wp_cron=1787309875.3930280208587646484375 HTTP/1.1" 200 20 "-" "WordPress/7.1; https://www.lewaf.com"
20.40.208.6 - - [21/Aug/2026:06:57:54 -0400] "GET /t.php HTTP/1.1" 200 137974 "-" "-"
20.40.208.6 - - [21/Aug/2026:06:57:55 -0400] "GET /manage.php HTTP/1.1" 200 137984 "-" "-"
20.40.208.6 - - [21/Aug/2026:06:57:56 -0400] "GET /011i.php HTTP/1.1" 200 137980 "-" "-"
20.40.208.6 - - [21/Aug/2026:06:57:56 -0400] "GET /txets.php HTTP/1.1" 200 137982 "-" "-"
20.40.208.6 - - [21/Aug/2026:06:57:57 -0400] "GET /wp-includes/images/wlw/wp-login.php HTTP/1.1" 403 199 "-" "-"
20.40.208.6 - - [21/Aug/2026:06:57:57 -0400] "GET /wp-admin/network/shell.php HTTP/1.1" 200 138016 "-" "-"
20.40.208.6 - - [21/Aug/2026:06:57:57 -0400] "GET //item.php HTTP/1.1" 200 - "-" "-"
20.40.208.6 - - [21/Aug/2026:06:57:58 -0400] "GET /item.php HTTP/1.1" 200 137980 "-" "-"
20.40.208.6 - - [21/Aug/2026:06:57:58 -0400] "GET /vxrl.php HTTP/1.1" 200 137980 "-" "-"
20.40.208.6 - - [21/Aug/2026:06:57:59 -0400] "GET /wp-admin/chosen.php HTTP/1.1" 200 138002 "-" "-"
20.40.208.6 - - [21/Aug/2026:06:57:59 -0400] "GET /wp-includes/index.php HTTP/1.1" 403 199 "-" "-"
20.40.208.6 - - [21/Aug/2026:06:57:59 -0400] "GET /about/function.php HTTP/1.1" 200 138000 "-" "-"
20.40.208.6 - - [21/Aug/2026:06:58:00 -0400] "GET /xxx.php HTTP/1.1" 200 137978 "-" "-"
20.40.208.6 - - [21/Aug/2026:06:58:00 -0400] "GET /db.php HTTP/1.1" 200 137976 "-" "-"
20.40.208.6 - - [21/Aug/2026:06:58:01 -0400] "GET /xda.php HTTP/1.1" 200 137978 "-" "-"
20.40.208.6 - - [21/Aug/2026:06:58:02 -0400] "GET /jj.php HTTP/1.1" 200 137976 "-" "-"
20.40.208.6 - - [21/Aug/2026:06:58:03 -0400] "GET /wp-admin/css/colors/blue/index.php HTTP/1.1" 200 - "-" "-"
20.40.208.6 - - [21/Aug/2026:06:58:03 -0400] "GET /wp-admin/css/colors/blue/ HTTP/1.1" 403 199 "-" "-"
20.40.208.6 - - [21/Aug/2026:06:58:03 -0400] "GET /wp-content/uploads/2024/index.php HTTP/1.1" 403 199 "-" "-"
20.40.208.6 - - [21/Aug/2026:06:58:03 -0400] "GET /wp-includes/images/smilies/index.php HTTP/1.1" 403 199 "-" "-"
20.40.208.6 - - [21/Aug/2026:06:58:03 -0400] "GET /bs1.php HTTP/1.1" 200 137978 "-" "-"
20.40.208.6 - - [21/Aug/2026:06:58:04 -0400] "GET /gg.php HTTP/1.1" 200 137976 "-" "-"
20.40.208.6 - - [21/Aug/2026:06:58:05 -0400] "GET /wp-admin/includes/wp-conflg.php HTTP/1.1" 200 138026 "-" "-"
20.40.208.6 - - [21/Aug/2026:06:58:05 -0400] "GET /zolando.php HTTP/1.1" 200 137986 "-" "-"
20.40.208.6 - - [21/Aug/2026:06:58:06 -0400] "GET /ty.php HTTP/1.1" 200 137976 "-" "-"
20.40.208.6 - - [21/Aug/2026:06:58:07 -0400] "GET /wp-content/plugins/dummyyummy/wp-signup.php HTTP/1.1" 403 199 "-" "-"
20.40.208.6 - - [21/Aug/2026:06:58:07 -0400] "GET /667.php HTTP/1.1" 200 137978 "-" "-"
20.40.208.6 - - [21/Aug/2026:06:58:07 -0400] "GET /wp-admin/user/chosen.php HTTP/1.1" 200 138012 "-" "-"
20.40.208.6 - - [21/Aug/2026:06:58:08 -0400] "GET /file-manager-advanced.php HTTP/1.1" 200 138014 "-" "-"
20.40.208.6 - - [21/Aug/2026:06:58:09 -0400] "GET /fe5.php HTTP/1.1" 200 137978 "-" "-"
20.40.208.6 - - [21/Aug/2026:06:58:09 -0400] "GET /ups.php HTTP/1.1" 200 137978 "-" "-"
20.40.208.6 - - [21/Aug/2026:06:58:10 -0400] "GET /dropdown.php HTTP/1.1" 200 137988 "-" "-"
20.40.208.6 - - [21/Aug/2026:06:58:11 -0400] "GET /wp-includes/block-patterns/index.php HTTP/1.1" 403 199 "-" "-"
20.40.208.6 - - [21/Aug/2026:06:58:11 -0400] "GET /wp-admin/js/index.php HTTP/1.1" 200 - "-" "-"
20.40.208.6 - - [21/Aug/2026:06:58:11 -0400] "GET /wp-admin/js/ HTTP/1.1" 403 199 "-" "-"
20.40.208.6 - - [21/Aug/2026:06:58:11 -0400] "GET /wp-includes/autoload_classmap.php HTTP/1.1" 403 199 "-" "-"
20.40.208.6 - - [21/Aug/2026:06:58:11 -0400] "GET /wp-content/plugins/seoplugins/index.php HTTP/1.1" 403 199 "-" "-"
20.40.208.6 - - [21/Aug/2026:06:58:11 -0400] "GET /wp-includes/sodium_compat/src/Core32/Curve25519/Ge/about.php HTTP/1.1" 403 199 "-" "-"
20.40.208.6 - - [21/Aug/2026:06:58:11 -0400] "GET /file6.php HTTP/1.1" 200 137982 "-" "-"
20.40.208.6 - - [21/Aug/2026:06:58:12 -0400] "GET /default.php HTTP/1.1" 200 137986 "-" "-"
20.40.208.6 - - [21/Aug/2026:06:58:12 -0400] "GET /wp-includes/html-api/wp-conflg.php HTTP/1.1" 403 199 "-" "-"
20.40.208.6 - - [21/Aug/2026:06:58:12 -0400] "GET /wp-content/plugins/about.php HTTP/1.1" 403 199 "-" "-"
20.40.208.6 - - [21/Aug/2026:06:58:12 -0400] "GET /wp-content/plugins/wp-login.php HTTP/1.1" 403 199 "-" "-"
20.40.208.6 - - [21/Aug/2026:06:58:12 -0400] "GET /wp-admin/network/about.php HTTP/1.1" 200 - "-" "-"
20.40.208.6 - - [21/Aug/2026:06:58:15 -0400] "GET /admin/function.php HTTP/1.1" 200 138000 "-" "-"
20.40.208.6 - - [21/Aug/2026:06:58:16 -0400] "GET /bthil.php HTTP/1.1" 200 137982 "-" "-"
20.40.208.6 - - [21/Aug/2026:06:58:16 -0400] "GET /ops.php HTTP/1.1" 200 137978 "-" "-"
20.40.208.6 - - [21/Aug/2026:06:58:17 -0400] "GET /wp-admin/includes/index.php HTTP/1.1" 200 - "-" "-"
20.40.208.6 - - [21/Aug/2026:06:58:17 -0400] "GET /wp-admin/includes/ HTTP/1.1" 403 199 "-" "-"
20.40.208.6 - - [21/Aug/2026:06:58:17 -0400] "GET /css/index.php HTTP/1.1" 200 - "-" "-"
20.40.208.6 - - [21/Aug/2026:06:58:18 -0400] "GET /css/ HTTP/1.1" 200 137972 "-" "-"
69.39.225.240 - - [21/Aug/2026:07:02:38 -0400] "POST /wp-cron.php?doing_wp_cron=1787310158.2042779922485351562500 HTTP/1.1" 200 20 "-" "WordPress/7.1; https://www.lewaf.com"
40.88.21.235 - - [21/Aug/2026:07:02:37 -0400] "GET / HTTP/1.1" 200 20 "-" "DuckDuckBot/1.1; (+http://duckduckgo.com/duckduckbot.html)"
69.39.225.240 - - [21/Aug/2026:07:10:15 -0400] "POST /wp-cron.php?doing_wp_cron=1787310615.6272048950195312500000 HTTP/1.1" 200 20 "-" "WordPress/7.1; https://www.lewaf.com"
216.244.66.237 - - [21/Aug/2026:07:10:15 -0400] "GET /strawberry-tart/feed/ HTTP/1.1" 200 735 "-" "Mozilla/5.0 (compatible; DotBot/1.2; +https://opensiteexplorer.org/dotbot; help@moz.com)"
69.39.225.240 - - [21/Aug/2026:07:19:08 -0400] "POST /wp-cron.php?doing_wp_cron=1787311148.4581539630889892578125 HTTP/1.1" 200 20 "-" "WordPress/7.1; https://www.lewaf.com"
103.65.236.109 - - [21/Aug/2026:07:19:07 -0400] "GET /sftp-config.json HTTP/1.1" 200 20 "-" "Mozilla/5.0 (Macintosh; Intel Mac OS X 10.15; rv:77.0) Gecko/20100101 Firefox/77.0"
103.65.236.109 - - [21/Aug/2026:07:19:09 -0400] "GET /sftp-config.json HTTP/1.1" 200 28505 "-" "Mozilla/5.0 (Macintosh; Intel Mac OS X 10.15; rv:77.0) Gecko/20100101 Firefox/77.0"
103.65.236.109 - - [21/Aug/2026:07:19:10 -0400] "GET /.vscode/sftp.json HTTP/1.1" 200 20 "-" "Mozilla/5.0 (Macintosh; Intel Mac OS X 10.15; rv:77.0) Gecko/20100101 Firefox/77.0"
