20.65.69.59 - - [16/Aug/2026:10:59:27 -0400] "GET /first.php HTTP/1.1" 200 136415 "-" "-"
20.65.69.59 - - [16/Aug/2026:10:59:27 -0400] "GET /core.php HTTP/1.1" 200 - "-" "-"
20.65.69.59 - - [16/Aug/2026:10:59:28 -0400] "GET /core.php HTTP/1.1" 200 136413 "-" "-"
193.123.73.95 - - [16/Aug/2026:11:10:05 -0400] "GET /file-manager/initialize HTTP/1.1" 200 28205 "-" "Mozilla/5.0 (Windows NT 10.0; Win64; x64) AppleWebKit/537.36"
93.152.221.138 - - [16/Aug/2026:11:36:13 -0400] "GET / HTTP/1.1" 200 20 "-" "Mozilla/5.0 (Windows NT 10.0; Win64; x64) AppleWebKit/537.36 (KHTML, like Gecko) Chrome/122.0.0.0 Safari/537.36"
69.39.225.240 - - [16/Aug/2026:11:44:43 -0400] "POST /wp-cron.php?doing_wp_cron=1786895083.8987200260162353515625 HTTP/1.1" 200 20 "-" "WordPress/7.0.4; https://www.lewaf.com"
23.94.155.69 - - [16/Aug/2026:11:44:39 -0400] "GET / HTTP/1.1" 200 20 "-" "Go-http-client/1.1"
69.39.225.240 - - [16/Aug/2026:11:46:58 -0400] "POST /wp-cron.php?doing_wp_cron=1786895218.8213660717010498046875 HTTP/1.1" 200 20 "-" "WordPress/7.0.4; https://www.lewaf.com"
54.212.187.227 - - [16/Aug/2026:11:46:58 -0400] "GET / HTTP/1.1" 200 20 "-" "Mozilla/5.0 (Windows NT 10.0; Win64; x64) AppleWebKit/537.36 (KHTML, like Gecko) Chrome/113.0.0.0 Safari/537.36"
43.133.60.94 - - [16/Aug/2026:11:48:21 -0400] "GET / HTTP/1.1" 200 20 "-" "Mozilla/5.0 (iPhone; CPU iPhone OS 13_2_3 like Mac OS X) AppleWebKit/605.1.15 (KHTML, like Gecko) Version/13.0.3 Mobile/15E148 Safari/604.1"
69.39.225.240 - - [16/Aug/2026:12:15:49 -0400] "POST /wp-cron.php?doing_wp_cron=1786896949.4777228832244873046875 HTTP/1.1" 200 20 "-" "WordPress/7.0.4; https://www.lewaf.com"
189.101.61.181 - - [16/Aug/2026:12:15:48 -0400] "GET http://www.lewaf.com/ HTTP/1.1" 200 20 "-" "Mozilla/5.0 (Windows NT 10.0; Win64; x64) AppleWebKit/537.36 (KHTML, like Gecko) Chrome/111.0.0.0 Safari/537.36"
69.39.225.240 - - [16/Aug/2026:12:57:10 -0400] "POST /wp-cron.php?doing_wp_cron=1786899430.5746119022369384765625 HTTP/1.1" 200 20 "-" "WordPress/7.0.4; https://www.lewaf.com"
40.88.21.235 - - [16/Aug/2026:12:57:09 -0400] "GET / HTTP/1.1" 200 20 "-" "DuckDuckBot/1.1; (+http://duckduckgo.com/duckduckbot.html)"
69.39.225.240 - - [16/Aug/2026:13:01:23 -0400] "POST /wp-cron.php?doing_wp_cron=1786899683.8130569458007812500000 HTTP/1.1" 200 20 "-" "WordPress/7.0.4; https://www.lewaf.com"
216.244.66.237 - - [16/Aug/2026:13:01:23 -0400] "GET /robots.txt HTTP/1.1" 200 316 "-" "Mozilla/5.0 (compatible; DotBot/1.2; +https://opensiteexplorer.org/dotbot; help@moz.com)"
69.39.225.240 - - [16/Aug/2026:13:02:44 -0400] "POST /wp-cron.php?doing_wp_cron=1786899764.0403230190277099609375 HTTP/1.1" 200 20 "-" "WordPress/7.0.4; https://www.lewaf.com"
43.130.131.18 - - [16/Aug/2026:13:02:43 -0400] "GET / HTTP/1.1" 200 20 "-" "Mozilla/5.0 (iPhone; CPU iPhone OS 13_2_3 like Mac OS X) AppleWebKit/605.1.15 (KHTML, like Gecko) Version/13.0.3 Mobile/15E148 Safari/604.1"
216.244.66.237 - - [16/Aug/2026:13:15:14 -0400] "GET /cart/?remove_item=6d29ccfababa3f755ab0ef13ec653fdf&_wpnonce=c393ae5d85 HTTP/1.1" 200 212334 "-" "Mozilla/5.0 (compatible; DotBot/1.2; +https://opensiteexplorer.org/dotbot; help@moz.com)"
69.39.225.240 - - [16/Aug/2026:13:48:19 -0400] "POST /wp-cron.php?doing_wp_cron=1786902499.4640209674835205078125 HTTP/1.1" 200 20 "-" "WordPress/7.0.4; https://www.lewaf.com"
18.236.138.231 - - [16/Aug/2026:13:48:18 -0400] "GET / HTTP/1.1" 200 20 "-" "Mozilla/5.0 (Windows NT 10.0; Win64; x64) AppleWebKit/537.36 (KHTML, like Gecko) Chrome/113.0.0.0 Safari/537.36"
69.39.225.240 - - [16/Aug/2026:14:03:10 -0400] "POST /wp-cron.php?doing_wp_cron=1786903390.2151310443878173828125 HTTP/1.1" 200 20 "-" "WordPress/7.0.4; https://www.lewaf.com"
91.92.47.210 - - [16/Aug/2026:14:03:09 -0400] "HEAD / HTTP/1.1" 200 - "-" "Mozilla/5.0"
69.39.225.240 - - [16/Aug/2026:14:20:50 -0400] "POST /wp-cron.php?doing_wp_cron=1786904450.3628768920898437500000 HTTP/1.1" 200 20 "-" "WordPress/7.0.4; https://www.lewaf.com"
91.92.47.210 - - [16/Aug/2026:14:20:49 -0400] "HEAD / HTTP/1.1" 200 - "-" "Mozilla/5.0"
20.151.109.219 - - [16/Aug/2026:14:21:49 -0400] "GET /wp-content/plugins/hellopress/wp_filemanager.php HTTP/1.1" 403 199 "-" "-"
69.39.225.240 - - [16/Aug/2026:14:21:50 -0400] "POST /wp-cron.php?doing_wp_cron=1786904510.1258289813995361328125 HTTP/1.1" 200 20 "-" "WordPress/7.0.4; https://www.lewaf.com"
20.151.109.219 - - [16/Aug/2026:14:21:49 -0400] "GET /this_is_a_new_hello_world.php HTTP/1.1" 200 - "-" "-"
20.151.109.219 - - [16/Aug/2026:14:21:57 -0400] "GET /this_is_a_new_hello_world.php HTTP/1.1" 200 136458 "-" "-"
20.151.109.219 - - [16/Aug/2026:14:21:58 -0400] "GET /jga.php HTTP/1.1" 200 - "-" "-"
20.151.109.219 - - [16/Aug/2026:14:21:58 -0400] "GET /jga.php HTTP/1.1" 200 136414 "-" "-"
20.151.109.219 - - [16/Aug/2026:14:21:59 -0400] "GET /new.php HTTP/1.1" 200 - "-" "-"
20.151.109.219 - - [16/Aug/2026:14:21:59 -0400] "GET /new.php HTTP/1.1" 200 136414 "-" "-"
20.151.109.219 - - [16/Aug/2026:14:22:00 -0400] "GET /w.php HTTP/1.1" 200 - "-" "-"
20.151.109.219 - - [16/Aug/2026:14:22:00 -0400] "GET /w.php HTTP/1.1" 200 136410 "-" "-"
20.151.109.219 - - [16/Aug/2026:14:22:01 -0400] "GET /click.php HTTP/1.1" 200 - "-" "-"
20.151.109.219 - - [16/Aug/2026:14:22:01 -0400] "GET /click.php HTTP/1.1" 200 136418 "-" "-"
20.151.109.219 - - [16/Aug/2026:14:22:02 -0400] "GET /inc.php HTTP/1.1" 200 - "-" "-"
20.151.109.219 - - [16/Aug/2026:14:22:02 -0400] "GET /inc.php HTTP/1.1" 200 136414 "-" "-"
20.151.109.219 - - [16/Aug/2026:14:22:03 -0400] "GET /f35.php HTTP/1.1" 200 - "-" "-"
20.151.109.219 - - [16/Aug/2026:14:22:03 -0400] "GET /f35.php HTTP/1.1" 200 136414 "-" "-"
20.151.109.219 - - [16/Aug/2026:14:22:04 -0400] "GET /jj.php HTTP/1.1" 200 - "-" "-"
20.151.109.219 - - [16/Aug/2026:14:22:04 -0400] "GET /jj.php HTTP/1.1" 200 136412 "-" "-"
20.151.109.219 - - [16/Aug/2026:14:22:05 -0400] "GET /cmd.php HTTP/1.1" 200 - "-" "-"
20.151.109.219 - - [16/Aug/2026:14:22:05 -0400] "GET /cmd.php HTTP/1.1" 200 136414 "-" "-"
20.151.109.219 - - [16/Aug/2026:14:22:06 -0400] "GET /click.php HTTP/1.1" 200 - "-" "-"
20.151.109.219 - - [16/Aug/2026:14:22:06 -0400] "GET /click.php HTTP/1.1" 200 136418 "-" "-"
20.151.109.219 - - [16/Aug/2026:14:22:06 -0400] "GET /aa.php HTTP/1.1" 200 - "-" "-"
20.151.109.219 - - [16/Aug/2026:14:22:07 -0400] "GET /aa.php HTTP/1.1" 200 136412 "-" "-"
69.39.225.240 - - [16/Aug/2026:14:23:56 -0400] "POST /wp-cron.php?doing_wp_cron=1786904636.8153500556945800781250 HTTP/1.1" 200 20 "-" "WordPress/7.0.4; https://www.lewaf.com"
91.92.47.210 - - [16/Aug/2026:14:23:56 -0400] "HEAD / HTTP/1.1" 200 - "-" "Mozilla/5.0"
69.39.225.240 - - [16/Aug/2026:15:13:12 -0400] "POST /wp-cron.php?doing_wp_cron=1786907592.0377240180969238281250 HTTP/1.1" 200 20 "-" "WordPress/7.0.4; https://www.lewaf.com"
51.68.107.159 - - [16/Aug/2026:15:13:11 -0400] "GET /robots.txt HTTP/1.1" 200 20 "-" "Mozilla/5.0 (compatible; MJ12bot/v2.0.5; http://mj12bot.com/)"
51.68.107.159 - - [16/Aug/2026:15:13:12 -0400] "GET /robots.txt HTTP/1.1" 200 171 "-" "Mozilla/5.0 (compatible; MJ12bot/v2.0.5; http://mj12bot.com/)"
51.68.107.159 - - [16/Aug/2026:15:13:12 -0400] "GET / HTTP/1.1" 200 20 "-" "Mozilla/5.0 (compatible; MJ12bot/v2.0.5; http://mj12bot.com/)"
51.68.107.159 - - [16/Aug/2026:15:13:16 -0400] "GET / HTTP/1.1" 200 20 "-" "Mozilla/5.0 (compatible; MJ12bot/v2.0.5; http://mj12bot.com/)"
69.39.225.240 - - [16/Aug/2026:15:17:16 -0400] "POST /wp-cron.php?doing_wp_cron=1786907836.2494690418243408203125 HTTP/1.1" 200 20 "-" "WordPress/7.0.4; https://www.lewaf.com"
103.131.71.21 - - [16/Aug/2026:15:17:15 -0400] "GET /robots.txt HTTP/1.1" 200 20 "-" "Mozilla/5.0 (compatible; coccocbot-image/1.0; +http://help.coccoc.com/searchengine)"
103.131.71.21 - - [16/Aug/2026:15:17:19 -0400] "GET /robots.txt HTTP/1.1" 200 171 "-" "Mozilla/5.0 (compatible; coccocbot-image/1.0; +http://help.coccoc.com/searchengine)"
69.39.225.240 - - [16/Aug/2026:15:20:07 -0400] "POST /wp-cron.php?doing_wp_cron=1786908007.1077859401702880859375 HTTP/1.1" 200 20 "-" "WordPress/7.0.4; https://www.lewaf.com"
51.68.111.217 - - [16/Aug/2026:15:20:06 -0400] "GET /robots.txt HTTP/1.1" 200 20 "-" "Mozilla/5.0 (compatible; MJ12bot/v2.0.5; http://mj12bot.com/)"
51.68.111.217 - - [16/Aug/2026:15:20:07 -0400] "GET /robots.txt HTTP/1.1" 200 171 "-" "Mozilla/5.0 (compatible; MJ12bot/v2.0.5; http://mj12bot.com/)"
51.68.111.217 - - [16/Aug/2026:15:20:08 -0400] "GET / HTTP/1.1" 200 20 "-" "Mozilla/5.0 (compatible; MJ12bot/v2.0.5; http://mj12bot.com/)"
51.68.111.217 - - [16/Aug/2026:15:20:12 -0400] "GET / HTTP/1.1" 200 20 "-" "Mozilla/5.0 (compatible; MJ12bot/v2.0.5; http://mj12bot.com/)"
69.39.225.240 - - [16/Aug/2026:15:25:20 -0400] "POST /wp-cron.php?doing_wp_cron=1786908320.4517760276794433593750 HTTP/1.1" 200 20 "-" "WordPress/7.0.4; https://www.lewaf.com"
103.131.71.225 - - [16/Aug/2026:15:25:19 -0400] "GET /robots.txt HTTP/1.1" 200 20 "-" "Mozilla/5.0 (compatible; coccocbot-web/1.0; +http://help.coccoc.com/searchengine)"
103.131.71.225 - - [16/Aug/2026:15:25:22 -0400] "GET /robots.txt HTTP/1.1" 200 171 "-" "Mozilla/5.0 (compatible; coccocbot-web/1.0; +http://help.coccoc.com/searchengine)"
216.244.66.237 - - [16/Aug/2026:16:40:01 -0400] "GET /robots.txt HTTP/1.1" 200 316 "-" "Mozilla/5.0 (compatible; DotBot/1.2; +https://opensiteexplorer.org/dotbot; help@moz.com)"
69.39.225.240 - - [16/Aug/2026:16:53:18 -0400] "POST /wp-cron.php?doing_wp_cron=1786913598.1150391101837158203125 HTTP/1.1" 200 20 "-" "WordPress/7.0.4; https://www.lewaf.com"
216.244.66.237 - - [16/Aug/2026:16:53:17 -0400] "GET /cart/?remove_item=64b6b3b6340ffb40931058f9d484356c&_wpnonce=afea54a684 HTTP/1.1" 200 212334 "-" "Mozilla/5.0 (compatible; DotBot/1.2; +https://opensiteexplorer.org/dotbot; help@moz.com)"
69.39.225.240 - - [16/Aug/2026:17:01:08 -0400] "POST /wp-cron.php?doing_wp_cron=1786914068.8497319221496582031250 HTTP/1.1" 200 20 "-" "WordPress/7.0.4; https://www.lewaf.com"
66.249.70.172 - - [16/Aug/2026:17:01:08 -0400] "GET /robots.txt HTTP/1.1" 200 171 "-" "Mozilla/5.0 (compatible; Googlebot/2.1; +http://www.google.com/bot.html)"
66.249.70.173 - - [16/Aug/2026:17:01:14 -0400] "GET /ads.txt HTTP/1.1" 200 28166 "-" "Mozilla/5.0 (compatible; Googlebot/2.1; +http://www.google.com/bot.html)"
66.249.70.173 - - [16/Aug/2026:17:22:21 -0400] "GET / HTTP/1.1" 200 20 "-" "Mozilla/5.0 (Linux; Android 6.0.1; Nexus 5X Build/MMB29P) AppleWebKit/537.36 (KHTML, like Gecko) Chrome/150.0.7871.186 Mobile Safari/537.36 (compatible; Googlebot/2.1; +http://www.google.com/bot.html)"
69.39.225.240 - - [16/Aug/2026:17:37:51 -0400] "POST /wp-cron.php?doing_wp_cron=1786916271.9633541107177734375000 HTTP/1.1" 200 20 "-" "WordPress/7.0.4; https://www.lewaf.com"
34.77.147.25 - - [16/Aug/2026:17:37:51 -0400] "GET / HTTP/1.1" 200 20 "-" "Mozilla/5.0 (Windows NT 10.0; Win64; x64) AppleWebKit/537.36 (KHTML, like Gecko) Chrome/84.0.4147.105 Safari/537.36"
34.77.147.25 - - [16/Aug/2026:17:38:18 -0400] "GET / HTTP/1.1" 200 20 "-" "Mozilla/5.0 (Windows NT 10.0; Win64; x64) AppleWebKit/537.36 (KHTML, like Gecko) Chrome/84.0.4147.105 Safari/537.36"
69.39.225.240 - - [16/Aug/2026:17:38:58 -0400] "POST /wp-cron.php?doing_wp_cron=1786916337.9957799911499023437500 HTTP/1.1" 200 20 "-" "WordPress/7.0.4; https://www.lewaf.com"
34.77.147.25 - - [16/Aug/2026:17:38:57 -0400] "GET / HTTP/1.1" 200 20 "-" "Mozilla/5.0 (Windows NT 10.0; Win64; x64) AppleWebKit/537.36 (KHTML, like Gecko) Chrome/84.0.4147.105 Safari/537.36"
69.39.225.240 - - [16/Aug/2026:17:39:37 -0400] "POST /wp-cron.php?doing_wp_cron=1786916377.7232890129089355468750 HTTP/1.1" 200 20 "-" "WordPress/7.0.4; https://www.lewaf.com"
34.77.147.25 - - [16/Aug/2026:17:39:37 -0400] "GET / HTTP/1.1" 200 20 "-" "Mozilla/5.0 (Windows NT 10.0; Win64; x64) AppleWebKit/537.36 (KHTML, like Gecko) Chrome/84.0.4147.105 Safari/537.36"
69.39.225.240 - - [16/Aug/2026:17:48:46 -0400] "POST /wp-cron.php?doing_wp_cron=1786916926.1517469882965087890625 HTTP/1.1" 200 20 "-" "WordPress/7.0.4; https://www.lewaf.com"
205.210.31.17 - - [16/Aug/2026:17:48:45 -0400] "GET / HTTP/1.1" 200 - "-" "Hello from Palo Alto Networks, find out more about our scans in https://docs-cortex.paloaltonetworks.com/r/1/Cortex-Xpanse/Scanning-activity"
69.39.225.240 - - [16/Aug/2026:18:15:13 -0400] "POST /wp-cron.php?doing_wp_cron=1786918513.8418529033660888671875 HTTP/1.1" 200 20 "-" "WordPress/7.0.4; https://www.lewaf.com"
43.153.49.246 - - [16/Aug/2026:18:15:12 -0400] "GET / HTTP/1.1" 200 20 "-" "Mozilla/5.0 (Windows NT 10.0; Win64; x64) AppleWebKit/537.36 (KHTML, like Gecko) Chrome/107.0.0.0 Safari/537.36"
69.39.225.240 - - [16/Aug/2026:18:26:43 -0400] "POST /wp-cron.php?doing_wp_cron=1786919203.2096319198608398437500 HTTP/1.1" 200 20 "-" "WordPress/7.0.4; https://www.lewaf.com"
172.184.213.240 - - [16/Aug/2026:18:26:42 -0400] "GET / HTTP/1.1" 200 - "-" "Mozilla/5.0 (Windows NT 10.0; Win64; x64) AppleWebKit/537.36 (KHTML, like Gecko) Chrome/124.0.0.0 Safari/537.36"
69.39.225.240 - - [16/Aug/2026:19:30:45 -0400] "POST /wp-cron.php?doing_wp_cron=1786923045.2355320453643798828125 HTTP/1.1" 200 20 "-" "WordPress/7.0.4; https://www.lewaf.com"
65.98.5.196 - - [16/Aug/2026:19:30:44 -0400] "GET / HTTP/1.1" 200 20 "-" "Mozilla/5.0 (Macintosh; Intel Mac OS X 10_15_7) AppleWebKit/537.36 (KHTML, like Gecko) Chrome/131.0.0.0 Safari/537.36"
65.98.5.196 - - [16/Aug/2026:19:30:46 -0400] "GET /feed/ HTTP/1.1" 200 20 "-" "Mozilla/5.0 (Windows NT 10.0; Win64; x64) AppleWebKit/537.36 (KHTML, like Gecko) Chrome/130.0.0.0 Safari/537.36 Edg/130.0.0.0"
65.98.5.196 - - [16/Aug/2026:19:30:47 -0400] "GET /feed/ HTTP/1.1" 200 8451 "http://LEWAF.COM/feed/" "Mozilla/5.0 (Windows NT 10.0; Win64; x64) AppleWebKit/537.36 (KHTML, like Gecko) Chrome/130.0.0.0 Safari/537.36 Edg/130.0.0.0"
69.39.225.240 - - [16/Aug/2026:19:39:10 -0400] "POST /wp-cron.php?doing_wp_cron=1786923550.5420548915863037109375 HTTP/1.1" 200 20 "-" "WordPress/7.0.4; https://www.lewaf.com"
34.193.242.118 - - [16/Aug/2026:19:39:10 -0400] "GET /robots.txt HTTP/1.1" 200 20 "-" "Mozilla/5.0 (Macintosh; Intel Mac OS X 10_10_1) AppleWebKit/600.2.5 (KHTML, like Gecko) Version/8.0.2 Safari/600.2.5 (Gort)"
54.86.188.160 - - [16/Aug/2026:19:39:10 -0400] "GET /robots.txt HTTP/1.1" 200 171 "-" "Mozilla/5.0 (Macintosh; Intel Mac OS X 10_10_1) AppleWebKit/600.2.5 (KHTML, like Gecko) Version/8.0.2 Safari/600.2.5 (Gort)"
69.39.225.240 - - [16/Aug/2026:19:48:40 -0400] "POST /wp-cron.php?doing_wp_cron=1786924120.4833700656890869140625 HTTP/1.1" 200 20 "-" "WordPress/7.0.4; https://www.lewaf.com"
43.157.158.178 - - [16/Aug/2026:19:48:39 -0400] "GET / HTTP/1.1" 200 20 "-" "Mozilla/5.0 (iPhone; CPU iPhone OS 13_2_3 like Mac OS X) AppleWebKit/605.1.15 (KHTML, like Gecko) Version/13.0.3 Mobile/15E148 Safari/604.1"
69.39.225.240 - - [16/Aug/2026:19:55:46 -0400] "POST /wp-cron.php?doing_wp_cron=1786924546.2454569339752197265625 HTTP/1.1" 200 20 "-" "WordPress/7.0.4; https://www.lewaf.com"
66.249.64.34 - - [16/Aug/2026:19:55:45 -0400] "GET /robots.txt HTTP/1.1" 200 20 "-" "Mozilla/5.0 (compatible; Googlebot/2.1; +http://www.google.com/bot.html)"
66.249.70.174 - - [16/Aug/2026:19:55:46 -0400] "GET /robots.txt HTTP/1.1" 200 171 "-" "Mozilla/5.0 (compatible; Googlebot/2.1; +http://www.google.com/bot.html)"
66.249.64.35 - - [16/Aug/2026:19:55:46 -0400] "GET / HTTP/1.1" 200 20 "-" "Mozilla/5.0 (Linux; Android 6.0.1; Nexus 5X Build/MMB29P) AppleWebKit/537.36 (KHTML, like Gecko) Chrome/150.0.7871.186 Mobile Safari/537.36 (compatible; Googlebot/2.1; +http://www.google.com/bot.html)"
69.39.225.240 - - [16/Aug/2026:21:00:44 -0400] "POST /wp-cron.php?doing_wp_cron=1786928444.7616989612579345703125 HTTP/1.1" 200 20 "-" "WordPress/7.0.4; https://www.lewaf.com"
43.159.148.221 - - [16/Aug/2026:21:00:44 -0400] "GET / HTTP/1.1" 200 20 "-" "Mozilla/5.0 (iPhone; CPU iPhone OS 13_2_3 like Mac OS X) AppleWebKit/605.1.15 (KHTML, like Gecko) Version/13.0.3 Mobile/15E148 Safari/604.1"
69.39.225.240 - - [16/Aug/2026:21:01:25 -0400] "POST /wp-cron.php?doing_wp_cron=1786928485.8175649642944335937500 HTTP/1.1" 200 20 "-" "WordPress/7.0.4; https://www.lewaf.com"
216.244.66.237 - - [16/Aug/2026:21:01:25 -0400] "GET /robots.txt HTTP/1.1" 200 316 "-" "Mozilla/5.0 (compatible; DotBot/1.2; +https://opensiteexplorer.org/dotbot; help@moz.com)"
69.39.225.240 - - [16/Aug/2026:21:15:21 -0400] "POST /wp-cron.php?doing_wp_cron=1786929321.8480839729309082031250 HTTP/1.1" 200 20 "-" "WordPress/7.0.4; https://www.lewaf.com"
216.244.66.237 - - [16/Aug/2026:21:15:20 -0400] "GET /cart/?remove_item=e1fe2d2278bd2e2e81fbc42380546640&_wpnonce=c7b6430b26 HTTP/1.1" 200 212334 "-" "Mozilla/5.0 (compatible; DotBot/1.2; +https://opensiteexplorer.org/dotbot; help@moz.com)"
54.236.1.232 - - [16/Aug/2026:21:40:09 -0400] "GET /robots.txt HTTP/1.1" 200 20 "-" "Mozilla/5.0 (compatible; Pinterestbot/1.0; +http://www.pinterest.com/bot.html)"
54.236.1.165 - - [16/Aug/2026:21:40:10 -0400] "GET /robots.txt HTTP/1.1" 200 171 "-" "Mozilla/5.0 (compatible; Pinterestbot/1.0; +http://www.pinterest.com/bot.html)"
69.39.225.240 - - [16/Aug/2026:21:45:20 -0400] "POST /wp-cron.php?doing_wp_cron=1786931120.4553680419921875000000 HTTP/1.1" 200 20 "-" "WordPress/7.0.4; https://www.lewaf.com"
216.244.66.237 - - [16/Aug/2026:21:45:19 -0400] "GET /robots.txt HTTP/1.1" 200 316 "-" "Mozilla/5.0 (compatible; DotBot/1.2; +https://opensiteexplorer.org/dotbot; help@moz.com)"
69.39.225.240 - - [16/Aug/2026:21:59:13 -0400] "POST /wp-cron.php?doing_wp_cron=1786931953.0737290382385253906250 HTTP/1.1" 200 20 "-" "WordPress/7.0.4; https://www.lewaf.com"
38.107.232.23 - - [16/Aug/2026:21:59:12 -0400] "GET / HTTP/1.1" 200 20 "-" "Mozilla/5.0 (Windows NT 10.0; Win64; x64) AppleWebKit/537.36 (KHTML, like Gecko) Chrome/120.0.0.0 Safari/537.36"
38.107.232.23 - - [16/Aug/2026:21:59:14 -0400] "GET /wp-login.php HTTP/1.1" 200 20 "-" "Mozilla/5.0 (Windows NT 10.0; Win64; x64) AppleWebKit/537.36 (KHTML, like Gecko) Chrome/120.0.0.0 Safari/537.36"
38.107.232.23 - - [16/Aug/2026:21:59:14 -0400] "GET /wp-admin/ HTTP/1.1" 200 20 "-" "Mozilla/5.0 (Windows NT 10.0; Win64; x64) AppleWebKit/537.36 (KHTML, like Gecko) Chrome/120.0.0.0 Safari/537.36"
69.39.225.240 - - [16/Aug/2026:22:03:15 -0400] "POST /wp-cron.php?doing_wp_cron=1786932195.2533819675445556640625 HTTP/1.1" 200 20 "-" "WordPress/7.0.4; https://www.lewaf.com"
216.244.66.237 - - [16/Aug/2026:22:03:14 -0400] "GET /cart/?remove_item=c767895746d4bab5ebc71d6072cd3c48&_wpnonce=53c0e28d30 HTTP/1.1" 200 212334 "-" "Mozilla/5.0 (compatible; DotBot/1.2; +https://opensiteexplorer.org/dotbot; help@moz.com)"
69.39.225.240 - - [16/Aug/2026:22:35:06 -0400] "POST /wp-cron.php?doing_wp_cron=1786934106.8656749725341796875000 HTTP/1.1" 200 20 "-" "WordPress/7.0.4; https://www.lewaf.com"
103.131.71.22 - - [16/Aug/2026:22:35:05 -0400] "GET /robots.txt HTTP/1.1" 200 20 "-" "Mozilla/5.0 (compatible; coccocbot-image/1.0; +http://help.coccoc.com/searchengine)"
103.131.71.22 - - [16/Aug/2026:22:35:08 -0400] "GET /robots.txt HTTP/1.1" 200 171 "-" "Mozilla/5.0 (compatible; coccocbot-image/1.0; +http://help.coccoc.com/searchengine)"
103.131.71.188 - - [16/Aug/2026:23:12:10 -0400] "GET /robots.txt HTTP/1.1" 200 20 "-" "Mozilla/5.0 (compatible; coccocbot-web/1.0; +http://help.coccoc.com/searchengine)"
103.131.71.188 - - [16/Aug/2026:23:12:13 -0400] "GET /robots.txt HTTP/1.1" 200 171 "-" "Mozilla/5.0 (compatible; coccocbot-web/1.0; +http://help.coccoc.com/searchengine)"
69.39.225.240 - - [17/Aug/2026:00:02:05 -0400] "POST /wp-cron.php?doing_wp_cron=1786939325.2608480453491210937500 HTTP/1.1" 200 20 "-" "WordPress/7.0.4; https://www.lewaf.com"
66.249.64.33 - - [17/Aug/2026:00:02:04 -0400] "GET /ads.txt HTTP/1.1" 200 20 "-" "Mozilla/5.0 (compatible; Googlebot/2.1; +http://www.google.com/bot.html)"
66.249.70.172 - - [17/Aug/2026:00:02:20 -0400] "GET /ads.txt HTTP/1.1" 200 28164 "-" "Mozilla/5.0 (compatible; Googlebot/2.1; +http://www.google.com/bot.html)"
69.39.225.240 - - [17/Aug/2026:00:24:06 -0400] "POST /wp-cron.php?doing_wp_cron=1786940646.4857239723205566406250 HTTP/1.1" 200 20 "-" "WordPress/7.0.4; https://www.lewaf.com"
172.235.33.63 - - [17/Aug/2026:00:24:05 -0400] "GET / HTTP/1.1" 200 - "-" "Mozilla/5.0 (Windows NT 10.0; Win64; x64) AppleWebKit/537.36 (KHTML, like Gecko) Chrome/124.0.0.0 Safari/537.36"
172.235.33.63 - - [17/Aug/2026:00:24:25 -0400] "GET / HTTP/1.1" 200 - "-" "Mozilla/5.0 (Windows NT 10.0; Win64; x64) AppleWebKit/537.36 (KHTML, like Gecko) Chrome/124.0.0.0 Safari/537.36"
69.39.225.240 - - [17/Aug/2026:02:10:13 -0400] "POST /wp-cron.php?doing_wp_cron=1786947013.2399809360504150390625 HTTP/1.1" 200 20 "-" "WordPress/7.0.4; https://www.lewaf.com"
216.244.66.237 - - [17/Aug/2026:02:10:12 -0400] "GET /robots.txt HTTP/1.1" 200 316 "-" "Mozilla/5.0 (compatible; DotBot/1.2; +https://opensiteexplorer.org/dotbot; help@moz.com)"
69.39.225.240 - - [17/Aug/2026:02:23:15 -0400] "POST /wp-cron.php?doing_wp_cron=1786947795.4013750553131103515625 HTTP/1.1" 200 20 "-" "WordPress/7.0.4; https://www.lewaf.com"
216.244.66.237 - - [17/Aug/2026:02:23:14 -0400] "GET /cart/?remove_item=ceb8d4ba118f6cfe3c60e82d306dfd73&_wpnonce=b84035f1dc HTTP/1.1" 200 212334 "-" "Mozilla/5.0 (compatible; DotBot/1.2; +https://opensiteexplorer.org/dotbot; help@moz.com)"
69.39.225.240 - - [17/Aug/2026:02:27:41 -0400] "POST /wp-cron.php?doing_wp_cron=1786948061.5751030445098876953125 HTTP/1.1" 200 20 "-" "WordPress/7.0.4; https://www.lewaf.com"
43.130.16.212 - - [17/Aug/2026:02:27:40 -0400] "GET / HTTP/1.1" 200 20 "-" "Mozilla/5.0 (iPhone; CPU iPhone OS 13_2_3 like Mac OS X) AppleWebKit/605.1.15 (KHTML, like Gecko) Version/13.0.3 Mobile/15E148 Safari/604.1"
69.39.225.240 - - [17/Aug/2026:03:06:43 -0400] "POST /wp-cron.php?doing_wp_cron=1786950403.1238520145416259765625 HTTP/1.1" 200 20 "-" "WordPress/7.0.4; https://www.lewaf.com"
103.131.71.29 - - [17/Aug/2026:03:06:41 -0400] "GET /robots.txt HTTP/1.1" 200 171 "-" "Mozilla/5.0 (compatible; coccocbot-image/1.0; +http://help.coccoc.com/searchengine)"
35.91.126.0 - - [17/Aug/2026:03:43:59 -0400] "GET / HTTP/1.1" 200 20 "-" "Mozilla/5.0 (Windows NT 10.0; Win64; x64) AppleWebKit/537.36 (KHTML, like Gecko) Chrome/113.0.0.0 Safari/537.36"
69.39.225.240 - - [17/Aug/2026:03:45:52 -0400] "POST /wp-cron.php?doing_wp_cron=1786952752.8145799636840820312500 HTTP/1.1" 200 20 "-" "WordPress/7.0.4; https://www.lewaf.com"
34.231.29.16 - - [17/Aug/2026:03:45:51 -0400] "GET / HTTP/1.1" 200 - "-" "curl/7.65.3"
69.39.225.240 - - [17/Aug/2026:03:53:20 -0400] "POST /wp-cron.php?doing_wp_cron=1786953200.7549829483032226562500 HTTP/1.1" 200 20 "-" "WordPress/7.0.4; https://www.lewaf.com"
43.154.161.153 - - [17/Aug/2026:03:53:19 -0400] "GET /ip HTTP/1.1" 200 136521 "-" "Mozilla/5.0 (Macintosh; Intel Mac OS X 10_15_7) AppleWebKit/537.36 (KHTML, like Gecko) Chrome/114.0.0.0 Safari/537.36"
43.159.130.25 - - [17/Aug/2026:03:53:21 -0400] "GET /ip HTTP/1.1" 200 136520 "-" "Mozilla/5.0 (Macintosh; Intel Mac OS X 10_15_7) AppleWebKit/537.36 (KHTML, like Gecko) Chrome/114.0.0.0 Safari/537.36"
43.134.13.135 - - [17/Aug/2026:03:53:22 -0400] "GET /ip HTTP/1.1" 200 136520 "-" "Mozilla/5.0 (Macintosh; Intel Mac OS X 10_15_7) AppleWebKit/537.36 (KHTML, like Gecko) Chrome/114.0.0.0 Safari/537.36"
69.39.225.240 - - [17/Aug/2026:04:17:07 -0400] "POST /wp-cron.php?doing_wp_cron=1786954627.9774019718170166015625 HTTP/1.1" 200 20 "-" "WordPress/7.0.4; https://www.lewaf.com"
114.119.137.7 - - [17/Aug/2026:04:17:07 -0400] "GET /robots.txt HTTP/1.1" 200 20 "http://lewaf.com/robots.txt" "Mozilla/5.0 (compatible;PetalBot;+https://webmaster.petalsearch.com/site/petalbot)"
114.119.137.7 - - [17/Aug/2026:04:17:09 -0400] "GET /robots.txt HTTP/1.1" 200 171 "http://lewaf.com/robots.txt" "Mozilla/5.0 (compatible;PetalBot;+https://webmaster.petalsearch.com/site/petalbot)"
69.39.225.240 - - [17/Aug/2026:04:23:49 -0400] "POST /wp-cron.php?doing_wp_cron=1786955029.1255478858947753906250 HTTP/1.1" 200 20 "-" "WordPress/7.0.4; https://www.lewaf.com"
101.32.185.229 - - [17/Aug/2026:04:23:48 -0400] "GET /ip HTTP/1.1" 200 - "-" "Mozilla/5.0 (Macintosh; Intel Mac OS X 10_15_7) AppleWebKit/537.36 (KHTML, like Gecko) Chrome/114.0.0.0 Safari/537.36"
69.39.225.240 - - [17/Aug/2026:04:23:49 -0400] "POST /wp-cron.php?doing_wp_cron=1786955029.1254959106445312500000 HTTP/1.1" 200 20 "-" "WordPress/7.0.4; https://www.lewaf.com"
43.134.2.134 - - [17/Aug/2026:04:23:48 -0400] "GET /ip HTTP/1.1" 200 - "-" "Mozilla/5.0 (Macintosh; Intel Mac OS X 10_15_7) AppleWebKit/537.36 (KHTML, like Gecko) Chrome/114.0.0.0 Safari/537.36"
43.153.60.140 - - [17/Aug/2026:04:23:50 -0400] "GET /ip HTTP/1.1" 200 - "-" "Mozilla/5.0 (Macintosh; Intel Mac OS X 10_15_7) AppleWebKit/537.36 (KHTML, like Gecko) Chrome/114.0.0.0 Safari/537.36"
69.39.225.240 - - [17/Aug/2026:04:46:29 -0400] "POST /wp-cron.php?doing_wp_cron=1786956389.1541020870208740234375 HTTP/1.1" 200 20 "-" "WordPress/7.0.4; https://www.lewaf.com"
157.173.122.176 - - [17/Aug/2026:04:46:28 -0400] "GET / HTTP/1.1" 200 20 "-" "Mozilla/5.0 (Windows NT 10.0; Win64; x64) AppleWebKit/537.36 (KHTML, like Gecko) Chrome/91.0.4472.114 Safari/537.36 Edg/91.0.864.54"
43.134.68.29 - - [17/Aug/2026:06:33:23 -0400] "GET / HTTP/1.1" 200 20 "-" "Mozilla/5.0 (iPhone; CPU iPhone OS 13_2_3 like Mac OS X) AppleWebKit/605.1.15 (KHTML, like Gecko) Version/13.0.3 Mobile/15E148 Safari/604.1"
5.175.150.190 - - [17/Aug/2026:06:41:02 -0400] "GET http://www.lewaf.com/ HTTP/1.1" 200 20 "-" "Mozilla/5.0 (Windows NT 10.0; Win64; x64) AppleWebKit/537.36 (KHTML, like Gecko) Chrome/103.0.0.0 Safari/537.36"
216.244.66.237 - - [17/Aug/2026:07:15:59 -0400] "GET /robots.txt HTTP/1.1" 200 316 "-" "Mozilla/5.0 (compatible; DotBot/1.2; +https://opensiteexplorer.org/dotbot; help@moz.com)"
187.190.190.202 - - [17/Aug/2026:07:18:34 -0400] "GET / HTTP/1.1" 200 - "-" "Mozilla/5.0 (Windows NT 10.0; Win64; x64) AppleWebKit/537.36 (KHTML, like Gecko) Chrome/144.0.0.0 Safari/537.36"
179.252.118.29 - - [17/Aug/2026:07:18:52 -0400] "GET / HTTP/1.1" 200 - "-" "Mozilla/5.0 (Windows NT 10.0; Win64; x64) AppleWebKit/537.36 (KHTML, like Gecko) Chrome/144.0.0.0 Safari/537.36"
69.39.225.240 - - [17/Aug/2026:07:21:04 -0400] "POST /wp-cron.php?doing_wp_cron=1786965664.7058999538421630859375 HTTP/1.1" 200 20 "-" "WordPress/7.0.4; https://www.lewaf.com"
85.208.98.18 - - [17/Aug/2026:07:21:04 -0400] "GET /robots.txt HTTP/1.1" 200 171 "-" "Mozilla/5.0 (compatible; SemrushBot; +http://www.semrush.com/bot.html)"
69.39.225.240 - - [17/Aug/2026:07:25:27 -0400] "POST /wp-cron.php?doing_wp_cron=1786965927.8072690963745117187500 HTTP/1.1" 200 20 "-" "WordPress/7.0.4; https://www.lewaf.com"
216.244.66.237 - - [17/Aug/2026:07:25:27 -0400] "GET /cart/?remove_item=6d29ccfababa3f755ab0ef13ec653fdf&_wpnonce=ed615f8966 HTTP/1.1" 200 212334 "-" "Mozilla/5.0 (compatible; DotBot/1.2; +https://opensiteexplorer.org/dotbot; help@moz.com)"
43.134.236.36 - - [17/Aug/2026:07:28:17 -0400] "GET / HTTP/1.1" 200 20 "-" "Mozilla/5.0 (iPhone; CPU iPhone OS 13_2_3 like Mac OS X) AppleWebKit/605.1.15 (KHTML, like Gecko) Version/13.0.3 Mobile/15E148 Safari/604.1"
103.131.71.132 - - [17/Aug/2026:07:54:33 -0400] "GET /robots.txt HTTP/1.1" 200 20 "-" "Mozilla/5.0 (compatible; coccocbot-web/1.0; +http://help.coccoc.com/searchengine)"
103.131.71.132 - - [17/Aug/2026:07:54:36 -0400] "GET /robots.txt HTTP/1.1" 200 171 "-" "Mozilla/5.0 (compatible; coccocbot-web/1.0; +http://help.coccoc.com/searchengine)"
69.39.225.240 - - [17/Aug/2026:09:32:18 -0400] "POST /wp-cron.php?doing_wp_cron=1786973538.6308948993682861328125 HTTP/1.1" 200 20 "-" "WordPress/7.0.4; https://www.lewaf.com"
103.131.71.33 - - [17/Aug/2026:09:32:18 -0400] "GET /robots.txt HTTP/1.1" 200 20 "-" "Mozilla/5.0 (compatible; coccocbot-image/1.0; +http://help.coccoc.com/searchengine)"
103.131.71.33 - - [17/Aug/2026:09:32:20 -0400] "GET /robots.txt HTTP/1.1" 200 171 "-" "Mozilla/5.0 (compatible; coccocbot-image/1.0; +http://help.coccoc.com/searchengine)"
69.39.225.240 - - [17/Aug/2026:09:35:57 -0400] "POST /wp-cron.php?doing_wp_cron=1786973757.4043018817901611328125 HTTP/1.1" 200 20 "-" "WordPress/7.0.4; https://www.lewaf.com"
54.212.234.68 - - [17/Aug/2026:09:35:56 -0400] "GET / HTTP/1.1" 200 20 "-" "Mozilla/5.0 (Windows NT 10.0; Win64; x64) AppleWebKit/537.36 (KHTML, like Gecko) Chrome/113.0.0.0 Safari/537.36"
69.39.225.240 - - [17/Aug/2026:10:14:58 -0400] "POST /wp-cron.php?doing_wp_cron=1786976098.7433199882507324218750 HTTP/1.1" 200 20 "-" "WordPress/7.0.4; https://www.lewaf.com"
216.244.66.237 - - [17/Aug/2026:10:14:57 -0400] "GET /robots.txt HTTP/1.1" 200 316 "-" "Mozilla/5.0 (compatible; DotBot/1.2; +https://opensiteexplorer.org/dotbot; help@moz.com)"
69.39.225.240 - - [17/Aug/2026:10:25:18 -0400] "POST /wp-cron.php?doing_wp_cron=1786976718.6460719108581542968750 HTTP/1.1" 200 20 "-" "WordPress/7.0.4; https://www.lewaf.com"
216.244.66.237 - - [17/Aug/2026:10:25:17 -0400] "GET /portfolio-item/fruit-cake/feed/ HTTP/1.1" 200 752 "-" "Mozilla/5.0 (compatible; DotBot/1.2; +https://opensiteexplorer.org/dotbot; help@moz.com)"
69.39.225.240 - - [17/Aug/2026:10:30:17 -0400] "POST /wp-cron.php?doing_wp_cron=1786977017.9002079963684082031250 HTTP/1.1" 200 20 "-" "WordPress/7.0.4; https://www.lewaf.com"
103.131.71.24 - - [17/Aug/2026:10:30:16 -0400] "GET /robots.txt HTTP/1.1" 200 171 "-" "Mozilla/5.0 (compatible; coccocbot-image/1.0; +http://help.coccoc.com/searchengine)"
69.39.225.240 - - [17/Aug/2026:10:59:07 -0400] "POST /wp-cron.php?doing_wp_cron=1786978747.7509601116180419921875 HTTP/1.1" 200 20 "-" "WordPress/7.0.4; https://www.lewaf.com"
216.244.66.237 - - [17/Aug/2026:10:59:04 -0400] "GET /robots.txt HTTP/1.1" 200 316 "-" "Mozilla/5.0 (compatible; DotBot/1.2; +https://opensiteexplorer.org/dotbot; help@moz.com)"
69.39.225.240 - - [17/Aug/2026:11:09:36 -0400] "POST /wp-cron.php?doing_wp_cron=1786979376.4926459789276123046875 HTTP/1.1" 200 20 "-" "WordPress/7.0.4; https://www.lewaf.com"
216.244.66.237 - - [17/Aug/2026:11:09:34 -0400] "GET /cart/?remove_item=64b6b3b6340ffb40931058f9d484356c&_wpnonce=25c0e118af HTTP/1.1" 200 212334 "-" "Mozilla/5.0 (compatible; DotBot/1.2; +https://opensiteexplorer.org/dotbot; help@moz.com)"
69.39.225.240 - - [17/Aug/2026:11:22:30 -0400] "POST /wp-cron.php?doing_wp_cron=1786980150.3520219326019287109375 HTTP/1.1" 200 20 "-" "WordPress/7.0.4; https://www.lewaf.com"
43.157.158.178 - - [17/Aug/2026:11:22:28 -0400] "GET / HTTP/1.1" 200 20 "-" "Mozilla/5.0 (iPhone; CPU iPhone OS 13_2_3 like Mac OS X) AppleWebKit/605.1.15 (KHTML, like Gecko) Version/13.0.3 Mobile/15E148 Safari/604.1"
69.39.225.240 - - [17/Aug/2026:12:20:45 -0400] "POST /wp-cron.php?doing_wp_cron=1786983645.2467219829559326171875 HTTP/1.1" 200 20 "-" "WordPress/7.0.4; https://www.lewaf.com"
101.47.18.228 - - [17/Aug/2026:12:20:43 -0400] "GET / HTTP/1.1" 200 20 "-" "Mozilla/5.0 (Windows NT 10.0; Win64; x64) AppleWebKit/537.36 (KHTML, like Gecko) Chrome/133.0.0.0 Safari/537.36"
69.39.225.240 - - [17/Aug/2026:12:21:30 -0400] "POST /wp-cron.php?doing_wp_cron=1786983690.9655430316925048828125 HTTP/1.1" 200 20 "-" "WordPress/7.0.4; https://www.lewaf.com"
43.133.253.253 - - [17/Aug/2026:12:21:29 -0400] "GET / HTTP/1.1" 200 20 "-" "Mozilla/5.0 (iPhone; CPU iPhone OS 13_2_3 like Mac OS X) AppleWebKit/605.1.15 (KHTML, like Gecko) Version/13.0.3 Mobile/15E148 Safari/604.1"
69.39.225.240 - - [17/Aug/2026:12:31:22 -0400] "POST /wp-cron.php?doing_wp_cron=1786984282.1032240390777587890625 HTTP/1.1" 200 20 "-" "WordPress/7.0.4; https://www.lewaf.com"
103.131.71.157 - - [17/Aug/2026:12:31:20 -0400] "GET /robots.txt HTTP/1.1" 200 20 "-" "Mozilla/5.0 (compatible; coccocbot-web/1.0; +http://help.coccoc.com/searchengine)"
103.131.71.157 - - [17/Aug/2026:12:31:23 -0400] "GET /robots.txt HTTP/1.1" 200 171 "-" "Mozilla/5.0 (compatible; coccocbot-web/1.0; +http://help.coccoc.com/searchengine)"
69.39.225.240 - - [17/Aug/2026:13:15:24 -0400] "POST /wp-cron.php?doing_wp_cron=1786986924.5197329521179199218750 HTTP/1.1" 200 20 "-" "WordPress/7.0.4; https://www.lewaf.com"
83.99.206.187 - - [17/Aug/2026:13:15:21 -0400] "GET / HTTP/1.1" 200 20 "-" "Mozilla/5.0 (X11; Linux x86_64) AppleWebKit/537.36 (KHTML, like Gecko; GeedoShopProductFinder) Chrome/142.0.0.0 Safari/537.36"
152.53.110.28 - - [17/Aug/2026:14:08:14 -0400] "GET /.well-known/security.txt HTTP/1.1" 200 - "-" "Mozilla/5.0 (Macintosh; Intel Mac OS X 10_15_7) AppleWebKit/537.36 (KHTML, like Gecko) Chrome/126.0 Safari/537.36"
152.53.110.28 - - [17/Aug/2026:14:08:16 -0400] "GET /.well-known/security.txt HTTP/1.1" 200 136560 "-" "Mozilla/5.0 (Macintosh; Intel Mac OS X 10_15_7) AppleWebKit/537.36 (KHTML, like Gecko) Chrome/126.0 Safari/537.36"
152.53.110.28 - - [17/Aug/2026:14:08:18 -0400] "GET /security.txt HTTP/1.1" 200 - "-" "Mozilla/5.0 (Macintosh; Intel Mac OS X 10_15_7) AppleWebKit/537.36 (KHTML, like Gecko) Chrome/126.0 Safari/537.36"
152.53.110.28 - - [17/Aug/2026:14:08:20 -0400] "GET /security.txt HTTP/1.1" 200 136536 "-" "Mozilla/5.0 (Macintosh; Intel Mac OS X 10_15_7) AppleWebKit/537.36 (KHTML, like Gecko) Chrome/126.0 Safari/537.36"
69.39.225.240 - - [17/Aug/2026:14:30:28 -0400] "POST /wp-cron.php?doing_wp_cron=1786991428.0936760902404785156250 HTTP/1.1" 200 20 "-" "WordPress/7.0.4; https://www.lewaf.com"
54.224.96.227 - - [17/Aug/2026:14:30:26 -0400] "GET /robots.txt HTTP/1.1" 200 20 "-" "Mozilla/5.0 (Macintosh; Intel Mac OS X 10_10_1) AppleWebKit/600.2.5 (KHTML, like Gecko) Version/8.0.2 Safari/600.2.5 (Gort)"
54.147.150.116 - - [17/Aug/2026:14:30:28 -0400] "GET /robots.txt HTTP/1.1" 200 171 "-" "Mozilla/5.0 (Macintosh; Intel Mac OS X 10_10_1) AppleWebKit/600.2.5 (KHTML, like Gecko) Version/8.0.2 Safari/600.2.5 (Gort)"
195.62.50.50 - - [17/Aug/2026:14:38:05 -0400] "GET / HTTP/1.1" 200 - "-" "Mozilla/5.0 (Windows NT 10.0; Win64; x64) AppleWebKit/537.36 (KHTML, like Gecko) Chrome/144.0.0.0 Safari/537.36"
173.252.82.67 - - [17/Aug/2026:14:47:20 -0400] "GET / HTTP/1.1" 200 - "-" "facebookexternalhit/1.1 (+http://www.facebook.com/externalhit_uatext.php)"
173.252.95.31 - - [17/Aug/2026:14:47:21 -0400] "GET / HTTP/1.1" 200 20 "-" "facebookexternalhit/1.1 (+http://www.facebook.com/externalhit_uatext.php)"
69.63.184.24 - - [17/Aug/2026:14:47:26 -0400] "GET /?fbclid=IwcGRvZgRleHRuA2FlbQIxMQBzcnRjBmFwcF9pZAwyNTYyODEwNDA1NTgAAR6amKgpg4rmkj4k9ekAEYJUnkxGaWypPv73V4p6yWxLwlwsmETRceayxVoCvA_aem_8yvTMxhqWRzoildV8l3CWg HTTP/1.1" 200 20 "https://www.facebook.com/" "Mozilla/5.0 (Windows NT 10.0; Win64; x64) AppleWebKit/537.36 (KHTML, like Gecko) Chrome/74.0.3729.131 Safari/537.36"
173.252.82.71 - - [17/Aug/2026:14:47:35 -0400] "GET /robots.txt HTTP/1.1" 200 171 "-" "facebookexternalhit/1.1 (+http://www.facebook.com/externalhit_uatext.php)"
180.93.234.94 - - [17/Aug/2026:15:53:29 -0400] "GET /wp-content/plugins/pods/readme.txt HTTP/1.1" 200 20 "-" "Mozilla/5.0 (Macintosh; Intel Mac OS X 10_12_5) AppleWeb            Kit/537.36 (KHTML, like Gecko) Chrome/58.0.3029.110 Safari/537.36"
180.93.234.94 - - [17/Aug/2026:15:53:31 -0400] "GET /wp-content/plugins/pods/readme.txt HTTP/1.1" 200 28224 "-" "Mozilla/5.0 (Macintosh; Intel Mac OS X 10_12_5) AppleWeb            Kit/537.36 (KHTML, like Gecko) Chrome/58.0.3029.110 Safari/537.36"
69.39.225.240 - - [17/Aug/2026:17:01:10 -0400] "POST /wp-cron.php?doing_wp_cron=1787000470.5968079566955566406250 HTTP/1.1" 200 20 "-" "WordPress/7.0.4; https://www.lewaf.com"
172.234.232.181 - - [17/Aug/2026:17:01:09 -0400] "HEAD / HTTP/1.1" 200 - "-" "Mozilla/5.0 (Linux; Android 10; vivo 1904) AppleWebKit/537.36 (KHTML, like Gecko) Chrome/117.0.5938.60 Mobile Safari/537.36"
172.234.232.181 - - [17/Aug/2026:17:01:12 -0400] "HEAD /wp/ HTTP/1.1" 200 - "-" "Mozilla/5.0 (iPhone; CPU iPhone OS 16_7 like Mac OS X) AppleWebKit/605.1.15 (KHTML, like Gecko) Version/16.7 Mobile/15E148 Safari/604.1"
172.234.232.181 - - [17/Aug/2026:17:01:13 -0400] "HEAD /wp/ HTTP/1.1" 200 - "http://lewaf.com/wp/" "Mozilla/5.0 (iPhone; CPU iPhone OS 16_7 like Mac OS X) AppleWebKit/605.1.15 (KHTML, like Gecko) Version/16.7 Mobile/15E148 Safari/604.1"
172.234.232.181 - - [17/Aug/2026:17:01:14 -0400] "HEAD /new/ HTTP/1.1" 200 - "-" "Mozilla/5.0 (Windows NT 10.0; Win64; x64) AppleWebKit/537.36 (KHTML, like Gecko) Chrome/125.0.6422.112 Safari/537.36 Brave/1.63.120"
172.234.232.181 - - [17/Aug/2026:17:01:15 -0400] "HEAD /new/ HTTP/1.1" 200 - "http://lewaf.com/new/" "Mozilla/5.0 (Windows NT 10.0; Win64; x64) AppleWebKit/537.36 (KHTML, like Gecko) Chrome/125.0.6422.112 Safari/537.36 Brave/1.63.120"
172.234.232.181 - - [17/Aug/2026:17:01:16 -0400] "HEAD /wordpress/ HTTP/1.1" 200 - "-" "Mozilla/5.0 (Linux; Android 11; RMX2195) AppleWebKit/537.36 (KHTML, like Gecko) Chrome/120.0.6099.210 Mobile Safari/537.36 OPR/75.2.3995.72468"
172.234.232.181 - - [17/Aug/2026:17:01:17 -0400] "HEAD /wordpress/ HTTP/1.1" 200 - "http://lewaf.com/wordpress/" "Mozilla/5.0 (Linux; Android 11; RMX2195) AppleWebKit/537.36 (KHTML, like Gecko) Chrome/120.0.6099.210 Mobile Safari/537.36 OPR/75.2.3995.72468"
172.234.232.181 - - [17/Aug/2026:17:01:17 -0400] "HEAD /blog/ HTTP/1.1" 200 - "-" "Mozilla/5.0 (Macintosh; Intel Mac OS X 14_5) AppleWebKit/605.1.15 (KHTML, like Gecko) Version/17.5 Safari/605.1.15"
172.234.232.181 - - [17/Aug/2026:17:01:18 -0400] "HEAD /blog/ HTTP/1.1" 200 - "http://lewaf.com/blog/" "Mozilla/5.0 (Macintosh; Intel Mac OS X 14_5) AppleWebKit/605.1.15 (KHTML, like Gecko) Version/17.5 Safari/605.1.15"
66.249.70.173 - - [17/Aug/2026:17:01:18 -0400] "GET /robots.txt HTTP/1.1" 200 171 "-" "Mozilla/5.0 (compatible; Googlebot/2.1; +http://www.google.com/bot.html)"
66.249.70.174 - - [17/Aug/2026:17:01:18 -0400] "GET /ads.txt HTTP/1.1" 200 28167 "-" "Mozilla/5.0 (compatible; Googlebot/2.1; +http://www.google.com/bot.html)"
172.234.232.181 - - [17/Aug/2026:17:01:19 -0400] "HEAD /old/ HTTP/1.1" 200 - "-" "Mozilla/5.0 (Windows NT 10.0; Win64; x64; rv:127.0) Gecko/20100101 Firefox/127.0"
172.234.232.181 - - [17/Aug/2026:17:01:19 -0400] "HEAD /old/ HTTP/1.1" 200 - "http://lewaf.com/old/" "Mozilla/5.0 (Windows NT 10.0; Win64; x64; rv:127.0) Gecko/20100101 Firefox/127.0"
172.234.232.181 - - [17/Aug/2026:17:01:20 -0400] "HEAD /backup/ HTTP/1.1" 200 - "-" "Mozilla/5.0 (Windows NT 10.0; WOW64) AppleWebKit/537.36 (KHTML, like Gecko) Chrome/118.0.5993.90 Safari/537.36"
172.234.232.181 - - [17/Aug/2026:17:01:21 -0400] "HEAD /backup/ HTTP/1.1" 200 - "http://lewaf.com/backup/" "Mozilla/5.0 (Windows NT 10.0; WOW64) AppleWebKit/537.36 (KHTML, like Gecko) Chrome/118.0.5993.90 Safari/537.36"
69.39.225.240 - - [17/Aug/2026:17:09:08 -0400] "POST /wp-cron.php?doing_wp_cron=1787000948.1800899505615234375000 HTTP/1.1" 200 20 "-" "WordPress/7.0.4; https://www.lewaf.com"
40.88.21.235 - - [17/Aug/2026:17:09:07 -0400] "GET / HTTP/1.1" 200 20 "-" "DuckDuckBot/1.1; (+http://duckduckgo.com/duckduckbot.html)"
69.39.225.240 - - [17/Aug/2026:17:11:36 -0400] "POST /wp-cron.php?doing_wp_cron=1787001096.0826179981231689453125 HTTP/1.1" 200 20 "-" "WordPress/7.0.4; https://www.lewaf.com"
176.61.146.236 - - [17/Aug/2026:17:11:35 -0400] "GET / HTTP/1.1" 200 20 "-" "Mozilla/5.0 (compatible; RecScan/2.0)"
103.253.27.108 - - [17/Aug/2026:17:56:23 -0400] "POST /?rest_route=/batch/v1 HTTP/1.1" 403 199 "-" "Mozilla/5.0"
103.253.27.108 - - [17/Aug/2026:17:56:23 -0400] "POST /wp-json/batch/v1 HTTP/1.1" 403 199 "-" "Mozilla/5.0"
103.253.27.108 - - [17/Aug/2026:17:56:25 -0400] "POST /?rest_route=/batch/v1 HTTP/1.1" 403 199 "-" "Mozilla/5.0"
103.253.27.108 - - [17/Aug/2026:17:56:25 -0400] "POST /wp-json/batch/v1 HTTP/1.1" 403 199 "-" "Mozilla/5.0"
69.39.225.240 - - [17/Aug/2026:18:22:56 -0400] "POST /wp-cron.php?doing_wp_cron=1787005376.4892139434814453125000 HTTP/1.1" 200 20 "-" "WordPress/7.0.4; https://www.lewaf.com"
47.86.1.85 - - [17/Aug/2026:18:22:55 -0400] "GET / HTTP/1.1" 200 20 "-" "Mozilla/5.0 (Windows NT 10.0; Win64; x64) AppleWebKit/537.36 (KHTML, like Gecko) Chrome/106.0.5249.119 Safari/537.36"
69.39.225.240 - - [17/Aug/2026:18:23:32 -0400] "POST /wp-cron.php?doing_wp_cron=1787005412.0426731109619140625000 HTTP/1.1" 200 20 "-" "WordPress/7.0.4; https://www.lewaf.com"
176.61.146.236 - - [17/Aug/2026:18:23:31 -0400] "GET / HTTP/1.1" 200 20 "-" "Mozilla/5.0 (compatible; RecScan/2.0)"
192.0.119.74 - - [17/Aug/2026:18:31:12 -0400] "GET /.well-known/hosting-provider HTTP/1.1" 200 28147 "http://www.lewaf.com/.well-known/hosting-provider" "WordPress.com; https://www.lewaf.com"
69.39.225.240 - - [17/Aug/2026:19:38:08 -0400] "POST /wp-cron.php?doing_wp_cron=1787009888.2960848808288574218750 HTTP/1.1" 200 20 "-" "WordPress/7.0.4; https://www.lewaf.com"
35.187.31.229 - - [17/Aug/2026:19:38:07 -0400] "GET / HTTP/1.1" 200 20 "-" "Mozilla/5.0 (Windows NT 10.0; Win64; x64) AppleWebKit/537.36 (KHTML, like Gecko) Chrome/84.0.4147.105 Safari/537.36"
69.39.225.240 - - [17/Aug/2026:19:54:53 -0400] "POST /wp-cron.php?doing_wp_cron=1787010893.1066739559173583984375 HTTP/1.1" 200 20 "-" "WordPress/7.0.4; https://www.lewaf.com"
216.244.66.237 - - [17/Aug/2026:19:54:52 -0400] "GET /robots.txt HTTP/1.1" 200 316 "-" "Mozilla/5.0 (compatible; DotBot/1.2; +https://opensiteexplorer.org/dotbot; help@moz.com)"
69.39.225.240 - - [17/Aug/2026:20:02:05 -0400] "POST /wp-cron.php?doing_wp_cron=1787011325.0813589096069335937500 HTTP/1.1" 200 20 "-" "WordPress/7.0.4; https://www.lewaf.com"
216.244.66.237 - - [17/Aug/2026:20:02:03 -0400] "GET /portfolio-item/art-5/ HTTP/1.1" 200 151929 "-" "Mozilla/5.0 (compatible; DotBot/1.2; +https://opensiteexplorer.org/dotbot; help@moz.com)"
69.39.225.240 - - [17/Aug/2026:20:08:19 -0400] "POST /wp-cron.php?doing_wp_cron=1787011699.6130170822143554687500 HTTP/1.1" 200 20 "-" "WordPress/7.0.4; https://www.lewaf.com"
216.244.66.237 - - [17/Aug/2026:20:08:18 -0400] "GET /cart/?remove_item=ceb8d4ba118f6cfe3c60e82d306dfd73&_wpnonce=d5119ecad1 HTTP/1.1" 200 212334 "-" "Mozilla/5.0 (compatible; DotBot/1.2; +https://opensiteexplorer.org/dotbot; help@moz.com)"
3.144.171.127 - - [17/Aug/2026:20:38:55 -0400] "GET / HTTP/1.1" 200 20 "-" "Mozilla/5.0 (Windows NT 10.0; Win64; x64) AppleWebKit/537.36 (KHTML, like Gecko) Chrome/146.0.7423.12 Safari/537.36"
3.144.171.127 - - [17/Aug/2026:20:39:03 -0400] "GET /robots.txt HTTP/1.1" 200 20 "-" "python-requests/2.31.0"
3.144.171.127 - - [17/Aug/2026:20:39:04 -0400] "GET /robots.txt HTTP/1.1" 200 171 "-" "python-requests/2.31.0"
69.39.225.240 - - [17/Aug/2026:20:39:05 -0400] "POST /wp-cron.php?doing_wp_cron=1787013545.2566089630126953125000 HTTP/1.1" 200 20 "-" "WordPress/7.0.4; https://www.lewaf.com"
3.144.171.127 - - [17/Aug/2026:20:39:04 -0400] "GET /?add-to-cart=6137 HTTP/1.1" 200 20 "-" "Mozilla/5.0 (Windows NT 10.0; Win64; x64) AppleWebKit/537.36 (KHTML, like Gecko) Chrome/146.0.7423.12 Safari/537.36"
3.144.171.127 - - [17/Aug/2026:20:39:07 -0400] "GET /?add-to-cart=6142 HTTP/1.1" 200 20 "-" "Mozilla/5.0 (Windows NT 10.0; Win64; x64) AppleWebKit/537.36 (KHTML, like Gecko) Chrome/146.0.7423.12 Safari/537.36"
69.39.225.240 - - [17/Aug/2026:20:55:53 -0400] "POST /wp-cron.php?doing_wp_cron=1787014553.5225150585174560546875 HTTP/1.1" 200 20 "-" "WordPress/7.0.4; https://www.lewaf.com"
170.106.65.93 - - [17/Aug/2026:20:55:52 -0400] "GET / HTTP/1.1" 200 20 "-" "Mozilla/5.0 (iPhone; CPU iPhone OS 13_2_3 like Mac OS X) AppleWebKit/605.1.15 (KHTML, like Gecko) Version/13.0.3 Mobile/15E148 Safari/604.1"
69.39.225.240 - - [17/Aug/2026:21:27:45 -0400] "POST /wp-cron.php?doing_wp_cron=1787016465.2601349353790283203125 HTTP/1.1" 200 20 "-" "WordPress/7.0.4; https://www.lewaf.com"
216.244.66.237 - - [17/Aug/2026:21:27:44 -0400] "GET /robots.txt HTTP/1.1" 200 316 "-" "Mozilla/5.0 (compatible; DotBot/1.2; +https://opensiteexplorer.org/dotbot; help@moz.com)"
216.244.66.237 - - [17/Aug/2026:21:40:18 -0400] "GET /cart/?remove_item=64b6b3b6340ffb40931058f9d484356c&_wpnonce=615220219e HTTP/1.1" 200 212334 "-" "Mozilla/5.0 (compatible; DotBot/1.2; +https://opensiteexplorer.org/dotbot; help@moz.com)"
69.39.225.240 - - [17/Aug/2026:21:48:15 -0400] "POST /wp-cron.php?doing_wp_cron=1787017695.2997970581054687500000 HTTP/1.1" 200 20 "-" "WordPress/7.0.4; https://www.lewaf.com"
73.104.236.68 - - [17/Aug/2026:21:48:14 -0400] "GET / HTTP/1.1" 200 - "-" "Mozilla/5.0 (Windows NT 10.0; Win64; x64) AppleWebKit/537.36 (KHTML, like Gecko) Chrome/144.0.0.0 Safari/537.36"
69.39.225.240 - - [17/Aug/2026:21:48:34 -0400] "POST /wp-cron.php?doing_wp_cron=1787017714.0722808837890625000000 HTTP/1.1" 200 20 "-" "WordPress/7.0.4; https://www.lewaf.com"
45.225.227.82 - - [17/Aug/2026:21:48:33 -0400] "GET / HTTP/1.1" 200 - "-" "Mozilla/5.0 (Windows NT 10.0; Win64; x64) AppleWebKit/537.36 (KHTML, like Gecko) Chrome/144.0.0.0 Safari/537.36"
216.244.66.237 - - [17/Aug/2026:22:12:31 -0400] "GET /robots.txt HTTP/1.1" 200 316 "-" "Mozilla/5.0 (compatible; DotBot/1.2; +https://opensiteexplorer.org/dotbot; help@moz.com)"
69.39.225.240 - - [17/Aug/2026:22:25:38 -0400] "POST /wp-cron.php?doing_wp_cron=1787019938.2794649600982666015625 HTTP/1.1" 200 20 "-" "WordPress/7.0.4; https://www.lewaf.com"
216.244.66.237 - - [17/Aug/2026:22:25:37 -0400] "GET /cart/?remove_item=c767895746d4bab5ebc71d6072cd3c48&_wpnonce=0ffb983bc6 HTTP/1.1" 200 212334 "-" "Mozilla/5.0 (compatible; DotBot/1.2; +https://opensiteexplorer.org/dotbot; help@moz.com)"
216.244.66.237 - - [17/Aug/2026:22:25:42 -0400] "GET /cart/?remove_item=ceb8d4ba118f6cfe3c60e82d306dfd73&_wpnonce=bc089eda24 HTTP/1.1" 200 212334 "-" "Mozilla/5.0 (compatible; DotBot/1.2; +https://opensiteexplorer.org/dotbot; help@moz.com)"
69.39.225.240 - - [17/Aug/2026:22:29:00 -0400] "POST /wp-cron.php?doing_wp_cron=1787020140.0773129463195800781250 HTTP/1.1" 200 20 "-" "WordPress/7.0.4; https://www.lewaf.com"
100.24.39.240 - - [17/Aug/2026:22:28:59 -0400] "GET /robots.txt HTTP/1.1" 200 20 "-" "Mozilla/5.0 (Macintosh; Intel Mac OS X 10_15_7) AppleWebKit/537.36 (KHTML, like Gecko) Chrome/108.0.0.0 Safari/537.36"
100.24.39.240 - - [17/Aug/2026:22:29:00 -0400] "GET /robots.txt HTTP/1.1" 200 171 "-" "Mozilla/5.0 (Macintosh; Intel Mac OS X 10_15_7) AppleWebKit/537.36 (KHTML, like Gecko) Chrome/108.0.0.0 Safari/537.36"
69.39.225.240 - - [17/Aug/2026:22:34:20 -0400] "POST /wp-cron.php?doing_wp_cron=1787020460.5582199096679687500000 HTTP/1.1" 200 20 "-" "WordPress/7.0.4; https://www.lewaf.com"
193.235.141.157 - - [17/Aug/2026:22:34:19 -0400] "GET / HTTP/1.1" 200 20 "-" "Mozilla/5.0 (iPhone; CPU iPhone OS 17_3_1 like Mac OS X) AppleWebKit/605.1.15 (KHTML, like Gecko) Version/17.3.1 Mobile/15E148 Safari/604"
145.220.91.19 - - [17/Aug/2026:22:34:20 -0400] "GET / HTTP/1.1" 200 20 "-" "Mozilla/5.0 (Macintosh; Intel Mac OS X 10.15; rv:122.0) Gecko/20100101 Firefox/122.0"
40.88.21.235 - - [17/Aug/2026:23:13:49 -0400] "GET / HTTP/1.1" 200 20 "-" "DuckDuckBot/1.1; (+http://duckduckgo.com/duckduckbot.html)"
69.39.225.240 - - [17/Aug/2026:23:41:24 -0400] "POST /wp-cron.php?doing_wp_cron=1787024484.6118149757385253906250 HTTP/1.1" 200 20 "-" "WordPress/7.0.4; https://www.lewaf.com"
103.131.71.27 - - [17/Aug/2026:23:41:23 -0400] "GET /robots.txt HTTP/1.1" 200 20 "-" "Mozilla/5.0 (compatible; coccocbot-image/1.0; +http://help.coccoc.com/searchengine)"
103.131.71.27 - - [17/Aug/2026:23:41:25 -0400] "GET /robots.txt HTTP/1.1" 200 171 "-" "Mozilla/5.0 (compatible; coccocbot-image/1.0; +http://help.coccoc.com/searchengine)"
216.244.66.237 - - [17/Aug/2026:23:43:22 -0400] "GET /robots.txt HTTP/1.1" 200 316 "-" "Mozilla/5.0 (compatible; DotBot/1.2; +https://opensiteexplorer.org/dotbot; help@moz.com)"
216.244.66.237 - - [17/Aug/2026:23:50:14 -0400] "GET / HTTP/1.1" 200 - "-" "Mozilla/5.0 (compatible; DotBot/1.2; +https://opensiteexplorer.org/dotbot; help@moz.com)"
66.249.64.34 - - [18/Aug/2026:00:01:13 -0400] "GET /robots.txt HTTP/1.1" 200 20 "-" "Mozilla/5.0 (compatible; Googlebot/2.1; +http://www.google.com/bot.html)"
66.249.70.174 - - [18/Aug/2026:00:01:14 -0400] "GET /robots.txt HTTP/1.1" 200 171 "-" "Mozilla/5.0 (compatible; Googlebot/2.1; +http://www.google.com/bot.html)"
66.249.64.34 - - [18/Aug/2026:00:01:18 -0400] "GET /ads.txt HTTP/1.1" 200 20 "-" "Mozilla/5.0 (compatible; Googlebot/2.1; +http://www.google.com/bot.html)"
66.249.70.172 - - [18/Aug/2026:00:01:21 -0400] "GET /ads.txt HTTP/1.1" 200 28167 "-" "Mozilla/5.0 (compatible; Googlebot/2.1; +http://www.google.com/bot.html)"
69.39.225.240 - - [18/Aug/2026:00:45:47 -0400] "POST /wp-cron.php?doing_wp_cron=1787028347.6146190166473388671875 HTTP/1.1" 200 20 "-" "WordPress/7.0.4; https://www.lewaf.com"
103.131.71.235 - - [18/Aug/2026:00:45:47 -0400] "GET /robots.txt HTTP/1.1" 200 20 "-" "Mozilla/5.0 (compatible; coccocbot-web/1.0; +http://help.coccoc.com/searchengine)"
103.131.71.235 - - [18/Aug/2026:00:45:49 -0400] "GET /robots.txt HTTP/1.1" 200 171 "-" "Mozilla/5.0 (compatible; coccocbot-web/1.0; +http://help.coccoc.com/searchengine)"
69.39.225.240 - - [18/Aug/2026:00:50:22 -0400] "POST /wp-cron.php?doing_wp_cron=1787028622.2694680690765380859375 HTTP/1.1" 200 20 "-" "WordPress/7.0.4; https://www.lewaf.com"
145.220.91.19 - - [18/Aug/2026:00:50:21 -0400] "GET / HTTP/1.1" 200 20 "-" "Mozilla/5.0 (Macintosh; Intel Mac OS X 10.15; rv:122.0) Gecko/20100101 Firefox/122.0"
69.39.225.240 - - [18/Aug/2026:00:56:59 -0400] "POST /wp-cron.php?doing_wp_cron=1787029019.1132450103759765625000 HTTP/1.1" 200 20 "-" "WordPress/7.0.4; https://www.lewaf.com"
201.149.77.73 - - [18/Aug/2026:00:56:58 -0400] "GET http://www.lewaf.com/ HTTP/1.1" 200 20 "-" "Mozilla/5.0 (Windows NT 10.0; Win64; x64) AppleWebKit/537.36 (KHTML, like Gecko) Chrome/133.0.0.0 Safari/537.36"
65.21.32.180 - - [18/Aug/2026:01:02:22 -0400] "GET / HTTP/1.1" 200 20 "-" "Mozilla/5.0 (compatible; AffsignalCrawler/1.0; +https://affsignal.com/bot)"
52.202.232.123 - - [18/Aug/2026:01:16:26 -0400] "GET /robots.txt HTTP/1.1" 200 171 "-" "Mozilla/5.0 (Macintosh; Intel Mac OS X 10_10_1) AppleWebKit/600.2.5 (KHTML, like Gecko) Version/8.0.2 Safari/600.2.5 (Gort)"
216.244.66.237 - - [18/Aug/2026:01:18:37 -0400] "GET /robots.txt HTTP/1.1" 200 316 "-" "Mozilla/5.0 (compatible; DotBot/1.2; +https://opensiteexplorer.org/dotbot; help@moz.com)"
