45.156.128.112 - - [18/Aug/2026:17:18:53 -0400] "GET /static/historypage.js HTTP/1.1" 200 14310 "http://midiowainterviewing.com/static/historypage.js" "Mozilla/5.0 AppleWebKit/537.36 (KHTML, like Gecko) Chrome/123.0.6312.86 Safari/537.36"
45.156.128.114 - - [18/Aug/2026:17:18:55 -0400] "GET /favicon-32x32.png HTTP/1.1" 200 20 "-" "Mozilla/5.0 AppleWebKit/537.36 (KHTML, like Gecko) Chrome/123.0.6312.86 Safari/537.36"
45.156.128.113 - - [18/Aug/2026:17:18:56 -0400] "GET /favicon-32x32.png HTTP/1.1" 200 14310 "http://midiowainterviewing.com/favicon-32x32.png" "Mozilla/5.0 AppleWebKit/537.36 (KHTML, like Gecko) Chrome/123.0.6312.86 Safari/537.36"
45.156.128.112 - - [18/Aug/2026:17:18:57 -0400] "GET /js/NewWindow_2_all.js HTTP/1.1" 200 20 "-" "Mozilla/5.0 AppleWebKit/537.36 (KHTML, like Gecko) Chrome/123.0.6312.86 Safari/537.36"
45.156.128.113 - - [18/Aug/2026:17:18:58 -0400] "GET /js/NewWindow_2_all.js HTTP/1.1" 200 14310 "http://midiowainterviewing.com/js/NewWindow_2_all.js" "Mozilla/5.0 AppleWebKit/537.36 (KHTML, like Gecko) Chrome/123.0.6312.86 Safari/537.36"
45.156.128.113 - - [18/Aug/2026:17:19:25 -0400] "GET /showLogin.cc HTTP/1.1" 200 20 "-" "Mozilla/5.0 AppleWebKit/537.36 (KHTML, like Gecko) Chrome/123.0.6312.86 Safari/537.36"
45.156.128.114 - - [18/Aug/2026:17:19:26 -0400] "GET /showLogin.cc HTTP/1.1" 200 14310 "http://midiowainterviewing.com/showLogin.cc" "Mozilla/5.0 AppleWebKit/537.36 (KHTML, like Gecko) Chrome/123.0.6312.86 Safari/537.36"
45.156.128.113 - - [18/Aug/2026:17:19:28 -0400] "GET /identity HTTP/1.1" 200 20 "-" "Mozilla/5.0 AppleWebKit/537.36 (KHTML, like Gecko) Chrome/123.0.6312.86 Safari/537.36"
45.156.128.113 - - [18/Aug/2026:17:19:29 -0400] "GET /identity HTTP/1.1" 200 14310 "http://midiowainterviewing.com/identity" "Mozilla/5.0 AppleWebKit/537.36 (KHTML, like Gecko) Chrome/123.0.6312.86 Safari/537.36"
45.156.128.114 - - [18/Aug/2026:17:19:33 -0400] "GET /index.jsp HTTP/1.1" 200 20 "-" "Mozilla/5.0 AppleWebKit/537.36 (KHTML, like Gecko) Chrome/123.0.6312.86 Safari/537.36"
45.156.128.114 - - [18/Aug/2026:17:19:34 -0400] "GET /index.jsp HTTP/1.1" 200 14310 "http://midiowainterviewing.com/index.jsp" "Mozilla/5.0 AppleWebKit/537.36 (KHTML, like Gecko) Chrome/123.0.6312.86 Safari/537.36"
69.39.225.240 - - [18/Aug/2026:17:46:31 -0400] "POST /wp-cron.php?doing_wp_cron=1787089591.9274249076843261718750 HTTP/1.1" 200 20 "-" "WordPress/7.0.4; https://www.midiowainterviewing.com"
43.166.240.231 - - [18/Aug/2026:17:46:31 -0400] "GET / HTTP/1.1" 200 20 "-" "Mozilla/5.0 (iPhone; CPU iPhone OS 13_2_3 like Mac OS X) AppleWebKit/605.1.15 (KHTML, like Gecko) Version/13.0.3 Mobile/15E148 Safari/604.1"
69.39.225.240 - - [18/Aug/2026:18:36:38 -0400] "POST /wp-cron.php?doing_wp_cron=1787092598.5517621040344238281250 HTTP/1.1" 200 20 "-" "WordPress/7.0.4; https://www.midiowainterviewing.com"
39.194.1.247 - - [18/Aug/2026:18:36:37 -0400] "GET / HTTP/1.1" 200 20 "-" "Mozilla/5.0 (Windows NT 10.0; Win64; x64) Gecko/20100101 Firefox/120.0.1"
39.194.1.247 - - [18/Aug/2026:18:36:43 -0400] "GET / HTTP/1.1" 200 20 "-" "Mozilla/5.0 (Macintosh; Intel Mac OS X 13_6_1) AppleWebKit/605.1.15 (KHTML, like Gecko) Version/17.0 Safari/605.1.15"
43.164.1.211 - - [18/Aug/2026:18:47:56 -0400] "GET / HTTP/1.1" 200 20 "-" "Mozilla/5.0 (iPhone; CPU iPhone OS 13_2_3 like Mac OS X) AppleWebKit/605.1.15 (KHTML, like Gecko) Version/13.0.3 Mobile/15E148 Safari/604.1"
69.39.225.240 - - [18/Aug/2026:19:24:31 -0400] "POST /wp-cron.php?doing_wp_cron=1787095471.4289419651031494140625 HTTP/1.1" 200 20 "-" "WordPress/7.0.4; https://www.midiowainterviewing.com"
185.170.167.18 - - [18/Aug/2026:19:24:30 -0400] "GET /robots.txt HTTP/1.1" 200 138 "-" "Mozilla/5.0 (compatible; BacklinksExtendedBot)"
185.170.167.18 - - [18/Aug/2026:19:24:31 -0400] "GET / HTTP/1.1" 200 20 "-" "Mozilla/5.0 (compatible; BacklinksExtendedBot)"
185.71.171.86 - - [18/Aug/2026:19:33:48 -0400] "GET / HTTP/1.1" 200 20 "-" "Mozilla/5.0 (Macintosh; Intel Mac OS X 10_11_5) AppleWebKit/537.36 (KHTML, like Gecko) Chrome/50.0.2661.102 Safari/537.36"
69.39.225.240 - - [18/Aug/2026:21:06:17 -0400] "POST /wp-cron.php?doing_wp_cron=1787101577.8386549949645996093750 HTTP/1.1" 200 20 "-" "WordPress/7.0.4; https://www.midiowainterviewing.com"
5.78.194.174 - - [18/Aug/2026:21:06:16 -0400] "GET / HTTP/1.1" 200 20 "-" "Mozilla/5.0 (compatible; CreateMerchantBot/1.0; +https://gocreatepayments.com/bot)"
5.78.194.174 - - [18/Aug/2026:21:06:21 -0400] "GET /contact HTTP/1.1" 200 20 "-" "Mozilla/5.0 (compatible; CreateMerchantBot/1.0; +https://gocreatepayments.com/bot)"
5.78.194.174 - - [18/Aug/2026:21:06:22 -0400] "GET /contact/ HTTP/1.1" 200 22378 "-" "Mozilla/5.0 (compatible; CreateMerchantBot/1.0; +https://gocreatepayments.com/bot)"
5.78.194.174 - - [18/Aug/2026:21:06:25 -0400] "GET /about HTTP/1.1" 200 20 "-" "Mozilla/5.0 (compatible; CreateMerchantBot/1.0; +https://gocreatepayments.com/bot)"
5.78.194.174 - - [18/Aug/2026:21:06:26 -0400] "GET /about/ HTTP/1.1" 200 16967 "-" "Mozilla/5.0 (compatible; CreateMerchantBot/1.0; +https://gocreatepayments.com/bot)"
69.39.225.240 - - [18/Aug/2026:21:24:02 -0400] "POST /wp-cron.php?doing_wp_cron=1787102642.6304209232330322265625 HTTP/1.1" 200 20 "-" "WordPress/7.0.4; https://www.midiowainterviewing.com"
3.213.16.195 - - [18/Aug/2026:21:24:01 -0400] "GET /robots.txt HTTP/1.1" 200 20 "-" "Mozilla/5.0 (Macintosh; Intel Mac OS X 10_10_1) AppleWebKit/600.2.5 (KHTML, like Gecko) Version/8.0.2 Safari/600.2.5 (Gort)"
98.84.64.180 - - [18/Aug/2026:21:24:02 -0400] "GET /robots.txt HTTP/1.1" 200 138 "-" "Mozilla/5.0 (Macintosh; Intel Mac OS X 10_10_1) AppleWebKit/600.2.5 (KHTML, like Gecko) Version/8.0.2 Safari/600.2.5 (Gort)"
69.39.225.240 - - [18/Aug/2026:22:27:51 -0400] "POST /wp-cron.php?doing_wp_cron=1787106471.0623619556427001953125 HTTP/1.1" 200 20 "-" "WordPress/7.0.4; https://www.midiowainterviewing.com"
43.134.91.35 - - [18/Aug/2026:22:27:50 -0400] "GET / HTTP/1.1" 200 20 "-" "Mozilla/5.0 (iPhone; CPU iPhone OS 13_2_3 like Mac OS X) AppleWebKit/605.1.15 (KHTML, like Gecko) Version/13.0.3 Mobile/15E148 Safari/604.1"
69.39.225.240 - - [18/Aug/2026:22:38:50 -0400] "POST /wp-cron.php?doing_wp_cron=1787107130.4882199764251708984375 HTTP/1.1" 200 20 "-" "WordPress/7.0.4; https://www.midiowainterviewing.com"
35.170.76.167 - - [18/Aug/2026:22:38:49 -0400] "GET / HTTP/1.1" 200 20 "-" "Mozilla/5.0 (Windows NT 10.0; WOW64) AppleWebKit/537.36 (KHTML, like Gecko) Chrome/109.0.0.0 Safari/537.36"
35.170.76.167 - - [18/Aug/2026:22:38:51 -0400] "GET / HTTP/1.1" 200 20 "-" "Mozilla/5.0 (Windows NT 10.0; WOW64) AppleWebKit/537.36 (KHTML, like Gecko) Chrome/109.0.0.0 Safari/537.36"
114.119.130.12 - - [18/Aug/2026:22:41:13 -0400] "GET /robots.txt HTTP/1.1" 200 20 "http://midiowainterviewing.com/robots.txt" "Mozilla/5.0 (compatible;PetalBot;+https://webmaster.petalsearch.com/site/petalbot)"
114.119.130.12 - - [18/Aug/2026:22:41:14 -0400] "GET /robots.txt HTTP/1.1" 200 138 "http://midiowainterviewing.com/robots.txt" "Mozilla/5.0 (compatible;PetalBot;+https://webmaster.petalsearch.com/site/petalbot)"
69.39.225.240 - - [18/Aug/2026:23:27:41 -0400] "POST /wp-cron.php?doing_wp_cron=1787110061.0463109016418457031250 HTTP/1.1" 200 20 "-" "WordPress/7.0.4; https://www.midiowainterviewing.com"
43.157.22.57 - - [18/Aug/2026:23:27:40 -0400] "GET / HTTP/1.1" 200 20 "-" "Mozilla/5.0 (iPhone; CPU iPhone OS 13_2_3 like Mac OS X) AppleWebKit/605.1.15 (KHTML, like Gecko) Version/13.0.3 Mobile/15E148 Safari/604.1"
51.161.8.73 - - [18/Aug/2026:23:37:35 -0400] "GET / HTTP/1.1" 200 - "-" "Mozilla/5.0 (Macintosh; U; Intel Mac OS X 10.4; en-US; rv:1.9.2.2) Gecko/20100316 Firefox/3.6.2"
69.39.225.240 - - [19/Aug/2026:01:14:29 -0400] "POST /wp-cron.php?doing_wp_cron=1787116469.9527139663696289062500 HTTP/1.1" 200 20 "-" "WordPress/7.0.4; https://www.midiowainterviewing.com"
172.233.156.98 - - [19/Aug/2026:01:14:28 -0400] "GET / HTTP/1.1" 200 20 "-" "Mozilla/5.0 (Windows NT 10.0; Win64; x64) AppleWebKit/537.36 (KHTML, like Gecko) Chrome/79.0.4101.79 Safari/537.36"
13.57.17.219 - - [19/Aug/2026:01:18:34 -0400] "GET /robots.txt HTTP/1.1" 200 138 "-" "TerraCotta 0.2 https://www.github.com/ceramicTeam/CeramicTerracotta"
203.91.74.151 - - [19/Aug/2026:02:12:40 -0400] "GET / HTTP/1.1" 200 20 "-" "CmsScaner/net8"
43.162.103.213 - - [19/Aug/2026:03:25:17 -0400] "GET / HTTP/1.1" 200 20 "-" "Mozilla/5.0 (iPhone; CPU iPhone OS 13_2_3 like Mac OS X) AppleWebKit/605.1.15 (KHTML, like Gecko) Version/13.0.3 Mobile/15E148 Safari/604.1"
192.121.122.150 - - [19/Aug/2026:04:18:02 -0400] "GET /robots.txt HTTP/1.1" 200 20 "-" "Mozilla/5.0 (iPhone; CPU iPhone OS 16_3 like Mac OS X) AppleWebKit/605.1.15 (KHTML, like Gecko) CriOS/122.0.6261.89 Mobile/15E148 Safari/604"
151.252.30.43 - - [19/Aug/2026:04:18:04 -0400] "GET /robots.txt HTTP/1.1" 200 138 "http://midiowainterviewing.com/robots.txt" "Mozilla/5.0 (iPhone; CPU iPhone OS 16_3 like Mac OS X) AppleWebKit/605.1.15 (KHTML, like Gecko) CriOS/122.0.6261.89 Mobile/15E148 Safari/604"
192.36.137.45 - - [19/Aug/2026:04:18:05 -0400] "GET /llms.txt HTTP/1.1" 200 20 "-" "Mozilla/5.0 (iPhone; CPU iPhone OS 16_3 like Mac OS X) AppleWebKit/605.1.15 (KHTML, like Gecko) CriOS/122.0.6261.89 Mobile/15E148 Safari/604"
151.248.7.219 - - [19/Aug/2026:04:18:06 -0400] "GET /llms.txt HTTP/1.1" 200 14316 "http://midiowainterviewing.com/llms.txt" "Mozilla/5.0 (iPhone; CPU iPhone OS 16_3 like Mac OS X) AppleWebKit/605.1.15 (KHTML, like Gecko) CriOS/122.0.6261.89 Mobile/15E148 Safari/604"
5.133.217.40 - - [19/Aug/2026:04:18:08 -0400] "GET / HTTP/1.1" 200 20 "-" "Mozilla/5.0 (iPhone; CPU iPhone OS 16_3 like Mac OS X) AppleWebKit/605.1.15 (KHTML, like Gecko) CriOS/122.0.6261.89 Mobile/15E148 Safari/604"
69.39.225.240 - - [19/Aug/2026:05:36:43 -0400] "POST /wp-cron.php?doing_wp_cron=1787132203.7017049789428710937500 HTTP/1.1" 200 20 "-" "WordPress/7.0.4; https://www.midiowainterviewing.com"
91.92.47.210 - - [19/Aug/2026:05:36:40 -0400] "HEAD / HTTP/1.1" 200 - "-" "Mozilla/5.0"
51.68.236.64 - - [19/Aug/2026:05:51:30 -0400] "GET /robots.txt HTTP/1.1" 200 138 "-" "Mozilla/5.0 (compatible; MJ12bot/v2.0.5; http://mj12bot.com/)"
51.68.236.64 - - [19/Aug/2026:05:51:32 -0400] "GET / HTTP/1.1" 200 20 "-" "Mozilla/5.0 (compatible; MJ12bot/v2.0.5; http://mj12bot.com/)"
23.251.146.115 - - [19/Aug/2026:05:51:51 -0400] "GET / HTTP/1.1" 200 20 "-" "Mozilla/5.0 (X11; Linux x86_64) AppleWebKit/537.36 (KHTML, like Gecko) Chrome/144.0.0.0 Safari/537.36"
69.39.225.240 - - [19/Aug/2026:06:42:53 -0400] "POST /wp-cron.php?doing_wp_cron=1787136173.3362629413604736328125 HTTP/1.1" 200 20 "-" "WordPress/7.0.4; https://www.midiowainterviewing.com"
43.164.3.23 - - [19/Aug/2026:06:42:49 -0400] "GET / HTTP/1.1" 200 20 "-" "Mozilla/5.0 (iPhone; CPU iPhone OS 13_2_3 like Mac OS X) AppleWebKit/605.1.15 (KHTML, like Gecko) Version/13.0.3 Mobile/15E148 Safari/604.1"
69.39.225.240 - - [19/Aug/2026:07:25:09 -0400] "POST /wp-cron.php?doing_wp_cron=1787138709.1870849132537841796875 HTTP/1.1" 200 20 "-" "WordPress/7.0.4; https://www.midiowainterviewing.com"
43.159.145.153 - - [19/Aug/2026:07:25:06 -0400] "GET / HTTP/1.1" 200 20 "-" "Mozilla/5.0 (iPhone; CPU iPhone OS 13_2_3 like Mac OS X) AppleWebKit/605.1.15 (KHTML, like Gecko) Version/13.0.3 Mobile/15E148 Safari/604.1"
69.39.225.240 - - [19/Aug/2026:08:04:26 -0400] "POST /wp-cron.php?doing_wp_cron=1787141066.4807009696960449218750 HTTP/1.1" 200 20 "-" "WordPress/7.0.4; https://www.midiowainterviewing.com"
66.132.172.101 - - [19/Aug/2026:08:04:23 -0400] "GET / HTTP/1.1" 200 20 "-" "Mozilla/5.0 (compatible; CensysInspect/1.1; +https://about.censys.io/)"
69.39.225.240 - - [19/Aug/2026:09:23:07 -0400] "POST /wp-cron.php?doing_wp_cron=1787145787.2730801105499267578125 HTTP/1.1" 200 20 "-" "WordPress/7.0.4; https://www.midiowainterviewing.com"
13.57.17.219 - - [19/Aug/2026:09:23:06 -0400] "GET /robots.txt HTTP/1.1" 200 138 "-" "TerraCotta 0.2 https://www.github.com/ceramicTeam/CeramicTerracotta"
66.132.186.181 - - [19/Aug/2026:09:26:45 -0400] "GET / HTTP/1.1" 200 20 "-" "Mozilla/5.0 (compatible; CensysInspect/1.1; +https://about.censys.io/)"
35.208.38.153 - - [19/Aug/2026:09:30:48 -0400] "GET / HTTP/1.1" 200 8 "-" "Mozilla/5.0 (Windows NT 10.0; Win64; x64; rv:109.0) Gecko/20100101 Firefox/116.0"
69.39.225.240 - - [19/Aug/2026:09:34:29 -0400] "POST /wp-cron.php?doing_wp_cron=1787146469.6825170516967773437500 HTTP/1.1" 200 20 "-" "WordPress/7.0.4; https://www.midiowainterviewing.com"
88.201.241.104 - - [19/Aug/2026:09:34:28 -0400] "GET / HTTP/1.1" 200 20 "-" "Mozilla/5.0 (Macintosh; Intel Mac OS X 10_11_5) AppleWebKit/537.36 (KHTML, like Gecko) Chrome/51.0.2740.18 Safari/537.36"
72.152.84.79 - - [19/Aug/2026:09:36:39 -0400] "GET / HTTP/1.1" 200 20 "-" "Mozilla/5.0 (Windows NT 10.0; Win64; x64) AppleWebKit/537.36 (KHTML, like Gecko) Chrome/142.0.7444.175 Safari/537.36"
69.39.225.240 - - [19/Aug/2026:09:50:52 -0400] "POST /wp-cron.php?doing_wp_cron=1787147452.0909318923950195312500 HTTP/1.1" 200 20 "-" "WordPress/7.0.4; https://www.midiowainterviewing.com"
114.119.153.186 - - [19/Aug/2026:09:50:51 -0400] "GET / HTTP/1.1" 200 20 "https://www.hoursmap.com/b/mid-iowa-interviewing-inc-windsor-heights-ia" "Mozilla/5.0 (Linux; Android 7.0;) AppleWebKit/537.36 (HTML, like Gecko) Mobile Safari/537.36 (compatible; PetalBot;+https://webmaster.petalsearch.com/site/petalbot)"
69.39.225.240 - - [19/Aug/2026:10:26:52 -0400] "POST /wp-cron.php?doing_wp_cron=1787149612.1239640712738037109375 HTTP/1.1" 200 20 "-" "WordPress/7.0.4; https://www.midiowainterviewing.com"
43.153.86.78 - - [19/Aug/2026:10:26:51 -0400] "GET / HTTP/1.1" 200 20 "-" "Mozilla/5.0 (iPhone; CPU iPhone OS 13_2_3 like Mac OS X) AppleWebKit/605.1.15 (KHTML, like Gecko) Version/13.0.3 Mobile/15E148 Safari/604.1"
66.132.186.192 - - [19/Aug/2026:10:38:44 -0400] "GET / HTTP/1.1" 200 20 "-" "Mozilla/5.0 (compatible; CensysInspect/1.1; +https://about.censys.io/)"
69.39.225.240 - - [19/Aug/2026:11:35:48 -0400] "POST /wp-cron.php?doing_wp_cron=1787153748.6624069213867187500000 HTTP/1.1" 200 20 "-" "WordPress/7.0.4; https://www.midiowainterviewing.com"
104.47.70.190 - - [19/Aug/2026:11:35:47 -0400] "HEAD / HTTP/1.1" 200 - "-" "-"
74.179.67.139 - - [19/Aug/2026:11:37:37 -0400] "GET / HTTP/1.1" 200 20 "-" "Mozilla/5.0 (Windows NT 10.0; Win64; x64) AppleWebKit/537.36 (KHTML, like Gecko) Chrome/142.0.7444.163 Safari/537.36"
216.244.66.239 - - [19/Aug/2026:12:05:33 -0400] "GET /robots.txt HTTP/1.1" 200 185 "-" "Mozilla/5.0 (compatible; DotBot/1.2; +https://opensiteexplorer.org/dotbot; help@moz.com)"
216.244.66.239 - - [19/Aug/2026:12:17:27 -0400] "GET /comments/feed/ HTTP/1.1" 200 778 "-" "Mozilla/5.0 (compatible; DotBot/1.2; +https://opensiteexplorer.org/dotbot; help@moz.com)"
69.39.225.240 - - [19/Aug/2026:13:06:46 -0400] "POST /wp-cron.php?doing_wp_cron=1787159206.4147269725799560546875 HTTP/1.1" 200 20 "-" "WordPress/7.0.4; https://www.midiowainterviewing.com"
34.76.242.182 - - [19/Aug/2026:13:06:45 -0400] "GET / HTTP/1.1" 200 20 "-" "Mozilla/5.0 (Windows NT 10.0; Win64; x64) AppleWebKit/537.36 (KHTML, like Gecko) Chrome/84.0.4147.105 Safari/537.36"
172.235.130.198 - - [19/Aug/2026:13:08:41 -0400] "HEAD / HTTP/1.1" 200 - "-" "Mozilla/5.0 (iPhone; CPU iPhone OS 17_5 like Mac OS X) AppleWebKit/605.1.15 (KHTML, like Gecko) Version/17.5 Mobile/15E148 Safari/604.1"
172.235.130.198 - - [19/Aug/2026:13:08:47 -0400] "HEAD /new/ HTTP/1.1" 200 - "-" "Mozilla/5.0 (Windows NT 10.0; Win64; x64) AppleWebKit/537.36 (KHTML, like Gecko) Chrome/126.0.6478.70 Safari/537.36 Vivaldi/6.7.3200.25"
172.235.130.198 - - [19/Aug/2026:13:08:52 -0400] "HEAD /new/ HTTP/1.1" 200 - "http://midiowainterviewing.com/new/" "Mozilla/5.0 (Windows NT 10.0; Win64; x64) AppleWebKit/537.36 (KHTML, like Gecko) Chrome/126.0.6478.70 Safari/537.36 Vivaldi/6.7.3200.25"
172.235.130.198 - - [19/Aug/2026:13:08:56 -0400] "HEAD /backup/ HTTP/1.1" 200 - "-" "Mozilla/5.0 (X11; Linux x86_64) AppleWebKit/537.36 (KHTML, like Gecko) Chrome/125.0.6422.76 Safari/537.36"
172.235.130.198 - - [19/Aug/2026:13:08:58 -0400] "HEAD /backup/ HTTP/1.1" 200 - "http://midiowainterviewing.com/backup/" "Mozilla/5.0 (X11; Linux x86_64) AppleWebKit/537.36 (KHTML, like Gecko) Chrome/125.0.6422.76 Safari/537.36"
172.235.130.198 - - [19/Aug/2026:13:09:00 -0400] "HEAD /old/ HTTP/1.1" 200 - "-" "Mozilla/5.0 (Linux; Android 11; moto g31) AppleWebKit/537.36 (KHTML, like Gecko) Chrome/122.0.6261.96 Mobile Safari/537.36"
172.235.130.198 - - [19/Aug/2026:13:09:01 -0400] "HEAD /old/ HTTP/1.1" 200 - "http://midiowainterviewing.com/old/" "Mozilla/5.0 (Linux; Android 11; moto g31) AppleWebKit/537.36 (KHTML, like Gecko) Chrome/122.0.6261.96 Mobile Safari/537.36"
172.235.130.198 - - [19/Aug/2026:13:09:02 -0400] "HEAD /wordpress/ HTTP/1.1" 200 - "-" "Mozilla/5.0 (Linux; Android 14; Xiaomi 14 Pro) AppleWebKit/537.36 (KHTML, like Gecko) Chrome/126.0.6478.33 Mobile Safari/537.36"
172.235.130.198 - - [19/Aug/2026:13:09:03 -0400] "HEAD /wordpress/ HTTP/1.1" 200 - "http://midiowainterviewing.com/wordpress/" "Mozilla/5.0 (Linux; Android 14; Xiaomi 14 Pro) AppleWebKit/537.36 (KHTML, like Gecko) Chrome/126.0.6478.33 Mobile Safari/537.36"
172.235.130.198 - - [19/Aug/2026:13:09:04 -0400] "HEAD /wp/ HTTP/1.1" 200 - "-" "Mozilla/5.0 (iPhone; CPU iPhone OS 16_7 like Mac OS X) AppleWebKit/605.1.15 (KHTML, like Gecko) Version/16.7 Mobile/15E148 Safari/604.1"
172.235.130.198 - - [19/Aug/2026:13:09:06 -0400] "HEAD /wp/ HTTP/1.1" 200 - "http://midiowainterviewing.com/wp/" "Mozilla/5.0 (iPhone; CPU iPhone OS 16_7 like Mac OS X) AppleWebKit/605.1.15 (KHTML, like Gecko) Version/16.7 Mobile/15E148 Safari/604.1"
172.235.130.198 - - [19/Aug/2026:13:09:09 -0400] "HEAD /blog/ HTTP/1.1" 200 - "-" "Mozilla/5.0 (iPhone; CPU iPhone OS 17_5 like Mac OS X) AppleWebKit/605.1.15 (KHTML, like Gecko) Version/17.5 Mobile/15E148 Safari/604.1"
172.235.130.198 - - [19/Aug/2026:13:09:13 -0400] "HEAD /blog/ HTTP/1.1" 200 - "http://midiowainterviewing.com/blog/" "Mozilla/5.0 (iPhone; CPU iPhone OS 17_5 like Mac OS X) AppleWebKit/605.1.15 (KHTML, like Gecko) Version/17.5 Mobile/15E148 Safari/604.1"
216.244.66.239 - - [19/Aug/2026:14:17:28 -0400] "GET /robots.txt HTTP/1.1" 200 185 "-" "Mozilla/5.0 (compatible; DotBot/1.2; +https://opensiteexplorer.org/dotbot; help@moz.com)"
216.244.66.239 - - [19/Aug/2026:14:22:27 -0400] "GET / HTTP/1.1" 200 - "-" "Mozilla/5.0 (compatible; DotBot/1.2; +https://opensiteexplorer.org/dotbot; help@moz.com)"
45.154.155.7 - - [19/Aug/2026:14:25:25 -0400] "GET / HTTP/1.1" 200 - "-" "Mozilla/5.0 (Macintosh; Intel Mac OS X 14_7_4) AppleWebKit/605.1.15 (KHTML, like Gecko) Version/18.3 Safari/605.1.15"
216.244.66.239 - - [19/Aug/2026:14:32:42 -0400] "GET /sitemap_index.xml HTTP/1.1" 200 531 "-" "Mozilla/5.0 (compatible; DotBot/1.2; +https://opensiteexplorer.org/dotbot; help@moz.com)"
66.249.70.195 - - [19/Aug/2026:15:19:24 -0400] "GET /ads.txt HTTP/1.1" 200 14310 "-" "Mozilla/5.0 (compatible; Googlebot/2.1; +http://www.google.com/bot.html)"
69.39.225.240 - - [19/Aug/2026:16:18:56 -0400] "POST /wp-cron.php?doing_wp_cron=1787170736.1658120155334472656250 HTTP/1.1" 200 20 "-" "WordPress/7.0.4; https://www.midiowainterviewing.com"
32.193.59.0 - - [19/Aug/2026:16:18:55 -0400] "GET /robots.txt HTTP/1.1" 200 20 "-" "Mozilla/5.0 (Macintosh; Intel Mac OS X 10_10_1) AppleWebKit/600.2.5 (KHTML, like Gecko) Version/8.0.2 Safari/600.2.5 (Gort)"
44.217.155.218 - - [19/Aug/2026:16:18:56 -0400] "GET /robots.txt HTTP/1.1" 200 138 "-" "Mozilla/5.0 (Macintosh; Intel Mac OS X 10_10_1) AppleWebKit/600.2.5 (KHTML, like Gecko) Version/8.0.2 Safari/600.2.5 (Gort)"
192.178.4.32 - - [19/Aug/2026:16:23:02 -0400] "GET /ads.txt HTTP/1.1" 200 20 "-" "Mozilla/5.0 (compatible; Googlebot/2.1; +http://www.google.com/bot.html)"
69.39.225.240 - - [19/Aug/2026:16:33:24 -0400] "POST /wp-cron.php?doing_wp_cron=1787171604.1340489387512207031250 HTTP/1.1" 200 20 "-" "WordPress/7.0.4; https://www.midiowainterviewing.com"
43.165.65.117 - - [19/Aug/2026:16:33:22 -0400] "GET / HTTP/1.1" 200 20 "-" "Mozilla/5.0 (iPhone; CPU iPhone OS 13_2_3 like Mac OS X) AppleWebKit/605.1.15 (KHTML, like Gecko) Version/13.0.3 Mobile/15E148 Safari/604.1"
20.206.96.72 - - [19/Aug/2026:18:35:13 -0400] "GET /wp-content/plugins/fix/up.php HTTP/1.1" 403 199 "-" "Mozilla/5.0"
74.179.70.43 - - [19/Aug/2026:21:30:28 -0400] "GET / HTTP/1.1" 200 20 "-" "Mozilla/5.0 (Windows NT 10.0; Win64; x64) AppleWebKit/537.36 (KHTML, like Gecko) Chrome/142.0.7444.162 Safari/537.36"
69.39.225.240 - - [19/Aug/2026:21:40:40 -0400] "POST /wp-cron.php?doing_wp_cron=1787190040.9124710559844970703125 HTTP/1.1" 200 20 "-" "WordPress/7.0.4; https://www.midiowainterviewing.com"
43.164.133.138 - - [19/Aug/2026:21:40:40 -0400] "GET / HTTP/1.1" 200 20 "-" "Mozilla/5.0 (iPhone; CPU iPhone OS 13_2_3 like Mac OS X) AppleWebKit/605.1.15 (KHTML, like Gecko) Version/13.0.3 Mobile/15E148 Safari/604.1"
69.39.225.240 - - [19/Aug/2026:22:03:05 -0400] "POST /wp-cron.php?doing_wp_cron=1787191385.8647549152374267578125 HTTP/1.1" 200 20 "-" "WordPress/7.0.4; https://www.midiowainterviewing.com"
51.68.107.144 - - [19/Aug/2026:22:03:05 -0400] "GET /robots.txt HTTP/1.1" 200 138 "-" "Mozilla/5.0 (compatible; MJ12bot/v2.0.5; http://mj12bot.com/)"
51.68.107.144 - - [19/Aug/2026:22:03:06 -0400] "GET / HTTP/1.1" 200 20 "-" "Mozilla/5.0 (compatible; MJ12bot/v2.0.5; http://mj12bot.com/)"
69.39.225.240 - - [19/Aug/2026:22:24:38 -0400] "POST /wp-cron.php?doing_wp_cron=1787192678.7218320369720458984375 HTTP/1.1" 200 20 "-" "WordPress/7.0.4; https://www.midiowainterviewing.com"
150.109.119.38 - - [19/Aug/2026:22:24:37 -0400] "GET / HTTP/1.1" 200 20 "-" "Mozilla/5.0 (iPhone; CPU iPhone OS 13_2_3 like Mac OS X) AppleWebKit/605.1.15 (KHTML, like Gecko) Version/13.0.3 Mobile/15E148 Safari/604.1"
69.39.225.240 - - [20/Aug/2026:00:04:07 -0400] "POST /wp-cron.php?doing_wp_cron=1787198647.4744639396667480468750 HTTP/1.1" 200 20 "-" "WordPress/7.0.4; https://www.midiowainterviewing.com"
51.68.107.139 - - [20/Aug/2026:00:04:06 -0400] "GET /robots.txt HTTP/1.1" 200 20 "-" "Mozilla/5.0 (compatible; MJ12bot/v2.0.5; http://mj12bot.com/)"
51.68.107.139 - - [20/Aug/2026:00:04:07 -0400] "GET /robots.txt HTTP/1.1" 200 138 "-" "Mozilla/5.0 (compatible; MJ12bot/v2.0.5; http://mj12bot.com/)"
51.68.107.139 - - [20/Aug/2026:00:04:08 -0400] "GET / HTTP/1.1" 200 20 "-" "Mozilla/5.0 (compatible; MJ12bot/v2.0.5; http://mj12bot.com/)"
130.17.2.209 - - [20/Aug/2026:00:15:50 -0400] "GET / HTTP/1.1" 200 20 "-" "Mozilla/5.0 (Macintosh; Intel Mac OS X 12_5) AppleWebKit/537.36 (KHTML, like Gecko) Chrome/114.0.0.0 Safari/537.36 Edg/114.0.1264.71"
69.39.225.240 - - [20/Aug/2026:01:01:14 -0400] "POST /wp-cron.php?doing_wp_cron=1787202074.0285880565643310546875 HTTP/1.1" 200 20 "-" "WordPress/7.0.4; https://www.midiowainterviewing.com"
217.113.196.121 - - [20/Aug/2026:01:01:12 -0400] "GET /robots.txt HTTP/1.1" 200 138 "-" "Mozilla/5.0 (compatible; IbouBot/1.0; +bot@ibou.io; +https://ibou.io/iboubot.html)"
217.113.196.214 - - [20/Aug/2026:01:01:29 -0400] "GET / HTTP/1.1" 200 20 "-" "Mozilla/5.0 (compatible; IbouBot/1.0; +bot@ibou.io; +https://ibou.io/iboubot.html)"
153.72.141.174 - - [20/Aug/2026:01:49:46 -0400] "GET / HTTP/1.1" 200 20 "-" "Mozilla/5.0 (Macintosh; Intel Mac OS X 12_5) AppleWebKit/537.36 (KHTML, like Gecko) Chrome/114.0.0.0 Safari/537.36 Edg/114.0.1264.71"
185.117.225.100 - - [20/Aug/2026:01:54:50 -0400] "GET /robots.txt HTTP/1.1" 200 20 "-" "python-requests/2.31.0"
185.117.225.100 - - [20/Aug/2026:01:54:50 -0400] "GET /robots.txt HTTP/1.1" 200 138 "-" "python-requests/2.31.0"
185.117.225.100 - - [20/Aug/2026:01:54:52 -0400] "GET / HTTP/1.1" 200 20 "-" "Mozilla/5.0 AppleWebKit/537.36 (KHTML, like Gecko) Chrome/123.0.6312.86 Safari/537.36 BitSightBot/1.0"
145.220.91.19 - - [20/Aug/2026:02:20:17 -0400] "GET / HTTP/1.1" 200 20 "-" "Mozilla/5.0 (Macintosh; Intel Mac OS X 10.15; rv:122.0) Gecko/20100101 Firefox/122.0"
69.39.225.240 - - [20/Aug/2026:02:33:53 -0400] "POST /wp-cron.php?doing_wp_cron=1787207633.1878349781036376953125 HTTP/1.1" 200 20 "-" "WordPress/7.0.4; https://www.midiowainterviewing.com"
43.162.109.249 - - [20/Aug/2026:02:33:50 -0400] "GET / HTTP/1.1" 200 20 "-" "Mozilla/5.0 (iPhone; CPU iPhone OS 13_2_3 like Mac OS X) AppleWebKit/605.1.15 (KHTML, like Gecko) Version/13.0.3 Mobile/15E148 Safari/604.1"
69.39.225.240 - - [20/Aug/2026:03:06:13 -0400] "POST /wp-cron.php?doing_wp_cron=1787209573.3629720211029052734375 HTTP/1.1" 200 20 "-" "WordPress/7.0.4; https://www.midiowainterviewing.com"
143.198.102.18 - - [20/Aug/2026:03:06:08 -0400] "GET / HTTP/1.1" 200 20 "-" "Mozilla/5.0 (X11; Linux x86_64) AppleWebKit/537.36 (KHTML, like Gecko) Chrome/142.0.0.0 Safari/537.36"
69.39.225.240 - - [20/Aug/2026:03:33:15 -0400] "POST /wp-cron.php?doing_wp_cron=1787211195.7093780040740966796875 HTTP/1.1" 200 20 "-" "WordPress/7.0.4; https://www.midiowainterviewing.com"
114.119.130.12 - - [20/Aug/2026:03:33:14 -0400] "GET / HTTP/1.1" 200 20 "https://www.insightsassociation.org/article/alert-magazines-market-research-provider-directory-2014" "Mozilla/5.0 (Linux; Android 7.0;) AppleWebKit/537.36 (HTML, like Gecko) Mobile Safari/537.36 (compatible; PetalBot;+https://webmaster.petalsearch.com/site/petalbot)"
169.58.146.39 - - [20/Aug/2026:04:32:14 -0400] "GET /wp-admin/css/ HTTP/1.1" 403 199 "-" "Mozilla/5.0 (Windows NT 10.0; Win64; x64) AppleWebKit/537.36 (KHTML, like Gecko) Chrome/120.0.0.0 Safari/537.36"
169.58.146.39 - - [20/Aug/2026:04:32:28 -0400] "GET /wp-admin/css/colors/blue/ HTTP/1.1" 403 199 "-" "Mozilla/5.0 (Windows NT 10.0; Win64; x64) AppleWebKit/537.36 (KHTML, like Gecko) Chrome/120.0.0.0 Safari/537.36"
169.58.146.39 - - [20/Aug/2026:04:32:31 -0400] "GET /wp-admin/includes/ HTTP/1.1" 403 199 "-" "Mozilla/5.0 (Windows NT 10.0; Win64; x64) AppleWebKit/537.36 (KHTML, like Gecko) Chrome/120.0.0.0 Safari/537.36"
169.58.146.39 - - [20/Aug/2026:04:32:46 -0400] "GET /wp-admin/js/ HTTP/1.1" 403 199 "-" "Mozilla/5.0 (Windows NT 10.0; Win64; x64) AppleWebKit/537.36 (KHTML, like Gecko) Chrome/120.0.0.0 Safari/537.36"
169.58.146.39 - - [20/Aug/2026:04:32:50 -0400] "GET /wp-admin/js/widgets/ HTTP/1.1" 403 199 "-" "Mozilla/5.0 (Windows NT 10.0; Win64; x64) AppleWebKit/537.36 (KHTML, like Gecko) Chrome/120.0.0.0 Safari/537.36"
69.39.225.240 - - [20/Aug/2026:04:33:16 -0400] "POST /wp-cron.php?doing_wp_cron=1787214796.5704309940338134765625 HTTP/1.1" 200 20 "-" "WordPress/7.0.4; https://www.midiowainterviewing.com"
169.58.146.39 - - [20/Aug/2026:04:33:15 -0400] "GET /wp-admin/network/ HTTP/1.1" 200 1100 "-" "Mozilla/5.0 (Windows NT 10.0; Win64; x64) AppleWebKit/537.36 (KHTML, like Gecko) Chrome/120.0.0.0 Safari/537.36"
169.58.146.39 - - [20/Aug/2026:04:33:21 -0400] "GET /wp-admin/user/ HTTP/1.1" 200 1100 "-" "Mozilla/5.0 (Windows NT 10.0; Win64; x64) AppleWebKit/537.36 (KHTML, like Gecko) Chrome/120.0.0.0 Safari/537.36"
169.58.146.39 - - [20/Aug/2026:04:33:57 -0400] "GET /wp-includes/css/ HTTP/1.1" 403 199 "-" "Mozilla/5.0 (Windows NT 10.0; Win64; x64) AppleWebKit/537.36 (KHTML, like Gecko) Chrome/120.0.0.0 Safari/537.36"
169.58.146.39 - - [20/Aug/2026:04:34:18 -0400] "GET /wp-includes/fonts/ HTTP/1.1" 403 199 "-" "Mozilla/5.0 (Windows NT 10.0; Win64; x64) AppleWebKit/537.36 (KHTML, like Gecko) Chrome/120.0.0.0 Safari/537.36"
169.58.146.39 - - [20/Aug/2026:04:34:36 -0400] "GET /wp-includes/sitemaps/ HTTP/1.1" 403 199 "-" "Mozilla/5.0 (Windows NT 10.0; Win64; x64) AppleWebKit/537.36 (KHTML, like Gecko) Chrome/120.0.0.0 Safari/537.36"
169.58.146.39 - - [20/Aug/2026:04:35:00 -0400] "GET /wp-includes/IXR/ HTTP/1.1" 403 199 "-" "Mozilla/5.0 (Windows NT 10.0; Win64; x64) AppleWebKit/537.36 (KHTML, like Gecko) Chrome/120.0.0.0 Safari/537.36"
169.58.146.39 - - [20/Aug/2026:04:35:19 -0400] "GET /wp-includes/PHPMailer/ HTTP/1.1" 403 199 "-" "Mozilla/5.0 (Windows NT 10.0; Win64; x64) AppleWebKit/537.36 (KHTML, like Gecko) Chrome/120.0.0.0 Safari/537.36"
169.58.146.39 - - [20/Aug/2026:04:35:22 -0400] "GET /wp-includes/pomo/ HTTP/1.1" 403 199 "-" "Mozilla/5.0 (Windows NT 10.0; Win64; x64) AppleWebKit/537.36 (KHTML, like Gecko) Chrome/120.0.0.0 Safari/537.36"
169.58.146.39 - - [20/Aug/2026:04:36:07 -0400] "GET /wp-includes/js/plupload/ HTTP/1.1" 403 199 "-" "Mozilla/5.0 (Windows NT 10.0; Win64; x64) AppleWebKit/537.36 (KHTML, like Gecko) Chrome/120.0.0.0 Safari/537.36"
169.58.146.39 - - [20/Aug/2026:04:36:21 -0400] "GET /wp-content/ HTTP/1.1" 403 199 "-" "Mozilla/5.0 (Windows NT 10.0; Win64; x64) AppleWebKit/537.36 (KHTML, like Gecko) Chrome/120.0.0.0 Safari/537.36"
169.58.146.39 - - [20/Aug/2026:04:36:25 -0400] "GET /wp-content/languages/ HTTP/1.1" 200 20 "-" "Mozilla/5.0 (Windows NT 10.0; Win64; x64) AppleWebKit/537.36 (KHTML, like Gecko) Chrome/120.0.0.0 Safari/537.36"
169.58.146.39 - - [20/Aug/2026:04:36:57 -0400] "GET /wp-content/uploads/ HTTP/1.1" 403 199 "-" "Mozilla/5.0 (Windows NT 10.0; Win64; x64) AppleWebKit/537.36 (KHTML, like Gecko) Chrome/120.0.0.0 Safari/537.36"
169.58.146.39 - - [20/Aug/2026:04:37:19 -0400] "GET /wp-content/plugins/ HTTP/1.1" 403 199 "-" "Mozilla/5.0 (Windows NT 10.0; Win64; x64) AppleWebKit/537.36 (KHTML, like Gecko) Chrome/120.0.0.0 Safari/537.36"
169.58.146.39 - - [20/Aug/2026:04:37:21 -0400] "GET /wp-content/themes/ HTTP/1.1" 403 199 "-" "Mozilla/5.0 (Windows NT 10.0; Win64; x64) AppleWebKit/537.36 (KHTML, like Gecko) Chrome/120.0.0.0 Safari/537.36"
169.58.146.39 - - [20/Aug/2026:04:37:48 -0400] "GET /files/ HTTP/1.1" 200 20 "-" "Mozilla/5.0 (Windows NT 10.0; Win64; x64) AppleWebKit/537.36 (KHTML, like Gecko) Chrome/120.0.0.0 Safari/537.36"
69.39.225.240 - - [20/Aug/2026:04:38:10 -0400] "POST /wp-cron.php?doing_wp_cron=1787215090.6143190860748291015625 HTTP/1.1" 200 20 "-" "WordPress/7.0.4; https://www.midiowainterviewing.com"
169.58.146.39 - - [20/Aug/2026:04:38:09 -0400] "GET /images/ HTTP/1.1" 200 20 "-" "Mozilla/5.0 (Windows NT 10.0; Win64; x64) AppleWebKit/537.36 (KHTML, like Gecko) Chrome/120.0.0.0 Safari/537.36"
169.58.146.39 - - [20/Aug/2026:04:38:15 -0400] "GET /admin/ HTTP/1.1" 200 20 "-" "Mozilla/5.0 (Windows NT 10.0; Win64; x64) AppleWebKit/537.36 (KHTML, like Gecko) Chrome/120.0.0.0 Safari/537.36"
169.58.146.39 - - [20/Aug/2026:04:38:38 -0400] "GET /.tmb/ HTTP/1.1" 200 20 "-" "Mozilla/5.0 (Windows NT 10.0; Win64; x64) AppleWebKit/537.36 (KHTML, like Gecko) Chrome/120.0.0.0 Safari/537.36"
216.244.66.239 - - [20/Aug/2026:05:08:59 -0400] "GET /robots.txt HTTP/1.1" 200 185 "-" "Mozilla/5.0 (compatible; DotBot/1.2; +https://opensiteexplorer.org/dotbot; help@moz.com)"
216.244.66.239 - - [20/Aug/2026:05:27:53 -0400] "GET /wp-content/uploads/2021/01/MII-LOGO-80h.png HTTP/1.1" 200 10653 "-" "Mozilla/5.0 (compatible; DotBot/1.2; +https://opensiteexplorer.org/dotbot; help@moz.com)"
124.156.179.141 - - [20/Aug/2026:05:50:39 -0400] "GET / HTTP/1.1" 200 20 "-" "Mozilla/5.0 (iPhone; CPU iPhone OS 13_2_3 like Mac OS X) AppleWebKit/605.1.15 (KHTML, like Gecko) Version/13.0.3 Mobile/15E148 Safari/604.1"
43.135.211.148 - - [20/Aug/2026:06:37:15 -0400] "GET / HTTP/1.1" 200 20 "-" "Mozilla/5.0 (iPhone; CPU iPhone OS 13_2_3 like Mac OS X) AppleWebKit/605.1.15 (KHTML, like Gecko) Version/13.0.3 Mobile/15E148 Safari/604.1"
69.39.225.240 - - [20/Aug/2026:07:24:18 -0400] "POST /wp-cron.php?doing_wp_cron=1787225058.8753340244293212890625 HTTP/1.1" 200 20 "-" "WordPress/7.0.4; https://www.midiowainterviewing.com"
216.244.66.239 - - [20/Aug/2026:07:24:17 -0400] "GET /robots.txt HTTP/1.1" 200 185 "-" "Mozilla/5.0 (compatible; DotBot/1.2; +https://opensiteexplorer.org/dotbot; help@moz.com)"
69.39.225.240 - - [20/Aug/2026:07:43:46 -0400] "POST /wp-cron.php?doing_wp_cron=1787226226.7032659053802490234375 HTTP/1.1" 200 20 "-" "WordPress/7.0.4; https://www.midiowainterviewing.com"
216.244.66.239 - - [20/Aug/2026:07:43:45 -0400] "GET /SignUpForm.asp HTTP/1.1" 200 67980 "-" "Mozilla/5.0 (compatible; DotBot/1.2; +https://opensiteexplorer.org/dotbot; help@moz.com)"
69.39.225.240 - - [20/Aug/2026:09:47:29 -0400] "POST /wp-cron.php?doing_wp_cron=1787233649.1958379745483398437500 HTTP/1.1" 200 20 "-" "WordPress/7.0.4; https://www.midiowainterviewing.com"
43.131.23.154 - - [20/Aug/2026:09:47:27 -0400] "GET / HTTP/1.1" 200 20 "-" "Mozilla/5.0 (iPhone; CPU iPhone OS 13_2_3 like Mac OS X) AppleWebKit/605.1.15 (KHTML, like Gecko) Version/13.0.3 Mobile/15E148 Safari/604.1"
136.243.228.178 - - [20/Aug/2026:10:25:04 -0400] "GET /robots.txt HTTP/1.1" 200 138 "-" "Mozilla/5.0 (compatible; DataForSeoBot/1.0; +https://dataforseo.com/dataforseo-bot)"
136.243.228.178 - - [20/Aug/2026:10:25:05 -0400] "GET /robots.txt HTTP/1.1" 200 138 "-" "Mozilla/5.0 (compatible; DataForSeoBot/1.0; +https://dataforseo.com/dataforseo-bot)"
44.213.190.124 - - [20/Aug/2026:10:27:36 -0400] "GET /robots.txt HTTP/1.1" 200 20 "-" "Mozilla/5.0 (Macintosh; Intel Mac OS X 10_10_1) AppleWebKit/600.2.5 (KHTML, like Gecko) Version/8.0.2 Safari/600.2.5 (Gort)"
100.49.153.7 - - [20/Aug/2026:10:27:37 -0400] "GET /robots.txt HTTP/1.1" 200 138 "-" "Mozilla/5.0 (Macintosh; Intel Mac OS X 10_10_1) AppleWebKit/600.2.5 (KHTML, like Gecko) Version/8.0.2 Safari/600.2.5 (Gort)"
209.222.82.129 - - [20/Aug/2026:10:44:58 -0400] "GET / HTTP/1.0" 200 - "-" "Mozilla/4.0 (compatible; MSIE 8.0; Windows NT 6.1; WOW64; Trident/4.0; SLCC2; .NET CLR 2.0.50727; .NET CLR 3.5.30729; .NET CLR 3.0.30729)"
44.251.156.136 - - [20/Aug/2026:10:44:58 -0400] "GET / HTTP/1.1" 200 - "-" "Mozilla/5.0 (Windows NT 10.0; Win64; x64) AppleWebKit/537.36 (KHTML, like Gecko) Chrome/113.0.0.0 Safari/537.36"
100.53.197.21 - - [20/Aug/2026:10:44:59 -0400] "HEAD / HTTP/1.1" 200 - "-" "Mozilla/5.0 (Macintosh; Intel Mac OS X 10_12_6) AppleWebKit/537.36 (KHTML, like Gecko) Chrome/60.0.3112.90 Safari/537.36"
54.244.195.39 - - [20/Aug/2026:10:45:04 -0400] "GET / HTTP/1.1" 200 20 "-" "Mozilla/5.0 (Windows NT 10.0; Win64; x64) AppleWebKit/537.36 (KHTML, like Gecko) Chrome/79.0.3945.130 Safari/537.36"
54.203.141.159 - - [20/Aug/2026:10:45:04 -0400] "GET / HTTP/1.1" 200 20 "-" "Mozilla/5.0 (Windows NT 10.0; Win64; x64) AppleWebKit/537.36 (KHTML, like Gecko) Chrome/79.0.3945.130 Safari/537.36"
104.45.211.239 - - [20/Aug/2026:10:45:27 -0400] "GET / HTTP/1.1" 200 - "-" "Mozilla/5.0 (Windows NT 10.0; WOW64) AppleWebKit/537.36 (KHTML, like Gecko) Chrome/63.0.3239.84 Safari/537.36"
72.152.84.208 - - [20/Aug/2026:10:45:44 -0400] "GET / HTTP/1.1" 200 20 "-" "Mozilla/5.0 (Windows NT 10.0; Win64; x64) AppleWebKit/537.36 (KHTML, like Gecko) Chrome/142.0.7444.175 Safari/537.36"
72.152.84.208 - - [20/Aug/2026:10:45:47 -0400] "GET / HTTP/1.1" 200 20 "-" "Mozilla/5.0 (Windows NT 10.0; Win64; x64) AppleWebKit/537.36 (KHTML, like Gecko) Chrome/142.0.7444.175 Safari/537.36"
135.232.19.38 - - [20/Aug/2026:10:46:36 -0400] "GET / HTTP/1.1" 200 20 "-" "Mozilla/5.0 (Windows NT 10.0; Win64; x64) AppleWebKit/537.36 (KHTML, like Gecko) Chrome/142.0.7444.175 Safari/537.36"
69.39.225.240 - - [20/Aug/2026:11:04:33 -0400] "POST /wp-cron.php?doing_wp_cron=1787238273.3857469558715820312500 HTTP/1.1" 200 20 "-" "WordPress/7.0.4; https://www.midiowainterviewing.com"
179.232.216.108 - - [20/Aug/2026:11:04:32 -0400] "GET http://midiowainterviewing.com/ HTTP/1.1" 200 20 "-" "Mozilla/5.0 (Windows NT 10.0; Win64; x64; rv:131.0) Gecko/20100101 Firefox/131.0"
69.39.225.240 - - [20/Aug/2026:11:41:25 -0400] "POST /wp-cron.php?doing_wp_cron=1787240485.1059250831604003906250 HTTP/1.1" 200 20 "-" "WordPress/7.0.4; https://www.midiowainterviewing.com"
114.119.155.55 - - [20/Aug/2026:11:41:24 -0400] "GET / HTTP/1.1" 200 20 "https://www.goodfirms.co/directory/state/top-digital-marketing-companies/market-research/iowa" "Mozilla/5.0 (Linux; Android 7.0;) AppleWebKit/537.36 (HTML, like Gecko) Mobile Safari/537.36 (compatible; PetalBot;+https://webmaster.petalsearch.com/site/petalbot)"
161.193.7.95 - - [20/Aug/2026:12:28:53 -0400] "GET /favicon.ico HTTP/1.1" 200 - "-" "Mozilla/5.0 (Windows NT 10.0; Win64; x64) AppleWebKit/537.36 (KHTML, like Gecko) Chrome/55.0.2883.87 Safari/537.36 eM Client/8.2.1721.0"
161.193.7.95 - - [20/Aug/2026:12:28:55 -0400] "GET /wp-includes/images/w-logo-blue-white-bg.png HTTP/1.1" 200 4119 "-" "Mozilla/5.0 (Windows NT 10.0; Win64; x64) AppleWebKit/537.36 (KHTML, like Gecko) Chrome/55.0.2883.87 Safari/537.36 eM Client/8.2.1721.0"
161.193.7.95 - - [20/Aug/2026:12:28:53 -0400] "GET /apple-touch-icon.png HTTP/1.1" 200 - "-" "Mozilla/5.0 (Windows NT 10.0; Win64; x64) AppleWebKit/537.36 (KHTML, like Gecko) Chrome/55.0.2883.87 Safari/537.36 eM Client/8.2.1721.0"
161.193.7.95 - - [20/Aug/2026:12:28:53 -0400] "GET /apple-touch-icon.png HTTP/1.1" 200 67980 "-" "Mozilla/5.0 (Windows NT 10.0; Win64; x64) AppleWebKit/537.36 (KHTML, like Gecko) Chrome/55.0.2883.87 Safari/537.36 eM Client/8.2.1721.0"
161.193.7.95 - - [20/Aug/2026:12:28:53 -0400] "GET / HTTP/1.1" 200 - "-" "Mozilla/5.0 (Windows NT 10.0; Win64; x64) AppleWebKit/537.36 (KHTML, like Gecko) Chrome/55.0.2883.87 Safari/537.36 eM Client/8.2.1721.0"
161.193.7.95 - - [20/Aug/2026:12:28:53 -0400] "GET / HTTP/1.1" 200 - "-" "Mozilla/5.0 (Windows NT 10.0; Win64; x64) AppleWebKit/537.36 (KHTML, like Gecko) Chrome/55.0.2883.87 Safari/537.36 eM Client/8.2.1721.0"
161.193.7.95 - - [20/Aug/2026:12:28:53 -0400] "GET /favicon.ico HTTP/1.1" 200 - "-" "Mozilla/5.0 (Windows NT 10.0; Win64; x64) AppleWebKit/537.36 (KHTML, like Gecko) Chrome/55.0.2883.87 Safari/537.36 eM Client/8.2.1721.0"
161.193.7.95 - - [20/Aug/2026:12:28:53 -0400] "GET /apple-touch-icon-precomposed.png HTTP/1.1" 200 67980 "-" "Mozilla/5.0 (Windows NT 10.0; Win64; x64) AppleWebKit/537.36 (KHTML, like Gecko) Chrome/55.0.2883.87 Safari/537.36 eM Client/8.2.1721.0"
161.193.7.95 - - [20/Aug/2026:12:28:56 -0400] "GET /wp-includes/images/w-logo-blue-white-bg.png HTTP/1.1" 200 4119 "-" "Mozilla/5.0 (Windows NT 10.0; Win64; x64) AppleWebKit/537.36 (KHTML, like Gecko) Chrome/55.0.2883.87 Safari/537.36 eM Client/8.2.1721.0"
161.193.7.95 - - [20/Aug/2026:12:28:54 -0400] "GET /apple-touch-icon-precomposed.png HTTP/1.1" 200 - "-" "Mozilla/5.0 (Windows NT 10.0; Win64; x64) AppleWebKit/537.36 (KHTML, like Gecko) Chrome/55.0.2883.87 Safari/537.36 eM Client/8.2.1721.0"
161.193.7.95 - - [20/Aug/2026:12:28:56 -0400] "GET /apple-touch-icon.png HTTP/1.1" 200 67980 "-" "Mozilla/5.0 (Windows NT 10.0; Win64; x64) AppleWebKit/537.36 (KHTML, like Gecko) Chrome/55.0.2883.87 Safari/537.36 eM Client/8.2.1721.0"
161.193.7.95 - - [20/Aug/2026:12:28:57 -0400] "GET /apple-touch-icon-precomposed.png HTTP/1.1" 200 67980 "-" "Mozilla/5.0 (Windows NT 10.0; Win64; x64) AppleWebKit/537.36 (KHTML, like Gecko) Chrome/55.0.2883.87 Safari/537.36 eM Client/8.2.1721.0"
43.153.19.83 - - [20/Aug/2026:14:33:52 -0400] "GET / HTTP/1.1" 200 20 "-" "Mozilla/5.0 (iPhone; CPU iPhone OS 13_2_3 like Mac OS X) AppleWebKit/605.1.15 (KHTML, like Gecko) Version/13.0.3 Mobile/15E148 Safari/604.1"
69.39.225.240 - - [20/Aug/2026:14:45:19 -0400] "POST /wp-cron.php?doing_wp_cron=1787251519.2666950225830078125000 HTTP/1.1" 200 20 "-" "WordPress/7.1; https://www.midiowainterviewing.com"
34.38.250.18 - - [20/Aug/2026:14:45:18 -0400] "GET / HTTP/1.1" 200 20 "-" "Mozilla/5.0 (Windows NT 10.0; Win64; x64) AppleWebKit/537.36 (KHTML, like Gecko) Chrome/84.0.4147.105 Safari/537.36"
34.38.250.18 - - [20/Aug/2026:14:46:11 -0400] "GET / HTTP/1.1" 200 20 "-" "Mozilla/5.0 (Windows NT 10.0; Win64; x64) AppleWebKit/537.36 (KHTML, like Gecko) Chrome/84.0.4147.105 Safari/537.36"
34.38.250.18 - - [20/Aug/2026:14:47:06 -0400] "GET / HTTP/1.1" 200 20 "-" "Mozilla/5.0 (Windows NT 10.0; Win64; x64) AppleWebKit/537.36 (KHTML, like Gecko) Chrome/84.0.4147.105 Safari/537.36"
34.38.250.18 - - [20/Aug/2026:14:47:34 -0400] "GET / HTTP/1.1" 200 20 "-" "Mozilla/5.0 (Windows NT 10.0; Win64; x64) AppleWebKit/537.36 (KHTML, like Gecko) Chrome/84.0.4147.105 Safari/537.36"
20.122.142.214 - - [20/Aug/2026:14:54:55 -0400] "GET /wp-content/plugins/hellopress/wp_filemanager.php HTTP/1.1" 403 199 "-" "-"
20.122.142.214 - - [20/Aug/2026:14:54:55 -0400] "GET /this_is_a_new_hello_world.php HTTP/1.1" 200 - "-" "-"
20.122.142.214 - - [20/Aug/2026:14:54:56 -0400] "GET /this_is_a_new_hello_world.php HTTP/1.1" 200 68744 "-" "-"
20.122.142.214 - - [20/Aug/2026:14:54:57 -0400] "GET /wp-admin/zoko.php HTTP/1.1" 200 - "-" "-"
20.122.142.214 - - [20/Aug/2026:14:54:58 -0400] "GET /wp-admin/zoko.php HTTP/1.1" 200 68744 "-" "-"
20.122.142.214 - - [20/Aug/2026:14:54:59 -0400] "GET /wp-api.php HTTP/1.1" 200 - "-" "-"
20.122.142.214 - - [20/Aug/2026:14:54:59 -0400] "GET /wp-api.php HTTP/1.1" 200 68744 "-" "-"
20.122.142.214 - - [20/Aug/2026:14:55:01 -0400] "GET /wp-at.php HTTP/1.1" 200 - "-" "-"
20.122.142.214 - - [20/Aug/2026:14:55:01 -0400] "GET /wp-at.php HTTP/1.1" 200 68744 "-" "-"
20.122.142.214 - - [20/Aug/2026:14:55:03 -0400] "GET /wp-atomx.php HTTP/1.1" 200 - "-" "-"
20.122.142.214 - - [20/Aug/2026:14:55:03 -0400] "GET /wp-atomx.php HTTP/1.1" 200 68744 "-" "-"
20.122.142.214 - - [20/Aug/2026:14:55:05 -0400] "GET /wp-bugs.php HTTP/1.1" 200 - "-" "-"
20.122.142.214 - - [20/Aug/2026:14:55:05 -0400] "GET /wp-bugs.php HTTP/1.1" 200 68744 "-" "-"
20.122.142.214 - - [20/Aug/2026:14:55:06 -0400] "GET /wpconf.php HTTP/1.1" 200 - "-" "-"
20.122.142.214 - - [20/Aug/2026:14:55:07 -0400] "GET /wpconf.php HTTP/1.1" 200 68744 "-" "-"
20.122.142.214 - - [20/Aug/2026:14:55:08 -0400] "GET /wp-configs.php HTTP/1.1" 200 - "-" "-"
20.122.142.214 - - [20/Aug/2026:14:55:09 -0400] "GET /wp-configs.php HTTP/1.1" 200 68744 "-" "-"
20.122.142.214 - - [20/Aug/2026:14:55:10 -0400] "GET /wp-config-sample.php HTTP/1.1" 200 2482 "-" "-"
20.122.142.214 - - [20/Aug/2026:14:55:10 -0400] "GET /wp-content.php HTTP/1.1" 200 - "-" "-"
20.122.142.214 - - [20/Aug/2026:14:55:11 -0400] "GET /wp-content.php HTTP/1.1" 200 68744 "-" "-"
20.122.142.214 - - [20/Aug/2026:14:55:12 -0400] "GET /wp-content.php.php HTTP/1.1" 200 - "-" "-"
20.122.142.214 - - [20/Aug/2026:14:55:12 -0400] "GET /wp-content.php.php HTTP/1.1" 200 68744 "-" "-"
20.122.142.214 - - [20/Aug/2026:14:55:14 -0400] "GET /wp-content/1.php HTTP/1.1" 403 199 "-" "-"
20.122.142.214 - - [20/Aug/2026:14:55:14 -0400] "GET /wp-content/options.php HTTP/1.1" 403 199 "-" "-"
20.122.142.214 - - [20/Aug/2026:14:55:14 -0400] "GET /wp-content/ova.php HTTP/1.1" 403 199 "-" "-"
20.122.142.214 - - [20/Aug/2026:14:55:14 -0400] "GET /wp-content/plugin.php HTTP/1.1" 403 199 "-" "-"
20.122.142.214 - - [20/Aug/2026:14:55:14 -0400] "GET /wp-content/postnews.php HTTP/1.1" 403 199 "-" "-"
20.122.142.214 - - [20/Aug/2026:14:55:14 -0400] "GET /wp-content/product.php HTTP/1.1" 403 199 "-" "-"
20.122.142.214 - - [20/Aug/2026:14:55:14 -0400] "GET /wp-content/radio.php HTTP/1.1" 403 199 "-" "-"
20.122.142.214 - - [20/Aug/2026:14:55:14 -0400] "GET /wp-content/raw.php HTTP/1.1" 403 199 "-" "-"
20.122.142.214 - - [20/Aug/2026:14:55:14 -0400] "GET /wp-content/txets.php HTTP/1.1" 403 199 "-" "-"
20.122.142.214 - - [20/Aug/2026:14:55:14 -0400] "GET /wp-content/w.php HTTP/1.1" 403 199 "-" "-"
20.122.142.214 - - [20/Aug/2026:14:55:14 -0400] "GET /wp-content/wp.php HTTP/1.1" 403 199 "-" "-"
20.122.142.214 - - [20/Aug/2026:14:55:14 -0400] "GET /wp-content/wso.php HTTP/1.1" 403 199 "-" "-"
20.122.142.214 - - [20/Aug/2026:14:55:14 -0400] "GET /wp-content/x.php HTTP/1.1" 403 199 "-" "-"
20.122.142.214 - - [20/Aug/2026:14:55:15 -0400] "GET /wp-content/x/index.php HTTP/1.1" 403 199 "-" "-"
20.122.142.214 - - [20/Aug/2026:14:55:15 -0400] "GET /wp-content/xyn.php HTTP/1.1" 403 199 "-" "-"
20.122.142.214 - - [20/Aug/2026:14:55:15 -0400] "GET /wp-cxx.php HTTP/1.1" 200 - "-" "-"
20.122.142.214 - - [20/Aug/2026:14:55:16 -0400] "GET /wp-cxx.php HTTP/1.1" 200 68744 "-" "-"
20.122.142.214 - - [20/Aug/2026:14:55:16 -0400] "GET /wper3.php HTTP/1.1" 200 - "-" "-"
20.122.142.214 - - [20/Aug/2026:14:55:17 -0400] "GET /wper3.php HTTP/1.1" 200 68744 "-" "-"
20.122.142.214 - - [20/Aug/2026:14:55:18 -0400] "GET /wp-error_log.php HTTP/1.1" 200 - "-" "-"
69.39.225.240 - - [20/Aug/2026:14:55:20 -0400] "POST /wp-cron.php?doing_wp_cron=1787252120.3101589679718017578125 HTTP/1.1" 200 20 "-" "WordPress/7.1; https://www.midiowainterviewing.com"
20.122.142.214 - - [20/Aug/2026:14:55:19 -0400] "GET /wp-error_log.php HTTP/1.1" 200 68744 "-" "-"
20.122.142.214 - - [20/Aug/2026:14:55:20 -0400] "GET /wp-file-120.php HTTP/1.1" 200 - "-" "-"
20.122.142.214 - - [20/Aug/2026:14:55:21 -0400] "GET /wp-file-120.php HTTP/1.1" 200 68744 "-" "-"
20.122.142.214 - - [20/Aug/2026:14:55:21 -0400] "GET /wp-files.php HTTP/1.1" 200 - "-" "-"
20.122.142.214 - - [20/Aug/2026:14:55:22 -0400] "GET /wp-files.php HTTP/1.1" 200 68744 "-" "-"
20.122.142.214 - - [20/Aug/2026:14:55:23 -0400] "GET /wp-fmfile.php HTTP/1.1" 200 - "-" "-"
20.122.142.214 - - [20/Aug/2026:14:55:24 -0400] "GET /wp-fmfile.php HTTP/1.1" 200 68744 "-" "-"
20.122.142.214 - - [20/Aug/2026:14:55:25 -0400] "GET /wp-god.Php HTTP/1.1" 200 - "-" "-"
20.122.142.214 - - [20/Aug/2026:14:55:26 -0400] "GET /wp-god.Php HTTP/1.1" 200 68744 "-" "-"
20.122.142.214 - - [20/Aug/2026:14:57:18 -0400] "GET /wp-head.php HTTP/1.1" 200 - "-" "-"
20.122.142.214 - - [20/Aug/2026:14:59:23 -0400] "GET /wp-home.php HTTP/1.1" 200 - "-" "-"
20.122.142.214 - - [20/Aug/2026:14:59:24 -0400] "GET /wp-home.php HTTP/1.1" 200 68744 "-" "-"
20.122.142.214 - - [20/Aug/2026:14:59:25 -0400] "GET /wp-kaori.php HTTP/1.1" 200 - "-" "-"
20.122.142.214 - - [20/Aug/2026:14:59:26 -0400] "GET /wp-kaori.php HTTP/1.1" 200 68744 "-" "-"
20.122.142.214 - - [20/Aug/2026:14:59:27 -0400] "GET /wp-kd4xalrg7m.php HTTP/1.1" 200 - "-" "-"
20.122.142.214 - - [20/Aug/2026:14:59:29 -0400] "GET /wp-kd4xalrg7m.php HTTP/1.1" 200 68744 "-" "-"
20.122.142.214 - - [20/Aug/2026:14:59:34 -0400] "GET /wp-l0gin.php HTTP/1.1" 200 - "-" "-"
20.122.142.214 - - [20/Aug/2026:14:59:34 -0400] "GET /wp-l0gin.php HTTP/1.1" 200 68744 "-" "-"
20.122.142.214 - - [20/Aug/2026:14:59:36 -0400] "GET /--wp-lgj.php HTTP/1.1" 200 - "-" "-"
20.122.142.214 - - [20/Aug/2026:14:59:37 -0400] "GET /--wp-lgj.php HTTP/1.1" 200 68744 "-" "-"
20.122.142.214 - - [20/Aug/2026:14:59:37 -0400] "GET /wp-links-opml.php HTTP/1.1" 200 234 "-" "-"
20.122.142.214 - - [20/Aug/2026:14:59:38 -0400] "GET /wplog.php HTTP/1.1" 200 - "-" "-"
20.122.142.214 - - [20/Aug/2026:14:59:39 -0400] "GET /wplog.php HTTP/1.1" 200 68744 "-" "-"
20.122.142.214 - - [20/Aug/2026:14:59:41 -0400] "GET /wpls.php HTTP/1.1" 200 - "-" "-"
20.122.142.214 - - [20/Aug/2026:14:59:42 -0400] "GET /wpls.php HTTP/1.1" 200 68744 "-" "-"
20.122.142.214 - - [20/Aug/2026:14:59:43 -0400] "GET /wp-m5g2s0x9v4.php HTTP/1.1" 200 - "-" "-"
20.122.142.214 - - [20/Aug/2026:14:59:44 -0400] "GET /wp-m5g2s0x9v4.php HTTP/1.1" 200 68744 "-" "-"
20.122.142.214 - - [20/Aug/2026:14:59:45 -0400] "GET /wp-michan.php HTTP/1.1" 200 - "-" "-"
20.122.142.214 - - [20/Aug/2026:14:59:46 -0400] "GET /wp-michan.php HTTP/1.1" 200 68744 "-" "-"
20.122.142.214 - - [20/Aug/2026:14:59:47 -0400] "GET /wp-mt.php HTTP/1.1" 200 - "-" "-"
20.122.142.214 - - [20/Aug/2026:14:59:47 -0400] "GET /wp-mt.php HTTP/1.1" 200 68744 "-" "-"
20.122.142.214 - - [20/Aug/2026:14:59:49 -0400] "GET /wp-mter.php HTTP/1.1" 200 - "-" "-"
20.122.142.214 - - [20/Aug/2026:14:59:49 -0400] "GET /wp-mter.php HTTP/1.1" 200 68744 "-" "-"
20.122.142.214 - - [20/Aug/2026:14:59:50 -0400] "GET /wpn.php HTTP/1.1" 200 - "-" "-"
20.122.142.214 - - [20/Aug/2026:14:59:51 -0400] "GET /wpn.php HTTP/1.1" 200 68744 "-" "-"
20.122.142.214 - - [20/Aug/2026:14:59:52 -0400] "GET /wp-p.php HTTP/1.1" 200 - "-" "-"
20.122.142.214 - - [20/Aug/2026:14:59:53 -0400] "GET /wp-p.php HTTP/1.1" 200 68744 "-" "-"
20.122.142.214 - - [20/Aug/2026:14:59:54 -0400] "GET /wpp-config.php HTTP/1.1" 200 - "-" "-"
20.122.142.214 - - [20/Aug/2026:14:59:55 -0400] "GET /wpp-config.php HTTP/1.1" 200 68744 "-" "-"
20.122.142.214 - - [20/Aug/2026:14:59:56 -0400] "GET /wp-png.php HTTP/1.1" 200 - "-" "-"
20.122.142.214 - - [20/Aug/2026:14:59:56 -0400] "GET /wp-png.php HTTP/1.1" 200 68744 "-" "-"
20.122.142.214 - - [20/Aug/2026:14:59:57 -0400] "GET /wp-post-data.php HTTP/1.1" 200 - "-" "-"
20.122.142.214 - - [20/Aug/2026:14:59:58 -0400] "GET /wp-post-data.php HTTP/1.1" 200 68744 "-" "-"
20.122.142.214 - - [20/Aug/2026:14:59:59 -0400] "GET /wp-rrtx.php HTTP/1.1" 200 - "-" "-"
20.122.142.214 - - [20/Aug/2026:15:00:00 -0400] "GET /wp-rrtx.php HTTP/1.1" 200 68744 "-" "-"
20.122.142.214 - - [20/Aug/2026:15:00:04 -0400] "GET /wps.php HTTP/1.1" 200 - "-" "-"
20.122.142.214 - - [20/Aug/2026:15:00:05 -0400] "GET /wps.php HTTP/1.1" 200 68744 "-" "-"
20.122.142.214 - - [20/Aug/2026:15:00:06 -0400] "GET /wp-seo.php HTTP/1.1" 200 - "-" "-"
20.122.142.214 - - [20/Aug/2026:15:00:07 -0400] "GET /wp-seo.php HTTP/1.1" 200 68744 "-" "-"
20.122.142.214 - - [20/Aug/2026:15:00:08 -0400] "GET /wp-settings.php HTTP/1.1" 200 - "-" "-"
20.122.142.214 - - [20/Aug/2026:15:00:09 -0400] "GET /wp-setup.php HTTP/1.1" 200 - "-" "-"
20.122.142.214 - - [20/Aug/2026:15:00:10 -0400] "GET /wp-setup.php HTTP/1.1" 200 68744 "-" "-"
20.122.142.214 - - [20/Aug/2026:15:00:11 -0400] "GET /wp-signin.php HTTP/1.1" 200 - "-" "-"
20.122.142.214 - - [20/Aug/2026:15:00:12 -0400] "GET /wp-signin.php HTTP/1.1" 200 68744 "-" "-"
20.122.142.214 - - [20/Aug/2026:15:00:14 -0400] "GET /wp-sing.php HTTP/1.1" 200 - "-" "-"
20.122.142.214 - - [20/Aug/2026:15:00:15 -0400] "GET /wp-sing.php HTTP/1.1" 200 68744 "-" "-"
20.122.142.214 - - [20/Aug/2026:15:00:16 -0400] "GET /wp-slss.php HTTP/1.1" 200 - "-" "-"
20.122.142.214 - - [20/Aug/2026:15:00:19 -0400] "GET /wp-slss.php HTTP/1.1" 200 68744 "-" "-"
20.122.142.214 - - [20/Aug/2026:15:00:21 -0400] "GET /wp-stat.php HTTP/1.1" 200 - "-" "-"
20.122.142.214 - - [20/Aug/2026:15:00:22 -0400] "GET /wp-stat.php HTTP/1.1" 200 68744 "-" "-"
20.122.142.214 - - [20/Aug/2026:15:00:25 -0400] "GET /wp-themes.php HTTP/1.1" 200 - "-" "-"
20.122.142.214 - - [20/Aug/2026:15:00:26 -0400] "GET /wp-themes.php HTTP/1.1" 200 68744 "-" "-"
20.122.142.214 - - [20/Aug/2026:15:00:27 -0400] "GET /wp-tkdc.php HTTP/1.1" 200 - "-" "-"
20.122.142.214 - - [20/Aug/2026:15:00:28 -0400] "GET /wp-tkdc.php HTTP/1.1" 200 68744 "-" "-"
20.122.142.214 - - [20/Aug/2026:15:00:29 -0400] "GET /wp-tot.php HTTP/1.1" 200 - "-" "-"
