| Server IP : 69.39.225.240 / Your IP : 216.73.216.138 Web Server : Apache System : Linux bronze7.serverhost.net 3.10.0-1160.105.1.el7.x86_64 #1 SMP Thu Dec 7 15:39:45 UTC 2023 x86_64 User : reademotions ( 1074) PHP Version : 7.4.33 Disable Function : NONE MySQL : OFF | cURL : ON | WGET : ON | Perl : ON | Python : ON | Sudo : ON | Pkexec : ON Directory : /var/log/httpd/ |
Upload File : |
66.228.57.84 - - [16/Aug/2026:07:04:47 -0400] "GET / HTTP/1.1" 301 237 "-" "Mozilla/5.0 (Windows NT 10.0; Win64; x64) AppleWebKit/537.36 (KHTML, like Gecko) Chrome/120.0.0.0 Safari/537.36"
34.76.146.130 - - [16/Aug/2026:07:06:49 -0400] "GET / HTTP/1.1" 301 237 "-" "Mozilla/5.0 (Windows NT 10.0; Win64; x64) AppleWebKit/537.36 (KHTML, like Gecko) Chrome/84.0.4147.105 Safari/537.36"
74.208.195.25 - - [16/Aug/2026:07:08:48 -0400] "POST /xmlrpc.php HTTP/1.1" 301 247 "-" "Mozilla/5.0 (X11; Linux x86_64) AppleWebKit/537.36 (KHTML, like Gecko) Chrome/138.0.0.0 Safari/537.36"
74.208.195.25 - - [16/Aug/2026:07:08:48 -0400] "POST /xmlrpc.php HTTP/1.1" 301 247 "-" "Mozilla/5.0 (Windows NT 10.0; Win64; x64; rv:140.0) Gecko/20100101 Firefox/140.0"
74.208.195.25 - - [16/Aug/2026:07:08:48 -0400] "GET / HTTP/1.1" 301 237 "-" "Mozilla/5.0 (Windows NT 10.0; Win64; x64; rv:140.0) Gecko/20100101 Firefox/140.0"
74.208.195.25 - - [16/Aug/2026:07:08:48 -0400] "POST /blog/xmlrpc.php HTTP/1.1" 301 252 "-" "Mozilla/5.0 (Windows NT 10.0; Win64; x64) AppleWebKit/537.36 (KHTML, like Gecko) Chrome/138.0.0.0 Safari/537.36 Edg/138.0.0.0"
74.208.195.25 - - [16/Aug/2026:07:08:48 -0400] "POST /wp/xmlrpc.php HTTP/1.1" 301 250 "-" "Mozilla/5.0 (Windows NT 10.0; Win64; x64) AppleWebKit/537.36 (KHTML, like Gecko) Chrome/138.0.0.0 Safari/537.36"
74.208.195.25 - - [16/Aug/2026:07:08:49 -0400] "POST /wordpress/xmlrpc.php HTTP/1.1" 301 257 "-" "Mozilla/5.0 (Windows NT 10.0; Win64; x64; rv:140.0) Gecko/20100101 Firefox/140.0"
74.208.195.25 - - [16/Aug/2026:07:08:49 -0400] "POST /site/xmlrpc.php HTTP/1.1" 301 252 "-" "Mozilla/5.0 (Windows NT 10.0; Win64; x64) AppleWebKit/537.36 (KHTML, like Gecko) Chrome/138.0.0.0 Safari/537.36 Edg/138.0.0.0"
74.208.195.25 - - [16/Aug/2026:07:08:49 -0400] "POST /news/xmlrpc.php HTTP/1.1" 301 252 "-" "Mozilla/5.0 (Windows NT 10.0; Win64; x64) AppleWebKit/537.36 (KHTML, like Gecko) Chrome/138.0.0.0 Safari/537.36"
74.208.195.25 - - [16/Aug/2026:07:08:49 -0400] "POST /web/xmlrpc.php HTTP/1.1" 301 251 "-" "Mozilla/5.0 (Windows NT 10.0; Win64; x64) AppleWebKit/537.36 (KHTML, like Gecko) Chrome/138.0.0.0 Safari/537.36"
74.208.195.25 - - [16/Aug/2026:07:08:49 -0400] "POST /main/xmlrpc.php HTTP/1.1" 301 252 "-" "Mozilla/5.0 (Windows NT 10.0; Win64; x64; rv:140.0) Gecko/20100101 Firefox/140.0"
74.208.195.25 - - [16/Aug/2026:07:08:49 -0400] "POST /cms/xmlrpc.php HTTP/1.1" 301 251 "-" "Mozilla/5.0 (Macintosh; Intel Mac OS X 10_15_7) AppleWebKit/605.1.15 (KHTML, like Gecko) Version/17.5 Safari/605.1.15"
74.208.195.25 - - [16/Aug/2026:07:08:49 -0400] "POST /wp-site/xmlrpc.php HTTP/1.1" 301 255 "-" "Mozilla/5.0 (X11; Linux x86_64) AppleWebKit/537.36 (KHTML, like Gecko) Chrome/138.0.0.0 Safari/537.36"
74.208.195.25 - - [16/Aug/2026:07:08:49 -0400] "POST /wpsite/xmlrpc.php HTTP/1.1" 301 254 "-" "Mozilla/5.0 (Windows NT 10.0; Win64; x64) AppleWebKit/537.36 (KHTML, like Gecko) Chrome/138.0.0.0 Safari/537.36 Edg/138.0.0.0"
74.208.195.25 - - [16/Aug/2026:07:08:49 -0400] "POST /old/xmlrpc.php HTTP/1.1" 301 251 "-" "Mozilla/5.0 (Macintosh; Intel Mac OS X 10_15_7) AppleWebKit/605.1.15 (KHTML, like Gecko) Version/17.5 Safari/605.1.15"
74.208.195.25 - - [16/Aug/2026:07:08:49 -0400] "POST /new/xmlrpc.php HTTP/1.1" 301 251 "-" "Mozilla/5.0 (Windows NT 10.0; Win64; x64) AppleWebKit/537.36 (KHTML, like Gecko) Chrome/138.0.0.0 Safari/537.36 Edg/138.0.0.0"
74.208.195.25 - - [16/Aug/2026:07:08:49 -0400] "GET /wp-admin/ HTTP/1.1" 301 246 "-" "Mozilla/5.0 (Windows NT 10.0; Win64; x64) AppleWebKit/537.36 (KHTML, like Gecko) Chrome/138.0.0.0 Safari/537.36"
74.208.195.25 - - [16/Aug/2026:07:08:49 -0400] "GET /wp-login.php HTTP/1.1" 301 249 "-" "Mozilla/5.0 (Macintosh; Intel Mac OS X 10_15_7) AppleWebKit/605.1.15 (KHTML, like Gecko) Version/17.5 Safari/605.1.15"
98.95.91.59 - - [16/Aug/2026:07:13:00 -0400] "GET /Merchant2/merchant.mv?Category_Code=CHEW&Screen=CTGY HTTP/1.1" 301 293 "-" "Mozilla/5.0 AppleWebKit/537.36 (KHTML, like Gecko; compatible; Amzn-SearchBot/0.1) Chrome/119.0.6045.214 Safari/537.36"
47.79.11.39 - - [16/Aug/2026:07:19:32 -0400] "GET /link.html HTTP/1.1" 301 246 "-" "Mozilla/5.0 (Windows NT 10.0; Win64; x64) AppleWebKit/537.36 (KHTML, like Gecko) Chrome/144.0.0.0 Safari/537.36"
43.161.233.190 - - [16/Aug/2026:07:23:46 -0400] "GET / HTTP/1.1" 301 237 "-" "Mozilla/5.0 (iPhone; CPU iPhone OS 13_2_3 like Mac OS X) AppleWebKit/605.1.15 (KHTML, like Gecko) Version/13.0.3 Mobile/15E148 Safari/604.1"
114.119.151.108 - - [16/Aug/2026:07:27:27 -0400] "GET /Merchant2/merchant.mv?Screen=PROD&Store_Code=LE&Product_Code=ACOYH6&Category_Code=CU HTTP/1.1" 301 333 "http://www.predatorpee.com/Merchant2/merchant.mv?Screen=CTGY&Category_Code=CU" "Mozilla/5.0 (Linux; Android 7.0;) AppleWebKit/537.36 (HTML, like Gecko) Mobile Safari/537.36 (compatible; PetalBot;+https://webmaster.petalsearch.com/site/petalbot)"
93.92.20.123 - - [16/Aug/2026:07:31:59 -0400] "GET / HTTP/1.1" 301 237 "-" "Mozilla/5.0 (Macintosh; Intel Mac OS X 10_15_7) AppleWebKit/537.36 (KHTML, like Gecko) Chrome/104.0.0.0 Safari/537.36"
24.67.68.128 - - [16/Aug/2026:07:38:51 -0400] "GET /Merchant2/merchant.mv?Screen=CTGY&Category_Code=CU HTTP/1.1" 301 291 "-" "Mozilla/5.0 (Macintosh; Intel Mac OS X 10_15_7) AppleWebKit/605.1.15 (KHTML, like Gecko)"
114.119.128.40 - - [16/Aug/2026:08:00:31 -0400] "GET /Merchant2/merchant.mv?Screen=PROD&Store_Code=LE&Product_Code=ACOYH3&Category_Code=CU HTTP/1.1" 301 333 "https://predatorpeeblog.com/tag/possum-problem/" "Mozilla/5.0 (Linux; Android 7.0;) AppleWebKit/537.36 (HTML, like Gecko) Mobile Safari/537.36 (compatible; PetalBot;+https://webmaster.petalsearch.com/site/petalbot)"
43.153.104.196 - - [16/Aug/2026:08:11:36 -0400] "GET / HTTP/1.1" 301 237 "-" "Mozilla/5.0 (iPhone; CPU iPhone OS 13_2_3 like Mac OS X) AppleWebKit/605.1.15 (KHTML, like Gecko) Version/13.0.3 Mobile/15E148 Safari/604.1"
24.67.68.128 - - [16/Aug/2026:08:15:22 -0400] "GET /Merchant2/merchant.mv?Screen=CTGY&Category_Code=CU HTTP/1.1" 301 291 "-" "Mozilla/5.0 (Macintosh; Intel Mac OS X 10_15_7) AppleWebKit/605.1.15 (KHTML, like Gecko)"
114.119.142.14 - - [16/Aug/2026:08:33:52 -0400] "GET /Merchant2/merchant.mv?Screen=PROD&Store_Code=LE&Product_Code=83105&Category_Code=SKUNK HTTP/1.1" 301 335 "https://www.tapatalk.com/groups/theclaymatewoodshed75085/pictures-of-my-garden-birds-yard-critters-and-anyt-t3912-s400.html" "Mozilla/5.0 (Linux; Android 7.0;) AppleWebKit/537.36 (HTML, like Gecko) Mobile Safari/537.36 (compatible; PetalBot;+https://webmaster.petalsearch.com/site/petalbot)"
67.247.240.233 - - [16/Aug/2026:08:38:53 -0400] "HEAD /apple-touch-icon.png HTTP/1.1" 301 - "-" "-"
67.247.240.233 - - [16/Aug/2026:08:38:53 -0400] "HEAD /manifest.json HTTP/1.1" 301 - "-" "-"
67.247.240.233 - - [16/Aug/2026:08:38:54 -0400] "GET / HTTP/1.1" 301 237 "-" "Mozilla/5.0 (Windows; U; Windows NT 5.1; en-US; rv:x.x.x) Gecko/20041107 Firefox/x.x"
67.247.240.233 - - [16/Aug/2026:08:38:54 -0400] "GET / HTTP/1.1" 301 237 "-" "Mozilla/5.0 (Windows; U; Windows NT 5.1; en-US; rv:x.x.x) Gecko/20041107 Firefox/x.x"
67.247.240.233 - - [16/Aug/2026:08:38:54 -0400] "GET / HTTP/1.1" 301 237 "-" "Mozilla/5.0 (Windows; U; Windows NT 5.1; en-US; rv:x.x.x) Gecko/20041107 Firefox/x.x"
67.247.240.233 - - [16/Aug/2026:08:38:54 -0400] "HEAD /favicon.ico HTTP/1.1" 301 - "-" "-"
43.160.219.138 - - [16/Aug/2026:08:43:31 -0400] "GET / HTTP/1.1" 403 199 "-" "Mozilla/5.0 (iPhone; CPU iPhone OS 13_2_3 like Mac OS X) AppleWebKit/605.1.15 (KHTML, like Gecko) Version/13.0.3 Mobile/15E148 Safari/604.1"
88.230.141.174 - - [16/Aug/2026:08:54:22 -0400] "GET /butterflypee.html HTTP/1.1" 301 254 "-" "Mozilla/5.0 (Macintosh; Intel Mac OS X 10_15_7) AppleWebKit/537.36 (KHTML, like Gecko) Chrome/133.0.0.0 Safari/537.36"
103.93.93.202 - - [16/Aug/2026:08:54:24 -0400] "GET /butterflypee.html HTTP/1.1" 301 254 "-" "Mozilla/5.0 (Macintosh; Intel Mac OS X 10_15_7) AppleWebKit/537.36 (KHTML, like Gecko) Chrome/133.0.0.0 Safari/537.36"
147.135.212.239 - - [16/Aug/2026:09:05:48 -0400] "GET /robots.txt HTTP/1.1" 301 247 "-" "Mozilla/5.0 (compatible; MJ12bot/v1.4.8; http://mj12bot.com/)"
147.135.212.239 - - [16/Aug/2026:09:05:53 -0400] "GET /Merchant2/merchant.mv?Screen=BASK&Store_Code=LE/ HTTP/1.1" 301 289 "-" "Mozilla/5.0 (compatible; MJ12bot/v1.4.8; http://mj12bot.com/)"
147.135.212.239 - - [16/Aug/2026:09:06:24 -0400] "GET /Merchant2/merchant.mv?Screen=CTGY&Category_Code=BU/ HTTP/1.1" 301 292 "-" "Mozilla/5.0 (compatible; MJ12bot/v1.4.8; http://mj12bot.com/)"
147.135.212.239 - - [16/Aug/2026:09:06:33 -0400] "GET /Merchant2/merchant.mv?Screen=CTGY&Category_Code=Crusher/ HTTP/1.1" 301 297 "-" "Mozilla/5.0 (compatible; MJ12bot/v1.4.8; http://mj12bot.com/)"
147.135.212.239 - - [16/Aug/2026:09:06:48 -0400] "GET /Merchant2/merchant.mv?Screen=CTGY&Category_Code=HD/ HTTP/1.1" 301 292 "-" "Mozilla/5.0 (compatible; MJ12bot/v1.4.8; http://mj12bot.com/)"
147.135.212.239 - - [16/Aug/2026:09:06:57 -0400] "GET /Merchant2/merchant.mv?Screen=CTGY&Category_Code=SKUNK/ HTTP/1.1" 301 295 "-" "Mozilla/5.0 (compatible; MJ12bot/v1.4.8; http://mj12bot.com/)"
147.135.212.239 - - [16/Aug/2026:09:07:08 -0400] "GET /Merchant2/merchant.mv?Screen=CTGY&Store_Code=LE&Category_Code=BW/ HTTP/1.1" 301 310 "-" "Mozilla/5.0 (compatible; MJ12bot/v1.4.8; http://mj12bot.com/)"
114.119.152.50 - - [16/Aug/2026:09:07:12 -0400] "GET /Merchant2/merchant.mv?Screen=PROD&Store_Code=LE&Product_Code=81106-3&Category_Code=FM HTTP/1.1" 301 334 "http://www.predatorpee.com/Merchant2/merchant.mv?Screen=CTGY&Category_Code=FM" "Mozilla/5.0 (Linux; Android 7.0;) AppleWebKit/537.36 (HTML, like Gecko) Mobile Safari/537.36 (compatible; PetalBot;+https://webmaster.petalsearch.com/site/petalbot)"
147.135.212.239 - - [16/Aug/2026:09:07:19 -0400] "GET /Merchant2/merchant.mv?Screen=CTGY&Store_Code=LE&Category_Code=DT/ HTTP/1.1" 301 310 "-" "Mozilla/5.0 (compatible; MJ12bot/v1.4.8; http://mj12bot.com/)"
147.135.212.239 - - [16/Aug/2026:09:07:32 -0400] "GET /Merchant2/merchant.mv?Screen=CTGY&Store_Code=LE&Category_Code=FM/ HTTP/1.1" 301 310 "-" "Mozilla/5.0 (compatible; MJ12bot/v1.4.8; http://mj12bot.com/)"
147.135.212.239 - - [16/Aug/2026:09:07:43 -0400] "GET /Merchant2/merchant.mv?Screen=CTGY&Store_Code=LE&Category_Code=PP/ HTTP/1.1" 301 310 "-" "Mozilla/5.0 (compatible; MJ12bot/v1.4.8; http://mj12bot.com/)"
147.135.212.239 - - [16/Aug/2026:09:07:53 -0400] "GET /Merchant2/merchant.mv?Screen=CTGY&Store_Code=LE&Category_Code=PU/ HTTP/1.1" 301 310 "-" "Mozilla/5.0 (compatible; MJ12bot/v1.4.8; http://mj12bot.com/)"
147.135.212.239 - - [16/Aug/2026:09:08:05 -0400] "GET /Merchant2/merchant.mv?Screen=CTGY&Store_Code=LE&Category_Code=PeeShots/ HTTP/1.1" 301 316 "-" "Mozilla/5.0 (compatible; MJ12bot/v1.4.8; http://mj12bot.com/)"
147.135.212.239 - - [16/Aug/2026:09:08:15 -0400] "GET /Merchant2/merchant.mv?Screen=CTGY&Store_Code=LE&Category_Code=RAT/ HTTP/1.1" 301 311 "-" "Mozilla/5.0 (compatible; MJ12bot/v1.4.8; http://mj12bot.com/)"
147.135.212.239 - - [16/Aug/2026:09:08:24 -0400] "GET /Merchant2/merchant.mv?Screen=CTGY&Store_Code=LE&Category_Code=UD/ HTTP/1.1" 301 310 "-" "Mozilla/5.0 (compatible; MJ12bot/v1.4.8; http://mj12bot.com/)"
147.135.212.239 - - [16/Aug/2026:09:08:52 -0400] "GET /Merchant2/merchant.mv?Screen=PLST&Store_Code=LE/ HTTP/1.1" 301 289 "-" "Mozilla/5.0 (compatible; MJ12bot/v1.4.8; http://mj12bot.com/)"
147.135.212.239 - - [16/Aug/2026:09:08:59 -0400] "GET /Merchant2/merchant.mv?Screen=PROD&Product_Code=83105&Category_Code=SKUNK/ HTTP/1.1" 301 318 "-" "Mozilla/5.0 (compatible; MJ12bot/v1.4.8; http://mj12bot.com/)"
147.135.212.239 - - [16/Aug/2026:09:09:04 -0400] "GET /Merchant2/merchant.mv?Screen=PROD&Product_Code=HOTNOT&Category_Code=HD/ HTTP/1.1" 301 316 "-" "Mozilla/5.0 (compatible; MJ12bot/v1.4.8; http://mj12bot.com/)"
147.135.212.239 - - [16/Aug/2026:09:09:10 -0400] "GET /Merchant2/merchant.mv?Screen=PROD&Store_Code=LE&Product_Code=83109&Category_Code=BU/ HTTP/1.1" 301 333 "-" "Mozilla/5.0 (compatible; MJ12bot/v1.4.8; http://mj12bot.com/)"
147.135.212.239 - - [16/Aug/2026:09:09:16 -0400] "GET /Merchant2/merchant.mv?Screen=PROD&Store_Code=LE&Product_Code=83110-18&Category_Code=BU/ HTTP/1.1" 301 336 "-" "Mozilla/5.0 (compatible; MJ12bot/v1.4.8; http://mj12bot.com/)"
147.135.212.239 - - [16/Aug/2026:09:09:20 -0400] "GET /Merchant2/merchant.mv?Screen=PROD&Store_Code=LE&Product_Code=91416&Category_Code=BU/ HTTP/1.1" 301 333 "-" "Mozilla/5.0 (compatible; MJ12bot/v1.4.8; http://mj12bot.com/)"
147.135.212.239 - - [16/Aug/2026:09:09:24 -0400] "GET /Merchant2/merchant.mv?Screen=PROD&Store_Code=LE&Product_Code=ACOYB1&Category_Code=CU/ HTTP/1.1" 301 334 "-" "Mozilla/5.0 (compatible; MJ12bot/v1.4.8; http://mj12bot.com/)"
147.135.212.239 - - [16/Aug/2026:09:09:28 -0400] "GET /Merchant2/merchant.mv?Screen=PROD&Store_Code=LE&Product_Code=BFOXB&Category_Code=FU/ HTTP/1.1" 301 333 "-" "Mozilla/5.0 (compatible; MJ12bot/v1.4.8; http://mj12bot.com/)"
147.135.212.239 - - [16/Aug/2026:09:09:32 -0400] "GET /Merchant2/merchant.mv?Screen=PROD&Store_Code=LE&Product_Code=CBOB-72&Category_Code=BU/ HTTP/1.1" 301 335 "-" "Mozilla/5.0 (compatible; MJ12bot/v1.4.8; http://mj12bot.com/)"
147.135.212.239 - - [16/Aug/2026:09:09:36 -0400] "GET /Merchant2/merchant.mv?Screen=PROD&Store_Code=LE&Product_Code=CBOBB&Category_Code=BU/ HTTP/1.1" 301 333 "-" "Mozilla/5.0 (compatible; MJ12bot/v1.4.8; http://mj12bot.com/)"
147.135.212.239 - - [16/Aug/2026:09:09:40 -0400] "GET /Merchant2/merchant.mv?Screen=PROD&Store_Code=LE&Product_Code=CBOBB1&Category_Code=BU/ HTTP/1.1" 301 334 "-" "Mozilla/5.0 (compatible; MJ12bot/v1.4.8; http://mj12bot.com/)"
147.135.212.239 - - [16/Aug/2026:09:09:44 -0400] "GET /Merchant2/merchant.mv?Screen=PROD&Store_Code=LE&Product_Code=CBOBD&Category_Code=BU/ HTTP/1.1" 301 333 "-" "Mozilla/5.0 (compatible; MJ12bot/v1.4.8; http://mj12bot.com/)"
147.135.212.239 - - [16/Aug/2026:09:09:48 -0400] "GET /Merchant2/merchant.mv?Screen=PROD&Store_Code=LE&Product_Code=CBOBD-C&Category_Code=BU/ HTTP/1.1" 301 335 "-" "Mozilla/5.0 (compatible; MJ12bot/v1.4.8; http://mj12bot.com/)"
147.135.212.239 - - [16/Aug/2026:09:09:52 -0400] "GET /Merchant2/merchant.mv?Screen=PROD&Store_Code=LE&Product_Code=CBOBF&Category_Code=BU/ HTTP/1.1" 301 333 "-" "Mozilla/5.0 (compatible; MJ12bot/v1.4.8; http://mj12bot.com/)"
147.135.212.239 - - [16/Aug/2026:09:09:55 -0400] "GET /Merchant2/merchant.mv?Screen=PROD&Store_Code=LE&Product_Code=CBOBF-C&Category_Code=BU/ HTTP/1.1" 301 335 "-" "Mozilla/5.0 (compatible; MJ12bot/v1.4.8; http://mj12bot.com/)"
147.135.212.239 - - [16/Aug/2026:09:09:59 -0400] "GET /Merchant2/merchant.mv?Screen=PROD&Store_Code=LE&Product_Code=CBOBH&Category_Code=BU/ HTTP/1.1" 301 333 "-" "Mozilla/5.0 (compatible; MJ12bot/v1.4.8; http://mj12bot.com/)"
147.135.212.239 - - [16/Aug/2026:09:10:02 -0400] "GET /Merchant2/merchant.mv?Screen=PROD&Store_Code=LE&Product_Code=CBOBH3&Category_Code=BU/ HTTP/1.1" 301 334 "-" "Mozilla/5.0 (compatible; MJ12bot/v1.4.8; http://mj12bot.com/)"
147.135.212.239 - - [16/Aug/2026:09:10:06 -0400] "GET /Merchant2/merchant.mv?Screen=PROD&Store_Code=LE&Product_Code=CBOBH6&Category_Code=BU/ HTTP/1.1" 301 334 "-" "Mozilla/5.0 (compatible; MJ12bot/v1.4.8; http://mj12bot.com/)"
147.135.212.239 - - [16/Aug/2026:09:10:09 -0400] "GET /Merchant2/merchant.mv?Screen=PROD&Store_Code=LE&Product_Code=CBOBH7&Category_Code=BU/ HTTP/1.1" 301 334 "-" "Mozilla/5.0 (compatible; MJ12bot/v1.4.8; http://mj12bot.com/)"
147.135.212.239 - - [16/Aug/2026:09:10:12 -0400] "GET /Merchant2/merchant.mv?Screen=PROD&Store_Code=LE&Product_Code=HOTNOT&Category_Code=HD/ HTTP/1.1" 301 334 "-" "Mozilla/5.0 (compatible; MJ12bot/v1.4.8; http://mj12bot.com/)"
147.135.212.239 - - [16/Aug/2026:09:10:16 -0400] "GET /Merchant2/merchant.mv?Screen=PROD&Store_Code=LE&Product_Code=ProDoe&Category_Code=Deer-hunting-lures/ HTTP/1.1" 301 350 "-" "Mozilla/5.0 (compatible; MJ12bot/v1.4.8; http://mj12bot.com/)"
147.135.212.239 - - [16/Aug/2026:09:10:19 -0400] "GET /Merchant2/merchant.mv?Screen=SRCH&Store_Code=LE/ HTTP/1.1" 301 289 "-" "Mozilla/5.0 (compatible; MJ12bot/v1.4.8; http://mj12bot.com/)"
142.93.49.65 - - [16/Aug/2026:09:26:06 -0400] "GET /images/berry_bag65.jpg HTTP/1.1" 301 259 "http://www.predatorpee.com/" "Mozilla/5.0 (Windows NT 10.0; Win64; x64) AppleWebKit/537.36 (KHTML, like Gecko) Chrome/120.0.0.0 Safari/537.36"
103.179.240.177 - - [16/Aug/2026:09:31:41 -0400] "POST /HNAP1/ HTTP/1.0" 400 226 "-" "-"
114.119.151.108 - - [16/Aug/2026:09:40:37 -0400] "GET /Merchant2/merchant.mv?Screen=PROD&Store_Code=LE&Product_Code=81104-3&Category_Code=FM HTTP/1.1" 301 334 "http://www.predatorpee.com/Merchant2/merchant.mv?Screen=CTGY&Category_Code=FM" "Mozilla/5.0 (Linux; Android 7.0;) AppleWebKit/537.36 (HTML, like Gecko) Mobile Safari/537.36 (compatible; PetalBot;+https://webmaster.petalsearch.com/site/petalbot)"
174.167.141.120 - - [16/Aug/2026:09:46:45 -0400] "GET /Merchant2/merchant.mv?Screen=CTGY&Store_Code=LE&Category_Code=BU HTTP/1.1" 301 309 "-" "Mozilla/5.0 (Macintosh; Intel Mac OS X 10_15_7) AppleWebKit/605.1.15 (KHTML, like Gecko)"
18.206.190.208 - - [16/Aug/2026:10:04:19 -0400] "GET / HTTP/1.1" 301 237 "-" "WebCopier v4.6"
38.45.177.233 - - [16/Aug/2026:10:12:15 -0400] "GET /Merchant2/merchant.mv?Screen=SFNT&Store_Code=LE HTTP/1.1" 301 288 "-" "Mozilla/5.0 (iPhone; CPU iPhone OS 18_7 like Mac OS X) AppleWebKit/605.1.15 (KHTML, like Gecko) Mobile/15E148"
114.119.128.40 - - [16/Aug/2026:10:13:51 -0400] "GET /peecoys.htm HTTP/1.1" 301 248 "http://www.predatorpee.com/main.html" "Mozilla/5.0 (Linux; Android 7.0;) AppleWebKit/537.36 (HTML, like Gecko) Mobile Safari/537.36 (compatible; PetalBot;+https://webmaster.petalsearch.com/site/petalbot)"
190.108.210.73 - - [16/Aug/2026:10:33:21 -0400] "GET /Merchant2/merchant.mv?Category_Code=SKUNKEM&Product_Code=9701&Screen=PROD&Store_Code=LE HTTP/1.1" 301 336 "-" "Mozilla/5.0 (Macintosh; Intel Mac OS X 10_15_7) AppleWebKit/537.36 (KHTML, like Gecko) Chrome/146.0.0.0 Safari/537.36"
114.119.166.63 - - [16/Aug/2026:10:47:11 -0400] "GET /link.html HTTP/1.1" 301 246 "https://robertanasi.blogspot.com/2008/07/?m=0" "Mozilla/5.0 (Linux; Android 7.0;) AppleWebKit/537.36 (HTML, like Gecko) Mobile Safari/537.36 (compatible; PetalBot;+https://webmaster.petalsearch.com/site/petalbot)"
167.172.134.198 - - [16/Aug/2026:10:48:58 -0400] "GET /.git/config HTTP/1.1" 404 - "-" "Mozilla/5.0 (compatible; Scanner/1.0)"
160.250.129.31 - - [16/Aug/2026:10:54:01 -0400] "GET /.env HTTP/1.1" 404 - "-" "Mozilla/5.0 (Linux; U; Android 4.4.2; en-US; HM NOTE 1W Build/KOT49H) AppleWebKit/534.30 (KHTML, like Gecko) Version/4.0 UCBrowser/11.0.5.850 U3/0.8.0 Mobile Safari/534.30"
160.250.129.31 - - [16/Aug/2026:10:54:01 -0400] "POST / HTTP/1.1" 404 - "-" "Mozilla/5.0 (Linux; U; Android 4.4.2; en-US; HM NOTE 1W Build/KOT49H) AppleWebKit/534.30 (KHTML, like Gecko) Version/4.0 UCBrowser/11.0.5.850 U3/0.8.0 Mobile Safari/534.30"
160.250.129.31 - - [16/Aug/2026:10:54:05 -0400] "GET /vendor/phpunit/phpunit/src/Util/PHP/eval-stdin.php HTTP/1.1" 404 - "-" "python-requests/2.25.1"
66.249.73.236 - - [16/Aug/2026:10:57:19 -0400] "GET / HTTP/1.1" 301 237 "-" "Mozilla/5.0 (Linux; Android 6.0.1; Nexus 5X Build/MMB29P) AppleWebKit/537.36 (KHTML, like Gecko) Chrome/150.0.7871.186 Mobile Safari/537.36 (compatible; Googlebot/2.1; +http://www.google.com/bot.html)"
47.91.87.204 - - [16/Aug/2026:11:06:50 -0400] "\x16\x03\x01" 400 226 "-" "-"
47.91.87.204 - - [16/Aug/2026:11:06:50 -0400] "GET / HTTP/1.1" 403 199 "-" "curl/7.74.0"
174.167.141.120 - - [16/Aug/2026:11:17:06 -0400] "GET /Merchant2/merchant.mv?Screen=CTGY&Store_Code=LE&Category_Code=BU HTTP/1.1" 301 309 "-" "Mozilla/5.0 (Macintosh; Intel Mac OS X 10_15_7) AppleWebKit/605.1.15 (KHTML, like Gecko)"
174.167.141.120 - - [16/Aug/2026:11:17:06 -0400] "GET /favicon.ico HTTP/1.1" 301 248 "-" "Mozilla/5.0 (iPad; CPU OS 18_7 like Mac OS X) AppleWebKit/605.1.15 (KHTML, like Gecko) Safari"
38.45.177.233 - - [16/Aug/2026:11:18:04 -0400] "GET /Merchant2/merchant.mv?Screen=SFNT&Store_Code=LE HTTP/1.1" 301 288 "-" "Mozilla/5.0 (iPhone; CPU iPhone OS 18_7 like Mac OS X) AppleWebKit/605.1.15 (KHTML, like Gecko) Mobile/15E148"
114.119.128.40 - - [16/Aug/2026:11:20:35 -0400] "GET /growpee.html HTTP/1.1" 301 249 "http://informationnation.blogspot.com/2003/10/quite-few-butterflies-prefer-urine.html" "Mozilla/5.0 (Linux; Android 7.0;) AppleWebKit/537.36 (HTML, like Gecko) Mobile Safari/537.36 (compatible; PetalBot;+https://webmaster.petalsearch.com/site/petalbot)"
43.130.111.40 - - [16/Aug/2026:11:21:14 -0400] "GET / HTTP/1.1" 301 237 "-" "Mozilla/5.0 (iPhone; CPU iPhone OS 13_2_3 like Mac OS X) AppleWebKit/605.1.15 (KHTML, like Gecko) Version/13.0.3 Mobile/15E148 Safari/604.1"
38.45.177.233 - - [16/Aug/2026:11:24:45 -0400] "GET /Merchant2/merchant.mv?Screen=SFNT&Store_Code=LE HTTP/1.1" 301 288 "-" "Mozilla/5.0 (iPhone; CPU iPhone OS 18_7 like Mac OS X) AppleWebKit/605.1.15 (KHTML, like Gecko) Mobile/15E148"
185.170.167.18 - - [16/Aug/2026:11:27:16 -0400] "GET /robots.txt HTTP/1.1" 301 247 "-" "Mozilla/5.0 (compatible; BacklinksExtendedBot)"
185.170.167.18 - - [16/Aug/2026:11:27:17 -0400] "GET /super_saver.htm HTTP/1.1" 301 252 "-" "Mozilla/5.0 (compatible; BacklinksExtendedBot)"
194.180.48.253 - - [16/Aug/2026:11:40:33 -0400] "GET /api/session/reset_password HTTP/1.1" 404 - "-" "Mozilla/5.0 (compatible; SecurityScanner/1.0)"
99.170.118.175 - - [16/Aug/2026:11:44:29 -0400] "-" 408 - "-" "-"
146.75.253.175 - - [16/Aug/2026:11:47:08 -0400] "GET /Merchant2/merchant.mv? HTTP/1.1" 301 259 "-" "Mozilla/5.0 (Macintosh; Intel Mac OS X 10_15_7) AppleWebKit/605.1.15 (KHTML, like Gecko)"
146.75.253.175 - - [16/Aug/2026:11:47:08 -0400] "GET /favicon.ico HTTP/1.1" 301 248 "-" "Mozilla/5.0 (iPad; CPU OS 18_7 like Mac OS X) AppleWebKit/605.1.15 (KHTML, like Gecko) Safari"
114.119.153.11 - - [16/Aug/2026:11:54:04 -0400] "GET /Merchant2/merchant.mv?Screen=PROD&Store_Code=LE&Product_Code=CARPAK&=SUPERSAVER HTTP/1.1" 301 328 "http://www.predatorpee.com/PeeShot%20Vehicle%20Storage%20Protection.htm" "Mozilla/5.0 (Linux; Android 7.0;) AppleWebKit/537.36 (HTML, like Gecko) Mobile Safari/537.36 (compatible; PetalBot;+https://webmaster.petalsearch.com/site/petalbot)"
38.45.177.233 - - [16/Aug/2026:11:57:26 -0400] "GET /Merchant2/merchant.mv?Screen=SFNT&Store_Code=LE HTTP/1.1" 301 288 "-" "Mozilla/5.0 (iPhone; CPU iPhone OS 18_7 like Mac OS X) AppleWebKit/605.1.15 (KHTML, like Gecko) Mobile/15E148"
73.228.130.20 - - [16/Aug/2026:11:59:07 -0400] "GET /dog_cat_product.html HTTP/1.1" 301 257 "-" "Mozilla/5.0 (Macintosh; Intel Mac OS X 10_15_7) AppleWebKit/605.1.15 (KHTML, like Gecko)"
43.155.188.157 - - [16/Aug/2026:12:07:24 -0400] "GET / HTTP/1.1" 301 237 "-" "Mozilla/5.0 (iPhone; CPU iPhone OS 13_2_3 like Mac OS X) AppleWebKit/605.1.15 (KHTML, like Gecko) Version/13.0.3 Mobile/15E148 Safari/604.1"
40.76.99.43 - - [16/Aug/2026:12:07:38 -0400] "GET / HTTP/1.1" 403 199 "-" "Mozilla/5.0 zgrab/0.x"
160.250.129.46 - - [16/Aug/2026:12:16:27 -0400] "GET /.env HTTP/1.1" 404 - "-" "Mozilla/5.0 (Linux; U; Android 4.4.2; en-US; HM NOTE 1W Build/KOT49H) AppleWebKit/534.30 (KHTML, like Gecko) Version/4.0 UCBrowser/11.0.5.850 U3/0.8.0 Mobile Safari/534.30"
160.250.129.46 - - [16/Aug/2026:12:16:28 -0400] "POST / HTTP/1.1" 404 - "-" "Mozilla/5.0 (Linux; U; Android 4.4.2; en-US; HM NOTE 1W Build/KOT49H) AppleWebKit/534.30 (KHTML, like Gecko) Version/4.0 UCBrowser/11.0.5.850 U3/0.8.0 Mobile Safari/534.30"
160.250.129.46 - - [16/Aug/2026:12:16:32 -0400] "GET /vendor/phpunit/phpunit/src/Util/PHP/eval-stdin.php HTTP/1.1" 404 - "-" "python-requests/2.25.1"
20.65.193.188 - - [16/Aug/2026:12:20:56 -0400] "GET /actuator/health HTTP/1.1" 404 - "-" "Mozilla/5.0 zgrab/0.x"
114.119.147.42 - - [16/Aug/2026:12:27:14 -0400] "GET /Merchant2/merchant.mv?Screen=PROD&Store_Code=LE&Product_Code=82107-6&Category_Code=FM HTTP/1.1" 301 334 "http://www.predatorpee.com/Merchant2/merchant.mv?Screen=CTGY&Category_Code=FM" "Mozilla/5.0 (Linux; Android 7.0;) AppleWebKit/537.36 (HTML, like Gecko) Mobile Safari/537.36 (compatible; PetalBot;+https://webmaster.petalsearch.com/site/petalbot)"
76.168.30.50 - - [16/Aug/2026:12:34:11 -0400] "GET /Merchant2/merchant.mv?Screen=CTGY&Store_Code=LE&Category_Code=BU HTTP/1.1" 301 309 "-" "Mozilla/5.0 (Macintosh; Intel Mac OS X 10.15; rv:151.0) Gecko/20100101 Firefox/151.0"
151.240.191.68 - - [16/Aug/2026:12:35:17 -0400] "GET / HTTP/1.1" 301 237 "-" "Mozilla/5.0 (X11; Linux x86_64) AppleWebKit/537.36 (KHTML, like Gecko) Chrome/150.0.0.0 Safari/537.36"
205.210.31.138 - - [16/Aug/2026:12:37:32 -0400] "GET / HTTP/1.1" 301 237 "-" "Hello from Palo Alto Networks, find out more about our scans in https://docs-cortex.paloaltonetworks.com/r/1/Cortex-Xpanse/Scanning-activity"
66.249.73.237 - - [16/Aug/2026:12:42:38 -0400] "GET / HTTP/1.1" 301 237 "-" "Mozilla/5.0 (Linux; Android 6.0.1; Nexus 5X Build/MMB29P) AppleWebKit/537.36 (KHTML, like Gecko) Chrome/150.0.7871.186 Mobile Safari/537.36 (compatible; Googlebot/2.1; +http://www.google.com/bot.html)"
194.247.173.99 - - [16/Aug/2026:12:45:12 -0400] "GET /robots.txt HTTP/1.1" 301 247 "-" "Mozilla/5.0 (compatible; MJ12bot/v1.4.8; http://mj12bot.com/)"
194.247.173.99 - - [16/Aug/2026:12:45:15 -0400] "GET /Merchant2/merchant.mv?Screen=CTGY&Category_Code=CU/ HTTP/1.1" 301 292 "-" "Mozilla/5.0 (compatible; MJ12bot/v1.4.8; http://mj12bot.com/)"
194.247.173.99 - - [16/Aug/2026:12:45:20 -0400] "GET /Merchant2/merchant.mv?Screen=CTGY&Category_Code=FU/ HTTP/1.1" 301 292 "-" "Mozilla/5.0 (compatible; MJ12bot/v1.4.8; http://mj12bot.com/)"
194.247.173.99 - - [16/Aug/2026:12:45:23 -0400] "GET /Merchant2/merchant.mv?Screen=CTGY&Store_Code=LE&Category_Code=1PUSG/ HTTP/1.1" 301 313 "-" "Mozilla/5.0 (compatible; MJ12bot/v1.4.8; http://mj12bot.com/)"
194.247.173.99 - - [16/Aug/2026:12:45:27 -0400] "GET /Merchant2/merchant.mv?Screen=CTGY&Store_Code=LE&Category_Code=BEAR/ HTTP/1.1" 301 312 "-" "Mozilla/5.0 (compatible; MJ12bot/v1.4.8; http://mj12bot.com/)"
194.247.173.99 - - [16/Aug/2026:12:45:30 -0400] "GET /Merchant2/merchant.mv?Screen=CTGY&Store_Code=LE&Category_Code=BFPEE/ HTTP/1.1" 301 313 "-" "Mozilla/5.0 (compatible; MJ12bot/v1.4.8; http://mj12bot.com/)"
194.247.173.99 - - [16/Aug/2026:12:45:33 -0400] "GET /Merchant2/merchant.mv?Screen=CTGY&Store_Code=LE&Category_Code=BIRD/ HTTP/1.1" 301 312 "-" "Mozilla/5.0 (compatible; MJ12bot/v1.4.8; http://mj12bot.com/)"
194.247.173.99 - - [16/Aug/2026:12:45:36 -0400] "GET /Merchant2/merchant.mv?Screen=CTGY&Store_Code=LE&Category_Code=BUG/ HTTP/1.1" 301 311 "-" "Mozilla/5.0 (compatible; MJ12bot/v1.4.8; http://mj12bot.com/)"
194.247.173.99 - - [16/Aug/2026:12:45:39 -0400] "GET /Merchant2/merchant.mv?Screen=CTGY&Store_Code=LE&Category_Code=CATS/ HTTP/1.1" 301 312 "-" "Mozilla/5.0 (compatible; MJ12bot/v1.4.8; http://mj12bot.com/)"
194.247.173.99 - - [16/Aug/2026:12:45:42 -0400] "GET /Merchant2/merchant.mv?Screen=CTGY&Store_Code=LE&Category_Code=CHICKENS/ HTTP/1.1" 301 316 "-" "Mozilla/5.0 (compatible; MJ12bot/v1.4.8; http://mj12bot.com/)"
194.247.173.99 - - [16/Aug/2026:12:45:45 -0400] "GET /Merchant2/merchant.mv?Screen=CTGY&Store_Code=LE&Category_Code=COON/ HTTP/1.1" 301 312 "-" "Mozilla/5.0 (compatible; MJ12bot/v1.4.8; http://mj12bot.com/)"
194.247.173.99 - - [16/Aug/2026:12:45:48 -0400] "GET /Merchant2/merchant.mv?Screen=CTGY&Store_Code=LE&Category_Code=COYOTE/ HTTP/1.1" 301 314 "-" "Mozilla/5.0 (compatible; MJ12bot/v1.4.8; http://mj12bot.com/)"
194.247.173.99 - - [16/Aug/2026:12:45:52 -0400] "GET /Merchant2/merchant.mv?Screen=CTGY&Store_Code=LE&Category_Code=CU/ HTTP/1.1" 301 310 "-" "Mozilla/5.0 (compatible; MJ12bot/v1.4.8; http://mj12bot.com/)"
194.247.173.99 - - [16/Aug/2026:12:45:55 -0400] "GET /Merchant2/merchant.mv?Screen=CTGY&Store_Code=LE&Category_Code=Crusher/ HTTP/1.1" 301 315 "-" "Mozilla/5.0 (compatible; MJ12bot/v1.4.8; http://mj12bot.com/)"
194.247.173.99 - - [16/Aug/2026:12:45:58 -0400] "GET /Merchant2/merchant.mv?Screen=CTGY&Store_Code=LE&Category_Code=DEER/ HTTP/1.1" 301 312 "-" "Mozilla/5.0 (compatible; MJ12bot/v1.4.8; http://mj12bot.com/)"
194.247.173.99 - - [16/Aug/2026:12:46:01 -0400] "GET /Merchant2/merchant.mv?Screen=CTGY&Store_Code=LE&Category_Code=DOG/ HTTP/1.1" 301 311 "-" "Mozilla/5.0 (compatible; MJ12bot/v1.4.8; http://mj12bot.com/)"
194.247.173.99 - - [16/Aug/2026:12:46:04 -0400] "GET /Merchant2/merchant.mv?Screen=CTGY&Store_Code=LE&Category_Code=FISHER/ HTTP/1.1" 301 314 "-" "Mozilla/5.0 (compatible; MJ12bot/v1.4.8; http://mj12bot.com/)"
194.247.173.99 - - [16/Aug/2026:12:46:07 -0400] "GET /Merchant2/merchant.mv?Screen=CTGY&Store_Code=LE&Category_Code=FOX-UK/ HTTP/1.1" 301 314 "-" "Mozilla/5.0 (compatible; MJ12bot/v1.4.8; http://mj12bot.com/)"
194.247.173.99 - - [16/Aug/2026:12:46:10 -0400] "GET /Merchant2/merchant.mv?Screen=CTGY&Store_Code=LE&Category_Code=FREEWWSHIP/ HTTP/1.1" 301 318 "-" "Mozilla/5.0 (compatible; MJ12bot/v1.4.8; http://mj12bot.com/)"
194.247.173.99 - - [16/Aug/2026:12:46:13 -0400] "GET /Merchant2/merchant.mv?Screen=CTGY&Store_Code=LE&Category_Code=FU/ HTTP/1.1" 301 310 "-" "Mozilla/5.0 (compatible; MJ12bot/v1.4.8; http://mj12bot.com/)"
194.247.173.99 - - [16/Aug/2026:12:46:16 -0400] "GET /Merchant2/merchant.mv?Screen=CTGY&Store_Code=LE&Category_Code=MBF// HTTP/1.1" 301 312 "-" "Mozilla/5.0 (compatible; MJ12bot/v1.4.8; http://mj12bot.com/)"
194.247.173.99 - - [16/Aug/2026:12:46:19 -0400] "GET /Merchant2/merchant.mv?Screen=CTGY&Store_Code=LE&Category_Code=MICE/ HTTP/1.1" 301 312 "-" "Mozilla/5.0 (compatible; MJ12bot/v1.4.8; http://mj12bot.com/)"
194.247.173.99 - - [16/Aug/2026:12:46:22 -0400] "GET /Merchant2/merchant.mv?Screen=CTGY&Store_Code=LE&Category_Code=MLU/ HTTP/1.1" 301 311 "-" "Mozilla/5.0 (compatible; MJ12bot/v1.4.8; http://mj12bot.com/)"
194.247.173.99 - - [16/Aug/2026:12:46:25 -0400] "GET /Merchant2/merchant.mv?Screen=CTGY&Store_Code=LE&Category_Code=PIG/ HTTP/1.1" 301 311 "-" "Mozilla/5.0 (compatible; MJ12bot/v1.4.8; http://mj12bot.com/)"
194.247.173.99 - - [16/Aug/2026:12:46:27 -0400] "GET /Merchant2/merchant.mv?Screen=CTGY&Store_Code=LE&Category_Code=PORKY/ HTTP/1.1" 301 313 "-" "Mozilla/5.0 (compatible; MJ12bot/v1.4.8; http://mj12bot.com/)"
194.247.173.99 - - [16/Aug/2026:12:46:30 -0400] "GET /Merchant2/merchant.mv?Screen=CTGY&Store_Code=LE&Category_Code=SKUNKEM/ HTTP/1.1" 301 315 "-" "Mozilla/5.0 (compatible; MJ12bot/v1.4.8; http://mj12bot.com/)"
194.247.173.99 - - [16/Aug/2026:12:46:33 -0400] "GET /Merchant2/merchant.mv?Screen=CTGY&Store_Code=LE&Category_Code=SPRAY/ HTTP/1.1" 301 313 "-" "Mozilla/5.0 (compatible; MJ12bot/v1.4.8; http://mj12bot.com/)"
194.247.173.99 - - [16/Aug/2026:12:46:36 -0400] "GET /Merchant2/merchant.mv?Screen=CTGY&Store_Code=LE&Category_Code=SQUIRRELS-RABBITS/ HTTP/1.1" 301 325 "-" "Mozilla/5.0 (compatible; MJ12bot/v1.4.8; http://mj12bot.com/)"
194.247.173.99 - - [16/Aug/2026:12:46:39 -0400] "GET /Merchant2/merchant.mv?Screen=CTGY&Store_Code=LE&Category_Code=SQZ/ HTTP/1.1" 301 311 "-" "Mozilla/5.0 (compatible; MJ12bot/v1.4.8; http://mj12bot.com/)"
194.247.173.99 - - [16/Aug/2026:12:46:42 -0400] "GET /Merchant2/merchant.mv?Screen=CTGY&Store_Code=LE&Category_Code=SUPERSAVER/ HTTP/1.1" 301 318 "-" "Mozilla/5.0 (compatible; MJ12bot/v1.4.8; http://mj12bot.com/)"
194.247.173.99 - - [16/Aug/2026:12:46:45 -0400] "GET /Merchant2/merchant.mv?Screen=CTGY&Store_Code=LE&Category_Code=WU/ HTTP/1.1" 301 310 "-" "Mozilla/5.0 (compatible; MJ12bot/v1.4.8; http://mj12bot.com/)"
194.247.173.99 - - [16/Aug/2026:12:46:48 -0400] "GET /Merchant2/merchant.mv?Screen=PROD&Store_Code=LE&Product_Code=2SprayC&Category_Code=BU/ HTTP/1.1" 301 335 "-" "Mozilla/5.0 (compatible; MJ12bot/v1.4.8; http://mj12bot.com/)"
194.247.173.99 - - [16/Aug/2026:12:46:51 -0400] "GET /Merchant2/merchant.mv?Screen=PROD&Store_Code=LE&Product_Code=6720&Category_Code=CHIPS// HTTP/1.1" 301 336 "-" "Mozilla/5.0 (compatible; MJ12bot/v1.4.8; http://mj12bot.com/)"
194.247.173.99 - - [16/Aug/2026:12:46:54 -0400] "GET /Merchant2/merchant.mv?Screen=PROD&Store_Code=LE&Product_Code=83110&Category_Code=BU/ HTTP/1.1" 301 333 "-" "Mozilla/5.0 (compatible; MJ12bot/v1.4.8; http://mj12bot.com/)"
194.247.173.99 - - [16/Aug/2026:12:46:57 -0400] "GET /Merchant2/merchant.mv?Screen=PROD&Store_Code=LE&Product_Code=91416M&Category_Code=BU/ HTTP/1.1" 301 334 "-" "Mozilla/5.0 (compatible; MJ12bot/v1.4.8; http://mj12bot.com/)"
194.247.173.99 - - [16/Aug/2026:12:47:00 -0400] "GET /Merchant2/merchant.mv?Screen=PROD&Store_Code=LE&Product_Code=BFOXD1&Category_Code=FU/ HTTP/1.1" 301 334 "-" "Mozilla/5.0 (compatible; MJ12bot/v1.4.8; http://mj12bot.com/)"
194.247.173.99 - - [16/Aug/2026:12:47:03 -0400] "GET /Merchant2/merchant.mv?Screen=PROD&Store_Code=LE&Product_Code=PeeCoy100&Category_Code=CU/ HTTP/1.1" 301 337 "-" "Mozilla/5.0 (compatible; MJ12bot/v1.4.8; http://mj12bot.com/)"
194.247.173.99 - - [16/Aug/2026:12:47:06 -0400] "GET /Merchant2/merchant.mv?Screen=PROD&Store_Code=LE&Product_Code=pshot&Category_Code=BU/ HTTP/1.1" 301 333 "-" "Mozilla/5.0 (compatible; MJ12bot/v1.4.8; http://mj12bot.com/)"
194.247.173.99 - - [16/Aug/2026:12:47:09 -0400] "GET /Merchant2/merchant.mv?Screen=SFNT&Store_Code=LE// HTTP/1.1" 301 290 "-" "Mozilla/5.0 (compatible; MJ12bot/v1.4.8; http://mj12bot.com/)"
18.205.199.5 - - [16/Aug/2026:12:48:07 -0400] "GET /robots.txt HTTP/1.1" 301 247 "-" "Mozilla/5.0 (Macintosh; Intel Mac OS X 10_10_1) AppleWebKit/600.2.5 (KHTML, like Gecko) Version/8.0.2 Safari/600.2.5 (Gort)"
24.67.68.128 - - [16/Aug/2026:12:53:55 -0400] "GET /Merchant2/merchant.mv?Screen=CTGY&Category_Code=CU HTTP/1.1" 301 291 "-" "Mozilla/5.0 (Macintosh; Intel Mac OS X 10_15_7) AppleWebKit/605.1.15 (KHTML, like Gecko)"
24.67.68.128 - - [16/Aug/2026:13:00:26 -0400] "GET /Merchant2/merchant.mv?Screen=CTGY&Category_Code=CU HTTP/1.1" 301 291 "-" "Mozilla/5.0 (Macintosh; Intel Mac OS X 10_15_7) AppleWebKit/605.1.15 (KHTML, like Gecko)"
114.119.151.108 - - [16/Aug/2026:13:00:33 -0400] "GET /Merchant2/merchant.mv?Screen=PROD&Store_Code=LE&Product_Code=82101&Category_Code=FM HTTP/1.1" 301 332 "http://www.predatorpee.com/Merchant2/merchant.mv?Screen=CTGY&Category_Code=FM" "Mozilla/5.0 (Linux; Android 7.0;) AppleWebKit/537.36 (HTML, like Gecko) Mobile Safari/537.36 (compatible; PetalBot;+https://webmaster.petalsearch.com/site/petalbot)"
174.167.141.120 - - [16/Aug/2026:13:14:26 -0400] "GET /Merchant2/merchant.mv?Screen=CTGY&Store_Code=LE&Category_Code=BU HTTP/1.1" 301 309 "-" "Mozilla/5.0 (Macintosh; Intel Mac OS X 10_15_7) AppleWebKit/605.1.15 (KHTML, like Gecko)"
24.67.68.128 - - [16/Aug/2026:13:19:06 -0400] "GET /Merchant2/merchant.mv?Screen=CTGY&Category_Code=CU HTTP/1.1" 301 291 "-" "Mozilla/5.0 (Macintosh; Intel Mac OS X 10_15_7) AppleWebKit/605.1.15 (KHTML, like Gecko)"
178.23.13.39 - - [16/Aug/2026:13:21:38 -0400] "POST /xmlrpc.php HTTP/1.1" 301 247 "-" "Mozilla/5.0 (Windows NT 10.0; Win64; x64) AppleWebKit/537.36 (KHTML, like Gecko) Chrome/138.0.0.0 Safari/537.36 Edg/138.0.0.0"
178.23.13.39 - - [16/Aug/2026:13:21:39 -0400] "POST /xmlrpc.php HTTP/1.1" 301 247 "-" "Mozilla/5.0 (Macintosh; Intel Mac OS X 10_15_7) AppleWebKit/605.1.15 (KHTML, like Gecko) Version/17.5 Safari/605.1.15"
178.23.13.39 - - [16/Aug/2026:13:21:40 -0400] "GET / HTTP/1.1" 301 237 "-" "Mozilla/5.0 (Windows NT 10.0; Win64; x64) AppleWebKit/537.36 (KHTML, like Gecko) Chrome/138.0.0.0 Safari/537.36 Edg/138.0.0.0"
178.23.13.39 - - [16/Aug/2026:13:21:40 -0400] "POST /blog/xmlrpc.php HTTP/1.1" 301 252 "-" "Mozilla/5.0 (X11; Linux x86_64) AppleWebKit/537.36 (KHTML, like Gecko) Chrome/138.0.0.0 Safari/537.36"
178.23.13.39 - - [16/Aug/2026:13:21:41 -0400] "POST /wp/xmlrpc.php HTTP/1.1" 301 250 "-" "Mozilla/5.0 (Windows NT 10.0; Win64; x64) AppleWebKit/537.36 (KHTML, like Gecko) Chrome/138.0.0.0 Safari/537.36 Edg/138.0.0.0"
178.23.13.39 - - [16/Aug/2026:13:21:41 -0400] "POST /wordpress/xmlrpc.php HTTP/1.1" 301 257 "-" "Mozilla/5.0 (Windows NT 10.0; Win64; x64) AppleWebKit/537.36 (KHTML, like Gecko) Chrome/138.0.0.0 Safari/537.36 Edg/138.0.0.0"
178.23.13.39 - - [16/Aug/2026:13:21:41 -0400] "POST /site/xmlrpc.php HTTP/1.1" 301 252 "-" "Mozilla/5.0 (Windows NT 10.0; Win64; x64; rv:140.0) Gecko/20100101 Firefox/140.0"
178.23.13.39 - - [16/Aug/2026:13:21:41 -0400] "POST /news/xmlrpc.php HTTP/1.1" 301 252 "-" "Mozilla/5.0 (Macintosh; Intel Mac OS X 10_15_7) AppleWebKit/605.1.15 (KHTML, like Gecko) Version/17.5 Safari/605.1.15"
178.23.13.39 - - [16/Aug/2026:13:21:41 -0400] "POST /web/xmlrpc.php HTTP/1.1" 301 251 "-" "Mozilla/5.0 (Windows NT 10.0; Win64; x64) AppleWebKit/537.36 (KHTML, like Gecko) Chrome/138.0.0.0 Safari/537.36"
178.23.13.39 - - [16/Aug/2026:13:21:42 -0400] "POST /main/xmlrpc.php HTTP/1.1" 301 252 "-" "Mozilla/5.0 (Windows NT 10.0; Win64; x64; rv:140.0) Gecko/20100101 Firefox/140.0"
178.23.13.39 - - [16/Aug/2026:13:21:42 -0400] "POST /cms/xmlrpc.php HTTP/1.1" 301 251 "-" "Mozilla/5.0 (Windows NT 10.0; Win64; x64; rv:140.0) Gecko/20100101 Firefox/140.0"
178.23.13.39 - - [16/Aug/2026:13:21:42 -0400] "POST /wp-site/xmlrpc.php HTTP/1.1" 301 255 "-" "Mozilla/5.0 (Windows NT 10.0; Win64; x64) AppleWebKit/537.36 (KHTML, like Gecko) Chrome/138.0.0.0 Safari/537.36 Edg/138.0.0.0"
178.23.13.39 - - [16/Aug/2026:13:21:42 -0400] "POST /wpsite/xmlrpc.php HTTP/1.1" 301 254 "-" "Mozilla/5.0 (Windows NT 10.0; Win64; x64; rv:140.0) Gecko/20100101 Firefox/140.0"
178.23.13.39 - - [16/Aug/2026:13:21:43 -0400] "POST /old/xmlrpc.php HTTP/1.1" 301 251 "-" "Mozilla/5.0 (Windows NT 10.0; Win64; x64; rv:140.0) Gecko/20100101 Firefox/140.0"
178.23.13.39 - - [16/Aug/2026:13:21:43 -0400] "POST /new/xmlrpc.php HTTP/1.1" 301 251 "-" "Mozilla/5.0 (Windows NT 10.0; Win64; x64; rv:140.0) Gecko/20100101 Firefox/140.0"
178.23.13.39 - - [16/Aug/2026:13:21:43 -0400] "GET /wp-admin/ HTTP/1.1" 301 246 "-" "Mozilla/5.0 (X11; Linux x86_64) AppleWebKit/537.36 (KHTML, like Gecko) Chrome/138.0.0.0 Safari/537.36"
178.23.13.39 - - [16/Aug/2026:13:21:43 -0400] "GET /wp-login.php HTTP/1.1" 301 249 "-" "Mozilla/5.0 (Macintosh; Intel Mac OS X 10_15_7) AppleWebKit/605.1.15 (KHTML, like Gecko) Version/17.5 Safari/605.1.15"
24.67.68.128 - - [16/Aug/2026:13:25:20 -0400] "GET /Merchant2/merchant.mv?Screen=CTGY&Category_Code=CU HTTP/1.1" 301 291 "-" "Mozilla/5.0 (Macintosh; Intel Mac OS X 10_15_7) AppleWebKit/605.1.15 (KHTML, like Gecko)"
114.119.128.40 - - [16/Aug/2026:13:33:53 -0400] "GET /Merchant2/merchant.mv?Screen=PROD&Store_Code=LE&Product_Code=81104&Category_Code=FM HTTP/1.1" 301 332 "http://www.predatorpee.com/Merchant2/merchant.mv?Screen=CTGY&Category_Code=FM" "Mozilla/5.0 (Linux; Android 7.0;) AppleWebKit/537.36 (HTML, like Gecko) Mobile Safari/537.36 (compatible; PetalBot;+https://webmaster.petalsearch.com/site/petalbot)"
24.67.68.128 - - [16/Aug/2026:13:35:40 -0400] "GET /Merchant2/merchant.mv?Screen=CTGY&Category_Code=CU HTTP/1.1" 301 291 "-" "Mozilla/5.0 (Macintosh; Intel Mac OS X 10_15_7) AppleWebKit/605.1.15 (KHTML, like Gecko)"
66.249.65.192 - - [16/Aug/2026:13:44:50 -0400] "GET / HTTP/1.1" 301 237 "-" "Mozilla/5.0 (Linux; Android 6.0.1; Nexus 5X Build/MMB29P) AppleWebKit/537.36 (KHTML, like Gecko) Chrome/150.0.7871.186 Mobile Safari/537.36 (compatible; Googlebot/2.1; +http://www.google.com/bot.html)"
114.119.147.42 - - [16/Aug/2026:14:07:18 -0400] "GET /Merchant2/merchant.mv?Screen=PROD&Store_Code=LE&Product_Code=80125&Category_Code=HD HTTP/1.1" 301 332 "http://www.predatorpee.com/Merchant2/merchant.mv?Screen=CTGY&Category_Code=HD" "Mozilla/5.0 (Linux; Android 7.0;) AppleWebKit/537.36 (HTML, like Gecko) Mobile Safari/537.36 (compatible; PetalBot;+https://webmaster.petalsearch.com/site/petalbot)"
54.147.178.160 - - [16/Aug/2026:14:08:58 -0400] "GET /robots.txt HTTP/1.1" 301 247 "-" "Mozilla/5.0 (Macintosh; Intel Mac OS X 10_10_1) AppleWebKit/600.2.5 (KHTML, like Gecko) Version/8.0.2 Safari/600.2.5 (Gort)"
153.66.79.213 - - [16/Aug/2026:14:14:23 -0400] "GET / HTTP/1.1" 301 237 "-" "Mozilla/5.0 (Macintosh; Intel Mac OS X 10_15_7) AppleWebKit/605.1.15 (KHTML, like Gecko)"
153.66.79.213 - - [16/Aug/2026:14:14:23 -0400] "GET /favicon.ico HTTP/1.1" 301 248 "-" "Mozilla/5.0 (Macintosh; Intel Mac OS X 10_15_7) AppleWebKit/605.1.15 (KHTML, like Gecko) Safari"
24.67.68.128 - - [16/Aug/2026:14:19:14 -0400] "GET /Merchant2/merchant.mv?Screen=CTGY&Category_Code=CU HTTP/1.1" 301 291 "-" "Mozilla/5.0 (Macintosh; Intel Mac OS X 10_15_7) AppleWebKit/605.1.15 (KHTML, like Gecko)"
24.67.68.128 - - [16/Aug/2026:14:25:45 -0400] "GET /Merchant2/merchant.mv?Screen=CTGY&Category_Code=CU HTTP/1.1" 301 291 "-" "Mozilla/5.0 (Macintosh; Intel Mac OS X 10_15_7) AppleWebKit/605.1.15 (KHTML, like Gecko)"
146.75.253.175 - - [16/Aug/2026:14:26:31 -0400] "GET /Merchant2/merchant.mv? HTTP/1.1" 301 259 "-" "Mozilla/5.0 (Macintosh; Intel Mac OS X 10_15_7) AppleWebKit/605.1.15 (KHTML, like Gecko)"
146.75.253.174 - - [16/Aug/2026:14:26:32 -0400] "GET /favicon.ico HTTP/1.1" 301 248 "-" "Mozilla/5.0 (iPad; CPU OS 18_7 like Mac OS X) AppleWebKit/605.1.15 (KHTML, like Gecko) Safari"
192.241.148.170 - - [16/Aug/2026:14:26:46 -0400] "\x16\x03\x01\x05\xa8\x01" 400 226 "-" "-"
151.240.189.167 - - [16/Aug/2026:14:30:24 -0400] "GET /Merchant2/merchant.mv?Screen=PROD&Store_Code=LE&Product_Code=83109&Category_Code=UD HTTP/1.1" 301 332 "-" "Mozilla/5.0 (X11; Linux x86_64) AppleWebKit/537.36 (KHTML, like Gecko) Chrome/150.0.0.0 Safari/537.36"
24.67.68.128 - - [16/Aug/2026:14:30:29 -0400] "GET /Merchant2/merchant.mv?Screen=CTGY&Category_Code=CU HTTP/1.1" 301 291 "-" "Mozilla/5.0 (Macintosh; Intel Mac OS X 10_15_7) AppleWebKit/605.1.15 (KHTML, like Gecko)"
205.188.154.125 - - [16/Aug/2026:14:33:04 -0400] "GET /Merchant2/merchant.mv?Screen=CTGY&Store_Code=LE&Category_Code=BU HTTP/1.1" 301 309 "-" "Mozilla/5.0 (X11; Linux x86_64) AppleWebKit/537.36 (KHTML, like Gecko) Chrome/150.0.0.0 Safari/537.36"
173.61.75.218 - - [16/Aug/2026:14:37:21 -0400] "GET /dog_cat_product.html HTTP/1.1" 301 257 "-" "Mozilla/5.0 (Macintosh; Intel Mac OS X 10_15_7) AppleWebKit/605.1.15 (KHTML, like Gecko)"
195.182.16.52 - - [16/Aug/2026:14:39:46 -0400] "GET /..%2F..%2F..%2F..%2F..%2F..%2Fetc%2Fpasswd HTTP/1.1" 404 - "-" "Mozilla/5.0 (Windows NT 10.0; Win64; x64; rv:146.0) Gecko/20100101 Firefox/146.0"
114.119.166.63 - - [16/Aug/2026:14:40:34 -0400] "GET /Merchant2/merchant.mv?Screen=PROD&Store_Code=LE&Product_Code=6420&Category_Code=WOOD HTTP/1.1" 301 333 "http://ibdof.com/viewtopic.php?p=1834442" "Mozilla/5.0 (Linux; Android 7.0;) AppleWebKit/537.36 (HTML, like Gecko) Mobile Safari/537.36 (compatible; PetalBot;+https://webmaster.petalsearch.com/site/petalbot)"
66.249.65.193 - - [16/Aug/2026:14:42:34 -0400] "GET /use.html HTTP/1.1" 301 245 "-" "Mozilla/5.0 (Linux; Android 6.0.1; Nexus 5X Build/MMB29P) AppleWebKit/537.36 (KHTML, like Gecko) Chrome/150.0.7871.186 Mobile Safari/537.36 (compatible; Googlebot/2.1; +http://www.google.com/bot.html)"
24.67.68.128 - - [16/Aug/2026:14:50:48 -0400] "GET /Merchant2/merchant.mv?Screen=CTGY&Category_Code=CU HTTP/1.1" 301 291 "-" "Mozilla/5.0 (Macintosh; Intel Mac OS X 10_15_7) AppleWebKit/605.1.15 (KHTML, like Gecko)"
174.167.141.120 - - [16/Aug/2026:14:51:20 -0400] "GET /Merchant2/merchant.mv?Screen=CTGY&Store_Code=LE&Category_Code=BU HTTP/1.1" 301 309 "-" "Mozilla/5.0 (Macintosh; Intel Mac OS X 10_15_7) AppleWebKit/605.1.15 (KHTML, like Gecko)"
174.167.141.120 - - [16/Aug/2026:14:51:21 -0400] "GET /favicon.ico HTTP/1.1" 301 248 "-" "Mozilla/5.0 (iPad; CPU OS 18_7 like Mac OS X) AppleWebKit/605.1.15 (KHTML, like Gecko) Safari"
81.65.145.101 - - [16/Aug/2026:14:55:32 -0400] "GET /super_saver.htm HTTP/1.1" 301 252 "-" "Mozilla/5.0 (Windows NT 10.0; Win64; x64) AppleWebKit/537.36 (KHTML, like Gecko) Chrome/134.0.6998.45 Safari/537.36"
24.67.68.128 - - [16/Aug/2026:14:56:53 -0400] "GET /Merchant2/merchant.mv?Screen=CTGY&Category_Code=CU HTTP/1.1" 301 291 "-" "Mozilla/5.0 (Macintosh; Intel Mac OS X 10_15_7) AppleWebKit/605.1.15 (KHTML, like Gecko)"
74.7.244.49 - - [16/Aug/2026:15:07:09 -0400] "GET /robots.txt HTTP/1.1" 301 247 "-" "Mozilla/5.0 (Macintosh; Intel Mac OS X 10_15_7) AppleWebKit/537.36 (KHTML, like Gecko) Chrome/131.0.0.0 Safari/537.36; compatible; OAI-SearchBot/1.4; robots.txt; +https://openai.com/searchbot"
43.153.54.14 - - [16/Aug/2026:15:08:52 -0400] "GET / HTTP/1.1" 403 199 "-" "Mozilla/5.0 (iPhone; CPU iPhone OS 13_2_3 like Mac OS X) AppleWebKit/605.1.15 (KHTML, like Gecko) Version/13.0.3 Mobile/15E148 Safari/604.1"
24.67.68.128 - - [16/Aug/2026:15:12:14 -0400] "GET /Merchant2/merchant.mv?Screen=CTGY&Category_Code=CU HTTP/1.1" 301 291 "-" "Mozilla/5.0 (Macintosh; Intel Mac OS X 10_15_7) AppleWebKit/605.1.15 (KHTML, like Gecko)"
24.67.68.128 - - [16/Aug/2026:15:30:45 -0400] "GET /Merchant2/merchant.mv?Screen=CTGY&Category_Code=CU HTTP/1.1" 301 291 "-" "Mozilla/5.0 (Macintosh; Intel Mac OS X 10_15_7) AppleWebKit/605.1.15 (KHTML, like Gecko)"
205.188.154.230 - - [16/Aug/2026:15:32:52 -0400] "GET /Merchant2/merchant.mv?Screen=CTGY&Store_Code=LE&Category_Code=BU HTTP/1.1" 301 309 "-" "Mozilla/5.0 (X11; Linux x86_64) AppleWebKit/537.36 (KHTML, like Gecko) Chrome/150.0.0.0 Safari/537.36"
189.104.204.210 - - [16/Aug/2026:15:36:01 -0400] "GET /Merchant2/merchant.mv?Screen=PROD&Store_Code=LE&Product_Code=83109&Category_Code=UD HTTP/1.1" 301 332 "-" "Mozilla/5.0 (X11; Linux x86_64) AppleWebKit/537.36 (KHTML, like Gecko) Chrome/150.0.0.0 Safari/537.36"
174.167.141.120 - - [16/Aug/2026:15:38:05 -0400] "GET /Merchant2/merchant.mv?Screen=CTGY&Store_Code=LE&Category_Code=BU HTTP/1.1" 301 309 "-" "Mozilla/5.0 (Macintosh; Intel Mac OS X 10_15_7) AppleWebKit/605.1.15 (KHTML, like Gecko)"
51.68.236.114 - - [16/Aug/2026:15:46:59 -0400] "GET /robots.txt HTTP/1.1" 301 247 "-" "Mozilla/5.0 (compatible; MJ12bot/v2.0.5; http://mj12bot.com/)"
51.68.236.114 - - [16/Aug/2026:15:46:59 -0400] "GET / HTTP/1.1" 301 237 "-" "Mozilla/5.0 (compatible; MJ12bot/v2.0.5; http://mj12bot.com/)"
24.67.68.128 - - [16/Aug/2026:15:50:38 -0400] "GET /Merchant2/merchant.mv?Screen=CTGY&Category_Code=CU HTTP/1.1" 301 291 "-" "Mozilla/5.0 (Macintosh; Intel Mac OS X 10_15_7) AppleWebKit/605.1.15 (KHTML, like Gecko)"
63.230.165.108 - - [16/Aug/2026:16:04:44 -0400] "GET /Merchant2/merchant.mv?Screen=CTGY&Store_Code=LE&Category_Code=Crusher HTTP/1.1" 301 314 "-" "Mozilla/5.0 (Macintosh; Intel Mac OS X 10_15_7) AppleWebKit/605.1.15 (KHTML, like Gecko)"
63.230.165.108 - - [16/Aug/2026:16:04:45 -0400] "GET /favicon.ico HTTP/1.1" 301 248 "-" "Mozilla/5.0 (Macintosh; Intel Mac OS X 10_15_7) AppleWebKit/605.1.15 (KHTML, like Gecko) Safari"
66.249.65.204 - - [16/Aug/2026:16:12:33 -0400] "GET /ads.txt HTTP/1.1" 301 244 "-" "Mozilla/5.0 (compatible; Googlebot/2.1; +http://www.google.com/bot.html)"
24.67.68.128 - - [16/Aug/2026:16:12:45 -0400] "GET /Merchant2/merchant.mv?Screen=CTGY&Category_Code=CU HTTP/1.1" 301 291 "-" "Mozilla/5.0 (Macintosh; Intel Mac OS X 10_15_7) AppleWebKit/605.1.15 (KHTML, like Gecko)"
24.67.68.128 - - [16/Aug/2026:16:16:54 -0400] "GET /Merchant2/merchant.mv?Screen=CTGY&Category_Code=CU HTTP/1.1" 301 291 "-" "Mozilla/5.0 (Macintosh; Intel Mac OS X 10_15_7) AppleWebKit/605.1.15 (KHTML, like Gecko)"
45.198.224.26 - - [16/Aug/2026:16:26:14 -0400] "GET / HTTP/1.1" 403 199 "http://69.39.227.186:80/cgi-bin/index2.asp" "Mozilla/5.0 (X11; Linux x86_64) AppleWebKit/537.36 (KHTML, like Gecko) Chrome/126.0.0.0 Safari/537.36"
66.249.73.236 - - [16/Aug/2026:16:36:10 -0400] "GET /index.html HTTP/1.1" 301 247 "-" "Mozilla/5.0 (Linux; Android 6.0.1; Nexus 5X Build/MMB29P) AppleWebKit/537.36 (KHTML, like Gecko) Chrome/150.0.7871.186 Mobile Safari/537.36 (compatible; Googlebot/2.1; +http://www.google.com/bot.html)"
174.167.141.120 - - [16/Aug/2026:16:48:20 -0400] "GET /Merchant2/merchant.mv?Screen=CTGY&Store_Code=LE&Category_Code=BU HTTP/1.1" 301 309 "-" "Mozilla/5.0 (Macintosh; Intel Mac OS X 10_15_7) AppleWebKit/605.1.15 (KHTML, like Gecko)"
174.167.141.120 - - [16/Aug/2026:16:49:04 -0400] "GET /Merchant2/merchant.mv?Screen=CTGY&Store_Code=LE&Category_Code=BU HTTP/1.1" 301 309 "-" "Mozilla/5.0 (Macintosh; Intel Mac OS X 10_15_7) AppleWebKit/605.1.15 (KHTML, like Gecko)"
74.7.241.167 - - [16/Aug/2026:16:50:12 -0400] "GET /robots.txt HTTP/1.1" 301 247 "-" "Mozilla/5.0 (Macintosh; Intel Mac OS X 10_15_7) AppleWebKit/537.36 (KHTML, like Gecko) Chrome/131.0.0.0 Safari/537.36; compatible; OAI-SearchBot/1.4; robots.txt; +https://openai.com/searchbot"
114.119.142.14 - - [16/Aug/2026:16:53:55 -0400] "GET /robots.txt HTTP/1.1" 301 247 "http://www.predatorpee.com/robots.txt" "Mozilla/5.0 (Linux; Android 7.0;) AppleWebKit/537.36 (HTML, like Gecko) Mobile Safari/537.36 (compatible; PetalBot;+https://webmaster.petalsearch.com/site/petalbot)"
205.210.31.140 - - [16/Aug/2026:16:55:15 -0400] "GET / HTTP/1.1" 301 237 "-" "Hello from Palo Alto Networks, find out more about our scans in https://docs-cortex.paloaltonetworks.com/r/1/Cortex-Xpanse/Scanning-activity"
146.75.253.174 - - [16/Aug/2026:17:18:55 -0400] "GET /Merchant2/merchant.mv? HTTP/1.1" 301 259 "-" "Mozilla/5.0 (Macintosh; Intel Mac OS X 10_15_7) AppleWebKit/605.1.15 (KHTML, like Gecko)"
146.75.253.174 - - [16/Aug/2026:17:18:55 -0400] "GET /favicon.ico HTTP/1.1" 301 248 "-" "Mozilla/5.0 (iPad; CPU OS 18_7 like Mac OS X) AppleWebKit/605.1.15 (KHTML, like Gecko) Safari"
207.175.169.14 - - [16/Aug/2026:17:18:59 -0400] "GET / HTTP/1.1" 403 199 "-" "python-requests/2.32.5"
45.198.224.26 - - [16/Aug/2026:17:22:39 -0400] "GET /login HTTP/1.1" 404 - "-" "Go-http-client/1.1"
146.75.253.174 - - [16/Aug/2026:17:25:39 -0400] "GET /Merchant2/merchant.mv? HTTP/1.1" 301 259 "-" "Mozilla/5.0 (Macintosh; Intel Mac OS X 10_15_7) AppleWebKit/605.1.15 (KHTML, like Gecko)"
