24.130.16.15 - - [17/Aug/2026:13:37:23 -0400] "GET /wp-content/plugins/revslider/public/css/sr7.css?ver=7.0.3 HTTP/1.1" 304 - "https://adept.hospitalinnovate.org/" "Mozilla/5.0 (Windows NT 10.0; Win64; x64) AppleWebKit/537.36 (KHTML, like Gecko) Chrome/151.0.0.0 Safari/537.36 Edg/151.0.0.0"
24.130.16.15 - - [17/Aug/2026:13:37:23 -0400] "GET /wp-content/uploads/redux/custom-fonts/fonts.css?ver=1786988243 HTTP/1.1" 200 - "https://adept.hospitalinnovate.org/" "Mozilla/5.0 (Windows NT 10.0; Win64; x64) AppleWebKit/537.36 (KHTML, like Gecko) Chrome/151.0.0.0 Safari/537.36 Edg/151.0.0.0"
24.130.16.15 - - [17/Aug/2026:13:37:23 -0400] "GET /wp-content/plugins/revslider/public/js/libs/tptools.js?ver=7.0.3 HTTP/1.1" 304 - "https://adept.hospitalinnovate.org/" "Mozilla/5.0 (Windows NT 10.0; Win64; x64) AppleWebKit/537.36 (KHTML, like Gecko) Chrome/151.0.0.0 Safari/537.36 Edg/151.0.0.0"
24.130.16.15 - - [17/Aug/2026:13:37:23 -0400] "GET /wp-content/plugins/revslider/public/js/sr7.js?ver=7.0.3 HTTP/1.1" 304 - "https://adept.hospitalinnovate.org/" "Mozilla/5.0 (Windows NT 10.0; Win64; x64) AppleWebKit/537.36 (KHTML, like Gecko) Chrome/151.0.0.0 Safari/537.36 Edg/151.0.0.0"
69.39.225.240 - - [17/Aug/2026:13:37:25 -0400] "POST /wp-cron.php?doing_wp_cron=1786988244.8348579406738281250000 HTTP/1.1" 200 20 "-" "WordPress/7.0.4; https://adept.hospitalinnovate.org"
24.130.16.15 - - [17/Aug/2026:13:37:23 -0400] "GET /wp-admin/admin-ajax.php?action=cesis_dynamic_css&ver=1.8.76 HTTP/1.1" 200 10814 "https://adept.hospitalinnovate.org/" "Mozilla/5.0 (Windows NT 10.0; Win64; x64) AppleWebKit/537.36 (KHTML, like Gecko) Chrome/151.0.0.0 Safari/537.36 Edg/151.0.0.0"
69.39.225.240 - - [17/Aug/2026:13:37:33 -0400] "POST /wp-cron.php?doing_wp_cron=1786988253.9687979221343994140625 HTTP/1.1" 200 20 "-" "WordPress/7.0.4; https://adept.hospitalinnovate.org"
24.130.16.15 - - [17/Aug/2026:13:37:33 -0400] "GET /wp-admin/nav-menus.php HTTP/1.1" 200 34133 "https://adept.hospitalinnovate.org/wp-admin/admin.php?page=cesis_options" "Mozilla/5.0 (Windows NT 10.0; Win64; x64) AppleWebKit/537.36 (KHTML, like Gecko) Chrome/151.0.0.0 Safari/537.36 Edg/151.0.0.0"
24.130.16.15 - - [17/Aug/2026:13:37:34 -0400] "GET /wp-content/plugins/revslider/admin/includes/shortcode_generator/wpbakery/assets/css/sr7-wpbakery.css?ver=7.0.3 HTTP/1.1" 304 - "https://adept.hospitalinnovate.org/wp-admin/nav-menus.php" "Mozilla/5.0 (Windows NT 10.0; Win64; x64) AppleWebKit/537.36 (KHTML, like Gecko) Chrome/151.0.0.0 Safari/537.36 Edg/151.0.0.0"
24.130.16.15 - - [17/Aug/2026:13:37:34 -0400] "GET /wp-content/plugins/revslider/admin/assets/css/base.css?ver=7.0.3 HTTP/1.1" 304 - "https://adept.hospitalinnovate.org/wp-admin/nav-menus.php" "Mozilla/5.0 (Windows NT 10.0; Win64; x64) AppleWebKit/537.36 (KHTML, like Gecko) Chrome/151.0.0.0 Safari/537.36 Edg/151.0.0.0"
24.130.16.15 - - [17/Aug/2026:13:37:34 -0400] "GET /wp-content/plugins/revslider/admin/assets/css/timeline.css?ver=7.0.3 HTTP/1.1" 304 - "https://adept.hospitalinnovate.org/wp-admin/nav-menus.php" "Mozilla/5.0 (Windows NT 10.0; Win64; x64) AppleWebKit/537.36 (KHTML, like Gecko) Chrome/151.0.0.0 Safari/537.36 Edg/151.0.0.0"
24.130.16.15 - - [17/Aug/2026:13:37:34 -0400] "GET /wp-content/plugins/revslider/admin/assets/css/editor.css?ver=7.0.3 HTTP/1.1" 304 - "https://adept.hospitalinnovate.org/wp-admin/nav-menus.php" "Mozilla/5.0 (Windows NT 10.0; Win64; x64) AppleWebKit/537.36 (KHTML, like Gecko) Chrome/151.0.0.0 Safari/537.36 Edg/151.0.0.0"
24.130.16.15 - - [17/Aug/2026:13:37:34 -0400] "GET /wp-content/plugins/revslider/admin/assets/css/library.css?ver=7.0.3 HTTP/1.1" 304 - "https://adept.hospitalinnovate.org/wp-admin/nav-menus.php" "Mozilla/5.0 (Windows NT 10.0; Win64; x64) AppleWebKit/537.36 (KHTML, like Gecko) Chrome/151.0.0.0 Safari/537.36 Edg/151.0.0.0"
24.130.16.15 - - [17/Aug/2026:13:37:34 -0400] "GET /wp-content/plugins/revslider/admin/assets/css/forms.css?ver=7.0.3 HTTP/1.1" 304 - "https://adept.hospitalinnovate.org/wp-admin/nav-menus.php" "Mozilla/5.0 (Windows NT 10.0; Win64; x64) AppleWebKit/537.36 (KHTML, like Gecko) Chrome/151.0.0.0 Safari/537.36 Edg/151.0.0.0"
24.130.16.15 - - [17/Aug/2026:13:37:34 -0400] "GET /wp-content/plugins/revslider/admin/assets/css/colorpicker.css?ver=7.0.3 HTTP/1.1" 304 - "https://adept.hospitalinnovate.org/wp-admin/nav-menus.php" "Mozilla/5.0 (Windows NT 10.0; Win64; x64) AppleWebKit/537.36 (KHTML, like Gecko) Chrome/151.0.0.0 Safari/537.36 Edg/151.0.0.0"
24.130.16.15 - - [17/Aug/2026:13:37:34 -0400] "GET /wp-content/plugins/revslider/admin/assets/js/dashboard.js?ver=7.0.3 HTTP/1.1" 304 - "https://adept.hospitalinnovate.org/wp-admin/nav-menus.php" "Mozilla/5.0 (Windows NT 10.0; Win64; x64) AppleWebKit/537.36 (KHTML, like Gecko) Chrome/151.0.0.0 Safari/537.36 Edg/151.0.0.0"
24.130.16.15 - - [17/Aug/2026:13:37:34 -0400] "GET /wp-content/plugins/revslider/admin/assets/js/tools/tools.js?ver=7.0.3 HTTP/1.1" 304 - "https://adept.hospitalinnovate.org/wp-admin/nav-menus.php" "Mozilla/5.0 (Windows NT 10.0; Win64; x64) AppleWebKit/537.36 (KHTML, like Gecko) Chrome/151.0.0.0 Safari/537.36 Edg/151.0.0.0"
69.39.225.240 - - [17/Aug/2026:13:38:07 -0400] "POST /wp-cron.php?doing_wp_cron=1786988287.5642719268798828125000 HTTP/1.1" 200 20 "-" "WordPress/7.0.4; https://adept.hospitalinnovate.org"
24.130.16.15 - - [17/Aug/2026:13:38:07 -0400] "POST /wp-admin/admin-ajax.php HTTP/1.1" 200 1491 "https://adept.hospitalinnovate.org/wp-admin/nav-menus.php" "Mozilla/5.0 (Windows NT 10.0; Win64; x64) AppleWebKit/537.36 (KHTML, like Gecko) Chrome/151.0.0.0 Safari/537.36 Edg/151.0.0.0"
69.39.225.240 - - [17/Aug/2026:13:38:09 -0400] "POST /wp-cron.php?doing_wp_cron=1786988289.9060630798339843750000 HTTP/1.1" 200 20 "-" "WordPress/7.0.4; https://adept.hospitalinnovate.org"
24.130.16.15 - - [17/Aug/2026:13:38:09 -0400] "POST /wp-admin/nav-menus.php HTTP/1.1" 200 34601 "https://adept.hospitalinnovate.org/wp-admin/nav-menus.php" "Mozilla/5.0 (Windows NT 10.0; Win64; x64) AppleWebKit/537.36 (KHTML, like Gecko) Chrome/151.0.0.0 Safari/537.36 Edg/151.0.0.0"
24.130.16.15 - - [17/Aug/2026:13:38:10 -0400] "GET /wp-content/plugins/revslider/admin/includes/shortcode_generator/wpbakery/assets/css/sr7-wpbakery.css?ver=7.0.3 HTTP/1.1" 304 - "https://adept.hospitalinnovate.org/wp-admin/nav-menus.php" "Mozilla/5.0 (Windows NT 10.0; Win64; x64) AppleWebKit/537.36 (KHTML, like Gecko) Chrome/151.0.0.0 Safari/537.36 Edg/151.0.0.0"
24.130.16.15 - - [17/Aug/2026:13:38:10 -0400] "GET /wp-content/plugins/arconix-shortcodes/includes/css/admin.css?ver=2.2.1 HTTP/1.1" 304 - "https://adept.hospitalinnovate.org/wp-admin/nav-menus.php" "Mozilla/5.0 (Windows NT 10.0; Win64; x64) AppleWebKit/537.36 (KHTML, like Gecko) Chrome/151.0.0.0 Safari/537.36 Edg/151.0.0.0"
24.130.16.15 - - [17/Aug/2026:13:38:10 -0400] "GET /wp-content/plugins/revslider/admin/assets/css/base.css?ver=7.0.3 HTTP/1.1" 304 - "https://adept.hospitalinnovate.org/wp-admin/nav-menus.php" "Mozilla/5.0 (Windows NT 10.0; Win64; x64) AppleWebKit/537.36 (KHTML, like Gecko) Chrome/151.0.0.0 Safari/537.36 Edg/151.0.0.0"
24.130.16.15 - - [17/Aug/2026:13:38:10 -0400] "GET /wp-content/plugins/revslider/admin/assets/css/editor.css?ver=7.0.3 HTTP/1.1" 304 - "https://adept.hospitalinnovate.org/wp-admin/nav-menus.php" "Mozilla/5.0 (Windows NT 10.0; Win64; x64) AppleWebKit/537.36 (KHTML, like Gecko) Chrome/151.0.0.0 Safari/537.36 Edg/151.0.0.0"
24.130.16.15 - - [17/Aug/2026:13:38:10 -0400] "GET /wp-content/plugins/revslider/admin/assets/js/tools/tools.js?ver=7.0.3 HTTP/1.1" 304 - "https://adept.hospitalinnovate.org/wp-admin/nav-menus.php" "Mozilla/5.0 (Windows NT 10.0; Win64; x64) AppleWebKit/537.36 (KHTML, like Gecko) Chrome/151.0.0.0 Safari/537.36 Edg/151.0.0.0"
24.130.16.15 - - [17/Aug/2026:13:38:10 -0400] "GET /wp-content/plugins/revslider/admin/assets/css/timeline.css?ver=7.0.3 HTTP/1.1" 304 - "https://adept.hospitalinnovate.org/wp-admin/nav-menus.php" "Mozilla/5.0 (Windows NT 10.0; Win64; x64) AppleWebKit/537.36 (KHTML, like Gecko) Chrome/151.0.0.0 Safari/537.36 Edg/151.0.0.0"
24.130.16.15 - - [17/Aug/2026:13:38:10 -0400] "GET /wp-content/plugins/revslider/admin/assets/css/colorpicker.css?ver=7.0.3 HTTP/1.1" 304 - "https://adept.hospitalinnovate.org/wp-admin/nav-menus.php" "Mozilla/5.0 (Windows NT 10.0; Win64; x64) AppleWebKit/537.36 (KHTML, like Gecko) Chrome/151.0.0.0 Safari/537.36 Edg/151.0.0.0"
24.130.16.15 - - [17/Aug/2026:13:38:10 -0400] "GET /wp-content/plugins/revslider/admin/assets/css/forms.css?ver=7.0.3 HTTP/1.1" 304 - "https://adept.hospitalinnovate.org/wp-admin/nav-menus.php" "Mozilla/5.0 (Windows NT 10.0; Win64; x64) AppleWebKit/537.36 (KHTML, like Gecko) Chrome/151.0.0.0 Safari/537.36 Edg/151.0.0.0"
24.130.16.15 - - [17/Aug/2026:13:38:10 -0400] "GET /wp-content/plugins/revslider/admin/assets/css/library.css?ver=7.0.3 HTTP/1.1" 304 - "https://adept.hospitalinnovate.org/wp-admin/nav-menus.php" "Mozilla/5.0 (Windows NT 10.0; Win64; x64) AppleWebKit/537.36 (KHTML, like Gecko) Chrome/151.0.0.0 Safari/537.36 Edg/151.0.0.0"
24.130.16.15 - - [17/Aug/2026:13:38:10 -0400] "GET /wp-content/plugins/revslider/admin/assets/js/dashboard.js?ver=7.0.3 HTTP/1.1" 304 - "https://adept.hospitalinnovate.org/wp-admin/nav-menus.php" "Mozilla/5.0 (Windows NT 10.0; Win64; x64) AppleWebKit/537.36 (KHTML, like Gecko) Chrome/151.0.0.0 Safari/537.36 Edg/151.0.0.0"
24.130.16.15 - - [17/Aug/2026:13:38:10 -0400] "GET /wp-content/plugins/arconix-shortcodes/includes/component/tracking-data/assets/images/site-logo-new.jpg HTTP/1.1" 304 - "https://adept.hospitalinnovate.org/wp-admin/nav-menus.php" "Mozilla/5.0 (Windows NT 10.0; Win64; x64) AppleWebKit/537.36 (KHTML, like Gecko) Chrome/151.0.0.0 Safari/537.36 Edg/151.0.0.0"
24.130.16.15 - - [17/Aug/2026:13:38:10 -0400] "GET /wp-content/plugins/arconix-shortcodes/includes/component/tracking-data/assets/js/dismiss-notice.js?ver=7.0.4 HTTP/1.1" 304 - "https://adept.hospitalinnovate.org/wp-admin/nav-menus.php" "Mozilla/5.0 (Windows NT 10.0; Win64; x64) AppleWebKit/537.36 (KHTML, like Gecko) Chrome/151.0.0.0 Safari/537.36 Edg/151.0.0.0"
24.130.16.15 - - [17/Aug/2026:13:38:11 -0400] "GET / HTTP/1.1" 200 22557 "-" "Mozilla/5.0 (Windows NT 10.0; Win64; x64) AppleWebKit/537.36 (KHTML, like Gecko) Chrome/151.0.0.0 Safari/537.36 Edg/151.0.0.0"
24.130.16.15 - - [17/Aug/2026:13:38:12 -0400] "GET /wp-content/plugins/revslider/public/css/sr7.css?ver=7.0.3 HTTP/1.1" 304 - "https://adept.hospitalinnovate.org/" "Mozilla/5.0 (Windows NT 10.0; Win64; x64) AppleWebKit/537.36 (KHTML, like Gecko) Chrome/151.0.0.0 Safari/537.36 Edg/151.0.0.0"
24.130.16.15 - - [17/Aug/2026:13:38:12 -0400] "GET /wp-content/uploads/redux/custom-fonts/fonts.css?ver=1786988291 HTTP/1.1" 200 - "https://adept.hospitalinnovate.org/" "Mozilla/5.0 (Windows NT 10.0; Win64; x64) AppleWebKit/537.36 (KHTML, like Gecko) Chrome/151.0.0.0 Safari/537.36 Edg/151.0.0.0"
24.130.16.15 - - [17/Aug/2026:13:38:12 -0400] "GET /wp-content/plugins/revslider/public/js/libs/tptools.js?ver=7.0.3 HTTP/1.1" 304 - "https://adept.hospitalinnovate.org/" "Mozilla/5.0 (Windows NT 10.0; Win64; x64) AppleWebKit/537.36 (KHTML, like Gecko) Chrome/151.0.0.0 Safari/537.36 Edg/151.0.0.0"
24.130.16.15 - - [17/Aug/2026:13:38:12 -0400] "GET /wp-content/plugins/revslider/public/js/sr7.js?ver=7.0.3 HTTP/1.1" 304 - "https://adept.hospitalinnovate.org/" "Mozilla/5.0 (Windows NT 10.0; Win64; x64) AppleWebKit/537.36 (KHTML, like Gecko) Chrome/151.0.0.0 Safari/537.36 Edg/151.0.0.0"
69.39.225.240 - - [17/Aug/2026:13:38:12 -0400] "POST /wp-cron.php?doing_wp_cron=1786988292.6994729042053222656250 HTTP/1.1" 200 20 "-" "WordPress/7.0.4; https://adept.hospitalinnovate.org"
24.130.16.15 - - [17/Aug/2026:13:38:12 -0400] "GET /wp-admin/admin-ajax.php?action=cesis_dynamic_css&ver=1.8.76 HTTP/1.1" 200 10814 "https://adept.hospitalinnovate.org/" "Mozilla/5.0 (Windows NT 10.0; Win64; x64) AppleWebKit/537.36 (KHTML, like Gecko) Chrome/151.0.0.0 Safari/537.36 Edg/151.0.0.0"
24.130.16.15 - - [17/Aug/2026:13:38:22 -0400] "GET / HTTP/1.1" 200 29857
24.130.16.15 - - [17/Aug/2026:13:38:23 -0400] "GET /wp-content/plugins/yada-wiki/css/yadawiki.css?ver=5.9.16 HTTP/1.1" 200 2908
24.130.16.15 - - [17/Aug/2026:13:38:23 -0400] "GET /wp-content/plugins/cf7-conditional-fields/style.css?ver=2.7.8 HTTP/1.1" 304 -
24.130.16.15 - - [17/Aug/2026:13:38:23 -0400] "GET /wp-content/uploads/2020/04/homerun-bug50.png HTTP/1.1" 200 8016
24.130.16.15 - - [17/Aug/2026:13:38:23 -0400] "GET /wp-content/uploads/2023/04/adept-icon50.png HTTP/1.1" 200 8234
24.130.16.15 - - [17/Aug/2026:13:38:23 -0400] "GET /wp-content/uploads/2020/12/homerun-static.jpg HTTP/1.1" 200 142664
24.130.16.15 - - [17/Aug/2026:13:38:23 -0400] "GET /wp-content/plugins/cf7-conditional-fields/js/scripts.js?ver=2.7.8 HTTP/1.1" 304 -
24.130.16.15 - - [17/Aug/2026:13:38:23 -0400] "GET /wp-includes/js/wp-util.min.js?ver=5.9.16 HTTP/1.1" 200 1432
24.130.16.15 - - [17/Aug/2026:13:38:24 -0400] "GET /wp-includes/js/wp-emoji-release.min.js?ver=5.9.16 HTTP/1.1" 200 18181
24.130.16.15 - - [17/Aug/2026:13:38:24 -0400] "GET /wp-content/uploads/2020/04/homerun-projects.jpg HTTP/1.1" 200 37979
24.130.16.15 - - [17/Aug/2026:13:38:24 -0400] "GET /wp-content/uploads/2020/04/patient-family-advisory.jpg HTTP/1.1" 200 36087
24.130.16.15 - - [17/Aug/2026:13:38:24 -0400] "GET /wp-content/uploads/2020/04/get-involved.jpg HTTP/1.1" 200 21939
24.130.16.15 - - [17/Aug/2026:13:38:27 -0400] "GET /projects/adept-study/ HTTP/1.1" 200 36906
24.130.16.15 - - [17/Aug/2026:13:38:28 -0400] "GET /wp-content/plugins/wpdiscuz/assets/css/wpdiscuz-combo.min.css?ver=5.9.16 HTTP/1.1" 200 37466
24.130.16.15 - - [17/Aug/2026:13:38:28 -0400] "GET /wp-includes/js/comment-reply.min.js?ver=5.9.16 HTTP/1.1" 200 2979
24.130.16.15 - - [17/Aug/2026:13:38:35 -0400] "GET /projects/adept-study/diagnostic-cross-check/ HTTP/1.1" 200 33912
24.130.16.15 - - [17/Aug/2026:13:38:35 -0400] "GET /wp-content/uploads/2025/07/Cross-Check-Chat-Bubbles-150x150.png HTTP/1.1" 200 10186
24.130.16.15 - - [17/Aug/2026:13:38:35 -0400] "GET /wp-content/uploads/2025/07/Adept-2-Headed-Monster-v.2-1191x2048.png HTTP/1.1" 200 213847
24.130.16.15 - - [17/Aug/2026:13:38:35 -0400] "GET /wp-content/uploads/2025/08/IHQSE-Group-2025-img_4674-4-1536x1152.jpeg HTTP/1.1" 200 406458
24.130.16.15 - - [17/Aug/2026:13:38:44 -0400] "GET /projects/adept-study/ HTTP/1.1" 200 36906
69.39.225.240 - - [17/Aug/2026:13:38:54 -0400] "POST /wp-cron.php?doing_wp_cron=1786988334.3692779541015625000000 HTTP/1.1" 200 20 "-" "WordPress/7.0.4; https://adept.hospitalinnovate.org"
24.130.16.15 - - [17/Aug/2026:13:38:53 -0400] "GET /wp-admin/edit.php?post_type=page HTTP/1.1" 200 30716 "https://adept.hospitalinnovate.org/wp-admin/nav-menus.php" "Mozilla/5.0 (Windows NT 10.0; Win64; x64) AppleWebKit/537.36 (KHTML, like Gecko) Chrome/151.0.0.0 Safari/537.36 Edg/151.0.0.0"
24.130.16.15 - - [17/Aug/2026:13:38:54 -0400] "GET /wp-content/plugins/revslider/admin/includes/shortcode_generator/wpbakery/assets/css/sr7-wpbakery.css?ver=7.0.3 HTTP/1.1" 304 - "https://adept.hospitalinnovate.org/wp-admin/edit.php?post_type=page" "Mozilla/5.0 (Windows NT 10.0; Win64; x64) AppleWebKit/537.36 (KHTML, like Gecko) Chrome/151.0.0.0 Safari/537.36 Edg/151.0.0.0"
24.130.16.15 - - [17/Aug/2026:13:38:54 -0400] "GET /wp-content/plugins/revslider/admin/assets/css/base.css?ver=7.0.3 HTTP/1.1" 304 - "https://adept.hospitalinnovate.org/wp-admin/edit.php?post_type=page" "Mozilla/5.0 (Windows NT 10.0; Win64; x64) AppleWebKit/537.36 (KHTML, like Gecko) Chrome/151.0.0.0 Safari/537.36 Edg/151.0.0.0"
24.130.16.15 - - [17/Aug/2026:13:38:54 -0400] "GET /wp-content/plugins/revslider/admin/assets/css/editor.css?ver=7.0.3 HTTP/1.1" 304 - "https://adept.hospitalinnovate.org/wp-admin/edit.php?post_type=page" "Mozilla/5.0 (Windows NT 10.0; Win64; x64) AppleWebKit/537.36 (KHTML, like Gecko) Chrome/151.0.0.0 Safari/537.36 Edg/151.0.0.0"
24.130.16.15 - - [17/Aug/2026:13:38:54 -0400] "GET /wp-content/plugins/revslider/admin/assets/css/timeline.css?ver=7.0.3 HTTP/1.1" 304 - "https://adept.hospitalinnovate.org/wp-admin/edit.php?post_type=page" "Mozilla/5.0 (Windows NT 10.0; Win64; x64) AppleWebKit/537.36 (KHTML, like Gecko) Chrome/151.0.0.0 Safari/537.36 Edg/151.0.0.0"
24.130.16.15 - - [17/Aug/2026:13:38:54 -0400] "GET /wp-content/plugins/revslider/admin/assets/css/forms.css?ver=7.0.3 HTTP/1.1" 304 - "https://adept.hospitalinnovate.org/wp-admin/edit.php?post_type=page" "Mozilla/5.0 (Windows NT 10.0; Win64; x64) AppleWebKit/537.36 (KHTML, like Gecko) Chrome/151.0.0.0 Safari/537.36 Edg/151.0.0.0"
24.130.16.15 - - [17/Aug/2026:13:38:54 -0400] "GET /wp-content/plugins/revslider/admin/assets/css/library.css?ver=7.0.3 HTTP/1.1" 304 - "https://adept.hospitalinnovate.org/wp-admin/edit.php?post_type=page" "Mozilla/5.0 (Windows NT 10.0; Win64; x64) AppleWebKit/537.36 (KHTML, like Gecko) Chrome/151.0.0.0 Safari/537.36 Edg/151.0.0.0"
24.130.16.15 - - [17/Aug/2026:13:38:54 -0400] "GET /wp-content/plugins/revslider/admin/assets/css/colorpicker.css?ver=7.0.3 HTTP/1.1" 304 - "https://adept.hospitalinnovate.org/wp-admin/edit.php?post_type=page" "Mozilla/5.0 (Windows NT 10.0; Win64; x64) AppleWebKit/537.36 (KHTML, like Gecko) Chrome/151.0.0.0 Safari/537.36 Edg/151.0.0.0"
24.130.16.15 - - [17/Aug/2026:13:38:54 -0400] "GET /wp-content/plugins/revslider/admin/assets/js/dashboard.js?ver=7.0.3 HTTP/1.1" 304 - "https://adept.hospitalinnovate.org/wp-admin/edit.php?post_type=page" "Mozilla/5.0 (Windows NT 10.0; Win64; x64) AppleWebKit/537.36 (KHTML, like Gecko) Chrome/151.0.0.0 Safari/537.36 Edg/151.0.0.0"
24.130.16.15 - - [17/Aug/2026:13:38:54 -0400] "GET /wp-content/plugins/revslider/admin/assets/js/tools/tools.js?ver=7.0.3 HTTP/1.1" 304 - "https://adept.hospitalinnovate.org/wp-admin/edit.php?post_type=page" "Mozilla/5.0 (Windows NT 10.0; Win64; x64) AppleWebKit/537.36 (KHTML, like Gecko) Chrome/151.0.0.0 Safari/537.36 Edg/151.0.0.0"
69.39.225.240 - - [17/Aug/2026:13:38:55 -0400] "POST /wp-cron.php?doing_wp_cron=1786988335.5308580398559570312500 HTTP/1.1" 200 20 "-" "WordPress/7.0.4; https://adept.hospitalinnovate.org"
24.130.16.15 - - [17/Aug/2026:13:38:55 -0400] "POST /wp-admin/admin-ajax.php HTTP/1.1" 200 67 "https://adept.hospitalinnovate.org/wp-admin/edit.php?post_type=page" "Mozilla/5.0 (Windows NT 10.0; Win64; x64) AppleWebKit/537.36 (KHTML, like Gecko) Chrome/151.0.0.0 Safari/537.36 Edg/151.0.0.0"
69.39.225.240 - - [17/Aug/2026:13:38:57 -0400] "POST /wp-cron.php?doing_wp_cron=1786988337.3203148841857910156250 HTTP/1.1" 200 20 "-" "WordPress/7.0.4; https://adept.hospitalinnovate.org"
24.130.16.15 - - [17/Aug/2026:13:38:56 -0400] "GET /wp-admin/post-new.php?post_type=page HTTP/1.1" 200 287797 "https://adept.hospitalinnovate.org/wp-admin/edit.php?post_type=page" "Mozilla/5.0 (Windows NT 10.0; Win64; x64) AppleWebKit/537.36 (KHTML, like Gecko) Chrome/151.0.0.0 Safari/537.36 Edg/151.0.0.0"
24.130.16.15 - - [17/Aug/2026:13:38:57 -0400] "GET /wp-content/themes/cesis/admin/redux-extensions/extensions/custom_fonts/custom_fonts/field_custom_fonts.css?ver=1786988336 HTTP/1.1" 200 945 "https://adept.hospitalinnovate.org/wp-admin/post-new.php?post_type=page" "Mozilla/5.0 (Windows NT 10.0; Win64; x64) AppleWebKit/537.36 (KHTML, like Gecko) Chrome/151.0.0.0 Safari/537.36 Edg/151.0.0.0"
24.130.16.15 - - [17/Aug/2026:13:38:57 -0400] "GET /wp-content/uploads/redux/custom-fonts/fonts.css?ver=1786988336 HTTP/1.1" 200 - "https://adept.hospitalinnovate.org/wp-admin/post-new.php?post_type=page" "Mozilla/5.0 (Windows NT 10.0; Win64; x64) AppleWebKit/537.36 (KHTML, like Gecko) Chrome/151.0.0.0 Safari/537.36 Edg/151.0.0.0"
24.130.16.15 - - [17/Aug/2026:13:38:57 -0400] "GET /wp-content/plugins/revslider/admin/includes/shortcode_generator/gutenberg/build/index.css?ver=7.0.4 HTTP/1.1" 200 4462 "https://adept.hospitalinnovate.org/wp-admin/post-new.php?post_type=page" "Mozilla/5.0 (Windows NT 10.0; Win64; x64) AppleWebKit/537.36 (KHTML, like Gecko) Chrome/151.0.0.0 Safari/537.36 Edg/151.0.0.0"
24.130.16.15 - - [17/Aug/2026:13:38:57 -0400] "GET /wp-content/plugins/revslider/admin/includes/meta_box/build/index.css?ver=7.0.4 HTTP/1.1" 200 526 "https://adept.hospitalinnovate.org/wp-admin/post-new.php?post_type=page" "Mozilla/5.0 (Windows NT 10.0; Win64; x64) AppleWebKit/537.36 (KHTML, like Gecko) Chrome/151.0.0.0 Safari/537.36 Edg/151.0.0.0"
24.130.16.15 - - [17/Aug/2026:13:38:57 -0400] "GET /wp-includes/js/plupload/moxie.min.js?ver=1.3.5.1 HTTP/1.1" 200 87394 "https://adept.hospitalinnovate.org/wp-admin/post-new.php?post_type=page" "Mozilla/5.0 (Windows NT 10.0; Win64; x64) AppleWebKit/537.36 (KHTML, like Gecko) Chrome/151.0.0.0 Safari/537.36 Edg/151.0.0.0"
24.130.16.15 - - [17/Aug/2026:13:38:57 -0400] "GET /wp-includes/js/plupload/plupload.min.js?ver=2.1.9 HTTP/1.1" 200 15605 "https://adept.hospitalinnovate.org/wp-admin/post-new.php?post_type=page" "Mozilla/5.0 (Windows NT 10.0; Win64; x64) AppleWebKit/537.36 (KHTML, like Gecko) Chrome/151.0.0.0 Safari/537.36 Edg/151.0.0.0"
24.130.16.15 - - [17/Aug/2026:13:38:57 -0400] "GET /wp-includes/js/dist/patterns.min.js?ver=714c49ed2942c98d088f HTTP/1.1" 200 22152 "https://adept.hospitalinnovate.org/wp-admin/post-new.php?post_type=page" "Mozilla/5.0 (Windows NT 10.0; Win64; x64) AppleWebKit/537.36 (KHTML, like Gecko) Chrome/151.0.0.0 Safari/537.36 Edg/151.0.0.0"
24.130.16.15 - - [17/Aug/2026:13:38:57 -0400] "GET /wp-includes/js/dist/server-side-render.min.js?ver=10a51bf05ced35b78092 HTTP/1.1" 200 4035 "https://adept.hospitalinnovate.org/wp-admin/post-new.php?post_type=page" "Mozilla/5.0 (Windows NT 10.0; Win64; x64) AppleWebKit/537.36 (KHTML, like Gecko) Chrome/151.0.0.0 Safari/537.36 Edg/151.0.0.0"
24.130.16.15 - - [17/Aug/2026:13:38:57 -0400] "GET /wp-includes/js/dist/wordcount.min.js?ver=3b928d5db8724a8614dd HTTP/1.1" 200 2505 "https://adept.hospitalinnovate.org/wp-admin/post-new.php?post_type=page" "Mozilla/5.0 (Windows NT 10.0; Win64; x64) AppleWebKit/537.36 (KHTML, like Gecko) Chrome/151.0.0.0 Safari/537.36 Edg/151.0.0.0"
24.130.16.15 - - [17/Aug/2026:13:38:57 -0400] "GET /wp-includes/js/dist/plugins.min.js?ver=72e3cf01c2b3535a9432 HTTP/1.1" 200 4870 "https://adept.hospitalinnovate.org/wp-admin/post-new.php?post_type=page" "Mozilla/5.0 (Windows NT 10.0; Win64; x64) AppleWebKit/537.36 (KHTML, like Gecko) Chrome/151.0.0.0 Safari/537.36 Edg/151.0.0.0"
24.130.16.15 - - [17/Aug/2026:13:38:57 -0400] "GET /wp-includes/js/dist/block-library.min.js?ver=998f328cb929aeb1d5a8 HTTP/1.1" 200 1143976 "https://adept.hospitalinnovate.org/wp-admin/post-new.php?post_type=page" "Mozilla/5.0 (Windows NT 10.0; Win64; x64) AppleWebKit/537.36 (KHTML, like Gecko) Chrome/151.0.0.0 Safari/537.36 Edg/151.0.0.0"
24.130.16.15 - - [17/Aug/2026:13:38:57 -0400] "GET /wp-admin/load-styles.php?c=0&dir=ltr&load%5Bchunk_0%5D=dashicons,admin-bar,buttons,media-views,editor-buttons,wp-components,wp-preferences,wp-block-editor,wp-reusable-blocks,wp-patter&load%5Bchunk_1%5D=ns,wp-editor,wp-base-styles,common,forms,wp-reset-editor-styles,wp-block-library,wp-block-editor-content,wp-editor-classic-layou&load%5Bchunk_2%5D=t-styles,wp-edit-blocks,wp-commands,wp-edit-post,wp-block-directory,wp-format-library,admin-menu,dashboard,list-tables,edit,revi&load%5Bchunk_3%5D=sions,media,themes,about,nav-menus,wp-pointer,widgets,site-icon,l10n,wp-auth-check,classic-theme-styles,wp-color-picker&ver=7.0.4 HTTP/1.1" 200 201266 "https://adept.hospitalinnovate.org/wp-admin/post-new.php?post_type=page" "Mozilla/5.0 (Windows NT 10.0; Win64; x64) AppleWebKit/537.36 (KHTML, like Gecko) Chrome/151.0.0.0 Safari/537.36 Edg/151.0.0.0"
24.130.16.15 - - [17/Aug/2026:13:38:57 -0400] "GET /wp-includes/js/dist/viewport.min.js?ver=8614025b8075d220d78f HTTP/1.1" 200 2297 "https://adept.hospitalinnovate.org/wp-admin/post-new.php?post_type=page" "Mozilla/5.0 (Windows NT 10.0; Win64; x64) AppleWebKit/537.36 (KHTML, like Gecko) Chrome/151.0.0.0 Safari/537.36 Edg/151.0.0.0"
24.130.16.15 - - [17/Aug/2026:13:38:57 -0400] "GET /wp-includes/js/dist/widgets.min.js?ver=02b8dd683bc610f979fa HTTP/1.1" 200 21327 "https://adept.hospitalinnovate.org/wp-admin/post-new.php?post_type=page" "Mozilla/5.0 (Windows NT 10.0; Win64; x64) AppleWebKit/537.36 (KHTML, like Gecko) Chrome/151.0.0.0 Safari/537.36 Edg/151.0.0.0"
24.130.16.15 - - [17/Aug/2026:13:38:57 -0400] "GET /wp-includes/js/dist/media-utils.min.js?ver=85f1375ab5f23cd5d13c HTTP/1.1" 200 243343 "https://adept.hospitalinnovate.org/wp-admin/post-new.php?post_type=page" "Mozilla/5.0 (Windows NT 10.0; Win64; x64) AppleWebKit/537.36 (KHTML, like Gecko) Chrome/151.0.0.0 Safari/537.36 Edg/151.0.0.0"
24.130.16.15 - - [17/Aug/2026:13:38:57 -0400] "GET /wp-includes/js/dist/edit-post.min.js?ver=28ef50b859708963e197 HTTP/1.1" 200 50284 "https://adept.hospitalinnovate.org/wp-admin/post-new.php?post_type=page" "Mozilla/5.0 (Windows NT 10.0; Win64; x64) AppleWebKit/537.36 (KHTML, like Gecko) Chrome/151.0.0.0 Safari/537.36 Edg/151.0.0.0"
24.130.16.15 - - [17/Aug/2026:13:38:57 -0400] "GET /wp-content/plugins/contact-form-7/includes/block-editor/index.js?ver=6.1.7 HTTP/1.1" 200 5106 "https://adept.hospitalinnovate.org/wp-admin/post-new.php?post_type=page" "Mozilla/5.0 (Windows NT 10.0; Win64; x64) AppleWebKit/537.36 (KHTML, like Gecko) Chrome/151.0.0.0 Safari/537.36 Edg/151.0.0.0"
24.130.16.15 - - [17/Aug/2026:13:38:57 -0400] "GET /wp-content/plugins/revslider/admin/includes/shortcode_generator/gutenberg/build/index.js?ver=f3cb3b0927237072a4eb HTTP/1.1" 200 23005 "https://adept.hospitalinnovate.org/wp-admin/post-new.php?post_type=page" "Mozilla/5.0 (Windows NT 10.0; Win64; x64) AppleWebKit/537.36 (KHTML, like Gecko) Chrome/151.0.0.0 Safari/537.36 Edg/151.0.0.0"
24.130.16.15 - - [17/Aug/2026:13:38:57 -0400] "GET /wp-content/plugins/revslider/admin/includes/meta_box/build/index.js?ver=7.0.3 HTTP/1.1" 200 2365 "https://adept.hospitalinnovate.org/wp-admin/post-new.php?post_type=page" "Mozilla/5.0 (Windows NT 10.0; Win64; x64) AppleWebKit/537.36 (KHTML, like Gecko) Chrome/151.0.0.0 Safari/537.36 Edg/151.0.0.0"
24.130.16.15 - - [17/Aug/2026:13:38:57 -0400] "GET /wp-content/plugins/the-grid/backend/assets/js/gutenberg.js?ver=2.7.9.1 HTTP/1.1" 200 17597 "https://adept.hospitalinnovate.org/wp-admin/post-new.php?post_type=page" "Mozilla/5.0 (Windows NT 10.0; Win64; x64) AppleWebKit/537.36 (KHTML, like Gecko) Chrome/151.0.0.0 Safari/537.36 Edg/151.0.0.0"
24.130.16.15 - - [17/Aug/2026:13:38:57 -0400] "GET /wp-content/plugins/revslider/admin/assets/js/compatibility.js?ver=7.0.3 HTTP/1.1" 200 102 "https://adept.hospitalinnovate.org/wp-admin/post-new.php?post_type=page" "Mozilla/5.0 (Windows NT 10.0; Win64; x64) AppleWebKit/537.36 (KHTML, like Gecko) Chrome/151.0.0.0 Safari/537.36 Edg/151.0.0.0"
24.130.16.15 - - [17/Aug/2026:13:38:57 -0400] "GET /wp-includes/js/dist/script-modules/latex-to-mathml/loader.min.js?ver=4f37456af539bd3d2351 HTTP/1.1" 200 79 "https://adept.hospitalinnovate.org/wp-admin/post-new.php?post_type=page" "Mozilla/5.0 (Windows NT 10.0; Win64; x64) AppleWebKit/537.36 (KHTML, like Gecko) Chrome/151.0.0.0 Safari/537.36 Edg/151.0.0.0"
24.130.16.15 - - [17/Aug/2026:13:38:57 -0400] "GET /wp-content/plugins/arconix-shortcodes/images/admin/page-16x16.png HTTP/1.1" 304 - "https://adept.hospitalinnovate.org/wp-admin/post-new.php?post_type=page" "Mozilla/5.0 (Windows NT 10.0; Win64; x64) AppleWebKit/537.36 (KHTML, like Gecko) Chrome/151.0.0.0 Safari/537.36 Edg/151.0.0.0"
24.130.16.15 - - [17/Aug/2026:13:38:57 -0400] "GET /wp-includes/js/dist/editor.min.js?ver=425fffc30511d9d52e5f HTTP/1.1" 200 1046150 "https://adept.hospitalinnovate.org/wp-admin/post-new.php?post_type=page" "Mozilla/5.0 (Windows NT 10.0; Win64; x64) AppleWebKit/537.36 (KHTML, like Gecko) Chrome/151.0.0.0 Safari/537.36 Edg/151.0.0.0"
24.130.16.15 - - [17/Aug/2026:13:38:58 -0400] "GET /wp-includes/js/dist/block-directory.min.js?ver=23207f52d0d266f6e1c4 HTTP/1.1" 200 22482 "https://adept.hospitalinnovate.org/wp-admin/post-new.php?post_type=page" "Mozilla/5.0 (Windows NT 10.0; Win64; x64) AppleWebKit/537.36 (KHTML, like Gecko) Chrome/151.0.0.0 Safari/537.36 Edg/151.0.0.0"
24.130.16.15 - - [17/Aug/2026:13:38:58 -0400] "GET /wp-includes/js/dist/format-library.min.js?ver=f89be9586f2d9ce4545a HTTP/1.1" 200 29575 "https://adept.hospitalinnovate.org/wp-admin/post-new.php?post_type=page" "Mozilla/5.0 (Windows NT 10.0; Win64; x64) AppleWebKit/537.36 (KHTML, like Gecko) Chrome/151.0.0.0 Safari/537.36 Edg/151.0.0.0"
24.130.16.15 - - [17/Aug/2026:13:38:58 -0400] "GET /wp-content/themes/cesis/admin/redux-framework/inc/fields/button_set/field_button_set.min.js?ver=1786988336 HTTP/1.1" 200 1240 "https://adept.hospitalinnovate.org/wp-admin/post-new.php?post_type=page" "Mozilla/5.0 (Windows NT 10.0; Win64; x64) AppleWebKit/537.36 (KHTML, like Gecko) Chrome/151.0.0.0 Safari/537.36 Edg/151.0.0.0"
24.130.16.15 - - [17/Aug/2026:13:38:58 -0400] "GET /wp-content/themes/cesis/admin/redux-framework/inc/fields/background/field_background.min.js?ver=1786988336 HTTP/1.1" 200 5475 "https://adept.hospitalinnovate.org/wp-admin/post-new.php?post_type=page" "Mozilla/5.0 (Windows NT 10.0; Win64; x64) AppleWebKit/537.36 (KHTML, like Gecko) Chrome/151.0.0.0 Safari/537.36 Edg/151.0.0.0"
24.130.16.15 - - [17/Aug/2026:13:38:58 -0400] "GET /wp-content/themes/cesis/admin/redux-framework/assets/js/media/media.min.js?ver=1786988336 HTTP/1.1" 200 3270 "https://adept.hospitalinnovate.org/wp-admin/post-new.php?post_type=page" "Mozilla/5.0 (Windows NT 10.0; Win64; x64) AppleWebKit/537.36 (KHTML, like Gecko) Chrome/151.0.0.0 Safari/537.36 Edg/151.0.0.0"
24.130.16.15 - - [17/Aug/2026:13:38:58 -0400] "GET /wp-content/themes/cesis/admin/redux-framework/inc/fields/switch/field_switch.min.js?ver=1786988336 HTTP/1.1" 200 1282 "https://adept.hospitalinnovate.org/wp-admin/post-new.php?post_type=page" "Mozilla/5.0 (Windows NT 10.0; Win64; x64) AppleWebKit/537.36 (KHTML, like Gecko) Chrome/151.0.0.0 Safari/537.36 Edg/151.0.0.0"
24.130.16.15 - - [17/Aug/2026:13:38:58 -0400] "GET /wp-content/themes/cesis/admin/redux-framework/inc/fields/ace_editor/field_ace_editor.min.js?ver=1786988336 HTTP/1.1" 200 993 "https://adept.hospitalinnovate.org/wp-admin/post-new.php?post_type=page" "Mozilla/5.0 (Windows NT 10.0; Win64; x64) AppleWebKit/537.36 (KHTML, like Gecko) Chrome/151.0.0.0 Safari/537.36 Edg/151.0.0.0"
24.130.16.15 - - [17/Aug/2026:13:38:58 -0400] "GET /wp-content/themes/cesis/admin/redux-framework/inc/fields/sorter/field_sorter.min.js?ver=1786988336 HTTP/1.1" 200 2109 "https://adept.hospitalinnovate.org/wp-admin/post-new.php?post_type=page" "Mozilla/5.0 (Windows NT 10.0; Win64; x64) AppleWebKit/537.36 (KHTML, like Gecko) Chrome/151.0.0.0 Safari/537.36 Edg/151.0.0.0"
24.130.16.15 - - [17/Aug/2026:13:38:58 -0400] "GET /wp-content/themes/cesis/admin/redux-extensions/extensions/custom_fonts/custom_fonts/jquery.blockUI.min.js?ver=1786988336 HTTP/1.1" 200 10055 "https://adept.hospitalinnovate.org/wp-admin/post-new.php?post_type=page" "Mozilla/5.0 (Windows NT 10.0; Win64; x64) AppleWebKit/537.36 (KHTML, like Gecko) Chrome/151.0.0.0 Safari/537.36 Edg/151.0.0.0"
24.130.16.15 - - [17/Aug/2026:13:38:58 -0400] "GET /wp-content/themes/cesis/admin/redux-extensions/extensions/custom_fonts/custom_fonts/field_custom_fonts.min.js?ver=1786988336 HTTP/1.1" 200 3533 "https://adept.hospitalinnovate.org/wp-admin/post-new.php?post_type=page" "Mozilla/5.0 (Windows NT 10.0; Win64; x64) AppleWebKit/537.36 (KHTML, like Gecko) Chrome/151.0.0.0 Safari/537.36 Edg/151.0.0.0"
24.130.16.15 - - [17/Aug/2026:13:38:58 -0400] "GET /wp-content/themes/cesis/admin/redux-framework/inc/fields/typography/field_typography.min.js?ver=1786988336 HTTP/1.1" 200 10815 "https://adept.hospitalinnovate.org/wp-admin/post-new.php?post_type=page" "Mozilla/5.0 (Windows NT 10.0; Win64; x64) AppleWebKit/537.36 (KHTML, like Gecko) Chrome/151.0.0.0 Safari/537.36 Edg/151.0.0.0"
24.130.16.15 - - [17/Aug/2026:13:38:58 -0400] "GET /wp-content/themes/cesis/admin/redux-framework/inc/fields/dimensions/field_dimensions.min.js?ver=1786988336 HTTP/1.1" 200 1254 "https://adept.hospitalinnovate.org/wp-admin/post-new.php?post_type=page" "Mozilla/5.0 (Windows NT 10.0; Win64; x64) AppleWebKit/537.36 (KHTML, like Gecko) Chrome/151.0.0.0 Safari/537.36 Edg/151.0.0.0"
24.130.16.15 - - [17/Aug/2026:13:38:58 -0400] "GET /wp-content/themes/cesis/admin/redux-framework/inc/fields/select/field_select.min.js?ver=1786988336 HTTP/1.1" 200 1350 "https://adept.hospitalinnovate.org/wp-admin/post-new.php?post_type=page" "Mozilla/5.0 (Windows NT 10.0; Win64; x64) AppleWebKit/537.36 (KHTML, like Gecko) Chrome/151.0.0.0 Safari/537.36 Edg/151.0.0.0"
24.130.16.15 - - [17/Aug/2026:13:38:58 -0400] "GET /wp-content/themes/cesis/admin/redux-framework/inc/fields/slider/field_slider.min.js?ver=1786988336 HTTP/1.1" 200 3227 "https://adept.hospitalinnovate.org/wp-admin/post-new.php?post_type=page" "Mozilla/5.0 (Windows NT 10.0; Win64; x64) AppleWebKit/537.36 (KHTML, like Gecko) Chrome/151.0.0.0 Safari/537.36 Edg/151.0.0.0"
24.130.16.15 - - [17/Aug/2026:13:38:58 -0400] "GET /wp-content/themes/cesis/admin/redux-framework/inc/fields/color_rgba/field_color_rgba.min.js?ver=1786988336 HTTP/1.1" 200 3663 "https://adept.hospitalinnovate.org/wp-admin/post-new.php?post_type=page" "Mozilla/5.0 (Windows NT 10.0; Win64; x64) AppleWebKit/537.36 (KHTML, like Gecko) Chrome/151.0.0.0 Safari/537.36 Edg/151.0.0.0"
24.130.16.15 - - [17/Aug/2026:13:38:58 -0400] "GET /wp-content/themes/cesis/admin/redux-framework/inc/fields/color/field_color.min.js?ver=1786988336 HTTP/1.1" 200 2359 "https://adept.hospitalinnovate.org/wp-admin/post-new.php?post_type=page" "Mozilla/5.0 (Windows NT 10.0; Win64; x64) AppleWebKit/537.36 (KHTML, like Gecko) Chrome/151.0.0.0 Safari/537.36 Edg/151.0.0.0"
24.130.16.15 - - [17/Aug/2026:13:38:58 -0400] "GET /wp-content/themes/cesis/admin/redux-framework/inc/fields/spacing/field_spacing.min.js?ver=1786988336 HTTP/1.1" 200 1356 "https://adept.hospitalinnovate.org/wp-admin/post-new.php?post_type=page" "Mozilla/5.0 (Windows NT 10.0; Win64; x64) AppleWebKit/537.36 (KHTML, like Gecko) Chrome/151.0.0.0 Safari/537.36 Edg/151.0.0.0"
24.130.16.15 - - [17/Aug/2026:13:38:58 -0400] "GET /wp-content/themes/cesis/admin/redux-framework/inc/fields/editor/field_editor.min.js?ver=1786988336 HTTP/1.1" 200 573 "https://adept.hospitalinnovate.org/wp-admin/post-new.php?post_type=page" "Mozilla/5.0 (Windows NT 10.0; Win64; x64) AppleWebKit/537.36 (KHTML, like Gecko) Chrome/151.0.0.0 Safari/537.36 Edg/151.0.0.0"
24.130.16.15 - - [17/Aug/2026:13:38:58 -0400] "GET /wp-content/themes/cesis/admin/redux-framework/inc/fields/image_select/field_image_select.min.js?ver=1786988336 HTTP/1.1" 200 2209 "https://adept.hospitalinnovate.org/wp-admin/post-new.php?post_type=page" "Mozilla/5.0 (Windows NT 10.0; Win64; x64) AppleWebKit/537.36 (KHTML, like Gecko) Chrome/151.0.0.0 Safari/537.36 Edg/151.0.0.0"
24.130.16.15 - - [17/Aug/2026:13:38:58 -0400] "GET /wp-content/themes/cesis/admin/redux-extensions/extensions/dev_iconselect/dev_iconselect/field_dev_iconselect.js?ver=1786988336 HTTP/1.1" 200 11377 "https://adept.hospitalinnovate.org/wp-admin/post-new.php?post_type=page" "Mozilla/5.0 (Windows NT 10.0; Win64; x64) AppleWebKit/537.36 (KHTML, like Gecko) Chrome/151.0.0.0 Safari/537.36 Edg/151.0.0.0"
24.130.16.15 - - [17/Aug/2026:13:38:58 -0400] "GET /wp-content/themes/cesis/admin/redux-framework/inc/fields/gallery/field_gallery.min.js?ver=1786988337 HTTP/1.1" 200 1627 "https://adept.hospitalinnovate.org/wp-admin/post-new.php?post_type=page" "Mozilla/5.0 (Windows NT 10.0; Win64; x64) AppleWebKit/537.36 (KHTML, like Gecko) Chrome/151.0.0.0 Safari/537.36 Edg/151.0.0.0"
24.130.16.15 - - [17/Aug/2026:13:38:58 -0400] "GET /wp-content/themes/cesis/admin/redux-extensions/extensions/wbc_importer/wbc_importer//field_wbc_importer.min.js?ver=1786988337 HTTP/1.1" 200 2674 "https://adept.hospitalinnovate.org/wp-admin/post-new.php?post_type=page" "Mozilla/5.0 (Windows NT 10.0; Win64; x64) AppleWebKit/537.36 (KHTML, like Gecko) Chrome/151.0.0.0 Safari/537.36 Edg/151.0.0.0"
24.130.16.15 - - [17/Aug/2026:13:38:58 -0400] "GET /wp-content/plugins/revslider/admin/includes/shortcode_generator/wpbakery/assets/js/sr7-wpbakery.js?ver=8.7.2 HTTP/1.1" 200 11946 "https://adept.hospitalinnovate.org/wp-admin/post-new.php?post_type=page" "Mozilla/5.0 (Windows NT 10.0; Win64; x64) AppleWebKit/537.36 (KHTML, like Gecko) Chrome/151.0.0.0 Safari/537.36 Edg/151.0.0.0"
24.130.16.15 - - [17/Aug/2026:13:38:58 -0400] "GET /wp-content/plugins/revslider/admin/includes/shortcode_generator/wpbakery/assets/js/sr6-wpbakery.js?ver=8.7.2 HTTP/1.1" 200 11989 "https://adept.hospitalinnovate.org/wp-admin/post-new.php?post_type=page" "Mozilla/5.0 (Windows NT 10.0; Win64; x64) AppleWebKit/537.36 (KHTML, like Gecko) Chrome/151.0.0.0 Safari/537.36 Edg/151.0.0.0"
24.130.16.15 - - [17/Aug/2026:13:38:58 -0400] "GET /wp-content/plugins/revslider/public/js/libs/tptools.js?ver=7.0.3 HTTP/1.1" 304 - "https://adept.hospitalinnovate.org/wp-admin/post-new.php?post_type=page" "Mozilla/5.0 (Windows NT 10.0; Win64; x64) AppleWebKit/537.36 (KHTML, like Gecko) Chrome/151.0.0.0 Safari/537.36 Edg/151.0.0.0"
24.130.16.15 - - [17/Aug/2026:13:38:58 -0400] "GET /wp-content/plugins/revslider/public/js/page.js?ver=7.0.3 HTTP/1.1" 200 13824 "https://adept.hospitalinnovate.org/wp-admin/post-new.php?post_type=page" "Mozilla/5.0 (Windows NT 10.0; Win64; x64) AppleWebKit/537.36 (KHTML, like Gecko) Chrome/151.0.0.0 Safari/537.36 Edg/151.0.0.0"
24.130.16.15 - - [17/Aug/2026:13:38:58 -0400] "GET /wp-content/plugins/revslider/public/js/sr7.js?ver=7.0.3 HTTP/1.1" 304 - "https://adept.hospitalinnovate.org/wp-admin/post-new.php?post_type=page" "Mozilla/5.0 (Windows NT 10.0; Win64; x64) AppleWebKit/537.36 (KHTML, like Gecko) Chrome/151.0.0.0 Safari/537.36 Edg/151.0.0.0"
69.39.225.240 - - [17/Aug/2026:13:38:58 -0400] "POST /wp-cron.php?doing_wp_cron=1786988338.7969610691070556640625 HTTP/1.1" 200 20 "-" "WordPress/7.0.4; https://adept.hospitalinnovate.org"
24.130.16.15 - - [17/Aug/2026:13:38:58 -0400] "POST /wp-admin/admin-ajax.php HTTP/1.1" 200 1818 "https://adept.hospitalinnovate.org/wp-admin/post-new.php?post_type=page" "Mozilla/5.0 (Windows NT 10.0; Win64; x64) AppleWebKit/537.36 (KHTML, like Gecko) Chrome/151.0.0.0 Safari/537.36 Edg/151.0.0.0"
24.130.16.15 - - [17/Aug/2026:13:38:58 -0400] "POST /wp-admin/admin-ajax.php HTTP/1.1" 200 61 "https://adept.hospitalinnovate.org/wp-admin/post-new.php?post_type=page" "Mozilla/5.0 (Windows NT 10.0; Win64; x64) AppleWebKit/537.36 (KHTML, like Gecko) Chrome/151.0.0.0 Safari/537.36 Edg/151.0.0.0"
24.130.16.15 - - [17/Aug/2026:13:38:59 -0400] "GET /wp-includes/css/dist/base-styles/admin-schemes.min.css?ver=7.0.4 HTTP/1.1" 200 3656 "-" "Mozilla/5.0 (Windows NT 10.0; Win64; x64) AppleWebKit/537.36 (KHTML, like Gecko) Chrome/151.0.0.0 Safari/537.36 Edg/151.0.0.0"
24.130.16.15 - - [17/Aug/2026:13:38:58 -0400] "OPTIONS /wp-json/wp/v2/settings?_locale=user HTTP/1.1" 200 1100 "https://adept.hospitalinnovate.org/wp-admin/post-new.php?post_type=page" "Mozilla/5.0 (Windows NT 10.0; Win64; x64) AppleWebKit/537.36 (KHTML, like Gecko) Chrome/151.0.0.0 Safari/537.36 Edg/151.0.0.0"
24.130.16.15 - - [17/Aug/2026:13:38:59 -0400] "GET /wp-includes/css/dist/components/style.min.css?ver=7.0.4 HTTP/1.1" 200 97425 "-" "Mozilla/5.0 (Windows NT 10.0; Win64; x64) AppleWebKit/537.36 (KHTML, like Gecko) Chrome/151.0.0.0 Safari/537.36 Edg/151.0.0.0"
24.130.16.15 - - [17/Aug/2026:13:38:59 -0400] "GET /wp-json/wp/v2/comments?context=edit&post=26&type=note&status=all&per_page=100&_locale=user HTTP/1.1" 200 22 "https://adept.hospitalinnovate.org/wp-admin/post-new.php?post_type=page" "Mozilla/5.0 (Windows NT 10.0; Win64; x64) AppleWebKit/537.36 (KHTML, like Gecko) Chrome/151.0.0.0 Safari/537.36 Edg/151.0.0.0"
24.130.16.15 - - [17/Aug/2026:13:38:59 -0400] "GET /wp-admin/css/common.min.css?ver=7.0.4 HTTP/1.1" 200 61526 "-" "Mozilla/5.0 (Windows NT 10.0; Win64; x64) AppleWebKit/537.36 (KHTML, like Gecko) Chrome/151.0.0.0 Safari/537.36 Edg/151.0.0.0"
24.130.16.15 - - [17/Aug/2026:13:38:59 -0400] "GET /wp-admin/css/forms.min.css?ver=7.0.4 HTTP/1.1" 200 30917 "-" "Mozilla/5.0 (Windows NT 10.0; Win64; x64) AppleWebKit/537.36 (KHTML, like Gecko) Chrome/151.0.0.0 Safari/537.36 Edg/151.0.0.0"
24.130.16.15 - - [17/Aug/2026:13:38:59 -0400] "GET /wp-json/wp/v2/blocks?context=edit&per_page=100&page=1&_locale=user HTTP/1.1" 200 22 "https://adept.hospitalinnovate.org/wp-admin/post-new.php?post_type=page" "Mozilla/5.0 (Windows NT 10.0; Win64; x64) AppleWebKit/537.36 (KHTML, like Gecko) Chrome/151.0.0.0 Safari/537.36 Edg/151.0.0.0"
24.130.16.15 - - [17/Aug/2026:13:38:59 -0400] "GET /wp-json/wp/v2/users/1?context=view&_fields=id%2Cname&_locale=user HTTP/1.1" 200 49 "https://adept.hospitalinnovate.org/wp-admin/post-new.php?post_type=page" "Mozilla/5.0 (Windows NT 10.0; Win64; x64) AppleWebKit/537.36 (KHTML, like Gecko) Chrome/151.0.0.0 Safari/537.36 Edg/151.0.0.0"
24.130.16.15 - - [17/Aug/2026:13:38:59 -0400] "GET /wp-includes/css/dist/block-library/reset.min.css?ver=7.0.4 HTTP/1.1" 200 2065 "-" "Mozilla/5.0 (Windows NT 10.0; Win64; x64) AppleWebKit/537.36 (KHTML, like Gecko) Chrome/151.0.0.0 Safari/537.36 Edg/151.0.0.0"
24.130.16.15 - - [17/Aug/2026:13:38:59 -0400] "GET /wp-includes/css/dist/block-library/style.min.css?ver=7.0.4 HTTP/1.1" 200 131189 "-" "Mozilla/5.0 (Windows NT 10.0; Win64; x64) AppleWebKit/537.36 (KHTML, like Gecko) Chrome/151.0.0.0 Safari/537.36 Edg/151.0.0.0"
24.130.16.15 - - [17/Aug/2026:13:38:59 -0400] "GET /wp-includes/css/dist/edit-post/classic.min.css?ver=7.0.4 HTTP/1.1" 200 1474 "-" "Mozilla/5.0 (Windows NT 10.0; Win64; x64) AppleWebKit/537.36 (KHTML, like Gecko) Chrome/151.0.0.0 Safari/537.36 Edg/151.0.0.0"
24.130.16.15 - - [17/Aug/2026:13:38:59 -0400] "GET /wp-includes/css/dist/block-editor/content.min.css?ver=7.0.4 HTTP/1.1" 200 26925 "-" "Mozilla/5.0 (Windows NT 10.0; Win64; x64) AppleWebKit/537.36 (KHTML, like Gecko) Chrome/151.0.0.0 Safari/537.36 Edg/151.0.0.0"
24.130.16.15 - - [17/Aug/2026:13:38:59 -0400] "GET /wp-includes/css/classic-themes.min.css?ver=7.0.4 HTTP/1.1" 200 291 "-" "Mozilla/5.0 (Windows NT 10.0; Win64; x64) AppleWebKit/537.36 (KHTML, like Gecko) Chrome/151.0.0.0 Safari/537.36 Edg/151.0.0.0"
24.130.16.15 - - [17/Aug/2026:13:38:59 -0400] "GET /wp-includes/css/dist/block-library/editor.min.css?ver=7.0.4 HTTP/1.1" 200 62372 "-" "Mozilla/5.0 (Windows NT 10.0; Win64; x64) AppleWebKit/537.36 (KHTML, like Gecko) Chrome/151.0.0.0 Safari/537.36 Edg/151.0.0.0"
24.130.16.15 - - [17/Aug/2026:13:38:59 -0400] "GET /wp-admin/load-scripts.php?c=0&load%5Bchunk_0%5D=wp-polyfill&ver=7.0.4 HTTP/1.1" 200 11905 "-" "Mozilla/5.0 (Windows NT 10.0; Win64; x64) AppleWebKit/537.36 (KHTML, like Gecko) Chrome/151.0.0.0 Safari/537.36 Edg/151.0.0.0"
24.130.16.15 - - [17/Aug/2026:13:38:59 -0400] "GET /wp-json/wp/v2/block-patterns/patterns?_locale=user HTTP/1.1" 200 19433 "https://adept.hospitalinnovate.org/wp-admin/post-new.php?post_type=page" "Mozilla/5.0 (Windows NT 10.0; Win64; x64) AppleWebKit/537.36 (KHTML, like Gecko) Chrome/151.0.0.0 Safari/537.36 Edg/151.0.0.0"
24.130.16.15 - - [17/Aug/2026:13:38:59 -0400] "GET /wp-json/wp/v2/taxonomies?context=edit&per_page=100&_locale=user HTTP/1.1" 200 1450 "https://adept.hospitalinnovate.org/wp-admin/post-new.php?post_type=page" "Mozilla/5.0 (Windows NT 10.0; Win64; x64) AppleWebKit/537.36 (KHTML, like Gecko) Chrome/151.0.0.0 Safari/537.36 Edg/151.0.0.0"
24.130.16.15 - - [17/Aug/2026:13:38:59 -0400] "GET /wp-json/wp/v2/wp_pattern_category?context=view&per_page=100&_fields=id%2Cname%2Cdescription%2Cslug&_locale=user HTTP/1.1" 200 22 "https://adept.hospitalinnovate.org/wp-admin/post-new.php?post_type=page" "Mozilla/5.0 (Windows NT 10.0; Win64; x64) AppleWebKit/537.36 (KHTML, like Gecko) Chrome/151.0.0.0 Safari/537.36 Edg/151.0.0.0"
24.130.16.15 - - [17/Aug/2026:13:38:59 -0400] "GET /wp-json/wp/v2/templates/lookup?slug=front-page&_locale=user HTTP/1.1" 200 22 "https://adept.hospitalinnovate.org/wp-admin/post-new.php?post_type=page" "Mozilla/5.0 (Windows NT 10.0; Win64; x64) AppleWebKit/537.36 (KHTML, like Gecko) Chrome/151.0.0.0 Safari/537.36 Edg/151.0.0.0"
24.130.16.15 - - [17/Aug/2026:13:38:59 -0400] "GET /wp-json/wp/v2/templates/lookup?slug=page&_locale=user HTTP/1.1" 200 22 "https://adept.hospitalinnovate.org/wp-admin/post-new.php?post_type=page" "Mozilla/5.0 (Windows NT 10.0; Win64; x64) AppleWebKit/537.36 (KHTML, like Gecko) Chrome/151.0.0.0 Safari/537.36 Edg/151.0.0.0"
69.39.225.240 - - [17/Aug/2026:13:39:01 -0400] "POST /wp-cron.php?doing_wp_cron=1786988340.9287209510803222656250 HTTP/1.1" 200 20 "-" "WordPress/7.0.4; https://adept.hospitalinnovate.org"
24.130.16.15 - - [17/Aug/2026:13:39:00 -0400] "POST /wp-admin/admin-ajax.php HTTP/1.1" 200 21 "https://adept.hospitalinnovate.org/wp-admin/post-new.php?post_type=page" "Mozilla/5.0 (Windows NT 10.0; Win64; x64) AppleWebKit/537.36 (KHTML, like Gecko) Chrome/151.0.0.0 Safari/537.36 Edg/151.0.0.0"
24.130.16.15 - - [17/Aug/2026:13:39:00 -0400] "GET /wp-admin/post.php?post=26&action=edit&wpb-backend-editor HTTP/1.1" 200 451997 "https://adept.hospitalinnovate.org/wp-admin/post-new.php?post_type=page" "Mozilla/5.0 (Windows NT 10.0; Win64; x64) AppleWebKit/537.36 (KHTML, like Gecko) Chrome/151.0.0.0 Safari/537.36 Edg/151.0.0.0"
24.130.16.15 - - [17/Aug/2026:13:39:02 -0400] "GET /wp-content/plugins/revslider/public/css/sr7.css?ver=7.0.3 HTTP/1.1" 304 - "https://adept.hospitalinnovate.org/wp-admin/post.php?post=26&action=edit&wpb-backend-editor" "Mozilla/5.0 (Windows NT 10.0; Win64; x64) AppleWebKit/537.36 (KHTML, like Gecko) Chrome/151.0.0.0 Safari/537.36 Edg/151.0.0.0"
24.130.16.15 - - [17/Aug/2026:13:39:02 -0400] "GET /wp-content/uploads/redux/custom-fonts/fonts.css?ver=1786988341 HTTP/1.1" 200 - "https://adept.hospitalinnovate.org/wp-admin/post.php?post=26&action=edit&wpb-backend-editor" "Mozilla/5.0 (Windows NT 10.0; Win64; x64) AppleWebKit/537.36 (KHTML, like Gecko) Chrome/151.0.0.0 Safari/537.36 Edg/151.0.0.0"
24.130.16.15 - - [17/Aug/2026:13:39:02 -0400] "GET /wp-content/themes/cesis/admin/redux-extensions/extensions/custom_fonts/custom_fonts/field_custom_fonts.css?ver=1786988341 HTTP/1.1" 200 945 "https://adept.hospitalinnovate.org/wp-admin/post.php?post=26&action=edit&wpb-backend-editor" "Mozilla/5.0 (Windows NT 10.0; Win64; x64) AppleWebKit/537.36 (KHTML, like Gecko) Chrome/151.0.0.0 Safari/537.36 Edg/151.0.0.0"
24.130.16.15 - - [17/Aug/2026:13:39:02 -0400] "GET /wp-content/themes/cesis/admin/redux-framework/inc/fields/button_set/field_button_set.min.js?ver=1786988341 HTTP/1.1" 200 1240 "https://adept.hospitalinnovate.org/wp-admin/post.php?post=26&action=edit&wpb-backend-editor" "Mozilla/5.0 (Windows NT 10.0; Win64; x64) AppleWebKit/537.36 (KHTML, like Gecko) Chrome/151.0.0.0 Safari/537.36 Edg/151.0.0.0"
24.130.16.15 - - [17/Aug/2026:13:39:02 -0400] "GET /wp-content/themes/cesis/admin/redux-framework/inc/fields/background/field_background.min.js?ver=1786988341 HTTP/1.1" 200 5475 "https://adept.hospitalinnovate.org/wp-admin/post.php?post=26&action=edit&wpb-backend-editor" "Mozilla/5.0 (Windows NT 10.0; Win64; x64) AppleWebKit/537.36 (KHTML, like Gecko) Chrome/151.0.0.0 Safari/537.36 Edg/151.0.0.0"
24.130.16.15 - - [17/Aug/2026:13:39:02 -0400] "GET /wp-content/themes/cesis/admin/redux-framework/inc/fields/switch/field_switch.min.js?ver=1786988341 HTTP/1.1" 200 1282 "https://adept.hospitalinnovate.org/wp-admin/post.php?post=26&action=edit&wpb-backend-editor" "Mozilla/5.0 (Windows NT 10.0; Win64; x64) AppleWebKit/537.36 (KHTML, like Gecko) Chrome/151.0.0.0 Safari/537.36 Edg/151.0.0.0"
24.130.16.15 - - [17/Aug/2026:13:39:02 -0400] "GET /wp-content/themes/cesis/admin/redux-framework/inc/fields/ace_editor/field_ace_editor.min.js?ver=1786988341 HTTP/1.1" 200 993 "https://adept.hospitalinnovate.org/wp-admin/post.php?post=26&action=edit&wpb-backend-editor" "Mozilla/5.0 (Windows NT 10.0; Win64; x64) AppleWebKit/537.36 (KHTML, like Gecko) Chrome/151.0.0.0 Safari/537.36 Edg/151.0.0.0"
24.130.16.15 - - [17/Aug/2026:13:39:02 -0400] "GET /wp-content/themes/cesis/admin/redux-framework/inc/fields/sorter/field_sorter.min.js?ver=1786988341 HTTP/1.1" 200 2109 "https://adept.hospitalinnovate.org/wp-admin/post.php?post=26&action=edit&wpb-backend-editor" "Mozilla/5.0 (Windows NT 10.0; Win64; x64) AppleWebKit/537.36 (KHTML, like Gecko) Chrome/151.0.0.0 Safari/537.36 Edg/151.0.0.0"
24.130.16.15 - - [17/Aug/2026:13:39:02 -0400] "GET /wp-content/themes/cesis/admin/redux-framework/assets/js/media/media.min.js?ver=1786988341 HTTP/1.1" 200 3270 "https://adept.hospitalinnovate.org/wp-admin/post.php?post=26&action=edit&wpb-backend-editor" "Mozilla/5.0 (Windows NT 10.0; Win64; x64) AppleWebKit/537.36 (KHTML, like Gecko) Chrome/151.0.0.0 Safari/537.36 Edg/151.0.0.0"
24.130.16.15 - - [17/Aug/2026:13:39:02 -0400] "GET /wp-content/themes/cesis/admin/redux-extensions/extensions/custom_fonts/custom_fonts/jquery.blockUI.min.js?ver=1786988341 HTTP/1.1" 200 10055 "https://adept.hospitalinnovate.org/wp-admin/post.php?post=26&action=edit&wpb-backend-editor" "Mozilla/5.0 (Windows NT 10.0; Win64; x64) AppleWebKit/537.36 (KHTML, like Gecko) Chrome/151.0.0.0 Safari/537.36 Edg/151.0.0.0"
24.130.16.15 - - [17/Aug/2026:13:39:02 -0400] "GET /wp-content/themes/cesis/admin/redux-extensions/extensions/custom_fonts/custom_fonts/field_custom_fonts.min.js?ver=1786988341 HTTP/1.1" 200 3533 "https://adept.hospitalinnovate.org/wp-admin/post.php?post=26&action=edit&wpb-backend-editor" "Mozilla/5.0 (Windows NT 10.0; Win64; x64) AppleWebKit/537.36 (KHTML, like Gecko) Chrome/151.0.0.0 Safari/537.36 Edg/151.0.0.0"
24.130.16.15 - - [17/Aug/2026:13:39:02 -0400] "GET /wp-content/themes/cesis/admin/redux-framework/inc/fields/dimensions/field_dimensions.min.js?ver=1786988341 HTTP/1.1" 200 1254 "https://adept.hospitalinnovate.org/wp-admin/post.php?post=26&action=edit&wpb-backend-editor" "Mozilla/5.0 (Windows NT 10.0; Win64; x64) AppleWebKit/537.36 (KHTML, like Gecko) Chrome/151.0.0.0 Safari/537.36 Edg/151.0.0.0"
