24.130.16.15 - - [17/Aug/2026:13:41:24 -0400] "GET /wp-admin/admin-ajax.php?action=cesis_dynamic_css&ver=1.8.76 HTTP/1.1" 200 10814 "https://adept.hospitalinnovate.org/" "Mozilla/5.0 (Windows NT 10.0; Win64; x64) AppleWebKit/537.36 (KHTML, like Gecko) Chrome/151.0.0.0 Safari/537.36 Edg/151.0.0.0"
69.39.225.240 - - [17/Aug/2026:13:41:35 -0400] "POST /wp-cron.php?doing_wp_cron=1786988495.1211879253387451171875 HTTP/1.1" 200 20 "-" "WordPress/7.0.4; https://adept.hospitalinnovate.org"
24.130.16.15 - - [17/Aug/2026:13:41:34 -0400] "GET /wp-admin/options-reading.php HTTP/1.1" 200 27037 "https://adept.hospitalinnovate.org/wp-admin/edit.php?post_type=page" "Mozilla/5.0 (Windows NT 10.0; Win64; x64) AppleWebKit/537.36 (KHTML, like Gecko) Chrome/151.0.0.0 Safari/537.36 Edg/151.0.0.0"
69.39.225.240 - - [17/Aug/2026:13:41:42 -0400] "POST /wp-cron.php?doing_wp_cron=1786988502.1661999225616455078125 HTTP/1.1" 200 20 "-" "WordPress/7.0.4; https://adept.hospitalinnovate.org"
24.130.16.15 - - [17/Aug/2026:13:41:41 -0400] "POST /wp-admin/options.php HTTP/1.1" 200 20 "https://adept.hospitalinnovate.org/wp-admin/options-reading.php" "Mozilla/5.0 (Windows NT 10.0; Win64; x64) AppleWebKit/537.36 (KHTML, like Gecko) Chrome/151.0.0.0 Safari/537.36 Edg/151.0.0.0"
24.130.16.15 - - [17/Aug/2026:13:41:42 -0400] "GET /wp-admin/options-reading.php?settings-updated=true HTTP/1.1" 200 27090 "https://adept.hospitalinnovate.org/wp-admin/options-reading.php" "Mozilla/5.0 (Windows NT 10.0; Win64; x64) AppleWebKit/537.36 (KHTML, like Gecko) Chrome/151.0.0.0 Safari/537.36 Edg/151.0.0.0"
24.130.16.15 - - [17/Aug/2026:13:41:43 -0400] "GET /wp-content/plugins/revslider/admin/includes/shortcode_generator/wpbakery/assets/css/sr7-wpbakery.css?ver=7.0.3 HTTP/1.1" 304 - "https://adept.hospitalinnovate.org/wp-admin/options-reading.php?settings-updated=true" "Mozilla/5.0 (Windows NT 10.0; Win64; x64) AppleWebKit/537.36 (KHTML, like Gecko) Chrome/151.0.0.0 Safari/537.36 Edg/151.0.0.0"
24.130.16.15 - - [17/Aug/2026:13:41:43 -0400] "GET /wp-content/plugins/revslider/admin/assets/css/base.css?ver=7.0.3 HTTP/1.1" 304 - "https://adept.hospitalinnovate.org/wp-admin/options-reading.php?settings-updated=true" "Mozilla/5.0 (Windows NT 10.0; Win64; x64) AppleWebKit/537.36 (KHTML, like Gecko) Chrome/151.0.0.0 Safari/537.36 Edg/151.0.0.0"
24.130.16.15 - - [17/Aug/2026:13:41:43 -0400] "GET /wp-content/plugins/revslider/admin/assets/css/timeline.css?ver=7.0.3 HTTP/1.1" 304 - "https://adept.hospitalinnovate.org/wp-admin/options-reading.php?settings-updated=true" "Mozilla/5.0 (Windows NT 10.0; Win64; x64) AppleWebKit/537.36 (KHTML, like Gecko) Chrome/151.0.0.0 Safari/537.36 Edg/151.0.0.0"
24.130.16.15 - - [17/Aug/2026:13:41:43 -0400] "GET /wp-content/plugins/revslider/admin/assets/css/editor.css?ver=7.0.3 HTTP/1.1" 304 - "https://adept.hospitalinnovate.org/wp-admin/options-reading.php?settings-updated=true" "Mozilla/5.0 (Windows NT 10.0; Win64; x64) AppleWebKit/537.36 (KHTML, like Gecko) Chrome/151.0.0.0 Safari/537.36 Edg/151.0.0.0"
24.130.16.15 - - [17/Aug/2026:13:41:43 -0400] "GET /wp-content/plugins/revslider/admin/assets/js/dashboard.js?ver=7.0.3 HTTP/1.1" 304 - "https://adept.hospitalinnovate.org/wp-admin/options-reading.php?settings-updated=true" "Mozilla/5.0 (Windows NT 10.0; Win64; x64) AppleWebKit/537.36 (KHTML, like Gecko) Chrome/151.0.0.0 Safari/537.36 Edg/151.0.0.0"
24.130.16.15 - - [17/Aug/2026:13:41:43 -0400] "GET /wp-content/plugins/revslider/admin/assets/css/library.css?ver=7.0.3 HTTP/1.1" 304 - "https://adept.hospitalinnovate.org/wp-admin/options-reading.php?settings-updated=true" "Mozilla/5.0 (Windows NT 10.0; Win64; x64) AppleWebKit/537.36 (KHTML, like Gecko) Chrome/151.0.0.0 Safari/537.36 Edg/151.0.0.0"
24.130.16.15 - - [17/Aug/2026:13:41:43 -0400] "GET /wp-content/plugins/revslider/admin/assets/css/colorpicker.css?ver=7.0.3 HTTP/1.1" 304 - "https://adept.hospitalinnovate.org/wp-admin/options-reading.php?settings-updated=true" "Mozilla/5.0 (Windows NT 10.0; Win64; x64) AppleWebKit/537.36 (KHTML, like Gecko) Chrome/151.0.0.0 Safari/537.36 Edg/151.0.0.0"
24.130.16.15 - - [17/Aug/2026:13:41:43 -0400] "GET /wp-content/plugins/revslider/admin/assets/css/forms.css?ver=7.0.3 HTTP/1.1" 304 - "https://adept.hospitalinnovate.org/wp-admin/options-reading.php?settings-updated=true" "Mozilla/5.0 (Windows NT 10.0; Win64; x64) AppleWebKit/537.36 (KHTML, like Gecko) Chrome/151.0.0.0 Safari/537.36 Edg/151.0.0.0"
24.130.16.15 - - [17/Aug/2026:13:41:43 -0400] "GET /wp-content/plugins/revslider/admin/assets/js/tools/tools.js?ver=7.0.3 HTTP/1.1" 304 - "https://adept.hospitalinnovate.org/wp-admin/options-reading.php?settings-updated=true" "Mozilla/5.0 (Windows NT 10.0; Win64; x64) AppleWebKit/537.36 (KHTML, like Gecko) Chrome/151.0.0.0 Safari/537.36 Edg/151.0.0.0"
24.130.16.15 - - [17/Aug/2026:13:41:48 -0400] "GET / HTTP/1.1" 200 24623 "https://adept.hospitalinnovate.org/" "Mozilla/5.0 (Windows NT 10.0; Win64; x64) AppleWebKit/537.36 (KHTML, like Gecko) Chrome/151.0.0.0 Safari/537.36 Edg/151.0.0.0"
24.130.16.15 - - [17/Aug/2026:13:41:49 -0400] "GET /wp-content/plugins/contact-form-7/includes/css/styles.css?ver=6.1.7 HTTP/1.1" 304 - "https://adept.hospitalinnovate.org/" "Mozilla/5.0 (Windows NT 10.0; Win64; x64) AppleWebKit/537.36 (KHTML, like Gecko) Chrome/151.0.0.0 Safari/537.36 Edg/151.0.0.0"
24.130.16.15 - - [17/Aug/2026:13:41:49 -0400] "GET /wp-content/plugins/contact-form-7/includes/js/index.js?ver=6.1.7 HTTP/1.1" 304 - "https://adept.hospitalinnovate.org/" "Mozilla/5.0 (Windows NT 10.0; Win64; x64) AppleWebKit/537.36 (KHTML, like Gecko) Chrome/151.0.0.0 Safari/537.36 Edg/151.0.0.0"
24.130.16.15 - - [17/Aug/2026:13:41:49 -0400] "GET /wp-content/plugins/contact-form-7/includes/swv/js/index.js?ver=6.1.7 HTTP/1.1" 304 - "https://adept.hospitalinnovate.org/" "Mozilla/5.0 (Windows NT 10.0; Win64; x64) AppleWebKit/537.36 (KHTML, like Gecko) Chrome/151.0.0.0 Safari/537.36 Edg/151.0.0.0"
24.130.16.15 - - [17/Aug/2026:13:41:49 -0400] "GET /wp-content/uploads/redux/custom-fonts/fonts.css?ver=1786988509 HTTP/1.1" 200 - "https://adept.hospitalinnovate.org/" "Mozilla/5.0 (Windows NT 10.0; Win64; x64) AppleWebKit/537.36 (KHTML, like Gecko) Chrome/151.0.0.0 Safari/537.36 Edg/151.0.0.0"
69.39.225.240 - - [17/Aug/2026:13:41:50 -0400] "POST /wp-cron.php?doing_wp_cron=1786988510.1794118881225585937500 HTTP/1.1" 200 20 "-" "WordPress/7.0.4; https://adept.hospitalinnovate.org"
24.130.16.15 - - [17/Aug/2026:13:41:49 -0400] "GET /wp-admin/admin-ajax.php?action=cesis_dynamic_css&ver=1.8.76 HTTP/1.1" 200 10814 "https://adept.hospitalinnovate.org/" "Mozilla/5.0 (Windows NT 10.0; Win64; x64) AppleWebKit/537.36 (KHTML, like Gecko) Chrome/151.0.0.0 Safari/537.36 Edg/151.0.0.0"
69.39.225.240 - - [17/Aug/2026:13:41:56 -0400] "POST /wp-cron.php?doing_wp_cron=1786988516.9799671173095703125000 HTTP/1.1" 200 20 "-" "WordPress/7.0.4; https://adept.hospitalinnovate.org"
24.130.16.15 - - [17/Aug/2026:13:41:56 -0400] "GET /wp-admin/edit.php?post_type=page HTTP/1.1" 200 30921 "https://adept.hospitalinnovate.org/wp-admin/options-reading.php" "Mozilla/5.0 (Windows NT 10.0; Win64; x64) AppleWebKit/537.36 (KHTML, like Gecko) Chrome/151.0.0.0 Safari/537.36 Edg/151.0.0.0"
24.130.16.15 - - [17/Aug/2026:13:41:57 -0400] "GET /wp-content/plugins/arconix-shortcodes/includes/css/admin.css?ver=2.2.1 HTTP/1.1" 304 - "https://adept.hospitalinnovate.org/wp-admin/edit.php?post_type=page" "Mozilla/5.0 (Windows NT 10.0; Win64; x64) AppleWebKit/537.36 (KHTML, like Gecko) Chrome/151.0.0.0 Safari/537.36 Edg/151.0.0.0"
24.130.16.15 - - [17/Aug/2026:13:41:57 -0400] "GET /wp-content/plugins/arconix-shortcodes/includes/component/tracking-data/assets/images/site-logo-new.jpg HTTP/1.1" 304 - "https://adept.hospitalinnovate.org/wp-admin/edit.php?post_type=page" "Mozilla/5.0 (Windows NT 10.0; Win64; x64) AppleWebKit/537.36 (KHTML, like Gecko) Chrome/151.0.0.0 Safari/537.36 Edg/151.0.0.0"
24.130.16.15 - - [17/Aug/2026:13:41:57 -0400] "GET /wp-content/plugins/arconix-shortcodes/includes/component/tracking-data/assets/js/dismiss-notice.js?ver=7.0.4 HTTP/1.1" 304 - "https://adept.hospitalinnovate.org/wp-admin/edit.php?post_type=page" "Mozilla/5.0 (Windows NT 10.0; Win64; x64) AppleWebKit/537.36 (KHTML, like Gecko) Chrome/151.0.0.0 Safari/537.36 Edg/151.0.0.0"
69.39.225.240 - - [17/Aug/2026:13:41:58 -0400] "POST /wp-cron.php?doing_wp_cron=1786988518.0693380832672119140625 HTTP/1.1" 200 20 "-" "WordPress/7.0.4; https://adept.hospitalinnovate.org"
24.130.16.15 - - [17/Aug/2026:13:41:57 -0400] "POST /wp-admin/admin-ajax.php HTTP/1.1" 200 67 "https://adept.hospitalinnovate.org/wp-admin/edit.php?post_type=page" "Mozilla/5.0 (Windows NT 10.0; Win64; x64) AppleWebKit/537.36 (KHTML, like Gecko) Chrome/151.0.0.0 Safari/537.36 Edg/151.0.0.0"
69.39.225.240 - - [17/Aug/2026:13:42:08 -0400] "POST /wp-cron.php?doing_wp_cron=1786988528.7360808849334716796875 HTTP/1.1" 200 20 "-" "WordPress/7.0.4; https://adept.hospitalinnovate.org"
24.130.16.15 - - [17/Aug/2026:13:42:07 -0400] "POST /wp-admin/admin-ajax.php HTTP/1.1" 200 67 "https://adept.hospitalinnovate.org/wp-admin/edit.php?post_type=page" "Mozilla/5.0 (Windows NT 10.0; Win64; x64) AppleWebKit/537.36 (KHTML, like Gecko) Chrome/151.0.0.0 Safari/537.36 Edg/151.0.0.0"
69.39.225.240 - - [17/Aug/2026:13:42:18 -0400] "POST /wp-cron.php?doing_wp_cron=1786988538.2912230491638183593750 HTTP/1.1" 200 20 "-" "WordPress/7.0.4; https://adept.hospitalinnovate.org"
24.130.16.15 - - [17/Aug/2026:13:42:17 -0400] "POST /wp-admin/admin-ajax.php HTTP/1.1" 200 67 "https://adept.hospitalinnovate.org/wp-admin/edit.php?post_type=page" "Mozilla/5.0 (Windows NT 10.0; Win64; x64) AppleWebKit/537.36 (KHTML, like Gecko) Chrome/151.0.0.0 Safari/537.36 Edg/151.0.0.0"
24.130.16.15 - - [17/Aug/2026:13:42:17 -0400] "GET /wp-admin/post.php?post=26&action=edit HTTP/1.1" 200 457463 "https://adept.hospitalinnovate.org/wp-admin/edit.php?post_type=page" "Mozilla/5.0 (Windows NT 10.0; Win64; x64) AppleWebKit/537.36 (KHTML, like Gecko) Chrome/151.0.0.0 Safari/537.36 Edg/151.0.0.0"
24.130.16.15 - - [17/Aug/2026:13:42:18 -0400] "GET /wp-content/plugins/revslider/admin/includes/shortcode_generator/wpbakery/assets/css/sr7-wpbakery.css?ver=7.0.3 HTTP/1.1" 304 - "https://adept.hospitalinnovate.org/wp-admin/post.php?post=26&action=edit" "Mozilla/5.0 (Windows NT 10.0; Win64; x64) AppleWebKit/537.36 (KHTML, like Gecko) Chrome/151.0.0.0 Safari/537.36 Edg/151.0.0.0"
24.130.16.15 - - [17/Aug/2026:13:42:18 -0400] "GET /wp-content/plugins/revslider/public/css/sr7.css?ver=7.0.3 HTTP/1.1" 304 - "https://adept.hospitalinnovate.org/wp-admin/post.php?post=26&action=edit" "Mozilla/5.0 (Windows NT 10.0; Win64; x64) AppleWebKit/537.36 (KHTML, like Gecko) Chrome/151.0.0.0 Safari/537.36 Edg/151.0.0.0"
24.130.16.15 - - [17/Aug/2026:13:42:18 -0400] "GET /wp-content/themes/cesis/admin/redux-extensions/extensions/custom_fonts/custom_fonts/field_custom_fonts.css?ver=1786988538 HTTP/1.1" 200 945 "https://adept.hospitalinnovate.org/wp-admin/post.php?post=26&action=edit" "Mozilla/5.0 (Windows NT 10.0; Win64; x64) AppleWebKit/537.36 (KHTML, like Gecko) Chrome/151.0.0.0 Safari/537.36 Edg/151.0.0.0"
24.130.16.15 - - [17/Aug/2026:13:42:19 -0400] "GET /wp-content/plugins/revslider/admin/assets/css/editor.css?ver=7.0.3 HTTP/1.1" 304 - "https://adept.hospitalinnovate.org/wp-admin/post.php?post=26&action=edit" "Mozilla/5.0 (Windows NT 10.0; Win64; x64) AppleWebKit/537.36 (KHTML, like Gecko) Chrome/151.0.0.0 Safari/537.36 Edg/151.0.0.0"
24.130.16.15 - - [17/Aug/2026:13:42:19 -0400] "GET /wp-content/plugins/revslider/admin/assets/css/base.css?ver=7.0.3 HTTP/1.1" 304 - "https://adept.hospitalinnovate.org/wp-admin/post.php?post=26&action=edit" "Mozilla/5.0 (Windows NT 10.0; Win64; x64) AppleWebKit/537.36 (KHTML, like Gecko) Chrome/151.0.0.0 Safari/537.36 Edg/151.0.0.0"
24.130.16.15 - - [17/Aug/2026:13:42:19 -0400] "GET /wp-content/plugins/revslider/admin/assets/css/timeline.css?ver=7.0.3 HTTP/1.1" 304 - "https://adept.hospitalinnovate.org/wp-admin/post.php?post=26&action=edit" "Mozilla/5.0 (Windows NT 10.0; Win64; x64) AppleWebKit/537.36 (KHTML, like Gecko) Chrome/151.0.0.0 Safari/537.36 Edg/151.0.0.0"
24.130.16.15 - - [17/Aug/2026:13:42:19 -0400] "GET /wp-content/plugins/revslider/admin/assets/css/library.css?ver=7.0.3 HTTP/1.1" 304 - "https://adept.hospitalinnovate.org/wp-admin/post.php?post=26&action=edit" "Mozilla/5.0 (Windows NT 10.0; Win64; x64) AppleWebKit/537.36 (KHTML, like Gecko) Chrome/151.0.0.0 Safari/537.36 Edg/151.0.0.0"
24.130.16.15 - - [17/Aug/2026:13:42:19 -0400] "GET /wp-content/plugins/revslider/admin/assets/css/forms.css?ver=7.0.3 HTTP/1.1" 304 - "https://adept.hospitalinnovate.org/wp-admin/post.php?post=26&action=edit" "Mozilla/5.0 (Windows NT 10.0; Win64; x64) AppleWebKit/537.36 (KHTML, like Gecko) Chrome/151.0.0.0 Safari/537.36 Edg/151.0.0.0"
24.130.16.15 - - [17/Aug/2026:13:42:19 -0400] "GET /wp-content/uploads/redux/custom-fonts/fonts.css?ver=1786988538 HTTP/1.1" 200 - "https://adept.hospitalinnovate.org/wp-admin/post.php?post=26&action=edit" "Mozilla/5.0 (Windows NT 10.0; Win64; x64) AppleWebKit/537.36 (KHTML, like Gecko) Chrome/151.0.0.0 Safari/537.36 Edg/151.0.0.0"
24.130.16.15 - - [17/Aug/2026:13:42:19 -0400] "GET /wp-content/plugins/revslider/admin/assets/js/tools/tools.js?ver=7.0.3 HTTP/1.1" 304 - "https://adept.hospitalinnovate.org/wp-admin/post.php?post=26&action=edit" "Mozilla/5.0 (Windows NT 10.0; Win64; x64) AppleWebKit/537.36 (KHTML, like Gecko) Chrome/151.0.0.0 Safari/537.36 Edg/151.0.0.0"
24.130.16.15 - - [17/Aug/2026:13:42:19 -0400] "GET /wp-content/plugins/revslider/admin/assets/css/colorpicker.css?ver=7.0.3 HTTP/1.1" 304 - "https://adept.hospitalinnovate.org/wp-admin/post.php?post=26&action=edit" "Mozilla/5.0 (Windows NT 10.0; Win64; x64) AppleWebKit/537.36 (KHTML, like Gecko) Chrome/151.0.0.0 Safari/537.36 Edg/151.0.0.0"
24.130.16.15 - - [17/Aug/2026:13:42:19 -0400] "GET /wp-content/plugins/revslider/admin/assets/js/dashboard.js?ver=7.0.3 HTTP/1.1" 304 - "https://adept.hospitalinnovate.org/wp-admin/post.php?post=26&action=edit" "Mozilla/5.0 (Windows NT 10.0; Win64; x64) AppleWebKit/537.36 (KHTML, like Gecko) Chrome/151.0.0.0 Safari/537.36 Edg/151.0.0.0"
24.130.16.15 - - [17/Aug/2026:13:42:19 -0400] "GET /wp-content/plugins/revslider/admin/assets/js/compatibility.js?ver=7.0.3 HTTP/1.1" 304 - "https://adept.hospitalinnovate.org/wp-admin/post.php?post=26&action=edit" "Mozilla/5.0 (Windows NT 10.0; Win64; x64) AppleWebKit/537.36 (KHTML, like Gecko) Chrome/151.0.0.0 Safari/537.36 Edg/151.0.0.0"
24.130.16.15 - - [17/Aug/2026:13:42:19 -0400] "GET /wp-content/themes/cesis/admin/redux-framework/inc/fields/button_set/field_button_set.min.js?ver=1786988538 HTTP/1.1" 200 1240 "https://adept.hospitalinnovate.org/wp-admin/post.php?post=26&action=edit" "Mozilla/5.0 (Windows NT 10.0; Win64; x64) AppleWebKit/537.36 (KHTML, like Gecko) Chrome/151.0.0.0 Safari/537.36 Edg/151.0.0.0"
24.130.16.15 - - [17/Aug/2026:13:42:19 -0400] "GET /wp-content/themes/cesis/admin/redux-framework/inc/fields/background/field_background.min.js?ver=1786988538 HTTP/1.1" 200 5475 "https://adept.hospitalinnovate.org/wp-admin/post.php?post=26&action=edit" "Mozilla/5.0 (Windows NT 10.0; Win64; x64) AppleWebKit/537.36 (KHTML, like Gecko) Chrome/151.0.0.0 Safari/537.36 Edg/151.0.0.0"
24.130.16.15 - - [17/Aug/2026:13:42:19 -0400] "GET /wp-content/themes/cesis/admin/redux-framework/assets/js/media/media.min.js?ver=1786988538 HTTP/1.1" 200 3270 "https://adept.hospitalinnovate.org/wp-admin/post.php?post=26&action=edit" "Mozilla/5.0 (Windows NT 10.0; Win64; x64) AppleWebKit/537.36 (KHTML, like Gecko) Chrome/151.0.0.0 Safari/537.36 Edg/151.0.0.0"
24.130.16.15 - - [17/Aug/2026:13:42:19 -0400] "GET /wp-content/themes/cesis/admin/redux-framework/inc/fields/ace_editor/field_ace_editor.min.js?ver=1786988538 HTTP/1.1" 200 993 "https://adept.hospitalinnovate.org/wp-admin/post.php?post=26&action=edit" "Mozilla/5.0 (Windows NT 10.0; Win64; x64) AppleWebKit/537.36 (KHTML, like Gecko) Chrome/151.0.0.0 Safari/537.36 Edg/151.0.0.0"
24.130.16.15 - - [17/Aug/2026:13:42:19 -0400] "GET /wp-content/themes/cesis/admin/redux-framework/inc/fields/switch/field_switch.min.js?ver=1786988538 HTTP/1.1" 200 1282 "https://adept.hospitalinnovate.org/wp-admin/post.php?post=26&action=edit" "Mozilla/5.0 (Windows NT 10.0; Win64; x64) AppleWebKit/537.36 (KHTML, like Gecko) Chrome/151.0.0.0 Safari/537.36 Edg/151.0.0.0"
24.130.16.15 - - [17/Aug/2026:13:42:19 -0400] "GET /wp-content/themes/cesis/admin/redux-framework/inc/fields/sorter/field_sorter.min.js?ver=1786988538 HTTP/1.1" 200 2109 "https://adept.hospitalinnovate.org/wp-admin/post.php?post=26&action=edit" "Mozilla/5.0 (Windows NT 10.0; Win64; x64) AppleWebKit/537.36 (KHTML, like Gecko) Chrome/151.0.0.0 Safari/537.36 Edg/151.0.0.0"
24.130.16.15 - - [17/Aug/2026:13:42:19 -0400] "GET /wp-content/themes/cesis/admin/redux-extensions/extensions/custom_fonts/custom_fonts/jquery.blockUI.min.js?ver=1786988538 HTTP/1.1" 200 10055 "https://adept.hospitalinnovate.org/wp-admin/post.php?post=26&action=edit" "Mozilla/5.0 (Windows NT 10.0; Win64; x64) AppleWebKit/537.36 (KHTML, like Gecko) Chrome/151.0.0.0 Safari/537.36 Edg/151.0.0.0"
24.130.16.15 - - [17/Aug/2026:13:42:19 -0400] "GET /wp-content/themes/cesis/admin/redux-extensions/extensions/custom_fonts/custom_fonts/field_custom_fonts.min.js?ver=1786988538 HTTP/1.1" 200 3533 "https://adept.hospitalinnovate.org/wp-admin/post.php?post=26&action=edit" "Mozilla/5.0 (Windows NT 10.0; Win64; x64) AppleWebKit/537.36 (KHTML, like Gecko) Chrome/151.0.0.0 Safari/537.36 Edg/151.0.0.0"
24.130.16.15 - - [17/Aug/2026:13:42:19 -0400] "GET /wp-content/themes/cesis/admin/redux-framework/inc/fields/typography/field_typography.min.js?ver=1786988538 HTTP/1.1" 200 10815 "https://adept.hospitalinnovate.org/wp-admin/post.php?post=26&action=edit" "Mozilla/5.0 (Windows NT 10.0; Win64; x64) AppleWebKit/537.36 (KHTML, like Gecko) Chrome/151.0.0.0 Safari/537.36 Edg/151.0.0.0"
24.130.16.15 - - [17/Aug/2026:13:42:19 -0400] "GET /wp-content/themes/cesis/admin/redux-framework/inc/fields/slider/field_slider.min.js?ver=1786988538 HTTP/1.1" 200 3227 "https://adept.hospitalinnovate.org/wp-admin/post.php?post=26&action=edit" "Mozilla/5.0 (Windows NT 10.0; Win64; x64) AppleWebKit/537.36 (KHTML, like Gecko) Chrome/151.0.0.0 Safari/537.36 Edg/151.0.0.0"
24.130.16.15 - - [17/Aug/2026:13:42:19 -0400] "GET /wp-content/themes/cesis/admin/redux-framework/inc/fields/dimensions/field_dimensions.min.js?ver=1786988538 HTTP/1.1" 200 1254 "https://adept.hospitalinnovate.org/wp-admin/post.php?post=26&action=edit" "Mozilla/5.0 (Windows NT 10.0; Win64; x64) AppleWebKit/537.36 (KHTML, like Gecko) Chrome/151.0.0.0 Safari/537.36 Edg/151.0.0.0"
24.130.16.15 - - [17/Aug/2026:13:42:19 -0400] "GET /wp-content/themes/cesis/admin/redux-framework/inc/fields/select/field_select.min.js?ver=1786988538 HTTP/1.1" 200 1350 "https://adept.hospitalinnovate.org/wp-admin/post.php?post=26&action=edit" "Mozilla/5.0 (Windows NT 10.0; Win64; x64) AppleWebKit/537.36 (KHTML, like Gecko) Chrome/151.0.0.0 Safari/537.36 Edg/151.0.0.0"
24.130.16.15 - - [17/Aug/2026:13:42:19 -0400] "GET /wp-content/themes/cesis/admin/redux-framework/inc/fields/color_rgba/field_color_rgba.min.js?ver=1786988538 HTTP/1.1" 200 3663 "https://adept.hospitalinnovate.org/wp-admin/post.php?post=26&action=edit" "Mozilla/5.0 (Windows NT 10.0; Win64; x64) AppleWebKit/537.36 (KHTML, like Gecko) Chrome/151.0.0.0 Safari/537.36 Edg/151.0.0.0"
24.130.16.15 - - [17/Aug/2026:13:42:19 -0400] "GET /wp-content/themes/cesis/admin/redux-framework/inc/fields/color/field_color.min.js?ver=1786988538 HTTP/1.1" 200 2359 "https://adept.hospitalinnovate.org/wp-admin/post.php?post=26&action=edit" "Mozilla/5.0 (Windows NT 10.0; Win64; x64) AppleWebKit/537.36 (KHTML, like Gecko) Chrome/151.0.0.0 Safari/537.36 Edg/151.0.0.0"
24.130.16.15 - - [17/Aug/2026:13:42:19 -0400] "GET /wp-content/themes/cesis/admin/redux-framework/inc/fields/editor/field_editor.min.js?ver=1786988538 HTTP/1.1" 200 573 "https://adept.hospitalinnovate.org/wp-admin/post.php?post=26&action=edit" "Mozilla/5.0 (Windows NT 10.0; Win64; x64) AppleWebKit/537.36 (KHTML, like Gecko) Chrome/151.0.0.0 Safari/537.36 Edg/151.0.0.0"
24.130.16.15 - - [17/Aug/2026:13:42:19 -0400] "GET /wp-content/themes/cesis/admin/redux-framework/inc/fields/spacing/field_spacing.min.js?ver=1786988538 HTTP/1.1" 200 1356 "https://adept.hospitalinnovate.org/wp-admin/post.php?post=26&action=edit" "Mozilla/5.0 (Windows NT 10.0; Win64; x64) AppleWebKit/537.36 (KHTML, like Gecko) Chrome/151.0.0.0 Safari/537.36 Edg/151.0.0.0"
24.130.16.15 - - [17/Aug/2026:13:42:19 -0400] "GET /wp-content/themes/cesis/admin/redux-framework/inc/fields/image_select/field_image_select.min.js?ver=1786988538 HTTP/1.1" 200 2209 "https://adept.hospitalinnovate.org/wp-admin/post.php?post=26&action=edit" "Mozilla/5.0 (Windows NT 10.0; Win64; x64) AppleWebKit/537.36 (KHTML, like Gecko) Chrome/151.0.0.0 Safari/537.36 Edg/151.0.0.0"
24.130.16.15 - - [17/Aug/2026:13:42:19 -0400] "GET /wp-content/themes/cesis/admin/redux-extensions/extensions/dev_iconselect/dev_iconselect/field_dev_iconselect.js?ver=1786988538 HTTP/1.1" 200 11377 "https://adept.hospitalinnovate.org/wp-admin/post.php?post=26&action=edit" "Mozilla/5.0 (Windows NT 10.0; Win64; x64) AppleWebKit/537.36 (KHTML, like Gecko) Chrome/151.0.0.0 Safari/537.36 Edg/151.0.0.0"
24.130.16.15 - - [17/Aug/2026:13:42:19 -0400] "GET /wp-content/themes/cesis/admin/redux-framework/inc/fields/gallery/field_gallery.min.js?ver=1786988538 HTTP/1.1" 200 1627 "https://adept.hospitalinnovate.org/wp-admin/post.php?post=26&action=edit" "Mozilla/5.0 (Windows NT 10.0; Win64; x64) AppleWebKit/537.36 (KHTML, like Gecko) Chrome/151.0.0.0 Safari/537.36 Edg/151.0.0.0"
24.130.16.15 - - [17/Aug/2026:13:42:19 -0400] "GET /wp-content/themes/cesis/admin/redux-extensions/extensions/wbc_importer/wbc_importer//field_wbc_importer.min.js?ver=1786988538 HTTP/1.1" 200 2674 "https://adept.hospitalinnovate.org/wp-admin/post.php?post=26&action=edit" "Mozilla/5.0 (Windows NT 10.0; Win64; x64) AppleWebKit/537.36 (KHTML, like Gecko) Chrome/151.0.0.0 Safari/537.36 Edg/151.0.0.0"
24.130.16.15 - - [17/Aug/2026:13:42:19 -0400] "GET /wp-content/plugins/revslider/admin/includes/shortcode_generator/wpbakery/assets/js/sr7-wpbakery.js?ver=8.7.2 HTTP/1.1" 304 - "https://adept.hospitalinnovate.org/wp-admin/post.php?post=26&action=edit" "Mozilla/5.0 (Windows NT 10.0; Win64; x64) AppleWebKit/537.36 (KHTML, like Gecko) Chrome/151.0.0.0 Safari/537.36 Edg/151.0.0.0"
24.130.16.15 - - [17/Aug/2026:13:42:19 -0400] "GET /wp-content/plugins/revslider/public/js/sr7.js?ver=7.0.3 HTTP/1.1" 304 - "https://adept.hospitalinnovate.org/wp-admin/post.php?post=26&action=edit" "Mozilla/5.0 (Windows NT 10.0; Win64; x64) AppleWebKit/537.36 (KHTML, like Gecko) Chrome/151.0.0.0 Safari/537.36 Edg/151.0.0.0"
24.130.16.15 - - [17/Aug/2026:13:42:19 -0400] "GET /wp-content/plugins/revslider/public/js/page.js?ver=7.0.3 HTTP/1.1" 304 - "https://adept.hospitalinnovate.org/wp-admin/post.php?post=26&action=edit" "Mozilla/5.0 (Windows NT 10.0; Win64; x64) AppleWebKit/537.36 (KHTML, like Gecko) Chrome/151.0.0.0 Safari/537.36 Edg/151.0.0.0"
24.130.16.15 - - [17/Aug/2026:13:42:19 -0400] "GET /wp-content/plugins/revslider/admin/includes/shortcode_generator/wpbakery/assets/js/sr6-wpbakery.js?ver=8.7.2 HTTP/1.1" 304 - "https://adept.hospitalinnovate.org/wp-admin/post.php?post=26&action=edit" "Mozilla/5.0 (Windows NT 10.0; Win64; x64) AppleWebKit/537.36 (KHTML, like Gecko) Chrome/151.0.0.0 Safari/537.36 Edg/151.0.0.0"
24.130.16.15 - - [17/Aug/2026:13:42:19 -0400] "GET /wp-content/plugins/revslider/public/js/libs/tptools.js?ver=7.0.3 HTTP/1.1" 304 - "https://adept.hospitalinnovate.org/wp-admin/post.php?post=26&action=edit" "Mozilla/5.0 (Windows NT 10.0; Win64; x64) AppleWebKit/537.36 (KHTML, like Gecko) Chrome/151.0.0.0 Safari/537.36 Edg/151.0.0.0"
69.39.225.240 - - [17/Aug/2026:13:42:20 -0400] "POST /wp-cron.php?doing_wp_cron=1786988540.1294579505920410156250 HTTP/1.1" 200 20 "-" "WordPress/7.0.4; https://adept.hospitalinnovate.org"
24.130.16.15 - - [17/Aug/2026:13:42:19 -0400] "POST /wp-admin/admin-ajax.php HTTP/1.1" 200 1818 "https://adept.hospitalinnovate.org/wp-admin/post.php?post=26&action=edit" "Mozilla/5.0 (Windows NT 10.0; Win64; x64) AppleWebKit/537.36 (KHTML, like Gecko) Chrome/151.0.0.0 Safari/537.36 Edg/151.0.0.0"
109.248.226.54 - - [17/Aug/2026:13:42:25 -0400] "GET /wp-content/3vk24.php?id=turned-down-cover-letter-job-previously-for HTTP/1.1" 403 199
24.130.16.15 - - [17/Aug/2026:13:42:49 -0400] "GET / HTTP/1.1" 200 24623 "https://adept.hospitalinnovate.org/wp-admin/post.php?post=26&action=edit&wpb-backend-editor" "Mozilla/5.0 (Windows NT 10.0; Win64; x64) AppleWebKit/537.36 (KHTML, like Gecko) Chrome/151.0.0.0 Safari/537.36 Edg/151.0.0.0"
24.130.16.15 - - [17/Aug/2026:13:42:50 -0400] "GET /wp-content/plugins/arconix-shortcodes/includes/css/font-awesome.min.css?ver=4.6.3 HTTP/1.1" 304 - "https://adept.hospitalinnovate.org/" "Mozilla/5.0 (Windows NT 10.0; Win64; x64) AppleWebKit/537.36 (KHTML, like Gecko) Chrome/151.0.0.0 Safari/537.36 Edg/151.0.0.0"
24.130.16.15 - - [17/Aug/2026:13:42:50 -0400] "GET /wp-content/plugins/arconix-shortcodes/includes/css/arconix-shortcodes.min.css?ver=2.2.1 HTTP/1.1" 304 - "https://adept.hospitalinnovate.org/" "Mozilla/5.0 (Windows NT 10.0; Win64; x64) AppleWebKit/537.36 (KHTML, like Gecko) Chrome/151.0.0.0 Safari/537.36 Edg/151.0.0.0"
24.130.16.15 - - [17/Aug/2026:13:42:50 -0400] "GET /wp-content/uploads/redux/custom-fonts/fonts.css?ver=1786988570 HTTP/1.1" 200 - "https://adept.hospitalinnovate.org/" "Mozilla/5.0 (Windows NT 10.0; Win64; x64) AppleWebKit/537.36 (KHTML, like Gecko) Chrome/151.0.0.0 Safari/537.36 Edg/151.0.0.0"
69.39.225.240 - - [17/Aug/2026:13:42:51 -0400] "POST /wp-cron.php?doing_wp_cron=1786988571.1028261184692382812500 HTTP/1.1" 200 20 "-" "WordPress/7.0.4; https://adept.hospitalinnovate.org"
24.130.16.15 - - [17/Aug/2026:13:42:50 -0400] "GET /wp-admin/admin-ajax.php?action=cesis_dynamic_css&ver=1.8.76 HTTP/1.1" 200 10814 "https://adept.hospitalinnovate.org/" "Mozilla/5.0 (Windows NT 10.0; Win64; x64) AppleWebKit/537.36 (KHTML, like Gecko) Chrome/151.0.0.0 Safari/537.36 Edg/151.0.0.0"
69.39.225.240 - - [17/Aug/2026:13:43:08 -0400] "POST /wp-cron.php?doing_wp_cron=1786988588.4715070724487304687500 HTTP/1.1" 200 20 "-" "WordPress/7.0.4; https://adept.hospitalinnovate.org"
24.130.16.15 - - [17/Aug/2026:13:43:07 -0400] "GET /wp-admin/themes.php HTTP/1.1" 200 30924 "https://adept.hospitalinnovate.org/wp-admin/post.php?post=26&action=edit&wpb-backend-editor" "Mozilla/5.0 (Windows NT 10.0; Win64; x64) AppleWebKit/537.36 (KHTML, like Gecko) Chrome/151.0.0.0 Safari/537.36 Edg/151.0.0.0"
24.130.16.15 - - [17/Aug/2026:13:43:08 -0400] "GET /wp-content/plugins/revslider/admin/includes/shortcode_generator/wpbakery/assets/css/sr7-wpbakery.css?ver=7.0.3 HTTP/1.1" 304 - "https://adept.hospitalinnovate.org/wp-admin/themes.php" "Mozilla/5.0 (Windows NT 10.0; Win64; x64) AppleWebKit/537.36 (KHTML, like Gecko) Chrome/151.0.0.0 Safari/537.36 Edg/151.0.0.0"
24.130.16.15 - - [17/Aug/2026:13:43:08 -0400] "GET /wp-content/plugins/revslider/admin/assets/css/base.css?ver=7.0.3 HTTP/1.1" 304 - "https://adept.hospitalinnovate.org/wp-admin/themes.php" "Mozilla/5.0 (Windows NT 10.0; Win64; x64) AppleWebKit/537.36 (KHTML, like Gecko) Chrome/151.0.0.0 Safari/537.36 Edg/151.0.0.0"
24.130.16.15 - - [17/Aug/2026:13:43:08 -0400] "GET /wp-content/plugins/revslider/admin/assets/css/editor.css?ver=7.0.3 HTTP/1.1" 304 - "https://adept.hospitalinnovate.org/wp-admin/themes.php" "Mozilla/5.0 (Windows NT 10.0; Win64; x64) AppleWebKit/537.36 (KHTML, like Gecko) Chrome/151.0.0.0 Safari/537.36 Edg/151.0.0.0"
24.130.16.15 - - [17/Aug/2026:13:43:08 -0400] "GET /wp-content/plugins/revslider/admin/assets/css/timeline.css?ver=7.0.3 HTTP/1.1" 304 - "https://adept.hospitalinnovate.org/wp-admin/themes.php" "Mozilla/5.0 (Windows NT 10.0; Win64; x64) AppleWebKit/537.36 (KHTML, like Gecko) Chrome/151.0.0.0 Safari/537.36 Edg/151.0.0.0"
24.130.16.15 - - [17/Aug/2026:13:43:08 -0400] "GET /wp-content/plugins/revslider/admin/assets/css/library.css?ver=7.0.3 HTTP/1.1" 304 - "https://adept.hospitalinnovate.org/wp-admin/themes.php" "Mozilla/5.0 (Windows NT 10.0; Win64; x64) AppleWebKit/537.36 (KHTML, like Gecko) Chrome/151.0.0.0 Safari/537.36 Edg/151.0.0.0"
24.130.16.15 - - [17/Aug/2026:13:43:08 -0400] "GET /wp-content/plugins/revslider/admin/assets/css/colorpicker.css?ver=7.0.3 HTTP/1.1" 304 - "https://adept.hospitalinnovate.org/wp-admin/themes.php" "Mozilla/5.0 (Windows NT 10.0; Win64; x64) AppleWebKit/537.36 (KHTML, like Gecko) Chrome/151.0.0.0 Safari/537.36 Edg/151.0.0.0"
24.130.16.15 - - [17/Aug/2026:13:43:08 -0400] "GET /wp-content/plugins/revslider/admin/assets/js/tools/tools.js?ver=7.0.3 HTTP/1.1" 304 - "https://adept.hospitalinnovate.org/wp-admin/themes.php" "Mozilla/5.0 (Windows NT 10.0; Win64; x64) AppleWebKit/537.36 (KHTML, like Gecko) Chrome/151.0.0.0 Safari/537.36 Edg/151.0.0.0"
24.130.16.15 - - [17/Aug/2026:13:43:08 -0400] "GET /wp-content/plugins/revslider/admin/assets/css/forms.css?ver=7.0.3 HTTP/1.1" 304 - "https://adept.hospitalinnovate.org/wp-admin/themes.php" "Mozilla/5.0 (Windows NT 10.0; Win64; x64) AppleWebKit/537.36 (KHTML, like Gecko) Chrome/151.0.0.0 Safari/537.36 Edg/151.0.0.0"
24.130.16.15 - - [17/Aug/2026:13:43:08 -0400] "GET /wp-content/plugins/revslider/admin/assets/js/dashboard.js?ver=7.0.3 HTTP/1.1" 304 - "https://adept.hospitalinnovate.org/wp-admin/themes.php" "Mozilla/5.0 (Windows NT 10.0; Win64; x64) AppleWebKit/537.36 (KHTML, like Gecko) Chrome/151.0.0.0 Safari/537.36 Edg/151.0.0.0"
24.130.16.15 - - [17/Aug/2026:13:43:08 -0400] "GET /wp-content/themes/cesis/screenshot.png?ver=1.8.76 HTTP/1.1" 200 15057 "https://adept.hospitalinnovate.org/wp-admin/themes.php" "Mozilla/5.0 (Windows NT 10.0; Win64; x64) AppleWebKit/537.36 (KHTML, like Gecko) Chrome/151.0.0.0 Safari/537.36 Edg/151.0.0.0"
24.130.16.15 - - [17/Aug/2026:13:43:08 -0400] "GET /wp-includes/js/customize-base.min.js?ver=7.0.4 HTTP/1.1" 200 7852 "https://adept.hospitalinnovate.org/wp-admin/themes.php" "Mozilla/5.0 (Windows NT 10.0; Win64; x64) AppleWebKit/537.36 (KHTML, like Gecko) Chrome/151.0.0.0 Safari/537.36 Edg/151.0.0.0"
24.130.16.15 - - [17/Aug/2026:13:43:08 -0400] "GET /wp-admin/js/theme.min.js?ver=7.0.4 HTTP/1.1" 200 27142 "https://adept.hospitalinnovate.org/wp-admin/themes.php" "Mozilla/5.0 (Windows NT 10.0; Win64; x64) AppleWebKit/537.36 (KHTML, like Gecko) Chrome/151.0.0.0 Safari/537.36 Edg/151.0.0.0"
24.130.16.15 - - [17/Aug/2026:13:43:08 -0400] "POST /wp-admin/admin-ajax.php HTTP/1.1" 200 21 "https://adept.hospitalinnovate.org/wp-admin/post.php?post=26&action=edit&wpb-backend-editor" "Mozilla/5.0 (Windows NT 10.0; Win64; x64) AppleWebKit/537.36 (KHTML, like Gecko) Chrome/151.0.0.0 Safari/537.36 Edg/151.0.0.0"
24.130.16.15 - - [17/Aug/2026:13:43:08 -0400] "GET /wp-content/themes/twentytwentyfive/screenshot.png?ver=1.5 HTTP/1.1" 200 216683 "https://adept.hospitalinnovate.org/wp-admin/themes.php" "Mozilla/5.0 (Windows NT 10.0; Win64; x64) AppleWebKit/537.36 (KHTML, like Gecko) Chrome/151.0.0.0 Safari/537.36 Edg/151.0.0.0"
24.130.16.15 - - [17/Aug/2026:13:43:09 -0400] "GET /wp-content/themes/twentytwentyfour/screenshot.png?ver=1.5 HTTP/1.1" 200 721059 "https://adept.hospitalinnovate.org/wp-admin/themes.php" "Mozilla/5.0 (Windows NT 10.0; Win64; x64) AppleWebKit/537.36 (KHTML, like Gecko) Chrome/151.0.0.0 Safari/537.36 Edg/151.0.0.0"
45.78.205.166 - - [17/Aug/2026:13:43:18 -0400] "GET /wp-content/uploads/2020/04/patient-family-advisory.jpg HTTP/1.1" 200 36087
69.39.225.240 - - [17/Aug/2026:13:44:10 -0400] "POST /wp-cron.php?doing_wp_cron=1786988650.1040220260620117187500 HTTP/1.1" 200 20 "-" "WordPress/7.0.4; https://adept.hospitalinnovate.org"
24.130.16.15 - - [17/Aug/2026:13:44:09 -0400] "POST /wp-admin/admin-ajax.php HTTP/1.1" 200 67 "https://adept.hospitalinnovate.org/wp-admin/themes.php" "Mozilla/5.0 (Windows NT 10.0; Win64; x64) AppleWebKit/537.36 (KHTML, like Gecko) Chrome/151.0.0.0 Safari/537.36 Edg/151.0.0.0"
180.181.244.244 - - [17/Aug/2026:13:44:58 -0400] "POST /xmlrpc.php HTTP/1.1" 503 7326
69.39.225.240 - - [17/Aug/2026:13:45:09 -0400] "POST /wp-cron.php?doing_wp_cron=1786988709.9723730087280273437500 HTTP/1.1" 200 20 "-" "WordPress/7.0.4; https://adept.hospitalinnovate.org"
24.130.16.15 - - [17/Aug/2026:13:45:09 -0400] "POST /wp-admin/admin-ajax.php HTTP/1.1" 200 67 "https://adept.hospitalinnovate.org/wp-admin/themes.php" "Mozilla/5.0 (Windows NT 10.0; Win64; x64) AppleWebKit/537.36 (KHTML, like Gecko) Chrome/151.0.0.0 Safari/537.36 Edg/151.0.0.0"
69.39.225.240 - - [17/Aug/2026:13:46:37 -0400] "POST /wp-cron.php?doing_wp_cron=1786988797.4768159389495849609375 HTTP/1.1" 200 20 "-" "WordPress/7.0.4; https://adept.hospitalinnovate.org"
24.130.16.15 - - [17/Aug/2026:13:46:36 -0400] "POST /wp-admin/admin-ajax.php HTTP/1.1" 200 67 "https://adept.hospitalinnovate.org/wp-admin/themes.php" "Mozilla/5.0 (Windows NT 10.0; Win64; x64) AppleWebKit/537.36 (KHTML, like Gecko) Chrome/151.0.0.0 Safari/537.36 Edg/151.0.0.0"
69.39.225.240 - - [17/Aug/2026:13:47:13 -0400] "POST /wp-cron.php?doing_wp_cron=1786988833.5992488861083984375000 HTTP/1.1" 200 20
5.39.1.228 - - [17/Aug/2026:13:47:13 -0400] "GET /sitemap_index.xml HTTP/1.1" 200 412
92.222.108.112 - - [17/Aug/2026:13:47:15 -0400] "GET /post-sitemap.xml HTTP/1.1" 200 372
5.39.1.238 - - [17/Aug/2026:13:47:16 -0400] "GET /page-sitemap.xml HTTP/1.1" 200 1932
54.37.118.83 - - [17/Aug/2026:13:47:18 -0400] "GET /home_slider-sitemap.xml HTTP/1.1" 200 417
51.68.247.210 - - [17/Aug/2026:13:47:20 -0400] "GET /portfolio-sitemap.xml HTTP/1.1" 200 305
92.222.104.205 - - [17/Aug/2026:13:47:21 -0400] "GET /yada_wiki-sitemap.xml HTTP/1.1" 200 419
94.23.188.221 - - [17/Aug/2026:13:47:23 -0400] "GET /category-sitemap.xml HTTP/1.1" 200 379
176.31.139.21 - - [17/Aug/2026:13:47:24 -0400] "GET /post_tag-sitemap.xml HTTP/1.1" 200 374
37.59.204.140 - - [17/Aug/2026:13:47:26 -0400] "GET /author-sitemap.xml HTTP/1.1" 200 375
69.39.225.240 - - [17/Aug/2026:13:47:38 -0400] "POST /wp-cron.php?doing_wp_cron=1786988858.1564879417419433593750 HTTP/1.1" 200 20 "-" "WordPress/7.0.4; https://adept.hospitalinnovate.org"
24.130.16.15 - - [17/Aug/2026:13:47:37 -0400] "POST /wp-admin/admin-ajax.php HTTP/1.1" 200 67 "https://adept.hospitalinnovate.org/wp-admin/themes.php" "Mozilla/5.0 (Windows NT 10.0; Win64; x64) AppleWebKit/537.36 (KHTML, like Gecko) Chrome/151.0.0.0 Safari/537.36 Edg/151.0.0.0"
69.39.225.240 - - [17/Aug/2026:13:49:39 -0400] "POST /wp-cron.php?doing_wp_cron=1786988979.1616060733795166015625 HTTP/1.1" 200 20 "-" "WordPress/7.0.4; https://adept.hospitalinnovate.org"
24.130.16.15 - - [17/Aug/2026:13:49:38 -0400] "POST /wp-admin/admin-ajax.php HTTP/1.1" 200 67 "https://adept.hospitalinnovate.org/wp-admin/themes.php" "Mozilla/5.0 (Windows NT 10.0; Win64; x64) AppleWebKit/537.36 (KHTML, like Gecko) Chrome/151.0.0.0 Safari/537.36 Edg/151.0.0.0"
69.39.225.240 - - [17/Aug/2026:13:49:58 -0400] "POST /wp-cron.php?doing_wp_cron=1786988998.0001969337463378906250 HTTP/1.1" 200 20 "-" "WordPress/7.0.4; https://adept.hospitalinnovate.org"
24.130.16.15 - - [17/Aug/2026:13:49:57 -0400] "GET /wp-admin/admin.php?page=vc-general HTTP/1.1" 200 40078 "https://adept.hospitalinnovate.org/wp-admin/themes.php" "Mozilla/5.0 (Windows NT 10.0; Win64; x64) AppleWebKit/537.36 (KHTML, like Gecko) Chrome/151.0.0.0 Safari/537.36 Edg/151.0.0.0"
24.130.16.15 - - [17/Aug/2026:13:49:58 -0400] "GET /wp-content/plugins/revslider/admin/includes/shortcode_generator/wpbakery/assets/css/sr7-wpbakery.css?ver=7.0.3 HTTP/1.1" 304 - "https://adept.hospitalinnovate.org/wp-admin/admin.php?page=vc-general" "Mozilla/5.0 (Windows NT 10.0; Win64; x64) AppleWebKit/537.36 (KHTML, like Gecko) Chrome/151.0.0.0 Safari/537.36 Edg/151.0.0.0"
24.130.16.15 - - [17/Aug/2026:13:49:58 -0400] "GET /wp-content/plugins/js_composer/assets/css/js_composer_settings.min.css?ver=8.7.2 HTTP/1.1" 200 130201 "https://adept.hospitalinnovate.org/wp-admin/admin.php?page=vc-general" "Mozilla/5.0 (Windows NT 10.0; Win64; x64) AppleWebKit/537.36 (KHTML, like Gecko) Chrome/151.0.0.0 Safari/537.36 Edg/151.0.0.0"
24.130.16.15 - - [17/Aug/2026:13:49:58 -0400] "GET /wp-content/plugins/arconix-shortcodes/includes/css/admin.css?ver=2.2.1 HTTP/1.1" 304 - "https://adept.hospitalinnovate.org/wp-admin/admin.php?page=vc-general" "Mozilla/5.0 (Windows NT 10.0; Win64; x64) AppleWebKit/537.36 (KHTML, like Gecko) Chrome/151.0.0.0 Safari/537.36 Edg/151.0.0.0"
24.130.16.15 - - [17/Aug/2026:13:49:58 -0400] "GET /wp-content/plugins/revslider/admin/assets/css/timeline.css?ver=7.0.3 HTTP/1.1" 304 - "https://adept.hospitalinnovate.org/wp-admin/admin.php?page=vc-general" "Mozilla/5.0 (Windows NT 10.0; Win64; x64) AppleWebKit/537.36 (KHTML, like Gecko) Chrome/151.0.0.0 Safari/537.36 Edg/151.0.0.0"
24.130.16.15 - - [17/Aug/2026:13:49:58 -0400] "GET /wp-content/plugins/revslider/admin/assets/css/forms.css?ver=7.0.3 HTTP/1.1" 304 - "https://adept.hospitalinnovate.org/wp-admin/admin.php?page=vc-general" "Mozilla/5.0 (Windows NT 10.0; Win64; x64) AppleWebKit/537.36 (KHTML, like Gecko) Chrome/151.0.0.0 Safari/537.36 Edg/151.0.0.0"
24.130.16.15 - - [17/Aug/2026:13:49:58 -0400] "GET /wp-content/plugins/revslider/admin/assets/css/editor.css?ver=7.0.3 HTTP/1.1" 304 - "https://adept.hospitalinnovate.org/wp-admin/admin.php?page=vc-general" "Mozilla/5.0 (Windows NT 10.0; Win64; x64) AppleWebKit/537.36 (KHTML, like Gecko) Chrome/151.0.0.0 Safari/537.36 Edg/151.0.0.0"
24.130.16.15 - - [17/Aug/2026:13:49:58 -0400] "GET /wp-content/plugins/revslider/admin/assets/css/library.css?ver=7.0.3 HTTP/1.1" 304 - "https://adept.hospitalinnovate.org/wp-admin/admin.php?page=vc-general" "Mozilla/5.0 (Windows NT 10.0; Win64; x64) AppleWebKit/537.36 (KHTML, like Gecko) Chrome/151.0.0.0 Safari/537.36 Edg/151.0.0.0"
24.130.16.15 - - [17/Aug/2026:13:49:58 -0400] "GET /wp-content/plugins/revslider/admin/assets/css/base.css?ver=7.0.3 HTTP/1.1" 304 - "https://adept.hospitalinnovate.org/wp-admin/admin.php?page=vc-general" "Mozilla/5.0 (Windows NT 10.0; Win64; x64) AppleWebKit/537.36 (KHTML, like Gecko) Chrome/151.0.0.0 Safari/537.36 Edg/151.0.0.0"
24.130.16.15 - - [17/Aug/2026:13:49:58 -0400] "GET /wp-content/plugins/revslider/admin/assets/js/tools/tools.js?ver=7.0.3 HTTP/1.1" 304 - "https://adept.hospitalinnovate.org/wp-admin/admin.php?page=vc-general" "Mozilla/5.0 (Windows NT 10.0; Win64; x64) AppleWebKit/537.36 (KHTML, like Gecko) Chrome/151.0.0.0 Safari/537.36 Edg/151.0.0.0"
24.130.16.15 - - [17/Aug/2026:13:49:58 -0400] "GET /wp-content/plugins/revslider/admin/assets/css/colorpicker.css?ver=7.0.3 HTTP/1.1" 304 - "https://adept.hospitalinnovate.org/wp-admin/admin.php?page=vc-general" "Mozilla/5.0 (Windows NT 10.0; Win64; x64) AppleWebKit/537.36 (KHTML, like Gecko) Chrome/151.0.0.0 Safari/537.36 Edg/151.0.0.0"
24.130.16.15 - - [17/Aug/2026:13:49:58 -0400] "GET /wp-content/plugins/revslider/admin/assets/js/dashboard.js?ver=7.0.3 HTTP/1.1" 304 - "https://adept.hospitalinnovate.org/wp-admin/admin.php?page=vc-general" "Mozilla/5.0 (Windows NT 10.0; Win64; x64) AppleWebKit/537.36 (KHTML, like Gecko) Chrome/151.0.0.0 Safari/537.36 Edg/151.0.0.0"
24.130.16.15 - - [17/Aug/2026:13:49:58 -0400] "GET /wp-content/plugins/arconix-shortcodes/includes/component/tracking-data/assets/images/site-logo-new.jpg HTTP/1.1" 304 - "https://adept.hospitalinnovate.org/wp-admin/admin.php?page=vc-general" "Mozilla/5.0 (Windows NT 10.0; Win64; x64) AppleWebKit/537.36 (KHTML, like Gecko) Chrome/151.0.0.0 Safari/537.36 Edg/151.0.0.0"
24.130.16.15 - - [17/Aug/2026:13:49:58 -0400] "GET /wp-admin/load-scripts.php?c=0&load%5Bchunk_0%5D=jquery-core,jquery-migrate,utils,underscore,shortcode,thickbox,media-upload&ver=7.0.4 HTTP/1.1" 200 47479 "https://adept.hospitalinnovate.org/wp-admin/admin.php?page=vc-general" "Mozilla/5.0 (Windows NT 10.0; Win64; x64) AppleWebKit/537.36 (KHTML, like Gecko) Chrome/151.0.0.0 Safari/537.36 Edg/151.0.0.0"
24.130.16.15 - - [17/Aug/2026:13:49:58 -0400] "GET /wp-content/plugins/js_composer/assets/js/dist/settings.min.js?ver=8.7.2 HTTP/1.1" 200 15047 "https://adept.hospitalinnovate.org/wp-admin/admin.php?page=vc-general" "Mozilla/5.0 (Windows NT 10.0; Win64; x64) AppleWebKit/537.36 (KHTML, like Gecko) Chrome/151.0.0.0 Safari/537.36 Edg/151.0.0.0"
24.130.16.15 - - [17/Aug/2026:13:49:58 -0400] "GET /wp-content/plugins/arconix-shortcodes/includes/component/tracking-data/assets/js/dismiss-notice.js?ver=7.0.4 HTTP/1.1" 304 - "https://adept.hospitalinnovate.org/wp-admin/admin.php?page=vc-general" "Mozilla/5.0 (Windows NT 10.0; Win64; x64) AppleWebKit/537.36 (KHTML, like Gecko) Chrome/151.0.0.0 Safari/537.36 Edg/151.0.0.0"
69.39.225.240 - - [17/Aug/2026:13:50:03 -0400] "POST /wp-cron.php?doing_wp_cron=1786989003.4325230121612548828125 HTTP/1.1" 200 20 "-" "WordPress/7.0.4; https://adept.hospitalinnovate.org"
24.130.16.15 - - [17/Aug/2026:13:50:02 -0400] "GET /wp-admin/admin.php?page=vc-updater HTTP/1.1" 200 38907 "https://adept.hospitalinnovate.org/wp-admin/admin.php?page=vc-general" "Mozilla/5.0 (Windows NT 10.0; Win64; x64) AppleWebKit/537.36 (KHTML, like Gecko) Chrome/151.0.0.0 Safari/537.36 Edg/151.0.0.0"
24.130.16.15 - - [17/Aug/2026:13:50:03 -0400] "GET /wp-admin//images/wpspin_light.gif HTTP/1.1" 200 2052 "https://adept.hospitalinnovate.org/wp-admin/admin.php?page=vc-updater" "Mozilla/5.0 (Windows NT 10.0; Win64; x64) AppleWebKit/537.36 (KHTML, like Gecko) Chrome/151.0.0.0 Safari/537.36 Edg/151.0.0.0"
3.84.83.99 - - [17/Aug/2026:13:50:05 -0400] "GET /projects/adept-study/ HTTP/1.1" 200 36906
69.39.225.240 - - [17/Aug/2026:13:50:06 -0400] "POST /wp-cron.php?doing_wp_cron=1786989006.8256649971008300781250 HTTP/1.1" 200 20 "-" "WordPress/7.0.4; https://adept.hospitalinnovate.org"
24.130.16.15 - - [17/Aug/2026:13:50:05 -0400] "GET /wp-admin/admin-ajax.php?action=vc_get_activation_url&_vcnonce=567789ca69 HTTP/1.1" 200 186 "https://adept.hospitalinnovate.org/wp-admin/admin.php?page=vc-updater" "Mozilla/5.0 (Windows NT 10.0; Win64; x64) AppleWebKit/537.36 (KHTML, like Gecko) Chrome/151.0.0.0 Safari/537.36 Edg/151.0.0.0"
96.255.250.120 - - [17/Aug/2026:13:50:10 -0400] "GET /projects/adept-study/ HTTP/1.1" 200 36906
96.255.250.120 - - [17/Aug/2026:13:50:10 -0400] "GET /wp-content/plugins/contact-form-7/includes/css/styles.css?ver=5.6.1 HTTP/1.1" 200 2731
96.255.250.120 - - [17/Aug/2026:13:50:10 -0400] "GET /wp-content/plugins/salient-social/css/style.css?ver=1.1 HTTP/1.1" 200 19135
96.255.250.120 - - [17/Aug/2026:13:50:10 -0400] "GET /wp-content/plugins/yada-wiki/css/yadawiki.css?ver=5.9.16 HTTP/1.1" 200 2908
96.255.250.120 - - [17/Aug/2026:13:50:10 -0400] "GET /wp-content/themes/salient/css/font-awesome.min.css?ver=4.6.4 HTTP/1.1" 200 52425
96.255.250.120 - - [17/Aug/2026:13:50:10 -0400] "GET /wp-content/themes/salient/css/grid-system.css?ver=11.0.4 HTTP/1.1" 200 65243
96.255.250.120 - - [17/Aug/2026:13:50:10 -0400] "GET /wp-content/themes/salient/css/off-canvas/simple-dropdown.css?ver=11.0.4 HTTP/1.1" 200 6619
96.255.250.120 - - [17/Aug/2026:13:50:10 -0400] "GET /wp-content/themes/salient/css/elements/element-wpb-column-border.css?ver=11.0.4 HTTP/1.1" 200 21320
96.255.250.120 - - [17/Aug/2026:13:50:10 -0400] "GET /wp-content/themes/salient/css/plugins/magnific.css?ver=8.6.0 HTTP/1.1" 200 10953
96.255.250.120 - - [17/Aug/2026:13:50:10 -0400] "GET /wp-content/themes/salient/css/responsive.css?ver=11.0.4 HTTP/1.1" 200 106346
96.255.250.120 - - [17/Aug/2026:13:50:10 -0400] "GET /wp-content/themes/salient/css/style.css?ver=11.0.4 HTTP/1.1" 200 572594
96.255.250.120 - - [17/Aug/2026:13:50:10 -0400] "GET /wp-content/themes/salient/css/skin-original.css?ver=11.0.4 HTTP/1.1" 200 17496
96.255.250.120 - - [17/Aug/2026:13:50:10 -0400] "GET /wp-content/plugins/wpdiscuz/assets/third-party/font-awesome-5.13.0/css/fa.min.css?ver=7.6.54 HTTP/1.1" 200 11603
96.255.250.120 - - [17/Aug/2026:13:50:10 -0400] "GET /wp-content/plugins/wpdiscuz/assets/css/wpdiscuz-combo.min.css?ver=5.9.16 HTTP/1.1" 200 37466
96.255.250.120 - - [17/Aug/2026:13:50:10 -0400] "GET /wp-content/plugins/wpdiscuz/themes/default/style.css?ver=7.6.54 HTTP/1.1" 200 116527
96.255.250.120 - - [17/Aug/2026:13:50:10 -0400] "GET /wp-content/plugins/cf7-conditional-fields/style.css?ver=2.7.8 HTTP/1.1" 200 1778
96.255.250.120 - - [17/Aug/2026:13:50:10 -0400] "GET /wp-content/plugins/js_composer_salient/assets/css/js_composer.min.css?ver=6.1 HTTP/1.1" 200 111512
96.255.250.120 - - [17/Aug/2026:13:50:10 -0400] "GET /wp-content/plugins/popup-anything-on-click/assets/css/popupaoc-public.css?ver=2.9.1 HTTP/1.1" 200 54015
96.255.250.120 - - [17/Aug/2026:13:50:10 -0400] "GET /wp-content/plugins/ultimate-member/assets/css/um-modal.min.css?ver=2.8.9 HTTP/1.1" 200 2971
96.255.250.120 - - [17/Aug/2026:13:50:10 -0400] "GET /wp-content/plugins/ultimate-member/assets/libs/jquery-ui/jquery-ui.min.css?ver=1.13.2 HTTP/1.1" 200 32695
96.255.250.120 - - [17/Aug/2026:13:50:10 -0400] "GET /wp-content/plugins/ultimate-member/assets/libs/tipsy/tipsy.min.css?ver=1.0.0a HTTP/1.1" 200 1696
96.255.250.120 - - [17/Aug/2026:13:50:10 -0400] "GET /wp-content/plugins/ultimate-member/assets/libs/raty/um-raty.min.css?ver=2.6.0 HTTP/1.1" 200 876
96.255.250.120 - - [17/Aug/2026:13:50:10 -0400] "GET /wp-content/plugins/ultimate-member/assets/css/um-fileupload.min.css?ver=2.8.9 HTTP/1.1" 200 2963
96.255.250.120 - - [17/Aug/2026:13:50:10 -0400] "GET /wp-content/plugins/ultimate-member/assets/libs/select2/select2.min.css?ver=4.0.13 HTTP/1.1" 200 14966
96.255.250.120 - - [17/Aug/2026:13:50:10 -0400] "GET /wp-content/plugins/ultimate-member/assets/libs/um-confirm/um-confirm.min.css?ver=1.0 HTTP/1.1" 200 873
96.255.250.120 - - [17/Aug/2026:13:50:10 -0400] "GET /wp-content/plugins/ultimate-member/assets/libs/pickadate/default.min.css?ver=3.6.2 HTTP/1.1" 200 2000
96.255.250.120 - - [17/Aug/2026:13:50:10 -0400] "GET /wp-content/plugins/ultimate-member/assets/libs/pickadate/default.date.min.css?ver=3.6.2 HTTP/1.1" 200 3770
96.255.250.120 - - [17/Aug/2026:13:50:10 -0400] "GET /wp-content/plugins/ultimate-member/assets/libs/pickadate/default.time.min.css?ver=3.6.2 HTTP/1.1" 200 1452
96.255.250.120 - - [17/Aug/2026:13:50:10 -0400] "GET /wp-content/plugins/ultimate-member/assets/libs/legacy/fonticons/fonticons-ii.min.css?ver=2.8.9 HTTP/1.1" 200 34543
96.255.250.120 - - [17/Aug/2026:13:50:10 -0400] "GET /wp-content/plugins/ultimate-member/assets/libs/legacy/fonticons/fonticons-fa.min.css?ver=2.8.9 HTTP/1.1" 200 24175
96.255.250.120 - - [17/Aug/2026:13:50:10 -0400] "GET /wp-content/plugins/ultimate-member/assets/css/um-fontawesome.min.css?ver=6.5.2 HTTP/1.1" 200 278002
96.255.250.120 - - [17/Aug/2026:13:50:10 -0400] "GET /wp-content/plugins/ultimate-member/assets/css/common.min.css?ver=2.8.9 HTTP/1.1" 200 573
96.255.250.120 - - [17/Aug/2026:13:50:10 -0400] "GET /wp-content/plugins/ultimate-member/assets/css/um-responsive.min.css?ver=2.8.9 HTTP/1.1" 200 10083
96.255.250.120 - - [17/Aug/2026:13:50:10 -0400] "GET /wp-content/plugins/ultimate-member/assets/css/um-styles.min.css?ver=2.8.9 HTTP/1.1" 200 21608
96.255.250.120 - - [17/Aug/2026:13:50:10 -0400] "GET /wp-content/plugins/ultimate-member/assets/libs/cropper/cropper.min.css?ver=1.6.1 HTTP/1.1" 200 3768
96.255.250.120 - - [17/Aug/2026:13:50:10 -0400] "GET /wp-content/plugins/ultimate-member/assets/css/um-profile.min.css?ver=2.8.9 HTTP/1.1" 200 7715
96.255.250.120 - - [17/Aug/2026:13:50:10 -0400] "GET /wp-content/plugins/ultimate-member/assets/css/um-account.min.css?ver=2.8.9 HTTP/1.1" 200 3735
96.255.250.120 - - [17/Aug/2026:13:50:10 -0400] "GET /wp-content/plugins/ultimate-member/assets/css/um-old-default.min.css?ver=2.8.9 HTTP/1.1" 200 5275
96.255.250.120 - - [17/Aug/2026:13:50:10 -0400] "GET /wp-content/uploads/ultimatemember/um_old_settings.css?ver=2.0.0 HTTP/1.1" 200 5738
96.255.250.120 - - [17/Aug/2026:13:50:10 -0400] "GET /wp-content/plugins/ultimate-member/assets/css/um-misc.min.css?ver=2.8.9 HTTP/1.1" 200 1656
96.255.250.120 - - [17/Aug/2026:13:50:10 -0400] "GET /wp-content/plugins/easy-twitter-feeds/assets/js/widget.js?ver=1.2.11 HTTP/1.1" 200 93246
96.255.250.120 - - [17/Aug/2026:13:50:10 -0400] "GET /wp-includes/js/jquery/jquery.min.js?ver=3.6.0 HTTP/1.1" 200 89521
96.255.250.120 - - [17/Aug/2026:13:50:10 -0400] "GET /wp-includes/js/jquery/jquery-migrate.min.js?ver=3.3.2 HTTP/1.1" 200 11224
96.255.250.120 - - [17/Aug/2026:13:50:10 -0400] "GET /wp-content/plugins/ultimate-member/assets/js/um-gdpr.min.js?ver=2.8.9 HTTP/1.1" 200 388
96.255.250.120 - - [17/Aug/2026:13:50:10 -0400] "GET /wp-content/plugins/popup-anything-on-click/assets/js/custombox.legacy.min.js?ver=2.9.1 HTTP/1.1" 200 104805
96.255.250.120 - - [17/Aug/2026:13:50:10 -0400] "GET /wp-content/uploads/2020/04/homerun-70h.png HTTP/1.1" 200 20946
96.255.250.120 - - [17/Aug/2026:13:50:10 -0400] "GET /wp-content/uploads/2023/04/adept-transparent-350x120-1.png HTTP/1.1" 200 47633
96.255.250.120 - - [17/Aug/2026:13:50:10 -0400] "GET /wp-content/uploads/2020/03/homerun-footer.png HTTP/1.1" 200 6713
96.255.250.120 - - [17/Aug/2026:13:50:10 -0400] "GET /wp-content/uploads/2020/04/about-homerun.jpg HTTP/1.1" 200 37721
96.255.250.120 - - [17/Aug/2026:13:50:10 -0400] "GET /wp-content/themes/salient/js/third-party/jquery.easing.js?ver=1.3 HTTP/1.1" 200 6601
96.255.250.120 - - [17/Aug/2026:13:50:10 -0400] "GET /wp-content/plugins/popup-anything-on-click/assets/js/popupaoc-public.js?ver=2.9.1 HTTP/1.1" 200 8600
96.255.250.120 - - [17/Aug/2026:13:50:10 -0400] "GET /wp-includes/js/dist/vendor/wp-polyfill.min.js?ver=3.15.0 HTTP/1.1" 200 19261
96.255.250.120 - - [17/Aug/2026:13:50:10 -0400] "GET /wp-includes/js/dist/vendor/regenerator-runtime.min.js?ver=0.13.9 HTTP/1.1" 200 6494
96.255.250.120 - - [17/Aug/2026:13:50:10 -0400] "GET /wp-content/plugins/salient-social/js/salient-social.js?ver=1.1 HTTP/1.1" 200 10796
