24.130.16.15 - - [17/Aug/2026:13:23:42 -0400] "GET /wp-includes/js/tinymce/plugins/textcolor/plugin.min.js?wp-mce-49110-20250317 HTTP/1.1" 200 4927 "https://adept.hospitalinnovate.org/wp-admin/post.php?post=2&action=edit&wpb-backend-editor" "Mozilla/5.0 (Windows NT 10.0; Win64; x64) AppleWebKit/537.36 (KHTML, like Gecko) Chrome/151.0.0.0 Safari/537.36 Edg/151.0.0.0"
24.130.16.15 - - [17/Aug/2026:13:23:42 -0400] "GET /wp-includes/js/tinymce/plugins/wordpress/plugin.min.js?wp-mce-49110-20250317 HTTP/1.1" 200 16407 "https://adept.hospitalinnovate.org/wp-admin/post.php?post=2&action=edit&wpb-backend-editor" "Mozilla/5.0 (Windows NT 10.0; Win64; x64) AppleWebKit/537.36 (KHTML, like Gecko) Chrome/151.0.0.0 Safari/537.36 Edg/151.0.0.0"
24.130.16.15 - - [17/Aug/2026:13:23:42 -0400] "GET /wp-includes/js/tinymce/plugins/fullscreen/plugin.min.js?wp-mce-49110-20250317 HTTP/1.1" 200 2184 "https://adept.hospitalinnovate.org/wp-admin/post.php?post=2&action=edit&wpb-backend-editor" "Mozilla/5.0 (Windows NT 10.0; Win64; x64) AppleWebKit/537.36 (KHTML, like Gecko) Chrome/151.0.0.0 Safari/537.36 Edg/151.0.0.0"
24.130.16.15 - - [17/Aug/2026:13:23:42 -0400] "GET /wp-includes/js/tinymce/plugins/wpautoresize/plugin.min.js?wp-mce-49110-20250317 HTTP/1.1" 200 2344 "https://adept.hospitalinnovate.org/wp-admin/post.php?post=2&action=edit&wpb-backend-editor" "Mozilla/5.0 (Windows NT 10.0; Win64; x64) AppleWebKit/537.36 (KHTML, like Gecko) Chrome/151.0.0.0 Safari/537.36 Edg/151.0.0.0"
24.130.16.15 - - [17/Aug/2026:13:23:42 -0400] "GET /wp-includes/js/tinymce/plugins/wpemoji/plugin.min.js?wp-mce-49110-20250317 HTTP/1.1" 200 1519 "https://adept.hospitalinnovate.org/wp-admin/post.php?post=2&action=edit&wpb-backend-editor" "Mozilla/5.0 (Windows NT 10.0; Win64; x64) AppleWebKit/537.36 (KHTML, like Gecko) Chrome/151.0.0.0 Safari/537.36 Edg/151.0.0.0"
24.130.16.15 - - [17/Aug/2026:13:23:42 -0400] "GET /wp-includes/js/tinymce/plugins/wpeditimage/plugin.min.js?wp-mce-49110-20250317 HTTP/1.1" 200 12067 "https://adept.hospitalinnovate.org/wp-admin/post.php?post=2&action=edit&wpb-backend-editor" "Mozilla/5.0 (Windows NT 10.0; Win64; x64) AppleWebKit/537.36 (KHTML, like Gecko) Chrome/151.0.0.0 Safari/537.36 Edg/151.0.0.0"
24.130.16.15 - - [17/Aug/2026:13:23:42 -0400] "GET /wp-includes/js/tinymce/plugins/wpgallery/plugin.min.js?wp-mce-49110-20250317 HTTP/1.1" 200 1623 "https://adept.hospitalinnovate.org/wp-admin/post.php?post=2&action=edit&wpb-backend-editor" "Mozilla/5.0 (Windows NT 10.0; Win64; x64) AppleWebKit/537.36 (KHTML, like Gecko) Chrome/151.0.0.0 Safari/537.36 Edg/151.0.0.0"
24.130.16.15 - - [17/Aug/2026:13:23:42 -0400] "GET /wp-includes/js/tinymce/plugins/wplink/plugin.min.js?wp-mce-49110-20250317 HTTP/1.1" 200 8988 "https://adept.hospitalinnovate.org/wp-admin/post.php?post=2&action=edit&wpb-backend-editor" "Mozilla/5.0 (Windows NT 10.0; Win64; x64) AppleWebKit/537.36 (KHTML, like Gecko) Chrome/151.0.0.0 Safari/537.36 Edg/151.0.0.0"
24.130.16.15 - - [17/Aug/2026:13:23:42 -0400] "GET /wp-includes/js/tinymce/plugins/wpdialogs/plugin.min.js?wp-mce-49110-20250317 HTTP/1.1" 200 1322 "https://adept.hospitalinnovate.org/wp-admin/post.php?post=2&action=edit&wpb-backend-editor" "Mozilla/5.0 (Windows NT 10.0; Win64; x64) AppleWebKit/537.36 (KHTML, like Gecko) Chrome/151.0.0.0 Safari/537.36 Edg/151.0.0.0"
24.130.16.15 - - [17/Aug/2026:13:23:42 -0400] "GET /wp-includes/js/tinymce/plugins/wptextpattern/plugin.min.js?wp-mce-49110-20250317 HTTP/1.1" 200 3121 "https://adept.hospitalinnovate.org/wp-admin/post.php?post=2&action=edit&wpb-backend-editor" "Mozilla/5.0 (Windows NT 10.0; Win64; x64) AppleWebKit/537.36 (KHTML, like Gecko) Chrome/151.0.0.0 Safari/537.36 Edg/151.0.0.0"
24.130.16.15 - - [17/Aug/2026:13:23:42 -0400] "GET /wp-includes/js/tinymce/plugins/wpview/plugin.min.js?wp-mce-49110-20250317 HTTP/1.1" 200 2902 "https://adept.hospitalinnovate.org/wp-admin/post.php?post=2&action=edit&wpb-backend-editor" "Mozilla/5.0 (Windows NT 10.0; Win64; x64) AppleWebKit/537.36 (KHTML, like Gecko) Chrome/151.0.0.0 Safari/537.36 Edg/151.0.0.0"
24.130.16.15 - - [17/Aug/2026:13:23:42 -0400] "GET /wp-includes/js/tinymce/skins/lightgray/skin.min.css?wp-mce-49110-20250317 HTTP/1.1" 200 44010 "https://adept.hospitalinnovate.org/wp-admin/post.php?post=2&action=edit&wpb-backend-editor" "Mozilla/5.0 (Windows NT 10.0; Win64; x64) AppleWebKit/537.36 (KHTML, like Gecko) Chrome/151.0.0.0 Safari/537.36 Edg/151.0.0.0"
24.130.16.15 - - [17/Aug/2026:13:23:42 -0400] "GET /wp-includes/css/dashicons.min.css?ver=7.0.4&wp-mce-49110-20250317 HTTP/1.1" 200 59004 "https://adept.hospitalinnovate.org/wp-admin/post.php?post=2&action=edit&wpb-backend-editor" "Mozilla/5.0 (Windows NT 10.0; Win64; x64) AppleWebKit/537.36 (KHTML, like Gecko) Chrome/151.0.0.0 Safari/537.36 Edg/151.0.0.0"
24.130.16.15 - - [17/Aug/2026:13:23:42 -0400] "GET /wp-includes/js/tinymce/skins/lightgray/content.min.css?wp-mce-49110-20250317 HTTP/1.1" 200 4017 "https://adept.hospitalinnovate.org/wp-admin/post.php?post=2&action=edit&wpb-backend-editor" "Mozilla/5.0 (Windows NT 10.0; Win64; x64) AppleWebKit/537.36 (KHTML, like Gecko) Chrome/151.0.0.0 Safari/537.36 Edg/151.0.0.0"
24.130.16.15 - - [17/Aug/2026:13:23:42 -0400] "GET /wp-content/uploads/redux/custom-fonts/fonts.css?wp-mce-49110-20250317 HTTP/1.1" 200 - "https://adept.hospitalinnovate.org/wp-admin/post.php?post=2&action=edit&wpb-backend-editor" "Mozilla/5.0 (Windows NT 10.0; Win64; x64) AppleWebKit/537.36 (KHTML, like Gecko) Chrome/151.0.0.0 Safari/537.36 Edg/151.0.0.0"
24.130.16.15 - - [17/Aug/2026:13:23:42 -0400] "GET /wp-includes/js/tinymce/skins/wordpress/wp-content.css?ver=7.0.4&wp-mce-49110-20250317 HTTP/1.1" 200 8760 "https://adept.hospitalinnovate.org/wp-admin/post.php?post=2&action=edit&wpb-backend-editor" "Mozilla/5.0 (Windows NT 10.0; Win64; x64) AppleWebKit/537.36 (KHTML, like Gecko) Chrome/151.0.0.0 Safari/537.36 Edg/151.0.0.0"
24.130.16.15 - - [17/Aug/2026:13:23:43 -0400] "GET /wp-content/plugins/js_composer/assets/vc/loaders/spinner.svg HTTP/1.1" 200 390 "https://adept.hospitalinnovate.org/wp-content/plugins/js_composer/assets/css/js_composer_backend_editor.min.css?ver=8.7.2" "Mozilla/5.0 (Windows NT 10.0; Win64; x64) AppleWebKit/537.36 (KHTML, like Gecko) Chrome/151.0.0.0 Safari/537.36 Edg/151.0.0.0"
69.39.225.240 - - [17/Aug/2026:13:23:43 -0400] "POST /wp-cron.php?doing_wp_cron=1786987423.7662079334259033203125 HTTP/1.1" 200 20 "-" "WordPress/7.0.4; https://adept.hospitalinnovate.org"
24.130.16.15 - - [17/Aug/2026:13:23:43 -0400] "POST /wp-admin/admin-ajax.php HTTP/1.1" 200 54854 "https://adept.hospitalinnovate.org/wp-admin/post.php?post=2&action=edit&wpb-backend-editor" "Mozilla/5.0 (Windows NT 10.0; Win64; x64) AppleWebKit/537.36 (KHTML, like Gecko) Chrome/151.0.0.0 Safari/537.36 Edg/151.0.0.0"
24.130.16.15 - - [17/Aug/2026:13:23:44 -0400] "GET /wp-content/plugins/js_composer/assets/js/dist/edit-form.min.js HTTP/1.1" 200 13783 "https://adept.hospitalinnovate.org/wp-admin/post.php?post=2&action=edit&wpb-backend-editor" "Mozilla/5.0 (Windows NT 10.0; Win64; x64) AppleWebKit/537.36 (KHTML, like Gecko) Chrome/151.0.0.0 Safari/537.36 Edg/151.0.0.0"
24.130.16.15 - - [17/Aug/2026:13:23:44 -0400] "GET /wp-content/plugins/js_composer/assets/css/lib/vc-entypo/fonts/vc_entypo.woff HTTP/1.1" 200 45152 "https://adept.hospitalinnovate.org/wp-content/plugins/js_composer/assets/css/lib/vc-entypo/vc_entypo.min.css?ver=8.7.2" "Mozilla/5.0 (Windows NT 10.0; Win64; x64) AppleWebKit/537.36 (KHTML, like Gecko) Chrome/151.0.0.0 Safari/537.36 Edg/151.0.0.0"
24.130.16.15 - - [17/Aug/2026:13:23:44 -0400] "GET /wp-content/plugins/js_composer/assets/css/lib/vc-open-iconic/fonts/vc_openiconic.woff?54101537 HTTP/1.1" 200 13824 "https://adept.hospitalinnovate.org/wp-content/plugins/js_composer/assets/css/lib/vc-open-iconic/vc_openiconic.min.css?ver=8.7.2" "Mozilla/5.0 (Windows NT 10.0; Win64; x64) AppleWebKit/537.36 (KHTML, like Gecko) Chrome/151.0.0.0 Safari/537.36 Edg/151.0.0.0"
24.130.16.15 - - [17/Aug/2026:13:23:44 -0400] "GET /wp-content/plugins/js_composer/assets/css/lib/vc-linecons/fonts/vc_linecons.woff?54101537 HTTP/1.1" 200 27308 "https://adept.hospitalinnovate.org/wp-content/plugins/js_composer/assets/css/lib/vc-linecons/vc_linecons_icons.min.css?ver=8.7.2" "Mozilla/5.0 (Windows NT 10.0; Win64; x64) AppleWebKit/537.36 (KHTML, like Gecko) Chrome/151.0.0.0 Safari/537.36 Edg/151.0.0.0"
24.130.16.15 - - [17/Aug/2026:13:23:44 -0400] "GET /wp-content/plugins/js_composer/assets/css/lib/typicons/fonts/typicons.woff HTTP/1.1" 200 59872 "https://adept.hospitalinnovate.org/wp-content/plugins/js_composer/assets/css/lib/typicons/typicons.min.css?ver=8.7.2" "Mozilla/5.0 (Windows NT 10.0; Win64; x64) AppleWebKit/537.36 (KHTML, like Gecko) Chrome/151.0.0.0 Safari/537.36 Edg/151.0.0.0"
24.130.16.15 - - [17/Aug/2026:13:23:44 -0400] "GET /wp-content/plugins/js_composer/assets/css/lib/monosocialiconsfont/fonts/MonoSocialIconsFont.ttf HTTP/1.1" 200 146660 "https://adept.hospitalinnovate.org/wp-content/plugins/js_composer/assets/css/lib/monosocialiconsfont/monosocialiconsfont.min.css?ver=8.7.2" "Mozilla/5.0 (Windows NT 10.0; Win64; x64) AppleWebKit/537.36 (KHTML, like Gecko) Chrome/151.0.0.0 Safari/537.36 Edg/151.0.0.0"
24.130.16.15 - - [17/Aug/2026:13:23:44 -0400] "GET /wp-content/plugins/js_composer/assets/css/lib/vc-material/fonts/vc_material.ttf?1qpt95 HTTP/1.1" 200 113384 "https://adept.hospitalinnovate.org/wp-content/plugins/js_composer/assets/css/lib/vc-material/vc_material.min.css?ver=8.7.2" "Mozilla/5.0 (Windows NT 10.0; Win64; x64) AppleWebKit/537.36 (KHTML, like Gecko) Chrome/151.0.0.0 Safari/537.36 Edg/151.0.0.0"
153.67.110.26 - - [17/Aug/2026:13:23:49 -0400] "POST /xmlrpc.php HTTP/1.1" 503 18040
24.130.16.15 - - [17/Aug/2026:13:23:51 -0400] "GET /wp-content/plugins/js_composer/assets/vc/vc-element-icons/element-icon-hover-box.svg HTTP/1.1" 200 1088 "https://adept.hospitalinnovate.org/wp-content/plugins/js_composer/assets/css/js_composer_backend_editor.min.css?ver=8.7.2" "Mozilla/5.0 (Windows NT 10.0; Win64; x64) AppleWebKit/537.36 (KHTML, like Gecko) Chrome/151.0.0.0 Safari/537.36 Edg/151.0.0.0"
24.130.16.15 - - [17/Aug/2026:13:23:51 -0400] "GET /wp-content/plugins/js_composer/assets/vc/vc-element-icons/element-icon-separator-zig-zag.svg HTTP/1.1" 200 594 "https://adept.hospitalinnovate.org/wp-content/plugins/js_composer/assets/css/js_composer_backend_editor.min.css?ver=8.7.2" "Mozilla/5.0 (Windows NT 10.0; Win64; x64) AppleWebKit/537.36 (KHTML, like Gecko) Chrome/151.0.0.0 Safari/537.36 Edg/151.0.0.0"
24.130.16.15 - - [17/Aug/2026:13:23:51 -0400] "GET /wp-content/plugins/js_composer/assets/vc/vc-element-icons/element-icon-row.svg HTTP/1.1" 200 1048 "https://adept.hospitalinnovate.org/wp-content/plugins/js_composer/assets/css/js_composer_backend_editor.min.css?ver=8.7.2" "Mozilla/5.0 (Windows NT 10.0; Win64; x64) AppleWebKit/537.36 (KHTML, like Gecko) Chrome/151.0.0.0 Safari/537.36 Edg/151.0.0.0"
24.130.16.15 - - [17/Aug/2026:13:23:51 -0400] "GET /wp-content/plugins/js_composer/assets/vc/vc-element-icons/element-icon-separator-with-text.svg HTTP/1.1" 200 681 "https://adept.hospitalinnovate.org/wp-content/plugins/js_composer/assets/css/js_composer_backend_editor.min.css?ver=8.7.2" "Mozilla/5.0 (Windows NT 10.0; Win64; x64) AppleWebKit/537.36 (KHTML, like Gecko) Chrome/151.0.0.0 Safari/537.36 Edg/151.0.0.0"
24.130.16.15 - - [17/Aug/2026:13:23:51 -0400] "GET /wp-content/plugins/js_composer/assets/vc/vc-element-icons/element-icon-separator.svg HTTP/1.1" 200 519 "https://adept.hospitalinnovate.org/wp-content/plugins/js_composer/assets/css/js_composer_backend_editor.min.css?ver=8.7.2" "Mozilla/5.0 (Windows NT 10.0; Win64; x64) AppleWebKit/537.36 (KHTML, like Gecko) Chrome/151.0.0.0 Safari/537.36 Edg/151.0.0.0"
24.130.16.15 - - [17/Aug/2026:13:23:51 -0400] "GET /wp-content/plugins/js_composer/assets/vc/vc-element-icons/element-icon-message-box.svg HTTP/1.1" 200 883 "https://adept.hospitalinnovate.org/wp-content/plugins/js_composer/assets/css/js_composer_backend_editor.min.css?ver=8.7.2" "Mozilla/5.0 (Windows NT 10.0; Win64; x64) AppleWebKit/537.36 (KHTML, like Gecko) Chrome/151.0.0.0 Safari/537.36 Edg/151.0.0.0"
24.130.16.15 - - [17/Aug/2026:13:23:51 -0400] "GET /wp-content/plugins/js_composer/assets/vc/vc-element-icons/element-icon-text-block.svg HTTP/1.1" 200 559 "https://adept.hospitalinnovate.org/wp-content/plugins/js_composer/assets/css/js_composer_backend_editor.min.css?ver=8.7.2" "Mozilla/5.0 (Windows NT 10.0; Win64; x64) AppleWebKit/537.36 (KHTML, like Gecko) Chrome/151.0.0.0 Safari/537.36 Edg/151.0.0.0"
24.130.16.15 - - [17/Aug/2026:13:23:51 -0400] "GET /wp-content/plugins/js_composer/assets/vc/vc-element-icons/element-icon-empty-space.svg HTTP/1.1" 200 493 "https://adept.hospitalinnovate.org/wp-content/plugins/js_composer/assets/css/js_composer_backend_editor.min.css?ver=8.7.2" "Mozilla/5.0 (Windows NT 10.0; Win64; x64) AppleWebKit/537.36 (KHTML, like Gecko) Chrome/151.0.0.0 Safari/537.36 Edg/151.0.0.0"
24.130.16.15 - - [17/Aug/2026:13:23:51 -0400] "GET /wp-content/plugins/js_composer/assets/vc/vc-element-icons/element-icon-google-fonts.svg HTTP/1.1" 200 1337 "https://adept.hospitalinnovate.org/wp-content/plugins/js_composer/assets/css/js_composer_backend_editor.min.css?ver=8.7.2" "Mozilla/5.0 (Windows NT 10.0; Win64; x64) AppleWebKit/537.36 (KHTML, like Gecko) Chrome/151.0.0.0 Safari/537.36 Edg/151.0.0.0"
24.130.16.15 - - [17/Aug/2026:13:23:51 -0400] "GET /wp-content/plugins/js_composer/assets/vc/vc-element-icons/element-icon-copyright.svg HTTP/1.1" 200 998 "https://adept.hospitalinnovate.org/wp-content/plugins/js_composer/assets/css/js_composer_backend_editor.min.css?ver=8.7.2" "Mozilla/5.0 (Windows NT 10.0; Win64; x64) AppleWebKit/537.36 (KHTML, like Gecko) Chrome/151.0.0.0 Safari/537.36 Edg/151.0.0.0"
24.130.16.15 - - [17/Aug/2026:13:23:51 -0400] "GET /wp-content/plugins/js_composer/assets/vc/vc-element-icons/element-icon-contact-form-7.svg HTTP/1.1" 200 2147 "https://adept.hospitalinnovate.org/wp-content/plugins/js_composer/assets/css/js_composer_backend_editor.min.css?ver=8.7.2" "Mozilla/5.0 (Windows NT 10.0; Win64; x64) AppleWebKit/537.36 (KHTML, like Gecko) Chrome/151.0.0.0 Safari/537.36 Edg/151.0.0.0"
24.130.16.15 - - [17/Aug/2026:13:23:51 -0400] "GET /wp-content/plugins/js_composer/assets/vc/vc-element-icons/element-icon-icon.svg HTTP/1.1" 200 990 "https://adept.hospitalinnovate.org/wp-content/plugins/js_composer/assets/css/js_composer_backend_editor.min.css?ver=8.7.2" "Mozilla/5.0 (Windows NT 10.0; Win64; x64) AppleWebKit/537.36 (KHTML, like Gecko) Chrome/151.0.0.0 Safari/537.36 Edg/151.0.0.0"
24.130.16.15 - - [17/Aug/2026:13:23:52 -0400] "GET /wp-content/plugins/js_composer/assets/vc/vc-element-icons/element-icon-faq-toggle.svg HTTP/1.1" 200 915 "https://adept.hospitalinnovate.org/wp-content/plugins/js_composer/assets/css/js_composer_backend_editor.min.css?ver=8.7.2" "Mozilla/5.0 (Windows NT 10.0; Win64; x64) AppleWebKit/537.36 (KHTML, like Gecko) Chrome/151.0.0.0 Safari/537.36 Edg/151.0.0.0"
24.130.16.15 - - [17/Aug/2026:13:23:52 -0400] "GET /wp-content/plugins/js_composer/assets/vc/vc-element-icons/element-icon-pinterest.svg HTTP/1.1" 200 1410 "https://adept.hospitalinnovate.org/wp-content/plugins/js_composer/assets/css/js_composer_backend_editor.min.css?ver=8.7.2" "Mozilla/5.0 (Windows NT 10.0; Win64; x64) AppleWebKit/537.36 (KHTML, like Gecko) Chrome/151.0.0.0 Safari/537.36 Edg/151.0.0.0"
24.130.16.15 - - [17/Aug/2026:13:23:52 -0400] "GET /wp-content/plugins/js_composer/assets/vc/vc-element-icons/element-icon-x.svg HTTP/1.1" 200 708 "https://adept.hospitalinnovate.org/wp-content/plugins/js_composer/assets/css/js_composer_backend_editor.min.css?ver=8.7.2" "Mozilla/5.0 (Windows NT 10.0; Win64; x64) AppleWebKit/537.36 (KHTML, like Gecko) Chrome/151.0.0.0 Safari/537.36 Edg/151.0.0.0"
24.130.16.15 - - [17/Aug/2026:13:23:52 -0400] "GET /wp-content/plugins/js_composer/assets/vc/vc-element-icons/element-icon-facebook.svg HTTP/1.1" 200 813 "https://adept.hospitalinnovate.org/wp-content/plugins/js_composer/assets/css/js_composer_backend_editor.min.css?ver=8.7.2" "Mozilla/5.0 (Windows NT 10.0; Win64; x64) AppleWebKit/537.36 (KHTML, like Gecko) Chrome/151.0.0.0 Safari/537.36 Edg/151.0.0.0"
24.130.16.15 - - [17/Aug/2026:13:23:52 -0400] "GET /wp-content/plugins/js_composer/assets/vc/vc-element-icons/element-icon-image-gallery.svg HTTP/1.1" 200 824 "https://adept.hospitalinnovate.org/wp-content/plugins/js_composer/assets/css/js_composer_backend_editor.min.css?ver=8.7.2" "Mozilla/5.0 (Windows NT 10.0; Win64; x64) AppleWebKit/537.36 (KHTML, like Gecko) Chrome/151.0.0.0 Safari/537.36 Edg/151.0.0.0"
24.130.16.15 - - [17/Aug/2026:13:23:52 -0400] "GET /wp-content/plugins/js_composer/assets/vc/vc-element-icons/element-icon-image-carousel.svg HTTP/1.1" 200 1146 "https://adept.hospitalinnovate.org/wp-content/plugins/js_composer/assets/css/js_composer_backend_editor.min.css?ver=8.7.2" "Mozilla/5.0 (Windows NT 10.0; Win64; x64) AppleWebKit/537.36 (KHTML, like Gecko) Chrome/151.0.0.0 Safari/537.36 Edg/151.0.0.0"
24.130.16.15 - - [17/Aug/2026:13:23:52 -0400] "GET /wp-content/plugins/js_composer/assets/vc/vc-element-icons/element-icon-tabs.svg HTTP/1.1" 200 792 "https://adept.hospitalinnovate.org/wp-content/plugins/js_composer/assets/css/js_composer_backend_editor.min.css?ver=8.7.2" "Mozilla/5.0 (Windows NT 10.0; Win64; x64) AppleWebKit/537.36 (KHTML, like Gecko) Chrome/151.0.0.0 Safari/537.36 Edg/151.0.0.0"
24.130.16.15 - - [17/Aug/2026:13:23:52 -0400] "GET /wp-content/plugins/js_composer/assets/vc/vc-element-icons/element-icon-pageable-container.svg HTTP/1.1" 200 675 "https://adept.hospitalinnovate.org/wp-content/plugins/js_composer/assets/css/js_composer_backend_editor.min.css?ver=8.7.2" "Mozilla/5.0 (Windows NT 10.0; Win64; x64) AppleWebKit/537.36 (KHTML, like Gecko) Chrome/151.0.0.0 Safari/537.36 Edg/151.0.0.0"
24.130.16.15 - - [17/Aug/2026:13:23:52 -0400] "GET /wp-content/plugins/js_composer/assets/vc/vc-element-icons/element-icon-tour.svg HTTP/1.1" 200 827 "https://adept.hospitalinnovate.org/wp-content/plugins/js_composer/assets/css/js_composer_backend_editor.min.css?ver=8.7.2" "Mozilla/5.0 (Windows NT 10.0; Win64; x64) AppleWebKit/537.36 (KHTML, like Gecko) Chrome/151.0.0.0 Safari/537.36 Edg/151.0.0.0"
24.130.16.15 - - [17/Aug/2026:13:23:52 -0400] "GET /wp-content/plugins/js_composer/assets/vc/vc-element-icons/element-icon-accordion.svg HTTP/1.1" 200 706 "https://adept.hospitalinnovate.org/wp-content/plugins/js_composer/assets/css/js_composer_backend_editor.min.css?ver=8.7.2" "Mozilla/5.0 (Windows NT 10.0; Win64; x64) AppleWebKit/537.36 (KHTML, like Gecko) Chrome/151.0.0.0 Safari/537.36 Edg/151.0.0.0"
24.130.16.15 - - [17/Aug/2026:13:23:52 -0400] "GET /wp-content/plugins/js_composer/assets/vc/vc-element-icons/element-icon-button.svg HTTP/1.1" 200 1667 "https://adept.hospitalinnovate.org/wp-content/plugins/js_composer/assets/css/js_composer_backend_editor.min.css?ver=8.7.2" "Mozilla/5.0 (Windows NT 10.0; Win64; x64) AppleWebKit/537.36 (KHTML, like Gecko) Chrome/151.0.0.0 Safari/537.36 Edg/151.0.0.0"
24.130.16.15 - - [17/Aug/2026:13:23:52 -0400] "GET /wp-content/plugins/js_composer/assets/vc/vc-element-icons/element-icon-tta-toggle.svg HTTP/1.1" 200 1110 "https://adept.hospitalinnovate.org/wp-content/plugins/js_composer/assets/css/js_composer_backend_editor.min.css?ver=8.7.2" "Mozilla/5.0 (Windows NT 10.0; Win64; x64) AppleWebKit/537.36 (KHTML, like Gecko) Chrome/151.0.0.0 Safari/537.36 Edg/151.0.0.0"
24.130.16.15 - - [17/Aug/2026:13:23:52 -0400] "GET /wp-content/plugins/js_composer/assets/vc/vc-element-icons/element-icon-cta.svg HTTP/1.1" 200 740 "https://adept.hospitalinnovate.org/wp-content/plugins/js_composer/assets/css/js_composer_backend_editor.min.css?ver=8.7.2" "Mozilla/5.0 (Windows NT 10.0; Win64; x64) AppleWebKit/537.36 (KHTML, like Gecko) Chrome/151.0.0.0 Safari/537.36 Edg/151.0.0.0"
24.130.16.15 - - [17/Aug/2026:13:23:52 -0400] "GET /wp-content/plugins/js_composer/assets/vc/vc-element-icons/element-icon-widget-sidebar.svg HTTP/1.1" 200 849 "https://adept.hospitalinnovate.org/wp-content/plugins/js_composer/assets/css/js_composer_backend_editor.min.css?ver=8.7.2" "Mozilla/5.0 (Windows NT 10.0; Win64; x64) AppleWebKit/537.36 (KHTML, like Gecko) Chrome/151.0.0.0 Safari/537.36 Edg/151.0.0.0"
24.130.16.15 - - [17/Aug/2026:13:23:52 -0400] "GET /wp-content/plugins/js_composer/assets/vc/vc-element-icons/element-icon-pricing-table.svg HTTP/1.1" 200 1406 "https://adept.hospitalinnovate.org/wp-content/plugins/js_composer/assets/css/js_composer_backend_editor.min.css?ver=8.7.2" "Mozilla/5.0 (Windows NT 10.0; Win64; x64) AppleWebKit/537.36 (KHTML, like Gecko) Chrome/151.0.0.0 Safari/537.36 Edg/151.0.0.0"
69.39.225.240 - - [17/Aug/2026:13:23:51 -0400] "POST /?wordfence_syncAttackData=1786987431.5484 HTTP/1.1" 200 20
24.130.16.15 - - [17/Aug/2026:13:23:52 -0400] "GET /wp-content/plugins/js_composer/assets/vc/vc-element-icons/element-icon-posts-slider.svg HTTP/1.1" 200 838 "https://adept.hospitalinnovate.org/wp-content/plugins/js_composer/assets/css/js_composer_backend_editor.min.css?ver=8.7.2" "Mozilla/5.0 (Windows NT 10.0; Win64; x64) AppleWebKit/537.36 (KHTML, like Gecko) Chrome/151.0.0.0 Safari/537.36 Edg/151.0.0.0"
24.130.16.15 - - [17/Aug/2026:13:23:52 -0400] "GET /wp-content/plugins/js_composer/assets/vc/vc-element-icons/element-icon-raw-js.svg HTTP/1.1" 200 1414 "https://adept.hospitalinnovate.org/wp-content/plugins/js_composer/assets/css/js_composer_backend_editor.min.css?ver=8.7.2" "Mozilla/5.0 (Windows NT 10.0; Win64; x64) AppleWebKit/537.36 (KHTML, like Gecko) Chrome/151.0.0.0 Safari/537.36 Edg/151.0.0.0"
24.130.16.15 - - [17/Aug/2026:13:23:52 -0400] "GET /wp-content/plugins/js_composer/assets/vc/vc-element-icons/element-icon-google-maps.svg HTTP/1.1" 200 1820 "https://adept.hospitalinnovate.org/wp-content/plugins/js_composer/assets/css/js_composer_backend_editor.min.css?ver=8.7.2" "Mozilla/5.0 (Windows NT 10.0; Win64; x64) AppleWebKit/537.36 (KHTML, like Gecko) Chrome/151.0.0.0 Safari/537.36 Edg/151.0.0.0"
24.130.16.15 - - [17/Aug/2026:13:23:52 -0400] "GET /wp-content/plugins/js_composer/assets/vc/vc-element-icons/element-icon-raw-html.svg HTTP/1.1" 200 2170 "https://adept.hospitalinnovate.org/wp-content/plugins/js_composer/assets/css/js_composer_backend_editor.min.css?ver=8.7.2" "Mozilla/5.0 (Windows NT 10.0; Win64; x64) AppleWebKit/537.36 (KHTML, like Gecko) Chrome/151.0.0.0 Safari/537.36 Edg/151.0.0.0"
24.130.16.15 - - [17/Aug/2026:13:23:52 -0400] "GET /wp-content/plugins/js_composer/assets/vc/vc-element-icons/element-icon-video.svg HTTP/1.1" 200 644 "https://adept.hospitalinnovate.org/wp-content/plugins/js_composer/assets/css/js_composer_backend_editor.min.css?ver=8.7.2" "Mozilla/5.0 (Windows NT 10.0; Win64; x64) AppleWebKit/537.36 (KHTML, like Gecko) Chrome/151.0.0.0 Safari/537.36 Edg/151.0.0.0"
24.130.16.15 - - [17/Aug/2026:13:23:52 -0400] "GET /wp-content/plugins/js_composer/assets/vc/vc-element-icons/element-icon-flickr.svg HTTP/1.1" 200 788 "https://adept.hospitalinnovate.org/wp-content/plugins/js_composer/assets/css/js_composer_backend_editor.min.css?ver=8.7.2" "Mozilla/5.0 (Windows NT 10.0; Win64; x64) AppleWebKit/537.36 (KHTML, like Gecko) Chrome/151.0.0.0 Safari/537.36 Edg/151.0.0.0"
24.130.16.15 - - [17/Aug/2026:13:23:52 -0400] "GET /wp-content/plugins/js_composer/assets/vc/vc-element-icons/element-icon-pie-chart.svg HTTP/1.1" 200 771 "https://adept.hospitalinnovate.org/wp-content/plugins/js_composer/assets/css/js_composer_backend_editor.min.css?ver=8.7.2" "Mozilla/5.0 (Windows NT 10.0; Win64; x64) AppleWebKit/537.36 (KHTML, like Gecko) Chrome/151.0.0.0 Safari/537.36 Edg/151.0.0.0"
24.130.16.15 - - [17/Aug/2026:13:23:52 -0400] "GET /wp-content/plugins/js_composer/assets/vc/vc-element-icons/element-icon-doughnut-chart.svg HTTP/1.1" 200 958 "https://adept.hospitalinnovate.org/wp-content/plugins/js_composer/assets/css/js_composer_backend_editor.min.css?ver=8.7.2" "Mozilla/5.0 (Windows NT 10.0; Win64; x64) AppleWebKit/537.36 (KHTML, like Gecko) Chrome/151.0.0.0 Safari/537.36 Edg/151.0.0.0"
24.130.16.15 - - [17/Aug/2026:13:23:52 -0400] "GET /wp-content/plugins/js_composer/assets/vc/vc-element-icons/element-icon-progress-bar.svg HTTP/1.1" 200 881 "https://adept.hospitalinnovate.org/wp-content/plugins/js_composer/assets/css/js_composer_backend_editor.min.css?ver=8.7.2" "Mozilla/5.0 (Windows NT 10.0; Win64; x64) AppleWebKit/537.36 (KHTML, like Gecko) Chrome/151.0.0.0 Safari/537.36 Edg/151.0.0.0"
24.130.16.15 - - [17/Aug/2026:13:23:52 -0400] "GET /wp-content/plugins/js_composer/assets/vc/vc-element-icons/element-icon-line-chart.svg HTTP/1.1" 200 458 "https://adept.hospitalinnovate.org/wp-content/plugins/js_composer/assets/css/js_composer_backend_editor.min.css?ver=8.7.2" "Mozilla/5.0 (Windows NT 10.0; Win64; x64) AppleWebKit/537.36 (KHTML, like Gecko) Chrome/151.0.0.0 Safari/537.36 Edg/151.0.0.0"
69.39.225.240 - - [17/Aug/2026:13:23:52 -0400] "POST /wp-cron.php?doing_wp_cron=1786987432.5309090614318847656250 HTTP/1.1" 200 20 "-" "WordPress/7.0.4; https://adept.hospitalinnovate.org"
24.130.16.15 - - [17/Aug/2026:13:23:52 -0400] "POST /wp-admin/admin-ajax.php HTTP/1.1" 200 4835 "https://adept.hospitalinnovate.org/wp-admin/post.php?post=2&action=edit&wpb-backend-editor" "Mozilla/5.0 (Windows NT 10.0; Win64; x64) AppleWebKit/537.36 (KHTML, like Gecko) Chrome/151.0.0.0 Safari/537.36 Edg/151.0.0.0"
24.130.16.15 - - [17/Aug/2026:13:23:52 -0400] "GET /wp-content/plugins/js_composer/assets/vc/vc-element-icons/element-icon-post-grid.svg HTTP/1.1" 200 574 "https://adept.hospitalinnovate.org/wp-content/plugins/js_composer/assets/css/js_composer_backend_editor.min.css?ver=8.7.2" "Mozilla/5.0 (Windows NT 10.0; Win64; x64) AppleWebKit/537.36 (KHTML, like Gecko) Chrome/151.0.0.0 Safari/537.36 Edg/151.0.0.0"
24.130.16.15 - - [17/Aug/2026:13:23:52 -0400] "GET /wp-content/plugins/js_composer/assets/vc/vc-element-icons/element-icon-media-grid.svg HTTP/1.1" 200 745 "https://adept.hospitalinnovate.org/wp-content/plugins/js_composer/assets/css/js_composer_backend_editor.min.css?ver=8.7.2" "Mozilla/5.0 (Windows NT 10.0; Win64; x64) AppleWebKit/537.36 (KHTML, like Gecko) Chrome/151.0.0.0 Safari/537.36 Edg/151.0.0.0"
24.130.16.15 - - [17/Aug/2026:13:23:52 -0400] "GET /wp-content/plugins/js_composer/assets/vc/vc-element-icons/element-icon-media-masonry-grid.svg HTTP/1.1" 200 911 "https://adept.hospitalinnovate.org/wp-content/plugins/js_composer/assets/css/js_composer_backend_editor.min.css?ver=8.7.2" "Mozilla/5.0 (Windows NT 10.0; Win64; x64) AppleWebKit/537.36 (KHTML, like Gecko) Chrome/151.0.0.0 Safari/537.36 Edg/151.0.0.0"
24.130.16.15 - - [17/Aug/2026:13:23:52 -0400] "GET /wp-content/plugins/js_composer/assets/vc/vc-element-icons/element-icon-post-masonry-grid.svg HTTP/1.1" 200 893 "https://adept.hospitalinnovate.org/wp-content/plugins/js_composer/assets/css/js_composer_backend_editor.min.css?ver=8.7.2" "Mozilla/5.0 (Windows NT 10.0; Win64; x64) AppleWebKit/537.36 (KHTML, like Gecko) Chrome/151.0.0.0 Safari/537.36 Edg/151.0.0.0"
24.130.16.15 - - [17/Aug/2026:13:23:52 -0400] "GET /wp-content/plugins/js_composer/assets/vc/vc-element-icons/element-icon-gutenberg.svg HTTP/1.1" 200 40804 "https://adept.hospitalinnovate.org/wp-content/plugins/js_composer/assets/css/js_composer_backend_editor.min.css?ver=8.7.2" "Mozilla/5.0 (Windows NT 10.0; Win64; x64) AppleWebKit/537.36 (KHTML, like Gecko) Chrome/151.0.0.0 Safari/537.36 Edg/151.0.0.0"
69.39.225.240 - - [17/Aug/2026:13:23:52 -0400] "POST /wp-cron.php?doing_wp_cron=1786987432.5310308933258056640625 HTTP/1.1" 200 20
24.130.16.15 - - [17/Aug/2026:13:23:52 -0400] "GET /wp-content/plugins/js_composer/assets/vc/vc-element-icons/element-icon-wordpress.svg HTTP/1.1" 200 2138 "https://adept.hospitalinnovate.org/wp-content/plugins/js_composer/assets/css/js_composer_backend_editor.min.css?ver=8.7.2" "Mozilla/5.0 (Windows NT 10.0; Win64; x64) AppleWebKit/537.36 (KHTML, like Gecko) Chrome/151.0.0.0 Safari/537.36 Edg/151.0.0.0"
159.89.50.224 - - [17/Aug/2026:13:23:51 -0400] "POST /xmlrpc.php HTTP/1.1" 503 7327
69.39.225.240 - - [17/Aug/2026:13:23:53 -0400] "POST /wp-cron.php?doing_wp_cron=1786987433.3776979446411132812500 HTTP/1.1" 200 20 "-" "WordPress/7.0.4; https://adept.hospitalinnovate.org"
24.130.16.15 - - [17/Aug/2026:13:23:52 -0400] "POST /wp-admin/admin-ajax.php HTTP/1.1" 200 8758 "https://adept.hospitalinnovate.org/wp-admin/post.php?post=2&action=edit&wpb-backend-editor" "Mozilla/5.0 (Windows NT 10.0; Win64; x64) AppleWebKit/537.36 (KHTML, like Gecko) Chrome/151.0.0.0 Safari/537.36 Edg/151.0.0.0"
24.130.16.15 - - [17/Aug/2026:13:23:57 -0400] "GET /wp-content/plugins/js_composer/assets/vc/vc-element-icons/element-icon-google-plus.svg HTTP/1.1" 200 1429 "https://adept.hospitalinnovate.org/wp-content/plugins/js_composer/assets/css/js_composer_backend_editor.min.css?ver=8.7.2" "Mozilla/5.0 (Windows NT 10.0; Win64; x64) AppleWebKit/537.36 (KHTML, like Gecko) Chrome/151.0.0.0 Safari/537.36 Edg/151.0.0.0"
24.130.16.15 - - [17/Aug/2026:13:23:57 -0400] "GET /wp-content/plugins/js_composer/assets/vc/vc-element-icons/element-icon-misc.svg HTTP/1.1" 200 1171 "https://adept.hospitalinnovate.org/wp-content/plugins/js_composer/assets/css/js_composer_backend_editor.min.css?ver=8.7.2" "Mozilla/5.0 (Windows NT 10.0; Win64; x64) AppleWebKit/537.36 (KHTML, like Gecko) Chrome/151.0.0.0 Safari/537.36 Edg/151.0.0.0"
153.67.110.26 - - [17/Aug/2026:13:24:00 -0400] "POST /xmlrpc.php HTTP/1.1" 503 18040
149.28.153.81 - - [17/Aug/2026:13:24:06 -0400] "POST /xmlrpc.php HTTP/1.1" 503 7326
69.39.225.240 - - [17/Aug/2026:13:24:08 -0400] "POST /?wordfence_syncAttackData=1786987447.9412 HTTP/1.1" 200 20
69.39.225.240 - - [17/Aug/2026:13:24:42 -0400] "POST /wp-cron.php?doing_wp_cron=1786987482.0477600097656250000000 HTTP/1.1" 200 20 "-" "WordPress/7.0.4; https://adept.hospitalinnovate.org"
24.130.16.15 - - [17/Aug/2026:13:24:41 -0400] "POST /wp-admin/admin-ajax.php HTTP/1.1" 200 67 "https://adept.hospitalinnovate.org/wp-admin/post.php?post=2&action=edit&wpb-backend-editor" "Mozilla/5.0 (Windows NT 10.0; Win64; x64) AppleWebKit/537.36 (KHTML, like Gecko) Chrome/151.0.0.0 Safari/537.36 Edg/151.0.0.0"
69.39.225.240 - - [17/Aug/2026:13:25:53 -0400] "POST /wp-cron.php?doing_wp_cron=1786987553.2132658958435058593750 HTTP/1.1" 200 20
51.68.122.45 - - [17/Aug/2026:13:25:52 -0400] "POST /xmlrpc.php HTTP/1.1" 503 7327
88.208.226.37 - - [17/Aug/2026:13:25:58 -0400] "POST /xmlrpc.php HTTP/1.1" 503 7326
69.39.225.240 - - [17/Aug/2026:13:26:43 -0400] "POST /wp-cron.php?doing_wp_cron=1786987603.0534420013427734375000 HTTP/1.1" 200 20 "-" "WordPress/7.0.4; https://adept.hospitalinnovate.org"
24.130.16.15 - - [17/Aug/2026:13:26:42 -0400] "POST /wp-admin/admin-ajax.php HTTP/1.1" 200 67 "https://adept.hospitalinnovate.org/wp-admin/post.php?post=2&action=edit&wpb-backend-editor" "Mozilla/5.0 (Windows NT 10.0; Win64; x64) AppleWebKit/537.36 (KHTML, like Gecko) Chrome/151.0.0.0 Safari/537.36 Edg/151.0.0.0"
69.39.225.240 - - [17/Aug/2026:13:27:44 -0400] "POST /wp-cron.php?doing_wp_cron=1786987664.1015949249267578125000 HTTP/1.1" 200 20 "-" "WordPress/7.0.4; https://adept.hospitalinnovate.org"
24.130.16.15 - - [17/Aug/2026:13:27:43 -0400] "POST /wp-admin/admin-ajax.php HTTP/1.1" 200 67 "https://adept.hospitalinnovate.org/wp-admin/post.php?post=2&action=edit&wpb-backend-editor" "Mozilla/5.0 (Windows NT 10.0; Win64; x64) AppleWebKit/537.36 (KHTML, like Gecko) Chrome/151.0.0.0 Safari/537.36 Edg/151.0.0.0"
69.39.225.240 - - [17/Aug/2026:13:29:45 -0400] "POST /wp-cron.php?doing_wp_cron=1786987785.5660400390625000000000 HTTP/1.1" 200 20 "-" "WordPress/7.0.4; https://adept.hospitalinnovate.org"
24.130.16.15 - - [17/Aug/2026:13:29:45 -0400] "POST /wp-admin/admin-ajax.php HTTP/1.1" 200 67 "https://adept.hospitalinnovate.org/wp-admin/post.php?post=2&action=edit&wpb-backend-editor" "Mozilla/5.0 (Windows NT 10.0; Win64; x64) AppleWebKit/537.36 (KHTML, like Gecko) Chrome/151.0.0.0 Safari/537.36 Edg/151.0.0.0"
69.39.225.240 - - [17/Aug/2026:13:32:03 -0400] "POST /wp-cron.php?doing_wp_cron=1786987922.9479060173034667968750 HTTP/1.1" 200 20 "-" "WordPress/7.0.4; https://adept.hospitalinnovate.org"
24.130.16.15 - - [17/Aug/2026:13:32:02 -0400] "POST /wp-admin/admin-ajax.php HTTP/1.1" 200 67 "https://adept.hospitalinnovate.org/wp-admin/post.php?post=2&action=edit&wpb-backend-editor" "Mozilla/5.0 (Windows NT 10.0; Win64; x64) AppleWebKit/537.36 (KHTML, like Gecko) Chrome/151.0.0.0 Safari/537.36 Edg/151.0.0.0"
24.130.16.15 - - [17/Aug/2026:13:32:03 -0400] "POST /wp-admin/admin-ajax.php HTTP/1.1" 200 6393 "https://adept.hospitalinnovate.org/wp-admin/post.php?post=2&action=edit&wpb-backend-editor" "Mozilla/5.0 (Windows NT 10.0; Win64; x64) AppleWebKit/537.36 (KHTML, like Gecko) Chrome/151.0.0.0 Safari/537.36 Edg/151.0.0.0"
24.130.16.15 - - [17/Aug/2026:13:32:09 -0400] "GET /wp-content/plugins/js_composer/assets/vc/pattern.gif HTTP/1.1" 200 46 "https://adept.hospitalinnovate.org/wp-content/plugins/js_composer/assets/css/js_composer_backend_editor.min.css?ver=8.7.2" "Mozilla/5.0 (Windows NT 10.0; Win64; x64) AppleWebKit/537.36 (KHTML, like Gecko) Chrome/151.0.0.0 Safari/537.36 Edg/151.0.0.0"
24.130.16.15 - - [17/Aug/2026:13:32:33 -0400] "GET / HTTP/1.1" 200 11222 "https://adept.hospitalinnovate.org/wp-admin/post.php?post=2&action=edit&wpb-backend-editor" "Mozilla/5.0 (Windows NT 10.0; Win64; x64) AppleWebKit/537.36 (KHTML, like Gecko) Chrome/151.0.0.0 Safari/537.36 Edg/151.0.0.0"
24.130.16.15 - - [17/Aug/2026:13:32:34 -0400] "GET /wp-content/plugins/arconix-shortcodes/includes/css/font-awesome.min.css?ver=4.6.3 HTTP/1.1" 200 29065 "https://adept.hospitalinnovate.org/" "Mozilla/5.0 (Windows NT 10.0; Win64; x64) AppleWebKit/537.36 (KHTML, like Gecko) Chrome/151.0.0.0 Safari/537.36 Edg/151.0.0.0"
24.130.16.15 - - [17/Aug/2026:13:32:34 -0400] "GET /wp-content/plugins/arconix-shortcodes/includes/css/arconix-shortcodes.min.css?ver=2.2.1 HTTP/1.1" 200 21789 "https://adept.hospitalinnovate.org/" "Mozilla/5.0 (Windows NT 10.0; Win64; x64) AppleWebKit/537.36 (KHTML, like Gecko) Chrome/151.0.0.0 Safari/537.36 Edg/151.0.0.0"
24.130.16.15 - - [17/Aug/2026:13:32:34 -0400] "GET /wp-content/plugins/contact-form-7/includes/css/styles.css?ver=6.1.7 HTTP/1.1" 200 2979 "https://adept.hospitalinnovate.org/" "Mozilla/5.0 (Windows NT 10.0; Win64; x64) AppleWebKit/537.36 (KHTML, like Gecko) Chrome/151.0.0.0 Safari/537.36 Edg/151.0.0.0"
24.130.16.15 - - [17/Aug/2026:13:32:34 -0400] "GET /wp-content/uploads/redux/custom-fonts/fonts.css?ver=1786987954 HTTP/1.1" 200 - "https://adept.hospitalinnovate.org/" "Mozilla/5.0 (Windows NT 10.0; Win64; x64) AppleWebKit/537.36 (KHTML, like Gecko) Chrome/151.0.0.0 Safari/537.36 Edg/151.0.0.0"
24.130.16.15 - - [17/Aug/2026:13:32:35 -0400] "GET /wp-content/plugins/contact-form-7/includes/swv/js/index.js?ver=6.1.7 HTTP/1.1" 200 12512 "https://adept.hospitalinnovate.org/" "Mozilla/5.0 (Windows NT 10.0; Win64; x64) AppleWebKit/537.36 (KHTML, like Gecko) Chrome/151.0.0.0 Safari/537.36 Edg/151.0.0.0"
24.130.16.15 - - [17/Aug/2026:13:32:35 -0400] "GET /wp-content/plugins/contact-form-7/includes/js/index.js?ver=6.1.7 HTTP/1.1" 200 13452 "https://adept.hospitalinnovate.org/" "Mozilla/5.0 (Windows NT 10.0; Win64; x64) AppleWebKit/537.36 (KHTML, like Gecko) Chrome/151.0.0.0 Safari/537.36 Edg/151.0.0.0"
69.39.225.240 - - [17/Aug/2026:13:32:35 -0400] "POST /wp-cron.php?doing_wp_cron=1786987955.4549760818481445312500 HTTP/1.1" 200 20 "-" "WordPress/7.0.4; https://adept.hospitalinnovate.org"
24.130.16.15 - - [17/Aug/2026:13:32:34 -0400] "GET /wp-admin/admin-ajax.php?action=cesis_dynamic_css&ver=1.8.76 HTTP/1.1" 200 10791 "https://adept.hospitalinnovate.org/" "Mozilla/5.0 (Windows NT 10.0; Win64; x64) AppleWebKit/537.36 (KHTML, like Gecko) Chrome/151.0.0.0 Safari/537.36 Edg/151.0.0.0"
69.39.225.240 - - [17/Aug/2026:13:32:51 -0400] "POST /wp-cron.php?doing_wp_cron=1786987971.3167889118194580078125 HTTP/1.1" 200 20
150.95.26.37 - - [17/Aug/2026:13:32:50 -0400] "POST /xmlrpc.php HTTP/1.1" 503 7326
69.39.225.240 - - [17/Aug/2026:13:32:57 -0400] "POST /wp-cron.php?doing_wp_cron=1786987977.7714650630950927734375 HTTP/1.1" 200 20 "-" "WordPress/7.0.4; https://adept.hospitalinnovate.org"
24.130.16.15 - - [17/Aug/2026:13:32:57 -0400] "GET /wp-admin/nav-menus.php HTTP/1.1" 200 25845 "https://adept.hospitalinnovate.org/wp-admin/post.php?post=2&action=edit&wpb-backend-editor" "Mozilla/5.0 (Windows NT 10.0; Win64; x64) AppleWebKit/537.36 (KHTML, like Gecko) Chrome/151.0.0.0 Safari/537.36 Edg/151.0.0.0"
24.130.16.15 - - [17/Aug/2026:13:32:57 -0400] "GET /wp-admin/nav-menus.php?action=edit&menu=0 HTTP/1.1" 200 25709 "https://adept.hospitalinnovate.org/wp-admin/post.php?post=2&action=edit&wpb-backend-editor" "Mozilla/5.0 (Windows NT 10.0; Win64; x64) AppleWebKit/537.36 (KHTML, like Gecko) Chrome/151.0.0.0 Safari/537.36 Edg/151.0.0.0"
24.130.16.15 - - [17/Aug/2026:13:32:58 -0400] "GET /wp-content/plugins/arconix-shortcodes/includes/css/admin.css?ver=2.2.1 HTTP/1.1" 304 - "https://adept.hospitalinnovate.org/wp-admin/nav-menus.php?action=edit&menu=0" "Mozilla/5.0 (Windows NT 10.0; Win64; x64) AppleWebKit/537.36 (KHTML, like Gecko) Chrome/151.0.0.0 Safari/537.36 Edg/151.0.0.0"
24.130.16.15 - - [17/Aug/2026:13:32:58 -0400] "GET /wp-includes/js/underscore.min.js?ver=1.13.8 HTTP/1.1" 200 19012 "https://adept.hospitalinnovate.org/wp-admin/nav-menus.php?action=edit&menu=0" "Mozilla/5.0 (Windows NT 10.0; Win64; x64) AppleWebKit/537.36 (KHTML, like Gecko) Chrome/151.0.0.0 Safari/537.36 Edg/151.0.0.0"
24.130.16.15 - - [17/Aug/2026:13:32:58 -0400] "GET /wp-includes/js/shortcode.min.js?ver=7.0.4 HTTP/1.1" 200 2643 "https://adept.hospitalinnovate.org/wp-admin/nav-menus.php?action=edit&menu=0" "Mozilla/5.0 (Windows NT 10.0; Win64; x64) AppleWebKit/537.36 (KHTML, like Gecko) Chrome/151.0.0.0 Safari/537.36 Edg/151.0.0.0"
24.130.16.15 - - [17/Aug/2026:13:32:58 -0400] "GET /wp-includes/js/thickbox/thickbox.js?ver=3.1-20121105 HTTP/1.1" 200 13840 "https://adept.hospitalinnovate.org/wp-admin/nav-menus.php?action=edit&menu=0" "Mozilla/5.0 (Windows NT 10.0; Win64; x64) AppleWebKit/537.36 (KHTML, like Gecko) Chrome/151.0.0.0 Safari/537.36 Edg/151.0.0.0"
24.130.16.15 - - [17/Aug/2026:13:32:58 -0400] "GET /wp-admin/js/nav-menu.min.js?ver=7.0.4 HTTP/1.1" 200 30785 "https://adept.hospitalinnovate.org/wp-admin/nav-menus.php?action=edit&menu=0" "Mozilla/5.0 (Windows NT 10.0; Win64; x64) AppleWebKit/537.36 (KHTML, like Gecko) Chrome/151.0.0.0 Safari/537.36 Edg/151.0.0.0"
24.130.16.15 - - [17/Aug/2026:13:32:58 -0400] "GET /wp-admin/load-scripts.php?c=0&load%5Bchunk_0%5D=jquery-core,jquery-migrate,utils,wp-dom-ready,wp-hooks&ver=7.0.4 HTTP/1.1" 200 36895 "https://adept.hospitalinnovate.org/wp-admin/nav-menus.php?action=edit&menu=0" "Mozilla/5.0 (Windows NT 10.0; Win64; x64) AppleWebKit/537.36 (KHTML, like Gecko) Chrome/151.0.0.0 Safari/537.36 Edg/151.0.0.0"
24.130.16.15 - - [17/Aug/2026:13:32:58 -0400] "GET /wp-admin/js/media-upload.min.js?ver=7.0.4 HTTP/1.1" 200 1152 "https://adept.hospitalinnovate.org/wp-admin/nav-menus.php?action=edit&menu=0" "Mozilla/5.0 (Windows NT 10.0; Win64; x64) AppleWebKit/537.36 (KHTML, like Gecko) Chrome/151.0.0.0 Safari/537.36 Edg/151.0.0.0"
24.130.16.15 - - [17/Aug/2026:13:32:58 -0400] "GET /wp-content/plugins/arconix-shortcodes/includes/component/tracking-data/assets/images/site-logo-new.jpg HTTP/1.1" 304 - "https://adept.hospitalinnovate.org/wp-admin/nav-menus.php?action=edit&menu=0" "Mozilla/5.0 (Windows NT 10.0; Win64; x64) AppleWebKit/537.36 (KHTML, like Gecko) Chrome/151.0.0.0 Safari/537.36 Edg/151.0.0.0"
24.130.16.15 - - [17/Aug/2026:13:32:59 -0400] "GET /wp-admin/load-scripts.php?c=0&load%5Bchunk_0%5D=hoverIntent&ver=7.0.4 HTTP/1.1" 200 707 "https://adept.hospitalinnovate.org/wp-admin/nav-menus.php?action=edit&menu=0" "Mozilla/5.0 (Windows NT 10.0; Win64; x64) AppleWebKit/537.36 (KHTML, like Gecko) Chrome/151.0.0.0 Safari/537.36 Edg/151.0.0.0"
69.39.225.240 - - [17/Aug/2026:13:32:59 -0400] "POST /wp-cron.php?doing_wp_cron=1786987979.0541529655456542968750 HTTP/1.1" 200 20 "-" "WordPress/7.0.4; https://adept.hospitalinnovate.org"
24.130.16.15 - - [17/Aug/2026:13:32:58 -0400] "POST /wp-admin/admin-ajax.php HTTP/1.1" 200 21 "https://adept.hospitalinnovate.org/wp-admin/post.php?post=2&action=edit&wpb-backend-editor" "Mozilla/5.0 (Windows NT 10.0; Win64; x64) AppleWebKit/537.36 (KHTML, like Gecko) Chrome/151.0.0.0 Safari/537.36 Edg/151.0.0.0"
24.130.16.15 - - [17/Aug/2026:13:32:59 -0400] "GET /wp-admin/js/accordion.min.js?ver=7.0.4 HTTP/1.1" 200 758 "https://adept.hospitalinnovate.org/wp-admin/nav-menus.php?action=edit&menu=0" "Mozilla/5.0 (Windows NT 10.0; Win64; x64) AppleWebKit/537.36 (KHTML, like Gecko) Chrome/151.0.0.0 Safari/537.36 Edg/151.0.0.0"
24.130.16.15 - - [17/Aug/2026:13:32:59 -0400] "GET /wp-content/plugins/arconix-shortcodes/includes/component/tracking-data/assets/js/dismiss-notice.js?ver=7.0.4 HTTP/1.1" 304 - "https://adept.hospitalinnovate.org/wp-admin/nav-menus.php?action=edit&menu=0" "Mozilla/5.0 (Windows NT 10.0; Win64; x64) AppleWebKit/537.36 (KHTML, like Gecko) Chrome/151.0.0.0 Safari/537.36 Edg/151.0.0.0"
69.39.225.240 - - [17/Aug/2026:13:33:11 -0400] "POST /wp-cron.php?doing_wp_cron=1786987991.0570549964904785156250 HTTP/1.1" 200 20 "-" "WordPress/7.0.4; https://adept.hospitalinnovate.org"
24.130.16.15 - - [17/Aug/2026:13:33:10 -0400] "POST /wp-admin/nav-menus.php?action=edit&menu=0 HTTP/1.1" 200 20 "https://adept.hospitalinnovate.org/wp-admin/nav-menus.php?action=edit&menu=0" "Mozilla/5.0 (Windows NT 10.0; Win64; x64) AppleWebKit/537.36 (KHTML, like Gecko) Chrome/151.0.0.0 Safari/537.36 Edg/151.0.0.0"
24.130.16.15 - - [17/Aug/2026:13:33:11 -0400] "GET /wp-admin/nav-menus.php?menu=3 HTTP/1.1" 200 26080 "https://adept.hospitalinnovate.org/wp-admin/nav-menus.php?action=edit&menu=0" "Mozilla/5.0 (Windows NT 10.0; Win64; x64) AppleWebKit/537.36 (KHTML, like Gecko) Chrome/151.0.0.0 Safari/537.36 Edg/151.0.0.0"
69.39.225.240 - - [17/Aug/2026:13:33:31 -0400] "POST /wp-cron.php?doing_wp_cron=1786988011.6902859210968017578125 HTTP/1.1" 200 20 "-" "WordPress/7.0.4; https://adept.hospitalinnovate.org"
24.130.16.15 - - [17/Aug/2026:13:33:31 -0400] "POST /wp-admin/admin-ajax.php HTTP/1.1" 200 1476 "https://adept.hospitalinnovate.org/wp-admin/nav-menus.php?menu=3" "Mozilla/5.0 (Windows NT 10.0; Win64; x64) AppleWebKit/537.36 (KHTML, like Gecko) Chrome/151.0.0.0 Safari/537.36 Edg/151.0.0.0"
69.39.225.240 - - [17/Aug/2026:13:33:45 -0400] "POST /wp-cron.php?doing_wp_cron=1786988025.4758930206298828125000 HTTP/1.1" 200 20 "-" "WordPress/7.0.4; https://adept.hospitalinnovate.org"
24.130.16.15 - - [17/Aug/2026:13:33:42 -0400] "POST /wp-admin/admin-ajax.php HTTP/1.1" 200 1477 "https://adept.hospitalinnovate.org/wp-admin/nav-menus.php?menu=3" "Mozilla/5.0 (Windows NT 10.0; Win64; x64) AppleWebKit/537.36 (KHTML, like Gecko) Chrome/151.0.0.0 Safari/537.36 Edg/151.0.0.0"
69.39.225.240 - - [17/Aug/2026:13:33:57 -0400] "POST /wp-cron.php?doing_wp_cron=1786988037.7967929840087890625000 HTTP/1.1" 200 20 "-" "WordPress/7.0.4; https://adept.hospitalinnovate.org"
24.130.16.15 - - [17/Aug/2026:13:33:55 -0400] "POST /wp-admin/admin-ajax.php HTTP/1.1" 200 1480 "https://adept.hospitalinnovate.org/wp-admin/nav-menus.php?menu=3" "Mozilla/5.0 (Windows NT 10.0; Win64; x64) AppleWebKit/537.36 (KHTML, like Gecko) Chrome/151.0.0.0 Safari/537.36 Edg/151.0.0.0"
24.130.16.15 - - [17/Aug/2026:13:33:59 -0400] "POST /wp-admin/nav-menus.php?menu=3 HTTP/1.1" 200 28061 "https://adept.hospitalinnovate.org/wp-admin/nav-menus.php?menu=3" "Mozilla/5.0 (Windows NT 10.0; Win64; x64) AppleWebKit/537.36 (KHTML, like Gecko) Chrome/151.0.0.0 Safari/537.36 Edg/151.0.0.0"
24.130.16.15 - - [17/Aug/2026:13:34:03 -0400] "GET /wp-content/plugins/arconix-shortcodes/includes/css/admin.css?ver=2.2.1 HTTP/1.1" 304 - "https://adept.hospitalinnovate.org/wp-admin/nav-menus.php?menu=3" "Mozilla/5.0 (Windows NT 10.0; Win64; x64) AppleWebKit/537.36 (KHTML, like Gecko) Chrome/151.0.0.0 Safari/537.36 Edg/151.0.0.0"
24.130.16.15 - - [17/Aug/2026:13:34:03 -0400] "GET /wp-content/plugins/arconix-shortcodes/includes/component/tracking-data/assets/images/site-logo-new.jpg HTTP/1.1" 304 - "https://adept.hospitalinnovate.org/wp-admin/nav-menus.php?menu=3" "Mozilla/5.0 (Windows NT 10.0; Win64; x64) AppleWebKit/537.36 (KHTML, like Gecko) Chrome/151.0.0.0 Safari/537.36 Edg/151.0.0.0"
24.130.16.15 - - [17/Aug/2026:13:34:02 -0400] "GET / HTTP/1.1" 200 11222 "https://adept.hospitalinnovate.org/wp-admin/post.php?post=2&action=edit&wpb-backend-editor" "Mozilla/5.0 (Windows NT 10.0; Win64; x64) AppleWebKit/537.36 (KHTML, like Gecko) Chrome/151.0.0.0 Safari/537.36 Edg/151.0.0.0"
24.130.16.15 - - [17/Aug/2026:13:34:06 -0400] "GET /wp-content/plugins/arconix-shortcodes/includes/css/font-awesome.min.css?ver=4.6.3 HTTP/1.1" 304 - "https://adept.hospitalinnovate.org/" "Mozilla/5.0 (Windows NT 10.0; Win64; x64) AppleWebKit/537.36 (KHTML, like Gecko) Chrome/151.0.0.0 Safari/537.36 Edg/151.0.0.0"
24.130.16.15 - - [17/Aug/2026:13:34:06 -0400] "GET /wp-content/plugins/arconix-shortcodes/includes/css/arconix-shortcodes.min.css?ver=2.2.1 HTTP/1.1" 304 - "https://adept.hospitalinnovate.org/" "Mozilla/5.0 (Windows NT 10.0; Win64; x64) AppleWebKit/537.36 (KHTML, like Gecko) Chrome/151.0.0.0 Safari/537.36 Edg/151.0.0.0"
24.130.16.15 - - [17/Aug/2026:13:34:06 -0400] "GET /wp-content/plugins/contact-form-7/includes/css/styles.css?ver=6.1.7 HTTP/1.1" 304 - "https://adept.hospitalinnovate.org/" "Mozilla/5.0 (Windows NT 10.0; Win64; x64) AppleWebKit/537.36 (KHTML, like Gecko) Chrome/151.0.0.0 Safari/537.36 Edg/151.0.0.0"
24.130.16.15 - - [17/Aug/2026:13:34:06 -0400] "GET /wp-content/plugins/contact-form-7/includes/swv/js/index.js?ver=6.1.7 HTTP/1.1" 304 - "https://adept.hospitalinnovate.org/" "Mozilla/5.0 (Windows NT 10.0; Win64; x64) AppleWebKit/537.36 (KHTML, like Gecko) Chrome/151.0.0.0 Safari/537.36 Edg/151.0.0.0"
24.130.16.15 - - [17/Aug/2026:13:34:06 -0400] "GET /wp-content/uploads/redux/custom-fonts/fonts.css?ver=1786988045 HTTP/1.1" 200 - "https://adept.hospitalinnovate.org/" "Mozilla/5.0 (Windows NT 10.0; Win64; x64) AppleWebKit/537.36 (KHTML, like Gecko) Chrome/151.0.0.0 Safari/537.36 Edg/151.0.0.0"
24.130.16.15 - - [17/Aug/2026:13:34:06 -0400] "GET /wp-content/plugins/contact-form-7/includes/js/index.js?ver=6.1.7 HTTP/1.1" 304 - "https://adept.hospitalinnovate.org/" "Mozilla/5.0 (Windows NT 10.0; Win64; x64) AppleWebKit/537.36 (KHTML, like Gecko) Chrome/151.0.0.0 Safari/537.36 Edg/151.0.0.0"
69.39.225.240 - - [17/Aug/2026:13:34:09 -0400] "POST /wp-cron.php?doing_wp_cron=1786988049.1169610023498535156250 HTTP/1.1" 200 20 "-" "WordPress/7.0.4; https://adept.hospitalinnovate.org"
24.130.16.15 - - [17/Aug/2026:13:34:06 -0400] "GET /wp-admin/admin-ajax.php?action=cesis_dynamic_css&ver=1.8.76 HTTP/1.1" 200 10791 "https://adept.hospitalinnovate.org/" "Mozilla/5.0 (Windows NT 10.0; Win64; x64) AppleWebKit/537.36 (KHTML, like Gecko) Chrome/151.0.0.0 Safari/537.36 Edg/151.0.0.0"
24.130.16.15 - - [17/Aug/2026:13:34:15 -0400] "GET / HTTP/1.1" 200 11316 "-" "Mozilla/5.0 (Windows NT 10.0; Win64; x64) AppleWebKit/537.36 (KHTML, like Gecko) Chrome/151.0.0.0 Safari/537.36 Edg/151.0.0.0"
24.130.16.15 - - [17/Aug/2026:13:34:19 -0400] "GET /wp-content/uploads/redux/custom-fonts/fonts.css?ver=1786988058 HTTP/1.1" 200 - "https://adept.hospitalinnovate.org/" "Mozilla/5.0 (Windows NT 10.0; Win64; x64) AppleWebKit/537.36 (KHTML, like Gecko) Chrome/151.0.0.0 Safari/537.36 Edg/151.0.0.0"
69.39.225.240 - - [17/Aug/2026:13:34:22 -0400] "POST /wp-cron.php?doing_wp_cron=1786988062.0345621109008789062500 HTTP/1.1" 200 20 "-" "WordPress/7.0.4; https://adept.hospitalinnovate.org"
24.130.16.15 - - [17/Aug/2026:13:34:19 -0400] "GET /wp-admin/admin-ajax.php?action=cesis_dynamic_css&ver=1.8.76 HTTP/1.1" 200 10791 "https://adept.hospitalinnovate.org/" "Mozilla/5.0 (Windows NT 10.0; Win64; x64) AppleWebKit/537.36 (KHTML, like Gecko) Chrome/151.0.0.0 Safari/537.36 Edg/151.0.0.0"
69.39.225.240 - - [17/Aug/2026:13:34:31 -0400] "POST /wp-cron.php?doing_wp_cron=1786988071.2659831047058105468750 HTTP/1.1" 200 20 "-" "WordPress/7.0.4; https://adept.hospitalinnovate.org"
24.130.16.15 - - [17/Aug/2026:13:34:28 -0400] "GET /wp-admin/admin.php?page=cesis-dashboard HTTP/1.1" 200 21688 "https://adept.hospitalinnovate.org/wp-admin/nav-menus.php?menu=3" "Mozilla/5.0 (Windows NT 10.0; Win64; x64) AppleWebKit/537.36 (KHTML, like Gecko) Chrome/151.0.0.0 Safari/537.36 Edg/151.0.0.0"
24.130.16.15 - - [17/Aug/2026:13:34:31 -0400] "GET /wp-content/themes/cesis/admin/redux-framework/assets/img/logo_dark.png HTTP/1.1" 200 4558 "https://adept.hospitalinnovate.org/wp-admin/admin.php?page=cesis-dashboard" "Mozilla/5.0 (Windows NT 10.0; Win64; x64) AppleWebKit/537.36 (KHTML, like Gecko) Chrome/151.0.0.0 Safari/537.36 Edg/151.0.0.0"
24.130.16.15 - - [17/Aug/2026:13:34:31 -0400] "GET /wp-content/themes/cesis/admin/redux-framework/assets/img/uavc-large.png HTTP/1.1" 200 36415 "https://adept.hospitalinnovate.org/wp-admin/admin.php?page=cesis-dashboard" "Mozilla/5.0 (Windows NT 10.0; Win64; x64) AppleWebKit/537.36 (KHTML, like Gecko) Chrome/151.0.0.0 Safari/537.36 Edg/151.0.0.0"
24.130.16.15 - - [17/Aug/2026:13:34:31 -0400] "GET /wp-content/plugins/arconix-shortcodes/includes/component/tracking-data/assets/js/dismiss-notice.js?ver=7.0.4 HTTP/1.1" 304 - "https://adept.hospitalinnovate.org/wp-admin/admin.php?page=cesis-dashboard" "Mozilla/5.0 (Windows NT 10.0; Win64; x64) AppleWebKit/537.36 (KHTML, like Gecko) Chrome/151.0.0.0 Safari/537.36 Edg/151.0.0.0"
24.130.16.15 - - [17/Aug/2026:13:34:31 -0400] "GET /wp-content/themes/cesis/admin/redux-framework/assets/img/cesis-large.png HTTP/1.1" 200 16263 "https://adept.hospitalinnovate.org/wp-admin/admin.php?page=cesis-dashboard" "Mozilla/5.0 (Windows NT 10.0; Win64; x64) AppleWebKit/537.36 (KHTML, like Gecko) Chrome/151.0.0.0 Safari/537.36 Edg/151.0.0.0"
