24.130.16.15 - - [17/Aug/2026:13:39:02 -0400] "GET /wp-content/themes/cesis/admin/redux-framework/inc/fields/slider/field_slider.min.js?ver=1786988341 HTTP/1.1" 200 3227 "https://adept.hospitalinnovate.org/wp-admin/post.php?post=26&action=edit&wpb-backend-editor" "Mozilla/5.0 (Windows NT 10.0; Win64; x64) AppleWebKit/537.36 (KHTML, like Gecko) Chrome/151.0.0.0 Safari/537.36 Edg/151.0.0.0"
24.130.16.15 - - [17/Aug/2026:13:39:02 -0400] "GET /wp-content/themes/cesis/admin/redux-framework/inc/fields/typography/field_typography.min.js?ver=1786988341 HTTP/1.1" 200 10815 "https://adept.hospitalinnovate.org/wp-admin/post.php?post=26&action=edit&wpb-backend-editor" "Mozilla/5.0 (Windows NT 10.0; Win64; x64) AppleWebKit/537.36 (KHTML, like Gecko) Chrome/151.0.0.0 Safari/537.36 Edg/151.0.0.0"
24.130.16.15 - - [17/Aug/2026:13:39:02 -0400] "GET /wp-content/themes/cesis/admin/redux-framework/inc/fields/select/field_select.min.js?ver=1786988341 HTTP/1.1" 200 1350 "https://adept.hospitalinnovate.org/wp-admin/post.php?post=26&action=edit&wpb-backend-editor" "Mozilla/5.0 (Windows NT 10.0; Win64; x64) AppleWebKit/537.36 (KHTML, like Gecko) Chrome/151.0.0.0 Safari/537.36 Edg/151.0.0.0"
24.130.16.15 - - [17/Aug/2026:13:39:02 -0400] "GET /wp-content/themes/cesis/admin/redux-framework/inc/fields/color_rgba/field_color_rgba.min.js?ver=1786988341 HTTP/1.1" 200 3663 "https://adept.hospitalinnovate.org/wp-admin/post.php?post=26&action=edit&wpb-backend-editor" "Mozilla/5.0 (Windows NT 10.0; Win64; x64) AppleWebKit/537.36 (KHTML, like Gecko) Chrome/151.0.0.0 Safari/537.36 Edg/151.0.0.0"
24.130.16.15 - - [17/Aug/2026:13:39:02 -0400] "GET /wp-content/themes/cesis/admin/redux-framework/inc/fields/color/field_color.min.js?ver=1786988341 HTTP/1.1" 200 2359 "https://adept.hospitalinnovate.org/wp-admin/post.php?post=26&action=edit&wpb-backend-editor" "Mozilla/5.0 (Windows NT 10.0; Win64; x64) AppleWebKit/537.36 (KHTML, like Gecko) Chrome/151.0.0.0 Safari/537.36 Edg/151.0.0.0"
24.130.16.15 - - [17/Aug/2026:13:39:02 -0400] "GET /wp-content/themes/cesis/admin/redux-framework/inc/fields/editor/field_editor.min.js?ver=1786988341 HTTP/1.1" 200 573 "https://adept.hospitalinnovate.org/wp-admin/post.php?post=26&action=edit&wpb-backend-editor" "Mozilla/5.0 (Windows NT 10.0; Win64; x64) AppleWebKit/537.36 (KHTML, like Gecko) Chrome/151.0.0.0 Safari/537.36 Edg/151.0.0.0"
24.130.16.15 - - [17/Aug/2026:13:39:02 -0400] "GET /wp-content/themes/cesis/admin/redux-framework/inc/fields/spacing/field_spacing.min.js?ver=1786988341 HTTP/1.1" 200 1356 "https://adept.hospitalinnovate.org/wp-admin/post.php?post=26&action=edit&wpb-backend-editor" "Mozilla/5.0 (Windows NT 10.0; Win64; x64) AppleWebKit/537.36 (KHTML, like Gecko) Chrome/151.0.0.0 Safari/537.36 Edg/151.0.0.0"
24.130.16.15 - - [17/Aug/2026:13:39:02 -0400] "GET /wp-content/themes/cesis/admin/redux-extensions/extensions/dev_iconselect/dev_iconselect/field_dev_iconselect.js?ver=1786988341 HTTP/1.1" 200 11377 "https://adept.hospitalinnovate.org/wp-admin/post.php?post=26&action=edit&wpb-backend-editor" "Mozilla/5.0 (Windows NT 10.0; Win64; x64) AppleWebKit/537.36 (KHTML, like Gecko) Chrome/151.0.0.0 Safari/537.36 Edg/151.0.0.0"
24.130.16.15 - - [17/Aug/2026:13:39:02 -0400] "GET /wp-content/themes/cesis/admin/redux-framework/inc/fields/image_select/field_image_select.min.js?ver=1786988341 HTTP/1.1" 200 2209 "https://adept.hospitalinnovate.org/wp-admin/post.php?post=26&action=edit&wpb-backend-editor" "Mozilla/5.0 (Windows NT 10.0; Win64; x64) AppleWebKit/537.36 (KHTML, like Gecko) Chrome/151.0.0.0 Safari/537.36 Edg/151.0.0.0"
24.130.16.15 - - [17/Aug/2026:13:39:02 -0400] "GET /wp-content/themes/cesis/admin/redux-framework/inc/fields/gallery/field_gallery.min.js?ver=1786988341 HTTP/1.1" 200 1627 "https://adept.hospitalinnovate.org/wp-admin/post.php?post=26&action=edit&wpb-backend-editor" "Mozilla/5.0 (Windows NT 10.0; Win64; x64) AppleWebKit/537.36 (KHTML, like Gecko) Chrome/151.0.0.0 Safari/537.36 Edg/151.0.0.0"
24.130.16.15 - - [17/Aug/2026:13:39:02 -0400] "GET /wp-content/themes/cesis/admin/redux-extensions/extensions/wbc_importer/wbc_importer//field_wbc_importer.min.js?ver=1786988341 HTTP/1.1" 200 2674 "https://adept.hospitalinnovate.org/wp-admin/post.php?post=26&action=edit&wpb-backend-editor" "Mozilla/5.0 (Windows NT 10.0; Win64; x64) AppleWebKit/537.36 (KHTML, like Gecko) Chrome/151.0.0.0 Safari/537.36 Edg/151.0.0.0"
69.39.225.240 - - [17/Aug/2026:13:39:03 -0400] "POST /wp-cron.php?doing_wp_cron=1786988343.3363358974456787109375 HTTP/1.1" 200 20 "-" "WordPress/7.0.4; https://adept.hospitalinnovate.org"
24.130.16.15 - - [17/Aug/2026:13:39:02 -0400] "POST /wp-admin/admin-ajax.php HTTP/1.1" 200 1818 "https://adept.hospitalinnovate.org/wp-admin/post.php?post=26&action=edit&wpb-backend-editor" "Mozilla/5.0 (Windows NT 10.0; Win64; x64) AppleWebKit/537.36 (KHTML, like Gecko) Chrome/151.0.0.0 Safari/537.36 Edg/151.0.0.0"
69.39.225.240 - - [17/Aug/2026:13:39:14 -0400] "POST /wp-cron.php?doing_wp_cron=1786988354.7112550735473632812500 HTTP/1.1" 200 20 "-" "WordPress/7.0.4; https://adept.hospitalinnovate.org"
24.130.16.15 - - [17/Aug/2026:13:39:14 -0400] "POST /wp-admin/admin-ajax.php HTTP/1.1" 200 124 "https://adept.hospitalinnovate.org/wp-admin/post.php?post=26&action=edit&wpb-backend-editor" "Mozilla/5.0 (Windows NT 10.0; Win64; x64) AppleWebKit/537.36 (KHTML, like Gecko) Chrome/151.0.0.0 Safari/537.36 Edg/151.0.0.0"
24.130.16.15 - - [17/Aug/2026:13:39:15 -0400] "POST /wp-admin/admin-ajax.php HTTP/1.1" 200 262 "https://adept.hospitalinnovate.org/wp-admin/post.php?post=26&action=edit&wpb-backend-editor" "Mozilla/5.0 (Windows NT 10.0; Win64; x64) AppleWebKit/537.36 (KHTML, like Gecko) Chrome/151.0.0.0 Safari/537.36 Edg/151.0.0.0"
24.130.16.15 - - [17/Aug/2026:13:39:15 -0400] "GET /wp-content/plugins/js_composer/assets/vc/vc-element-icons/element-icon-section.svg HTTP/1.1" 200 774 "https://adept.hospitalinnovate.org/wp-content/plugins/js_composer/assets/css/js_composer_backend_editor.min.css?ver=8.7.2" "Mozilla/5.0 (Windows NT 10.0; Win64; x64) AppleWebKit/537.36 (KHTML, like Gecko) Chrome/151.0.0.0 Safari/537.36 Edg/151.0.0.0"
24.130.16.15 - - [17/Aug/2026:13:39:15 -0400] "GET /wp-content/plugins/js_composer/assets/vc/vc-element-icons/element-icon-revolution-slider.svg HTTP/1.1" 200 964 "https://adept.hospitalinnovate.org/wp-content/plugins/js_composer/assets/css/js_composer_backend_editor.min.css?ver=8.7.2" "Mozilla/5.0 (Windows NT 10.0; Win64; x64) AppleWebKit/537.36 (KHTML, like Gecko) Chrome/151.0.0.0 Safari/537.36 Edg/151.0.0.0"
69.39.225.240 - - [17/Aug/2026:13:39:16 -0400] "POST /wp-cron.php?doing_wp_cron=1786988356.7467300891876220703125 HTTP/1.1" 200 20 "-" "WordPress/7.0.4; https://adept.hospitalinnovate.org"
24.130.16.15 - - [17/Aug/2026:13:39:16 -0400] "POST /wp-admin/admin-ajax.php HTTP/1.1" 200 8169 "https://adept.hospitalinnovate.org/wp-admin/post.php?post=26&action=edit&wpb-backend-editor" "Mozilla/5.0 (Windows NT 10.0; Win64; x64) AppleWebKit/537.36 (KHTML, like Gecko) Chrome/151.0.0.0 Safari/537.36 Edg/151.0.0.0"
69.39.225.240 - - [17/Aug/2026:13:39:17 -0400] "POST /wp-cron.php?doing_wp_cron=1786988357.7150499820709228515625 HTTP/1.1" 200 20 "-" "WordPress/7.0.4; https://adept.hospitalinnovate.org"
24.130.16.15 - - [17/Aug/2026:13:39:17 -0400] "POST /wp-admin/admin-ajax.php HTTP/1.1" 200 8758 "https://adept.hospitalinnovate.org/wp-admin/post.php?post=26&action=edit&wpb-backend-editor" "Mozilla/5.0 (Windows NT 10.0; Win64; x64) AppleWebKit/537.36 (KHTML, like Gecko) Chrome/151.0.0.0 Safari/537.36 Edg/151.0.0.0"
69.39.225.240 - - [17/Aug/2026:13:39:21 -0400] "POST /wp-cron.php?doing_wp_cron=1786988361.9107189178466796875000 HTTP/1.1" 200 20 "-" "WordPress/7.0.4; https://adept.hospitalinnovate.org"
24.130.16.15 - - [17/Aug/2026:13:39:21 -0400] "POST /wp-admin/admin-ajax.php HTTP/1.1" 200 5644 "https://adept.hospitalinnovate.org/wp-admin/post.php?post=26&action=edit&wpb-backend-editor" "Mozilla/5.0 (Windows NT 10.0; Win64; x64) AppleWebKit/537.36 (KHTML, like Gecko) Chrome/151.0.0.0 Safari/537.36 Edg/151.0.0.0"
69.39.225.240 - - [17/Aug/2026:13:39:51 -0400] "POST /wp-cron.php?doing_wp_cron=1786988390.9924130439758300781250 HTTP/1.1" 200 20 "-" "WordPress/7.0.4; https://adept.hospitalinnovate.org"
24.130.16.15 - - [17/Aug/2026:13:39:50 -0400] "POST /wp-admin/admin-ajax.php HTTP/1.1" 200 9673 "https://adept.hospitalinnovate.org/wp-admin/post.php?post=26&action=edit&wpb-backend-editor" "Mozilla/5.0 (Windows NT 10.0; Win64; x64) AppleWebKit/537.36 (KHTML, like Gecko) Chrome/151.0.0.0 Safari/537.36 Edg/151.0.0.0"
69.39.225.240 - - [17/Aug/2026:13:39:56 -0400] "POST /wp-cron.php?doing_wp_cron=1786988396.8350450992584228515625 HTTP/1.1" 200 20 "-" "WordPress/7.0.4; https://adept.hospitalinnovate.org"
24.130.16.15 - - [17/Aug/2026:13:39:55 -0400] "POST /wp-admin/post.php HTTP/1.1" 200 20 "https://adept.hospitalinnovate.org/wp-admin/post.php?post=26&action=edit&wpb-backend-editor&wp-post-new-reload=true" "Mozilla/5.0 (Windows NT 10.0; Win64; x64) AppleWebKit/537.36 (KHTML, like Gecko) Chrome/151.0.0.0 Safari/537.36 Edg/151.0.0.0"
24.130.16.15 - - [17/Aug/2026:13:39:56 -0400] "GET /wp-admin/post.php?post=26&action=edit&message=6 HTTP/1.1" 200 457719 "https://adept.hospitalinnovate.org/wp-admin/post.php?post=26&action=edit&wpb-backend-editor&wp-post-new-reload=true" "Mozilla/5.0 (Windows NT 10.0; Win64; x64) AppleWebKit/537.36 (KHTML, like Gecko) Chrome/151.0.0.0 Safari/537.36 Edg/151.0.0.0"
24.130.16.15 - - [17/Aug/2026:13:39:58 -0400] "GET /wp-content/plugins/revslider/admin/includes/shortcode_generator/wpbakery/assets/css/sr7-wpbakery.css?ver=7.0.3 HTTP/1.1" 304 - "https://adept.hospitalinnovate.org/wp-admin/post.php?post=26&action=edit&message=6" "Mozilla/5.0 (Windows NT 10.0; Win64; x64) AppleWebKit/537.36 (KHTML, like Gecko) Chrome/151.0.0.0 Safari/537.36 Edg/151.0.0.0"
24.130.16.15 - - [17/Aug/2026:13:39:58 -0400] "GET /wp-content/plugins/arconix-shortcodes/includes/css/admin.css?ver=2.2.1 HTTP/1.1" 304 - "https://adept.hospitalinnovate.org/wp-admin/post.php?post=26&action=edit&message=6" "Mozilla/5.0 (Windows NT 10.0; Win64; x64) AppleWebKit/537.36 (KHTML, like Gecko) Chrome/151.0.0.0 Safari/537.36 Edg/151.0.0.0"
24.130.16.15 - - [17/Aug/2026:13:39:58 -0400] "GET /wp-content/themes/cesis/admin/redux-extensions/extensions/custom_fonts/custom_fonts/field_custom_fonts.css?ver=1786988397 HTTP/1.1" 200 945 "https://adept.hospitalinnovate.org/wp-admin/post.php?post=26&action=edit&message=6" "Mozilla/5.0 (Windows NT 10.0; Win64; x64) AppleWebKit/537.36 (KHTML, like Gecko) Chrome/151.0.0.0 Safari/537.36 Edg/151.0.0.0"
24.130.16.15 - - [17/Aug/2026:13:39:58 -0400] "GET /wp-content/plugins/revslider/public/css/sr7.css?ver=7.0.3 HTTP/1.1" 304 - "https://adept.hospitalinnovate.org/wp-admin/post.php?post=26&action=edit&message=6" "Mozilla/5.0 (Windows NT 10.0; Win64; x64) AppleWebKit/537.36 (KHTML, like Gecko) Chrome/151.0.0.0 Safari/537.36 Edg/151.0.0.0"
24.130.16.15 - - [17/Aug/2026:13:39:58 -0400] "GET /wp-content/uploads/redux/custom-fonts/fonts.css?ver=1786988397 HTTP/1.1" 200 - "https://adept.hospitalinnovate.org/wp-admin/post.php?post=26&action=edit&message=6" "Mozilla/5.0 (Windows NT 10.0; Win64; x64) AppleWebKit/537.36 (KHTML, like Gecko) Chrome/151.0.0.0 Safari/537.36 Edg/151.0.0.0"
24.130.16.15 - - [17/Aug/2026:13:39:58 -0400] "GET /wp-content/plugins/revslider/admin/assets/css/base.css?ver=7.0.3 HTTP/1.1" 304 - "https://adept.hospitalinnovate.org/wp-admin/post.php?post=26&action=edit&message=6" "Mozilla/5.0 (Windows NT 10.0; Win64; x64) AppleWebKit/537.36 (KHTML, like Gecko) Chrome/151.0.0.0 Safari/537.36 Edg/151.0.0.0"
24.130.16.15 - - [17/Aug/2026:13:39:58 -0400] "GET /wp-content/plugins/revslider/admin/assets/css/editor.css?ver=7.0.3 HTTP/1.1" 304 - "https://adept.hospitalinnovate.org/wp-admin/post.php?post=26&action=edit&message=6" "Mozilla/5.0 (Windows NT 10.0; Win64; x64) AppleWebKit/537.36 (KHTML, like Gecko) Chrome/151.0.0.0 Safari/537.36 Edg/151.0.0.0"
24.130.16.15 - - [17/Aug/2026:13:39:58 -0400] "GET /wp-content/plugins/revslider/admin/assets/css/timeline.css?ver=7.0.3 HTTP/1.1" 304 - "https://adept.hospitalinnovate.org/wp-admin/post.php?post=26&action=edit&message=6" "Mozilla/5.0 (Windows NT 10.0; Win64; x64) AppleWebKit/537.36 (KHTML, like Gecko) Chrome/151.0.0.0 Safari/537.36 Edg/151.0.0.0"
24.130.16.15 - - [17/Aug/2026:13:39:58 -0400] "GET /wp-content/plugins/revslider/admin/assets/css/forms.css?ver=7.0.3 HTTP/1.1" 304 - "https://adept.hospitalinnovate.org/wp-admin/post.php?post=26&action=edit&message=6" "Mozilla/5.0 (Windows NT 10.0; Win64; x64) AppleWebKit/537.36 (KHTML, like Gecko) Chrome/151.0.0.0 Safari/537.36 Edg/151.0.0.0"
24.130.16.15 - - [17/Aug/2026:13:39:58 -0400] "GET /wp-content/plugins/revslider/admin/assets/css/library.css?ver=7.0.3 HTTP/1.1" 304 - "https://adept.hospitalinnovate.org/wp-admin/post.php?post=26&action=edit&message=6" "Mozilla/5.0 (Windows NT 10.0; Win64; x64) AppleWebKit/537.36 (KHTML, like Gecko) Chrome/151.0.0.0 Safari/537.36 Edg/151.0.0.0"
24.130.16.15 - - [17/Aug/2026:13:39:58 -0400] "GET /wp-content/plugins/revslider/admin/assets/js/tools/tools.js?ver=7.0.3 HTTP/1.1" 304 - "https://adept.hospitalinnovate.org/wp-admin/post.php?post=26&action=edit&message=6" "Mozilla/5.0 (Windows NT 10.0; Win64; x64) AppleWebKit/537.36 (KHTML, like Gecko) Chrome/151.0.0.0 Safari/537.36 Edg/151.0.0.0"
24.130.16.15 - - [17/Aug/2026:13:39:58 -0400] "GET /wp-content/plugins/revslider/admin/assets/css/colorpicker.css?ver=7.0.3 HTTP/1.1" 304 - "https://adept.hospitalinnovate.org/wp-admin/post.php?post=26&action=edit&message=6" "Mozilla/5.0 (Windows NT 10.0; Win64; x64) AppleWebKit/537.36 (KHTML, like Gecko) Chrome/151.0.0.0 Safari/537.36 Edg/151.0.0.0"
24.130.16.15 - - [17/Aug/2026:13:39:58 -0400] "GET /wp-content/plugins/revslider/admin/assets/js/dashboard.js?ver=7.0.3 HTTP/1.1" 304 - "https://adept.hospitalinnovate.org/wp-admin/post.php?post=26&action=edit&message=6" "Mozilla/5.0 (Windows NT 10.0; Win64; x64) AppleWebKit/537.36 (KHTML, like Gecko) Chrome/151.0.0.0 Safari/537.36 Edg/151.0.0.0"
24.130.16.15 - - [17/Aug/2026:13:39:58 -0400] "GET /wp-content/plugins/revslider/admin/assets/js/compatibility.js?ver=7.0.3 HTTP/1.1" 304 - "https://adept.hospitalinnovate.org/wp-admin/post.php?post=26&action=edit&message=6" "Mozilla/5.0 (Windows NT 10.0; Win64; x64) AppleWebKit/537.36 (KHTML, like Gecko) Chrome/151.0.0.0 Safari/537.36 Edg/151.0.0.0"
24.130.16.15 - - [17/Aug/2026:13:39:58 -0400] "GET /wp-content/plugins/arconix-shortcodes/includes/component/tracking-data/assets/images/site-logo-new.jpg HTTP/1.1" 304 - "https://adept.hospitalinnovate.org/wp-admin/post.php?post=26&action=edit&message=6" "Mozilla/5.0 (Windows NT 10.0; Win64; x64) AppleWebKit/537.36 (KHTML, like Gecko) Chrome/151.0.0.0 Safari/537.36 Edg/151.0.0.0"
24.130.16.15 - - [17/Aug/2026:13:39:58 -0400] "GET /wp-content/themes/cesis/admin/redux-framework/inc/fields/button_set/field_button_set.min.js?ver=1786988397 HTTP/1.1" 200 1240 "https://adept.hospitalinnovate.org/wp-admin/post.php?post=26&action=edit&message=6" "Mozilla/5.0 (Windows NT 10.0; Win64; x64) AppleWebKit/537.36 (KHTML, like Gecko) Chrome/151.0.0.0 Safari/537.36 Edg/151.0.0.0"
24.130.16.15 - - [17/Aug/2026:13:39:58 -0400] "GET /wp-content/themes/cesis/admin/redux-framework/assets/js/media/media.min.js?ver=1786988397 HTTP/1.1" 200 3270 "https://adept.hospitalinnovate.org/wp-admin/post.php?post=26&action=edit&message=6" "Mozilla/5.0 (Windows NT 10.0; Win64; x64) AppleWebKit/537.36 (KHTML, like Gecko) Chrome/151.0.0.0 Safari/537.36 Edg/151.0.0.0"
24.130.16.15 - - [17/Aug/2026:13:39:58 -0400] "GET /wp-content/themes/cesis/admin/redux-framework/inc/fields/background/field_background.min.js?ver=1786988397 HTTP/1.1" 200 5475 "https://adept.hospitalinnovate.org/wp-admin/post.php?post=26&action=edit&message=6" "Mozilla/5.0 (Windows NT 10.0; Win64; x64) AppleWebKit/537.36 (KHTML, like Gecko) Chrome/151.0.0.0 Safari/537.36 Edg/151.0.0.0"
24.130.16.15 - - [17/Aug/2026:13:39:58 -0400] "GET /wp-content/themes/cesis/admin/redux-framework/inc/fields/switch/field_switch.min.js?ver=1786988397 HTTP/1.1" 200 1282 "https://adept.hospitalinnovate.org/wp-admin/post.php?post=26&action=edit&message=6" "Mozilla/5.0 (Windows NT 10.0; Win64; x64) AppleWebKit/537.36 (KHTML, like Gecko) Chrome/151.0.0.0 Safari/537.36 Edg/151.0.0.0"
24.130.16.15 - - [17/Aug/2026:13:39:58 -0400] "GET /wp-content/themes/cesis/admin/redux-framework/inc/fields/ace_editor/field_ace_editor.min.js?ver=1786988397 HTTP/1.1" 200 993 "https://adept.hospitalinnovate.org/wp-admin/post.php?post=26&action=edit&message=6" "Mozilla/5.0 (Windows NT 10.0; Win64; x64) AppleWebKit/537.36 (KHTML, like Gecko) Chrome/151.0.0.0 Safari/537.36 Edg/151.0.0.0"
24.130.16.15 - - [17/Aug/2026:13:39:58 -0400] "GET /wp-content/themes/cesis/admin/redux-framework/inc/fields/sorter/field_sorter.min.js?ver=1786988397 HTTP/1.1" 200 2109 "https://adept.hospitalinnovate.org/wp-admin/post.php?post=26&action=edit&message=6" "Mozilla/5.0 (Windows NT 10.0; Win64; x64) AppleWebKit/537.36 (KHTML, like Gecko) Chrome/151.0.0.0 Safari/537.36 Edg/151.0.0.0"
24.130.16.15 - - [17/Aug/2026:13:39:58 -0400] "GET /wp-content/themes/cesis/admin/redux-extensions/extensions/custom_fonts/custom_fonts/field_custom_fonts.min.js?ver=1786988397 HTTP/1.1" 200 3533 "https://adept.hospitalinnovate.org/wp-admin/post.php?post=26&action=edit&message=6" "Mozilla/5.0 (Windows NT 10.0; Win64; x64) AppleWebKit/537.36 (KHTML, like Gecko) Chrome/151.0.0.0 Safari/537.36 Edg/151.0.0.0"
24.130.16.15 - - [17/Aug/2026:13:39:58 -0400] "GET /wp-content/themes/cesis/admin/redux-extensions/extensions/custom_fonts/custom_fonts/jquery.blockUI.min.js?ver=1786988397 HTTP/1.1" 200 10055 "https://adept.hospitalinnovate.org/wp-admin/post.php?post=26&action=edit&message=6" "Mozilla/5.0 (Windows NT 10.0; Win64; x64) AppleWebKit/537.36 (KHTML, like Gecko) Chrome/151.0.0.0 Safari/537.36 Edg/151.0.0.0"
24.130.16.15 - - [17/Aug/2026:13:39:58 -0400] "GET /wp-content/themes/cesis/admin/redux-framework/inc/fields/typography/field_typography.min.js?ver=1786988397 HTTP/1.1" 200 10815 "https://adept.hospitalinnovate.org/wp-admin/post.php?post=26&action=edit&message=6" "Mozilla/5.0 (Windows NT 10.0; Win64; x64) AppleWebKit/537.36 (KHTML, like Gecko) Chrome/151.0.0.0 Safari/537.36 Edg/151.0.0.0"
24.130.16.15 - - [17/Aug/2026:13:39:58 -0400] "GET /wp-content/themes/cesis/admin/redux-framework/inc/fields/dimensions/field_dimensions.min.js?ver=1786988397 HTTP/1.1" 200 1254 "https://adept.hospitalinnovate.org/wp-admin/post.php?post=26&action=edit&message=6" "Mozilla/5.0 (Windows NT 10.0; Win64; x64) AppleWebKit/537.36 (KHTML, like Gecko) Chrome/151.0.0.0 Safari/537.36 Edg/151.0.0.0"
24.130.16.15 - - [17/Aug/2026:13:39:58 -0400] "GET /wp-content/themes/cesis/admin/redux-framework/inc/fields/select/field_select.min.js?ver=1786988397 HTTP/1.1" 200 1350 "https://adept.hospitalinnovate.org/wp-admin/post.php?post=26&action=edit&message=6" "Mozilla/5.0 (Windows NT 10.0; Win64; x64) AppleWebKit/537.36 (KHTML, like Gecko) Chrome/151.0.0.0 Safari/537.36 Edg/151.0.0.0"
24.130.16.15 - - [17/Aug/2026:13:39:58 -0400] "GET /wp-content/themes/cesis/admin/redux-framework/inc/fields/slider/field_slider.min.js?ver=1786988397 HTTP/1.1" 200 3227 "https://adept.hospitalinnovate.org/wp-admin/post.php?post=26&action=edit&message=6" "Mozilla/5.0 (Windows NT 10.0; Win64; x64) AppleWebKit/537.36 (KHTML, like Gecko) Chrome/151.0.0.0 Safari/537.36 Edg/151.0.0.0"
24.130.16.15 - - [17/Aug/2026:13:39:58 -0400] "GET /wp-content/themes/cesis/admin/redux-framework/inc/fields/color/field_color.min.js?ver=1786988397 HTTP/1.1" 200 2359 "https://adept.hospitalinnovate.org/wp-admin/post.php?post=26&action=edit&message=6" "Mozilla/5.0 (Windows NT 10.0; Win64; x64) AppleWebKit/537.36 (KHTML, like Gecko) Chrome/151.0.0.0 Safari/537.36 Edg/151.0.0.0"
24.130.16.15 - - [17/Aug/2026:13:39:58 -0400] "GET /wp-content/themes/cesis/admin/redux-framework/inc/fields/color_rgba/field_color_rgba.min.js?ver=1786988397 HTTP/1.1" 200 3663 "https://adept.hospitalinnovate.org/wp-admin/post.php?post=26&action=edit&message=6" "Mozilla/5.0 (Windows NT 10.0; Win64; x64) AppleWebKit/537.36 (KHTML, like Gecko) Chrome/151.0.0.0 Safari/537.36 Edg/151.0.0.0"
24.130.16.15 - - [17/Aug/2026:13:39:58 -0400] "GET /wp-content/themes/cesis/admin/redux-framework/inc/fields/image_select/field_image_select.min.js?ver=1786988397 HTTP/1.1" 200 2209 "https://adept.hospitalinnovate.org/wp-admin/post.php?post=26&action=edit&message=6" "Mozilla/5.0 (Windows NT 10.0; Win64; x64) AppleWebKit/537.36 (KHTML, like Gecko) Chrome/151.0.0.0 Safari/537.36 Edg/151.0.0.0"
24.130.16.15 - - [17/Aug/2026:13:39:58 -0400] "GET /wp-content/themes/cesis/admin/redux-framework/inc/fields/spacing/field_spacing.min.js?ver=1786988397 HTTP/1.1" 200 1356 "https://adept.hospitalinnovate.org/wp-admin/post.php?post=26&action=edit&message=6" "Mozilla/5.0 (Windows NT 10.0; Win64; x64) AppleWebKit/537.36 (KHTML, like Gecko) Chrome/151.0.0.0 Safari/537.36 Edg/151.0.0.0"
24.130.16.15 - - [17/Aug/2026:13:39:58 -0400] "GET /wp-content/themes/cesis/admin/redux-framework/inc/fields/editor/field_editor.min.js?ver=1786988397 HTTP/1.1" 200 573 "https://adept.hospitalinnovate.org/wp-admin/post.php?post=26&action=edit&message=6" "Mozilla/5.0 (Windows NT 10.0; Win64; x64) AppleWebKit/537.36 (KHTML, like Gecko) Chrome/151.0.0.0 Safari/537.36 Edg/151.0.0.0"
24.130.16.15 - - [17/Aug/2026:13:39:58 -0400] "GET /wp-content/themes/cesis/admin/redux-extensions/extensions/dev_iconselect/dev_iconselect/field_dev_iconselect.js?ver=1786988397 HTTP/1.1" 200 11377 "https://adept.hospitalinnovate.org/wp-admin/post.php?post=26&action=edit&message=6" "Mozilla/5.0 (Windows NT 10.0; Win64; x64) AppleWebKit/537.36 (KHTML, like Gecko) Chrome/151.0.0.0 Safari/537.36 Edg/151.0.0.0"
24.130.16.15 - - [17/Aug/2026:13:39:58 -0400] "GET /wp-content/themes/cesis/admin/redux-framework/inc/fields/gallery/field_gallery.min.js?ver=1786988397 HTTP/1.1" 200 1627 "https://adept.hospitalinnovate.org/wp-admin/post.php?post=26&action=edit&message=6" "Mozilla/5.0 (Windows NT 10.0; Win64; x64) AppleWebKit/537.36 (KHTML, like Gecko) Chrome/151.0.0.0 Safari/537.36 Edg/151.0.0.0"
24.130.16.15 - - [17/Aug/2026:13:39:58 -0400] "GET /wp-content/themes/cesis/admin/redux-extensions/extensions/wbc_importer/wbc_importer//field_wbc_importer.min.js?ver=1786988397 HTTP/1.1" 200 2674 "https://adept.hospitalinnovate.org/wp-admin/post.php?post=26&action=edit&message=6" "Mozilla/5.0 (Windows NT 10.0; Win64; x64) AppleWebKit/537.36 (KHTML, like Gecko) Chrome/151.0.0.0 Safari/537.36 Edg/151.0.0.0"
24.130.16.15 - - [17/Aug/2026:13:39:58 -0400] "GET /wp-content/plugins/revslider/admin/includes/shortcode_generator/wpbakery/assets/js/sr6-wpbakery.js?ver=8.7.2 HTTP/1.1" 304 - "https://adept.hospitalinnovate.org/wp-admin/post.php?post=26&action=edit&message=6" "Mozilla/5.0 (Windows NT 10.0; Win64; x64) AppleWebKit/537.36 (KHTML, like Gecko) Chrome/151.0.0.0 Safari/537.36 Edg/151.0.0.0"
24.130.16.15 - - [17/Aug/2026:13:39:58 -0400] "GET /wp-content/plugins/arconix-shortcodes/includes/component/tracking-data/assets/js/dismiss-notice.js?ver=7.0.4 HTTP/1.1" 304 - "https://adept.hospitalinnovate.org/wp-admin/post.php?post=26&action=edit&message=6" "Mozilla/5.0 (Windows NT 10.0; Win64; x64) AppleWebKit/537.36 (KHTML, like Gecko) Chrome/151.0.0.0 Safari/537.36 Edg/151.0.0.0"
24.130.16.15 - - [17/Aug/2026:13:39:58 -0400] "GET /wp-content/plugins/revslider/admin/includes/shortcode_generator/wpbakery/assets/js/sr7-wpbakery.js?ver=8.7.2 HTTP/1.1" 304 - "https://adept.hospitalinnovate.org/wp-admin/post.php?post=26&action=edit&message=6" "Mozilla/5.0 (Windows NT 10.0; Win64; x64) AppleWebKit/537.36 (KHTML, like Gecko) Chrome/151.0.0.0 Safari/537.36 Edg/151.0.0.0"
24.130.16.15 - - [17/Aug/2026:13:39:58 -0400] "GET /wp-content/plugins/revslider/public/js/sr7.js?ver=7.0.3 HTTP/1.1" 304 - "https://adept.hospitalinnovate.org/wp-admin/post.php?post=26&action=edit&message=6" "Mozilla/5.0 (Windows NT 10.0; Win64; x64) AppleWebKit/537.36 (KHTML, like Gecko) Chrome/151.0.0.0 Safari/537.36 Edg/151.0.0.0"
24.130.16.15 - - [17/Aug/2026:13:39:58 -0400] "GET /wp-content/plugins/revslider/public/js/page.js?ver=7.0.3 HTTP/1.1" 304 - "https://adept.hospitalinnovate.org/wp-admin/post.php?post=26&action=edit&message=6" "Mozilla/5.0 (Windows NT 10.0; Win64; x64) AppleWebKit/537.36 (KHTML, like Gecko) Chrome/151.0.0.0 Safari/537.36 Edg/151.0.0.0"
24.130.16.15 - - [17/Aug/2026:13:39:58 -0400] "GET /wp-content/plugins/revslider/public/js/libs/tptools.js?ver=7.0.3 HTTP/1.1" 304 - "https://adept.hospitalinnovate.org/wp-admin/post.php?post=26&action=edit&message=6" "Mozilla/5.0 (Windows NT 10.0; Win64; x64) AppleWebKit/537.36 (KHTML, like Gecko) Chrome/151.0.0.0 Safari/537.36 Edg/151.0.0.0"
69.39.225.240 - - [17/Aug/2026:13:39:59 -0400] "POST /wp-cron.php?doing_wp_cron=1786988399.2991778850555419921875 HTTP/1.1" 200 20 "-" "WordPress/7.0.4; https://adept.hospitalinnovate.org"
24.130.16.15 - - [17/Aug/2026:13:39:58 -0400] "POST /wp-admin/admin-ajax.php HTTP/1.1" 200 1818 "https://adept.hospitalinnovate.org/wp-admin/post.php?post=26&action=edit" "Mozilla/5.0 (Windows NT 10.0; Win64; x64) AppleWebKit/537.36 (KHTML, like Gecko) Chrome/151.0.0.0 Safari/537.36 Edg/151.0.0.0"
24.130.16.15 - - [17/Aug/2026:13:39:58 -0400] "GET /wp-admin/admin-ajax.php?action=oembed-cache&post=26 HTTP/1.1" 200 21 "https://adept.hospitalinnovate.org/wp-admin/post.php?post=26&action=edit" "Mozilla/5.0 (Windows NT 10.0; Win64; x64) AppleWebKit/537.36 (KHTML, like Gecko) Chrome/151.0.0.0 Safari/537.36 Edg/151.0.0.0"
24.130.16.15 - - [17/Aug/2026:13:40:02 -0400] "GET /home/ HTTP/1.1" 200 24658 "https://adept.hospitalinnovate.org/wp-admin/post.php?post=26&action=edit&wpb-backend-editor" "Mozilla/5.0 (Windows NT 10.0; Win64; x64) AppleWebKit/537.36 (KHTML, like Gecko) Chrome/151.0.0.0 Safari/537.36 Edg/151.0.0.0"
24.130.16.15 - - [17/Aug/2026:13:40:03 -0400] "GET /wp-content/plugins/arconix-shortcodes/includes/css/arconix-shortcodes.min.css?ver=2.2.1 HTTP/1.1" 304 - "https://adept.hospitalinnovate.org/home/" "Mozilla/5.0 (Windows NT 10.0; Win64; x64) AppleWebKit/537.36 (KHTML, like Gecko) Chrome/151.0.0.0 Safari/537.36 Edg/151.0.0.0"
24.130.16.15 - - [17/Aug/2026:13:40:03 -0400] "GET /wp-content/plugins/contact-form-7/includes/swv/js/index.js?ver=6.1.7 HTTP/1.1" 304 - "https://adept.hospitalinnovate.org/home/" "Mozilla/5.0 (Windows NT 10.0; Win64; x64) AppleWebKit/537.36 (KHTML, like Gecko) Chrome/151.0.0.0 Safari/537.36 Edg/151.0.0.0"
24.130.16.15 - - [17/Aug/2026:13:40:03 -0400] "GET /wp-content/uploads/redux/custom-fonts/fonts.css?ver=1786988403 HTTP/1.1" 200 - "https://adept.hospitalinnovate.org/home/" "Mozilla/5.0 (Windows NT 10.0; Win64; x64) AppleWebKit/537.36 (KHTML, like Gecko) Chrome/151.0.0.0 Safari/537.36 Edg/151.0.0.0"
24.130.16.15 - - [17/Aug/2026:13:40:03 -0400] "GET /wp-content/plugins/arconix-shortcodes/includes/css/font-awesome.min.css?ver=4.6.3 HTTP/1.1" 304 - "https://adept.hospitalinnovate.org/home/" "Mozilla/5.0 (Windows NT 10.0; Win64; x64) AppleWebKit/537.36 (KHTML, like Gecko) Chrome/151.0.0.0 Safari/537.36 Edg/151.0.0.0"
24.130.16.15 - - [17/Aug/2026:13:40:03 -0400] "GET /wp-content/plugins/contact-form-7/includes/css/styles.css?ver=6.1.7 HTTP/1.1" 304 - "https://adept.hospitalinnovate.org/home/" "Mozilla/5.0 (Windows NT 10.0; Win64; x64) AppleWebKit/537.36 (KHTML, like Gecko) Chrome/151.0.0.0 Safari/537.36 Edg/151.0.0.0"
24.130.16.15 - - [17/Aug/2026:13:40:03 -0400] "GET /wp-content/plugins/contact-form-7/includes/js/index.js?ver=6.1.7 HTTP/1.1" 304 - "https://adept.hospitalinnovate.org/home/" "Mozilla/5.0 (Windows NT 10.0; Win64; x64) AppleWebKit/537.36 (KHTML, like Gecko) Chrome/151.0.0.0 Safari/537.36 Edg/151.0.0.0"
69.39.225.240 - - [17/Aug/2026:13:40:04 -0400] "POST /wp-cron.php?doing_wp_cron=1786988404.4581139087677001953125 HTTP/1.1" 200 20 "-" "WordPress/7.0.4; https://adept.hospitalinnovate.org"
24.130.16.15 - - [17/Aug/2026:13:40:03 -0400] "GET /wp-admin/admin-ajax.php?action=cesis_dynamic_css&ver=1.8.76 HTTP/1.1" 200 10814 "https://adept.hospitalinnovate.org/home/" "Mozilla/5.0 (Windows NT 10.0; Win64; x64) AppleWebKit/537.36 (KHTML, like Gecko) Chrome/151.0.0.0 Safari/537.36 Edg/151.0.0.0"
109.248.226.54 - - [17/Aug/2026:13:40:30 -0400] "GET /wp-content/3vk24.php?id=turned-down-cover-letter-job-previously-for HTTP/1.1" 403 199
24.130.16.15 - - [17/Aug/2026:13:40:46 -0400] "GET /home/ HTTP/1.1" 200 24658 "-" "Mozilla/5.0 (Windows NT 10.0; Win64; x64) AppleWebKit/537.36 (KHTML, like Gecko) Chrome/151.0.0.0 Safari/537.36 Edg/151.0.0.0"
24.130.16.15 - - [17/Aug/2026:13:40:47 -0400] "GET /wp-content/plugins/revslider/admin/includes/shortcode_generator/wpbakery/assets/css/sr7-wpbakery.css?ver=7.0.3 HTTP/1.1" 304 - "https://adept.hospitalinnovate.org/home/" "Mozilla/5.0 (Windows NT 10.0; Win64; x64) AppleWebKit/537.36 (KHTML, like Gecko) Chrome/151.0.0.0 Safari/537.36 Edg/151.0.0.0"
24.130.16.15 - - [17/Aug/2026:13:40:47 -0400] "GET /wp-content/plugins/revslider/public/css/sr7.css?ver=7.0.3 HTTP/1.1" 304 - "https://adept.hospitalinnovate.org/home/" "Mozilla/5.0 (Windows NT 10.0; Win64; x64) AppleWebKit/537.36 (KHTML, like Gecko) Chrome/151.0.0.0 Safari/537.36 Edg/151.0.0.0"
24.130.16.15 - - [17/Aug/2026:13:40:47 -0400] "GET /wp-content/uploads/redux/custom-fonts/fonts.css?ver=1786988446 HTTP/1.1" 200 - "https://adept.hospitalinnovate.org/home/" "Mozilla/5.0 (Windows NT 10.0; Win64; x64) AppleWebKit/537.36 (KHTML, like Gecko) Chrome/151.0.0.0 Safari/537.36 Edg/151.0.0.0"
24.130.16.15 - - [17/Aug/2026:13:40:47 -0400] "GET /wp-content/plugins/revslider/public/js/libs/tptools.js?ver=7.0.3 HTTP/1.1" 304 - "https://adept.hospitalinnovate.org/home/" "Mozilla/5.0 (Windows NT 10.0; Win64; x64) AppleWebKit/537.36 (KHTML, like Gecko) Chrome/151.0.0.0 Safari/537.36 Edg/151.0.0.0"
24.130.16.15 - - [17/Aug/2026:13:40:47 -0400] "GET /wp-content/plugins/revslider/public/js/sr7.js?ver=7.0.3 HTTP/1.1" 304 - "https://adept.hospitalinnovate.org/home/" "Mozilla/5.0 (Windows NT 10.0; Win64; x64) AppleWebKit/537.36 (KHTML, like Gecko) Chrome/151.0.0.0 Safari/537.36 Edg/151.0.0.0"
69.39.225.240 - - [17/Aug/2026:13:40:47 -0400] "POST /wp-cron.php?doing_wp_cron=1786988447.5069649219512939453125 HTTP/1.1" 200 20 "-" "WordPress/7.0.4; https://adept.hospitalinnovate.org"
24.130.16.15 - - [17/Aug/2026:13:40:47 -0400] "GET /wp-admin/admin-ajax.php?action=cesis_dynamic_css&ver=1.8.76 HTTP/1.1" 200 10814 "https://adept.hospitalinnovate.org/home/" "Mozilla/5.0 (Windows NT 10.0; Win64; x64) AppleWebKit/537.36 (KHTML, like Gecko) Chrome/151.0.0.0 Safari/537.36 Edg/151.0.0.0"
69.39.225.240 - - [17/Aug/2026:13:40:59 -0400] "POST /wp-cron.php?doing_wp_cron=1786988459.5260899066925048828125 HTTP/1.1" 200 20 "-" "WordPress/7.0.4; https://adept.hospitalinnovate.org"
24.130.16.15 - - [17/Aug/2026:13:40:59 -0400] "POST /wp-admin/admin-ajax.php HTTP/1.1" 200 67 "https://adept.hospitalinnovate.org/wp-admin/post.php?post=26&action=edit&wpb-backend-editor" "Mozilla/5.0 (Windows NT 10.0; Win64; x64) AppleWebKit/537.36 (KHTML, like Gecko) Chrome/151.0.0.0 Safari/537.36 Edg/151.0.0.0"
69.39.225.240 - - [17/Aug/2026:13:41:07 -0400] "POST /wp-cron.php?doing_wp_cron=1786988467.7250330448150634765625 HTTP/1.1" 200 20 "-" "WordPress/7.0.4; https://adept.hospitalinnovate.org"
24.130.16.15 - - [17/Aug/2026:13:41:06 -0400] "POST /wp-admin/post.php HTTP/1.1" 200 20 "https://adept.hospitalinnovate.org/wp-admin/post.php?post=26&action=edit&wpb-backend-editor" "Mozilla/5.0 (Windows NT 10.0; Win64; x64) AppleWebKit/537.36 (KHTML, like Gecko) Chrome/151.0.0.0 Safari/537.36 Edg/151.0.0.0"
24.130.16.15 - - [17/Aug/2026:13:41:07 -0400] "GET /wp-admin/post.php?post=26&action=edit&message=1 HTTP/1.1" 200 457704 "https://adept.hospitalinnovate.org/wp-admin/post.php?post=26&action=edit&wpb-backend-editor" "Mozilla/5.0 (Windows NT 10.0; Win64; x64) AppleWebKit/537.36 (KHTML, like Gecko) Chrome/151.0.0.0 Safari/537.36 Edg/151.0.0.0"
24.130.16.15 - - [17/Aug/2026:13:41:09 -0400] "GET /wp-content/themes/cesis/admin/redux-extensions/extensions/custom_fonts/custom_fonts/field_custom_fonts.css?ver=1786988468 HTTP/1.1" 200 945 "https://adept.hospitalinnovate.org/wp-admin/post.php?post=26&action=edit&message=1" "Mozilla/5.0 (Windows NT 10.0; Win64; x64) AppleWebKit/537.36 (KHTML, like Gecko) Chrome/151.0.0.0 Safari/537.36 Edg/151.0.0.0"
24.130.16.15 - - [17/Aug/2026:13:41:09 -0400] "GET /wp-content/uploads/redux/custom-fonts/fonts.css?ver=1786988468 HTTP/1.1" 200 - "https://adept.hospitalinnovate.org/wp-admin/post.php?post=26&action=edit&message=1" "Mozilla/5.0 (Windows NT 10.0; Win64; x64) AppleWebKit/537.36 (KHTML, like Gecko) Chrome/151.0.0.0 Safari/537.36 Edg/151.0.0.0"
24.130.16.15 - - [17/Aug/2026:13:41:09 -0400] "GET /wp-content/plugins/revslider/admin/assets/css/base.css?ver=7.0.3 HTTP/1.1" 304 - "https://adept.hospitalinnovate.org/wp-admin/post.php?post=26&action=edit&message=1" "Mozilla/5.0 (Windows NT 10.0; Win64; x64) AppleWebKit/537.36 (KHTML, like Gecko) Chrome/151.0.0.0 Safari/537.36 Edg/151.0.0.0"
24.130.16.15 - - [17/Aug/2026:13:41:09 -0400] "GET /wp-content/plugins/revslider/admin/assets/css/forms.css?ver=7.0.3 HTTP/1.1" 304 - "https://adept.hospitalinnovate.org/wp-admin/post.php?post=26&action=edit&message=1" "Mozilla/5.0 (Windows NT 10.0; Win64; x64) AppleWebKit/537.36 (KHTML, like Gecko) Chrome/151.0.0.0 Safari/537.36 Edg/151.0.0.0"
24.130.16.15 - - [17/Aug/2026:13:41:09 -0400] "GET /wp-content/plugins/revslider/admin/assets/css/timeline.css?ver=7.0.3 HTTP/1.1" 304 - "https://adept.hospitalinnovate.org/wp-admin/post.php?post=26&action=edit&message=1" "Mozilla/5.0 (Windows NT 10.0; Win64; x64) AppleWebKit/537.36 (KHTML, like Gecko) Chrome/151.0.0.0 Safari/537.36 Edg/151.0.0.0"
24.130.16.15 - - [17/Aug/2026:13:41:09 -0400] "GET /wp-content/plugins/revslider/admin/assets/css/library.css?ver=7.0.3 HTTP/1.1" 304 - "https://adept.hospitalinnovate.org/wp-admin/post.php?post=26&action=edit&message=1" "Mozilla/5.0 (Windows NT 10.0; Win64; x64) AppleWebKit/537.36 (KHTML, like Gecko) Chrome/151.0.0.0 Safari/537.36 Edg/151.0.0.0"
24.130.16.15 - - [17/Aug/2026:13:41:09 -0400] "GET /wp-content/plugins/revslider/admin/assets/css/editor.css?ver=7.0.3 HTTP/1.1" 304 - "https://adept.hospitalinnovate.org/wp-admin/post.php?post=26&action=edit&message=1" "Mozilla/5.0 (Windows NT 10.0; Win64; x64) AppleWebKit/537.36 (KHTML, like Gecko) Chrome/151.0.0.0 Safari/537.36 Edg/151.0.0.0"
24.130.16.15 - - [17/Aug/2026:13:41:09 -0400] "GET /wp-content/plugins/revslider/admin/assets/css/colorpicker.css?ver=7.0.3 HTTP/1.1" 304 - "https://adept.hospitalinnovate.org/wp-admin/post.php?post=26&action=edit&message=1" "Mozilla/5.0 (Windows NT 10.0; Win64; x64) AppleWebKit/537.36 (KHTML, like Gecko) Chrome/151.0.0.0 Safari/537.36 Edg/151.0.0.0"
24.130.16.15 - - [17/Aug/2026:13:41:09 -0400] "GET /wp-content/plugins/revslider/admin/assets/js/dashboard.js?ver=7.0.3 HTTP/1.1" 304 - "https://adept.hospitalinnovate.org/wp-admin/post.php?post=26&action=edit&message=1" "Mozilla/5.0 (Windows NT 10.0; Win64; x64) AppleWebKit/537.36 (KHTML, like Gecko) Chrome/151.0.0.0 Safari/537.36 Edg/151.0.0.0"
24.130.16.15 - - [17/Aug/2026:13:41:09 -0400] "GET /wp-content/plugins/revslider/admin/assets/js/tools/tools.js?ver=7.0.3 HTTP/1.1" 304 - "https://adept.hospitalinnovate.org/wp-admin/post.php?post=26&action=edit&message=1" "Mozilla/5.0 (Windows NT 10.0; Win64; x64) AppleWebKit/537.36 (KHTML, like Gecko) Chrome/151.0.0.0 Safari/537.36 Edg/151.0.0.0"
24.130.16.15 - - [17/Aug/2026:13:41:09 -0400] "GET /wp-content/plugins/revslider/admin/assets/js/compatibility.js?ver=7.0.3 HTTP/1.1" 304 - "https://adept.hospitalinnovate.org/wp-admin/post.php?post=26&action=edit&message=1" "Mozilla/5.0 (Windows NT 10.0; Win64; x64) AppleWebKit/537.36 (KHTML, like Gecko) Chrome/151.0.0.0 Safari/537.36 Edg/151.0.0.0"
24.130.16.15 - - [17/Aug/2026:13:41:09 -0400] "GET /wp-content/plugins/arconix-shortcodes/images/admin/page-16x16.png HTTP/1.1" 304 - "https://adept.hospitalinnovate.org/wp-admin/post.php?post=26&action=edit&message=1" "Mozilla/5.0 (Windows NT 10.0; Win64; x64) AppleWebKit/537.36 (KHTML, like Gecko) Chrome/151.0.0.0 Safari/537.36 Edg/151.0.0.0"
24.130.16.15 - - [17/Aug/2026:13:41:09 -0400] "GET /wp-content/themes/cesis/admin/redux-framework/inc/fields/sorter/field_sorter.min.js?ver=1786988468 HTTP/1.1" 200 2109 "https://adept.hospitalinnovate.org/wp-admin/post.php?post=26&action=edit&message=1" "Mozilla/5.0 (Windows NT 10.0; Win64; x64) AppleWebKit/537.36 (KHTML, like Gecko) Chrome/151.0.0.0 Safari/537.36 Edg/151.0.0.0"
24.130.16.15 - - [17/Aug/2026:13:41:09 -0400] "GET /wp-content/themes/cesis/admin/redux-framework/inc/fields/button_set/field_button_set.min.js?ver=1786988468 HTTP/1.1" 200 1240 "https://adept.hospitalinnovate.org/wp-admin/post.php?post=26&action=edit&message=1" "Mozilla/5.0 (Windows NT 10.0; Win64; x64) AppleWebKit/537.36 (KHTML, like Gecko) Chrome/151.0.0.0 Safari/537.36 Edg/151.0.0.0"
24.130.16.15 - - [17/Aug/2026:13:41:09 -0400] "GET /wp-content/themes/cesis/admin/redux-framework/inc/fields/switch/field_switch.min.js?ver=1786988468 HTTP/1.1" 200 1282 "https://adept.hospitalinnovate.org/wp-admin/post.php?post=26&action=edit&message=1" "Mozilla/5.0 (Windows NT 10.0; Win64; x64) AppleWebKit/537.36 (KHTML, like Gecko) Chrome/151.0.0.0 Safari/537.36 Edg/151.0.0.0"
24.130.16.15 - - [17/Aug/2026:13:41:09 -0400] "GET /wp-content/themes/cesis/admin/redux-framework/inc/fields/background/field_background.min.js?ver=1786988468 HTTP/1.1" 200 5475 "https://adept.hospitalinnovate.org/wp-admin/post.php?post=26&action=edit&message=1" "Mozilla/5.0 (Windows NT 10.0; Win64; x64) AppleWebKit/537.36 (KHTML, like Gecko) Chrome/151.0.0.0 Safari/537.36 Edg/151.0.0.0"
24.130.16.15 - - [17/Aug/2026:13:41:09 -0400] "GET /wp-content/themes/cesis/admin/redux-framework/inc/fields/ace_editor/field_ace_editor.min.js?ver=1786988468 HTTP/1.1" 200 993 "https://adept.hospitalinnovate.org/wp-admin/post.php?post=26&action=edit&message=1" "Mozilla/5.0 (Windows NT 10.0; Win64; x64) AppleWebKit/537.36 (KHTML, like Gecko) Chrome/151.0.0.0 Safari/537.36 Edg/151.0.0.0"
24.130.16.15 - - [17/Aug/2026:13:41:09 -0400] "GET /wp-content/themes/cesis/admin/redux-framework/assets/js/media/media.min.js?ver=1786988468 HTTP/1.1" 200 3270 "https://adept.hospitalinnovate.org/wp-admin/post.php?post=26&action=edit&message=1" "Mozilla/5.0 (Windows NT 10.0; Win64; x64) AppleWebKit/537.36 (KHTML, like Gecko) Chrome/151.0.0.0 Safari/537.36 Edg/151.0.0.0"
24.130.16.15 - - [17/Aug/2026:13:41:09 -0400] "GET /wp-content/themes/cesis/admin/redux-extensions/extensions/custom_fonts/custom_fonts/field_custom_fonts.min.js?ver=1786988468 HTTP/1.1" 200 3533 "https://adept.hospitalinnovate.org/wp-admin/post.php?post=26&action=edit&message=1" "Mozilla/5.0 (Windows NT 10.0; Win64; x64) AppleWebKit/537.36 (KHTML, like Gecko) Chrome/151.0.0.0 Safari/537.36 Edg/151.0.0.0"
24.130.16.15 - - [17/Aug/2026:13:41:09 -0400] "GET /wp-content/themes/cesis/admin/redux-framework/inc/fields/typography/field_typography.min.js?ver=1786988468 HTTP/1.1" 200 10815 "https://adept.hospitalinnovate.org/wp-admin/post.php?post=26&action=edit&message=1" "Mozilla/5.0 (Windows NT 10.0; Win64; x64) AppleWebKit/537.36 (KHTML, like Gecko) Chrome/151.0.0.0 Safari/537.36 Edg/151.0.0.0"
24.130.16.15 - - [17/Aug/2026:13:41:09 -0400] "GET /wp-content/themes/cesis/admin/redux-framework/inc/fields/dimensions/field_dimensions.min.js?ver=1786988468 HTTP/1.1" 200 1254 "https://adept.hospitalinnovate.org/wp-admin/post.php?post=26&action=edit&message=1" "Mozilla/5.0 (Windows NT 10.0; Win64; x64) AppleWebKit/537.36 (KHTML, like Gecko) Chrome/151.0.0.0 Safari/537.36 Edg/151.0.0.0"
24.130.16.15 - - [17/Aug/2026:13:41:09 -0400] "GET /wp-content/themes/cesis/admin/redux-extensions/extensions/custom_fonts/custom_fonts/jquery.blockUI.min.js?ver=1786988468 HTTP/1.1" 200 10055 "https://adept.hospitalinnovate.org/wp-admin/post.php?post=26&action=edit&message=1" "Mozilla/5.0 (Windows NT 10.0; Win64; x64) AppleWebKit/537.36 (KHTML, like Gecko) Chrome/151.0.0.0 Safari/537.36 Edg/151.0.0.0"
24.130.16.15 - - [17/Aug/2026:13:41:09 -0400] "GET /wp-content/themes/cesis/admin/redux-framework/inc/fields/select/field_select.min.js?ver=1786988468 HTTP/1.1" 200 1350 "https://adept.hospitalinnovate.org/wp-admin/post.php?post=26&action=edit&message=1" "Mozilla/5.0 (Windows NT 10.0; Win64; x64) AppleWebKit/537.36 (KHTML, like Gecko) Chrome/151.0.0.0 Safari/537.36 Edg/151.0.0.0"
24.130.16.15 - - [17/Aug/2026:13:41:09 -0400] "GET /wp-content/themes/cesis/admin/redux-framework/inc/fields/slider/field_slider.min.js?ver=1786988468 HTTP/1.1" 200 3227 "https://adept.hospitalinnovate.org/wp-admin/post.php?post=26&action=edit&message=1" "Mozilla/5.0 (Windows NT 10.0; Win64; x64) AppleWebKit/537.36 (KHTML, like Gecko) Chrome/151.0.0.0 Safari/537.36 Edg/151.0.0.0"
24.130.16.15 - - [17/Aug/2026:13:41:10 -0400] "GET /wp-content/themes/cesis/admin/redux-framework/inc/fields/color_rgba/field_color_rgba.min.js?ver=1786988468 HTTP/1.1" 200 3663 "https://adept.hospitalinnovate.org/wp-admin/post.php?post=26&action=edit&message=1" "Mozilla/5.0 (Windows NT 10.0; Win64; x64) AppleWebKit/537.36 (KHTML, like Gecko) Chrome/151.0.0.0 Safari/537.36 Edg/151.0.0.0"
24.130.16.15 - - [17/Aug/2026:13:41:10 -0400] "GET /wp-content/themes/cesis/admin/redux-framework/inc/fields/color/field_color.min.js?ver=1786988468 HTTP/1.1" 200 2359 "https://adept.hospitalinnovate.org/wp-admin/post.php?post=26&action=edit&message=1" "Mozilla/5.0 (Windows NT 10.0; Win64; x64) AppleWebKit/537.36 (KHTML, like Gecko) Chrome/151.0.0.0 Safari/537.36 Edg/151.0.0.0"
24.130.16.15 - - [17/Aug/2026:13:41:10 -0400] "GET /wp-content/themes/cesis/admin/redux-framework/inc/fields/editor/field_editor.min.js?ver=1786988468 HTTP/1.1" 200 573 "https://adept.hospitalinnovate.org/wp-admin/post.php?post=26&action=edit&message=1" "Mozilla/5.0 (Windows NT 10.0; Win64; x64) AppleWebKit/537.36 (KHTML, like Gecko) Chrome/151.0.0.0 Safari/537.36 Edg/151.0.0.0"
24.130.16.15 - - [17/Aug/2026:13:41:10 -0400] "GET /wp-content/themes/cesis/admin/redux-framework/inc/fields/image_select/field_image_select.min.js?ver=1786988468 HTTP/1.1" 200 2209 "https://adept.hospitalinnovate.org/wp-admin/post.php?post=26&action=edit&message=1" "Mozilla/5.0 (Windows NT 10.0; Win64; x64) AppleWebKit/537.36 (KHTML, like Gecko) Chrome/151.0.0.0 Safari/537.36 Edg/151.0.0.0"
24.130.16.15 - - [17/Aug/2026:13:41:10 -0400] "GET /wp-content/themes/cesis/admin/redux-framework/inc/fields/spacing/field_spacing.min.js?ver=1786988468 HTTP/1.1" 200 1356 "https://adept.hospitalinnovate.org/wp-admin/post.php?post=26&action=edit&message=1" "Mozilla/5.0 (Windows NT 10.0; Win64; x64) AppleWebKit/537.36 (KHTML, like Gecko) Chrome/151.0.0.0 Safari/537.36 Edg/151.0.0.0"
24.130.16.15 - - [17/Aug/2026:13:41:10 -0400] "GET /wp-content/themes/cesis/admin/redux-extensions/extensions/dev_iconselect/dev_iconselect/field_dev_iconselect.js?ver=1786988468 HTTP/1.1" 200 11377 "https://adept.hospitalinnovate.org/wp-admin/post.php?post=26&action=edit&message=1" "Mozilla/5.0 (Windows NT 10.0; Win64; x64) AppleWebKit/537.36 (KHTML, like Gecko) Chrome/151.0.0.0 Safari/537.36 Edg/151.0.0.0"
24.130.16.15 - - [17/Aug/2026:13:41:10 -0400] "GET /wp-content/themes/cesis/admin/redux-framework/inc/fields/gallery/field_gallery.min.js?ver=1786988468 HTTP/1.1" 200 1627 "https://adept.hospitalinnovate.org/wp-admin/post.php?post=26&action=edit&message=1" "Mozilla/5.0 (Windows NT 10.0; Win64; x64) AppleWebKit/537.36 (KHTML, like Gecko) Chrome/151.0.0.0 Safari/537.36 Edg/151.0.0.0"
24.130.16.15 - - [17/Aug/2026:13:41:10 -0400] "GET /wp-content/themes/cesis/admin/redux-extensions/extensions/wbc_importer/wbc_importer//field_wbc_importer.min.js?ver=1786988468 HTTP/1.1" 200 2674 "https://adept.hospitalinnovate.org/wp-admin/post.php?post=26&action=edit&message=1" "Mozilla/5.0 (Windows NT 10.0; Win64; x64) AppleWebKit/537.36 (KHTML, like Gecko) Chrome/151.0.0.0 Safari/537.36 Edg/151.0.0.0"
24.130.16.15 - - [17/Aug/2026:13:41:10 -0400] "GET /wp-content/plugins/revslider/admin/includes/shortcode_generator/wpbakery/assets/js/sr6-wpbakery.js?ver=8.7.2 HTTP/1.1" 304 - "https://adept.hospitalinnovate.org/wp-admin/post.php?post=26&action=edit&message=1" "Mozilla/5.0 (Windows NT 10.0; Win64; x64) AppleWebKit/537.36 (KHTML, like Gecko) Chrome/151.0.0.0 Safari/537.36 Edg/151.0.0.0"
24.130.16.15 - - [17/Aug/2026:13:41:10 -0400] "GET /wp-content/plugins/revslider/admin/includes/shortcode_generator/wpbakery/assets/js/sr7-wpbakery.js?ver=8.7.2 HTTP/1.1" 304 - "https://adept.hospitalinnovate.org/wp-admin/post.php?post=26&action=edit&message=1" "Mozilla/5.0 (Windows NT 10.0; Win64; x64) AppleWebKit/537.36 (KHTML, like Gecko) Chrome/151.0.0.0 Safari/537.36 Edg/151.0.0.0"
24.130.16.15 - - [17/Aug/2026:13:41:10 -0400] "GET /wp-content/plugins/revslider/public/js/page.js?ver=7.0.3 HTTP/1.1" 304 - "https://adept.hospitalinnovate.org/wp-admin/post.php?post=26&action=edit&message=1" "Mozilla/5.0 (Windows NT 10.0; Win64; x64) AppleWebKit/537.36 (KHTML, like Gecko) Chrome/151.0.0.0 Safari/537.36 Edg/151.0.0.0"
69.39.225.240 - - [17/Aug/2026:13:41:10 -0400] "POST /wp-cron.php?doing_wp_cron=1786988470.5719161033630371093750 HTTP/1.1" 200 20 "-" "WordPress/7.0.4; https://adept.hospitalinnovate.org"
24.130.16.15 - - [17/Aug/2026:13:41:10 -0400] "POST /wp-admin/admin-ajax.php HTTP/1.1" 200 1818 "https://adept.hospitalinnovate.org/wp-admin/post.php?post=26&action=edit" "Mozilla/5.0 (Windows NT 10.0; Win64; x64) AppleWebKit/537.36 (KHTML, like Gecko) Chrome/151.0.0.0 Safari/537.36 Edg/151.0.0.0"
24.130.16.15 - - [17/Aug/2026:13:41:10 -0400] "GET /wp-admin/admin-ajax.php?action=oembed-cache&post=26 HTTP/1.1" 200 21 "https://adept.hospitalinnovate.org/wp-admin/post.php?post=26&action=edit" "Mozilla/5.0 (Windows NT 10.0; Win64; x64) AppleWebKit/537.36 (KHTML, like Gecko) Chrome/151.0.0.0 Safari/537.36 Edg/151.0.0.0"
69.39.225.240 - - [17/Aug/2026:13:41:12 -0400] "POST /wp-cron.php?doing_wp_cron=1786988472.0428979396820068359375 HTTP/1.1" 200 20 "-" "WordPress/7.0.4; https://adept.hospitalinnovate.org"
24.130.16.15 - - [17/Aug/2026:13:41:11 -0400] "GET /wp-admin/edit.php?post_type=page HTTP/1.1" 200 30918 "https://adept.hospitalinnovate.org/wp-admin/post.php?post=26&action=edit&wpb-backend-editor" "Mozilla/5.0 (Windows NT 10.0; Win64; x64) AppleWebKit/537.36 (KHTML, like Gecko) Chrome/151.0.0.0 Safari/537.36 Edg/151.0.0.0"
24.130.16.15 - - [17/Aug/2026:13:41:12 -0400] "GET /wp-content/plugins/revslider/admin/includes/shortcode_generator/wpbakery/assets/css/sr7-wpbakery.css?ver=7.0.3 HTTP/1.1" 304 - "https://adept.hospitalinnovate.org/wp-admin/edit.php?post_type=page" "Mozilla/5.0 (Windows NT 10.0; Win64; x64) AppleWebKit/537.36 (KHTML, like Gecko) Chrome/151.0.0.0 Safari/537.36 Edg/151.0.0.0"
24.130.16.15 - - [17/Aug/2026:13:41:12 -0400] "POST /wp-admin/admin-ajax.php HTTP/1.1" 200 21 "https://adept.hospitalinnovate.org/wp-admin/post.php?post=26&action=edit&wpb-backend-editor" "Mozilla/5.0 (Windows NT 10.0; Win64; x64) AppleWebKit/537.36 (KHTML, like Gecko) Chrome/151.0.0.0 Safari/537.36 Edg/151.0.0.0"
69.39.225.240 - - [17/Aug/2026:13:41:12 -0400] "POST /wp-cron.php?doing_wp_cron=1786988472.9341630935668945312500 HTTP/1.1" 200 20 "-" "WordPress/7.0.4; https://adept.hospitalinnovate.org"
24.130.16.15 - - [17/Aug/2026:13:41:12 -0400] "POST /wp-admin/admin-ajax.php HTTP/1.1" 200 67 "https://adept.hospitalinnovate.org/wp-admin/edit.php?post_type=page" "Mozilla/5.0 (Windows NT 10.0; Win64; x64) AppleWebKit/537.36 (KHTML, like Gecko) Chrome/151.0.0.0 Safari/537.36 Edg/151.0.0.0"
69.39.225.240 - - [17/Aug/2026:13:41:23 -0400] "POST /wp-cron.php?doing_wp_cron=1786988483.2192869186401367187500 HTTP/1.1" 200 20 "-" "WordPress/7.0.4; https://adept.hospitalinnovate.org"
24.130.16.15 - - [17/Aug/2026:13:41:22 -0400] "POST /wp-admin/admin-ajax.php HTTP/1.1" 200 67 "https://adept.hospitalinnovate.org/wp-admin/edit.php?post_type=page" "Mozilla/5.0 (Windows NT 10.0; Win64; x64) AppleWebKit/537.36 (KHTML, like Gecko) Chrome/151.0.0.0 Safari/537.36 Edg/151.0.0.0"
24.130.16.15 - - [17/Aug/2026:13:41:23 -0400] "GET / HTTP/1.1" 200 22557 "-" "Mozilla/5.0 (Windows NT 10.0; Win64; x64) AppleWebKit/537.36 (KHTML, like Gecko) Chrome/151.0.0.0 Safari/537.36 Edg/151.0.0.0"
24.130.16.15 - - [17/Aug/2026:13:41:24 -0400] "GET /wp-content/plugins/revslider/public/css/sr7.css?ver=7.0.3 HTTP/1.1" 304 - "https://adept.hospitalinnovate.org/" "Mozilla/5.0 (Windows NT 10.0; Win64; x64) AppleWebKit/537.36 (KHTML, like Gecko) Chrome/151.0.0.0 Safari/537.36 Edg/151.0.0.0"
24.130.16.15 - - [17/Aug/2026:13:41:24 -0400] "GET /wp-content/uploads/redux/custom-fonts/fonts.css?ver=1786988483 HTTP/1.1" 200 - "https://adept.hospitalinnovate.org/" "Mozilla/5.0 (Windows NT 10.0; Win64; x64) AppleWebKit/537.36 (KHTML, like Gecko) Chrome/151.0.0.0 Safari/537.36 Edg/151.0.0.0"
24.130.16.15 - - [17/Aug/2026:13:41:24 -0400] "GET /wp-content/plugins/revslider/public/js/libs/tptools.js?ver=7.0.3 HTTP/1.1" 304 - "https://adept.hospitalinnovate.org/" "Mozilla/5.0 (Windows NT 10.0; Win64; x64) AppleWebKit/537.36 (KHTML, like Gecko) Chrome/151.0.0.0 Safari/537.36 Edg/151.0.0.0"
24.130.16.15 - - [17/Aug/2026:13:41:24 -0400] "GET /wp-content/plugins/revslider/public/js/sr7.js?ver=7.0.3 HTTP/1.1" 304 - "https://adept.hospitalinnovate.org/" "Mozilla/5.0 (Windows NT 10.0; Win64; x64) AppleWebKit/537.36 (KHTML, like Gecko) Chrome/151.0.0.0 Safari/537.36 Edg/151.0.0.0"
69.39.225.240 - - [17/Aug/2026:13:41:24 -0400] "POST /wp-cron.php?doing_wp_cron=1786988484.4935851097106933593750 HTTP/1.1" 200 20 "-" "WordPress/7.0.4; https://adept.hospitalinnovate.org"
