96.255.250.120 - - [17/Aug/2026:13:50:10 -0400] "GET /wp-content/plugins/contact-form-7/includes/js/index.js?ver=5.6.1 HTTP/1.1" 200 21904
96.255.250.120 - - [17/Aug/2026:13:50:10 -0400] "GET /wp-content/themes/salient/js/third-party/jquery.mousewheel.js?ver=3.1.13 HTTP/1.1" 200 2777
96.255.250.120 - - [17/Aug/2026:13:50:10 -0400] "GET /wp-content/themes/salient/js/priority.js?ver=11.0.4 HTTP/1.1" 200 7597
96.255.250.120 - - [17/Aug/2026:13:50:10 -0400] "GET /wp-content/themes/salient/js/third-party/transit.js?ver=0.9.9 HTTP/1.1" 200 7423
96.255.250.120 - - [17/Aug/2026:13:50:10 -0400] "GET /wp-content/themes/salient/js/third-party/modernizr.js?ver=2.6.2 HTTP/1.1" 200 16130
96.255.250.120 - - [17/Aug/2026:13:50:10 -0400] "GET /wp-content/themes/salient/js/third-party/waypoints.js?ver=4.0.1 HTTP/1.1" 200 8895
96.255.250.120 - - [17/Aug/2026:13:50:10 -0400] "GET /wp-content/plugins/salient-portfolio/js/third-party/imagesLoaded.min.js?ver=4.1.4 HTTP/1.1" 200 5600
96.255.250.120 - - [17/Aug/2026:13:50:10 -0400] "GET /wp-content/themes/salient/js/third-party/hoverintent.js?ver=1.9 HTTP/1.1" 200 2254
96.255.250.120 - - [17/Aug/2026:13:50:10 -0400] "GET /wp-content/themes/salient/js/third-party/magnific.js?ver=7.0.1 HTTP/1.1" 200 48592
96.255.250.120 - - [17/Aug/2026:13:50:10 -0400] "GET /wp-content/themes/salient/js/third-party/superfish.js?ver=1.4.8 HTTP/1.1" 200 9470
96.255.250.120 - - [17/Aug/2026:13:50:10 -0400] "GET /wp-content/plugins/salient-core/js/third-party/touchswipe.min.js?ver=1.0 HTTP/1.1" 200 9376
96.255.250.120 - - [17/Aug/2026:13:50:10 -0400] "GET /wp-includes/js/comment-reply.min.js?ver=5.9.16 HTTP/1.1" 200 2979
96.255.250.120 - - [17/Aug/2026:13:50:10 -0400] "GET /wp-content/plugins/cf7-conditional-fields/js/scripts.js?ver=2.7.8 HTTP/1.1" 200 36711
96.255.250.120 - - [17/Aug/2026:13:50:10 -0400] "GET /wp-content/themes/salient/js/init.js?ver=11.0.4 HTTP/1.1" 200 537039
96.255.250.120 - - [17/Aug/2026:13:50:10 -0400] "GET /wp-content/plugins/contact-form-7/modules/recaptcha/index.js?ver=5.6.1 HTTP/1.1" 200 999
96.255.250.120 - - [17/Aug/2026:13:50:10 -0400] "GET /wp-includes/js/underscore.min.js?ver=1.13.1 HTTP/1.1" 200 19069
96.255.250.120 - - [17/Aug/2026:13:50:10 -0400] "GET /wp-includes/js/wp-util.min.js?ver=5.9.16 HTTP/1.1" 200 1432
96.255.250.120 - - [17/Aug/2026:13:50:10 -0400] "GET /wp-content/plugins/wpdiscuz/assets/js/wpdiscuz-combo.min.js?ver=7.6.54 HTTP/1.1" 200 317754
96.255.250.120 - - [17/Aug/2026:13:50:10 -0400] "GET /wp-includes/js/dist/hooks.min.js?ver=1e58c8c5a32b2e97491080c5b10dc71c HTTP/1.1" 200 5690
96.255.250.120 - - [17/Aug/2026:13:50:10 -0400] "GET /wp-includes/js/dist/i18n.min.js?ver=30fcecb428a0e8383d3776bcdd3a7834 HTTP/1.1" 200 10407
96.255.250.120 - - [17/Aug/2026:13:50:10 -0400] "GET /wp-content/plugins/ultimate-member/assets/libs/legacy/fonticons/font/fontawesome-webfont.woff?v=4.2.0 HTTP/1.1" 200 98024
96.255.250.120 - - [17/Aug/2026:13:50:10 -0400] "GET /wp-content/themes/salient/css/fonts/icomoon.woff HTTP/1.1" 200 20916
96.255.250.120 - - [17/Aug/2026:13:50:10 -0400] "GET /wp-content/plugins/ultimate-member/assets/libs/um-confirm/um-confirm.min.js?ver=1.0 HTTP/1.1" 200 2670
96.255.250.120 - - [17/Aug/2026:13:50:10 -0400] "GET /wp-content/plugins/ultimate-member/assets/libs/pickadate/picker.min.js?ver=3.6.2 HTTP/1.1" 200 8308
96.255.250.120 - - [17/Aug/2026:13:50:10 -0400] "GET /wp-content/plugins/ultimate-member/assets/libs/tipsy/tipsy.min.js?ver=1.0.0a HTTP/1.1" 200 4366
96.255.250.120 - - [17/Aug/2026:13:50:10 -0400] "GET /wp-content/plugins/ultimate-member/assets/libs/pickadate/picker.date.min.js?ver=3.6.2 HTTP/1.1" 200 12578
96.255.250.120 - - [17/Aug/2026:13:50:10 -0400] "GET /wp-content/plugins/ultimate-member/assets/libs/pickadate/picker.time.min.js?ver=3.6.2 HTTP/1.1" 200 8895
96.255.250.120 - - [17/Aug/2026:13:50:10 -0400] "GET /wp-content/plugins/ultimate-member/assets/js/common.min.js?ver=2.8.9 HTTP/1.1" 200 2541
96.255.250.120 - - [17/Aug/2026:13:50:10 -0400] "GET /wp-content/plugins/ultimate-member/assets/libs/cropper/cropper.min.js?ver=1.6.1 HTTP/1.1" 200 37380
96.255.250.120 - - [17/Aug/2026:13:50:10 -0400] "GET /wp-content/plugins/ultimate-member/assets/js/common-frontend.min.js?ver=2.8.9 HTTP/1.1" 200 1764
96.255.250.120 - - [17/Aug/2026:13:50:10 -0400] "GET /wp-content/plugins/ultimate-member/assets/js/um-modal.min.js?ver=2.8.9 HTTP/1.1" 200 4124
96.255.250.120 - - [17/Aug/2026:13:50:10 -0400] "GET /wp-content/plugins/ultimate-member/assets/libs/jquery-form/jquery-form.min.js?ver=2.8.9 HTTP/1.1" 200 14452
96.255.250.120 - - [17/Aug/2026:13:50:10 -0400] "GET /wp-content/plugins/ultimate-member/assets/libs/fileupload/fileupload.js?ver=2.8.9 HTTP/1.1" 200 9808
96.255.250.120 - - [17/Aug/2026:13:50:10 -0400] "GET /wp-content/plugins/ultimate-member/assets/js/um-functions.min.js?ver=2.8.9 HTTP/1.1" 200 12175
96.255.250.120 - - [17/Aug/2026:13:50:10 -0400] "GET /wp-content/plugins/ultimate-member/assets/js/um-responsive.min.js?ver=2.8.9 HTTP/1.1" 200 384
96.255.250.120 - - [17/Aug/2026:13:50:10 -0400] "GET /wp-content/plugins/ultimate-member/assets/js/um-conditional.min.js?ver=2.8.9 HTTP/1.1" 200 9731
96.255.250.120 - - [17/Aug/2026:13:50:10 -0400] "GET /wp-content/plugins/ultimate-member/assets/libs/select2/i18n/en.js?ver=4.0.13 HTTP/1.1" 200 844
96.255.250.120 - - [17/Aug/2026:13:50:10 -0400] "GET /wp-content/plugins/ultimate-member/assets/libs/select2/select2.full.min.js?ver=4.0.13 HTTP/1.1" 200 79212
96.255.250.120 - - [17/Aug/2026:13:50:10 -0400] "GET /wp-content/plugins/ultimate-member/assets/libs/raty/um-raty.min.js?ver=2.6.0 HTTP/1.1" 200 9103
96.255.250.120 - - [17/Aug/2026:13:50:10 -0400] "GET /wp-content/plugins/ultimate-member/assets/js/um-scripts.min.js?ver=2.8.9 HTTP/1.1" 200 12237
96.255.250.120 - - [17/Aug/2026:13:50:10 -0400] "GET /wp-content/plugins/ultimate-member/assets/js/um-profile.min.js?ver=2.8.9 HTTP/1.1" 200 3292
96.255.250.120 - - [17/Aug/2026:13:50:10 -0400] "GET /wp-content/plugins/ultimate-member/assets/js/um-account.min.js?ver=2.8.9 HTTP/1.1" 200 2894
96.255.250.120 - - [17/Aug/2026:13:50:10 -0400] "GET /wp-content/plugins/js_composer_salient/assets/js/dist/js_composer_front.min.js?ver=6.1 HTTP/1.1" 200 20601
96.255.250.120 - - [17/Aug/2026:13:50:10 -0400] "GET /wp-includes/js/wp-emoji-release.min.js?ver=5.9.16 HTTP/1.1" 200 18181
96.255.250.120 - - [17/Aug/2026:13:50:10 -0400] "GET /wp-content/uploads/2020/04/collaborative-1.png HTTP/1.1" 200 3306
96.255.250.120 - - [17/Aug/2026:13:50:10 -0400] "GET /wp-content/uploads/2020/04/member.png HTTP/1.1" 200 2942
96.255.250.120 - - [17/Aug/2026:13:50:10 -0400] "GET /wp-content/uploads/2020/04/newsletter.png HTTP/1.1" 200 2465
69.39.225.240 - - [17/Aug/2026:13:50:11 -0400] "POST /wp-cron.php?doing_wp_cron=1786989011.3630509376525878906250 HTTP/1.1" 200 20 "-" "WordPress/7.0.4; https://adept.hospitalinnovate.org"
24.130.16.15 - - [17/Aug/2026:13:50:10 -0400] "GET /wp-admin/admin.php?page=vc-updater&activate=3a1f647d7a9bc5e837dffd6edf97c1965f1fcd4a HTTP/1.1" 200 38683 "https://support.wpbakery.com/" "Mozilla/5.0 (Windows NT 10.0; Win64; x64) AppleWebKit/537.36 (KHTML, like Gecko) Chrome/151.0.0.0 Safari/537.36 Edg/151.0.0.0"
96.255.250.120 - - [17/Aug/2026:13:50:11 -0400] "GET /wp-content/uploads/2020/04/homerun-bug50.png HTTP/1.1" 200 8016
96.255.250.120 - - [17/Aug/2026:13:50:11 -0400] "POST /wp-admin/admin-ajax.php HTTP/1.1" 200 75
69.39.225.240 - - [17/Aug/2026:13:50:19 -0400] "POST /wp-cron.php?doing_wp_cron=1786989019.7968790531158447265625 HTTP/1.1" 200 20 "-" "WordPress/7.0.4; https://adept.hospitalinnovate.org"
24.130.16.15 - - [17/Aug/2026:13:50:18 -0400] "GET /wp-admin/admin.php?page=vc-updater&activate=3a1f647d7a9bc5e837dffd6edf97c1965f1fcd4a&shortcodes_tracker_optout=true&shortcodes_tracker_nonce=a396b252a6 HTTP/1.1" 200 38394 "https://adept.hospitalinnovate.org/wp-admin/admin.php?page=vc-updater" "Mozilla/5.0 (Windows NT 10.0; Win64; x64) AppleWebKit/537.36 (KHTML, like Gecko) Chrome/151.0.0.0 Safari/537.36 Edg/151.0.0.0"
24.130.16.15 - - [17/Aug/2026:13:50:19 -0400] "GET /wp-admin/admin.php?page=vc-updater HTTP/1.1" 200 38248 "https://adept.hospitalinnovate.org/wp-admin/admin.php?page=vc-updater" "Mozilla/5.0 (Windows NT 10.0; Win64; x64) AppleWebKit/537.36 (KHTML, like Gecko) Chrome/151.0.0.0 Safari/537.36 Edg/151.0.0.0"
69.39.225.240 - - [17/Aug/2026:13:50:30 -0400] "POST /wp-cron.php?doing_wp_cron=1786989029.9971868991851806640625 HTTP/1.1" 200 20 "-" "WordPress/7.0.4; https://adept.hospitalinnovate.org"
24.130.16.15 - - [17/Aug/2026:13:50:28 -0400] "POST /wp-admin/admin-ajax.php HTTP/1.1" 200 43 "https://adept.hospitalinnovate.org/wp-admin/admin.php?page=vc-updater" "Mozilla/5.0 (Windows NT 10.0; Win64; x64) AppleWebKit/537.36 (KHTML, like Gecko) Chrome/151.0.0.0 Safari/537.36 Edg/151.0.0.0"
24.130.16.15 - - [17/Aug/2026:13:50:30 -0400] "GET /wp-admin/admin.php?page=vc-general HTTP/1.1" 200 38586 "https://adept.hospitalinnovate.org/wp-admin/admin.php?page=vc-updater" "Mozilla/5.0 (Windows NT 10.0; Win64; x64) AppleWebKit/537.36 (KHTML, like Gecko) Chrome/151.0.0.0 Safari/537.36 Edg/151.0.0.0"
69.39.225.240 - - [17/Aug/2026:13:50:49 -0400] "POST /wp-cron.php?doing_wp_cron=1786989049.2181429862976074218750 HTTP/1.1" 200 20 "-" "WordPress/7.0.4; https://adept.hospitalinnovate.org"
24.130.16.15 - - [17/Aug/2026:13:50:48 -0400] "POST /wp-admin/options.php HTTP/1.1" 200 20 "https://adept.hospitalinnovate.org/wp-admin/admin.php?page=vc-general" "Mozilla/5.0 (Windows NT 10.0; Win64; x64) AppleWebKit/537.36 (KHTML, like Gecko) Chrome/151.0.0.0 Safari/537.36 Edg/151.0.0.0"
24.130.16.15 - - [17/Aug/2026:13:50:49 -0400] "GET /wp-admin/admin.php?page=vc-general&settings-updated=true HTTP/1.1" 200 38649 "https://adept.hospitalinnovate.org/wp-admin/admin.php?page=vc-general" "Mozilla/5.0 (Windows NT 10.0; Win64; x64) AppleWebKit/537.36 (KHTML, like Gecko) Chrome/151.0.0.0 Safari/537.36 Edg/151.0.0.0"
69.39.225.240 - - [17/Aug/2026:13:50:58 -0400] "POST /wp-cron.php?doing_wp_cron=1786989058.7493770122528076171875 HTTP/1.1" 200 20 "-" "WordPress/7.0.4; https://adept.hospitalinnovate.org"
24.130.16.15 - - [17/Aug/2026:13:50:58 -0400] "GET /wp-admin/plugins.php HTTP/1.1" 200 59327 "https://adept.hospitalinnovate.org/wp-admin/admin.php?page=vc-general" "Mozilla/5.0 (Windows NT 10.0; Win64; x64) AppleWebKit/537.36 (KHTML, like Gecko) Chrome/151.0.0.0 Safari/537.36 Edg/151.0.0.0"
24.130.16.15 - - [17/Aug/2026:13:50:59 -0400] "GET /wp-admin/load-styles.php?c=0&dir=ltr&load%5Bchunk_0%5D=dashicons,admin-bar,common,forms,admin-menu,dashboard,list-tables,edit,revisions,media,themes,about,nav-menus,wp-pointer,widgets&load%5Bchunk_1%5D=,site-icon,l10n,wp-base-styles,buttons,wp-auth-check,wp-components,wp-commands,wp-color-picker,media-views&ver=7.0.4 HTTP/1.1" 200 127119 "https://adept.hospitalinnovate.org/wp-admin/plugins.php" "Mozilla/5.0 (Windows NT 10.0; Win64; x64) AppleWebKit/537.36 (KHTML, like Gecko) Chrome/151.0.0.0 Safari/537.36 Edg/151.0.0.0"
24.130.16.15 - - [17/Aug/2026:13:50:59 -0400] "GET /wp-admin/load-scripts.php?c=0&load%5Bchunk_0%5D=jquery-core,jquery-migrate,utils,underscore,thickbox,shortcode,media-upload,moxiejs,plupload&ver=7.0.4 HTTP/1.1" 200 79445 "https://adept.hospitalinnovate.org/wp-admin/plugins.php" "Mozilla/5.0 (Windows NT 10.0; Win64; x64) AppleWebKit/537.36 (KHTML, like Gecko) Chrome/151.0.0.0 Safari/537.36 Edg/151.0.0.0"
24.130.16.15 - - [17/Aug/2026:13:50:59 -0400] "GET /wp-content/plugins/revslider/admin/assets/js/compatibility.js?ver=7.0.3 HTTP/1.1" 304 - "https://adept.hospitalinnovate.org/wp-admin/plugins.php" "Mozilla/5.0 (Windows NT 10.0; Win64; x64) AppleWebKit/537.36 (KHTML, like Gecko) Chrome/151.0.0.0 Safari/537.36 Edg/151.0.0.0"
69.39.225.240 - - [17/Aug/2026:13:51:13 -0400] "POST /wp-cron.php?doing_wp_cron=1786989073.7863121032714843750000 HTTP/1.1" 200 20 "-" "WordPress/7.0.4; https://adept.hospitalinnovate.org"
24.130.16.15 - - [17/Aug/2026:13:51:10 -0400] "POST /wp-admin/admin-ajax.php HTTP/1.1" 200 154 "https://adept.hospitalinnovate.org/wp-admin/plugins.php" "Mozilla/5.0 (Windows NT 10.0; Win64; x64) AppleWebKit/537.36 (KHTML, like Gecko) Chrome/151.0.0.0 Safari/537.36 Edg/151.0.0.0"
69.39.225.240 - - [17/Aug/2026:13:51:19 -0400] "POST /wp-cron.php?doing_wp_cron=1786989078.8632810115814208984375 HTTP/1.1" 200 20 "-" "WordPress/7.0.4; https://adept.hospitalinnovate.org"
24.130.16.15 - - [17/Aug/2026:13:51:18 -0400] "GET /wp-admin/admin.php?page=cesis-dashboard HTTP/1.1" 200 26120 "https://adept.hospitalinnovate.org/wp-admin/plugins.php" "Mozilla/5.0 (Windows NT 10.0; Win64; x64) AppleWebKit/537.36 (KHTML, like Gecko) Chrome/151.0.0.0 Safari/537.36 Edg/151.0.0.0"
24.130.16.15 - - [17/Aug/2026:13:51:19 -0400] "GET /wp-content/plugins/revslider/admin/includes/shortcode_generator/wpbakery/assets/css/sr7-wpbakery.css?ver=7.0.3 HTTP/1.1" 304 - "https://adept.hospitalinnovate.org/wp-admin/admin.php?page=cesis-dashboard" "Mozilla/5.0 (Windows NT 10.0; Win64; x64) AppleWebKit/537.36 (KHTML, like Gecko) Chrome/151.0.0.0 Safari/537.36 Edg/151.0.0.0"
24.130.16.15 - - [17/Aug/2026:13:51:19 -0400] "GET /wp-content/plugins/revslider/admin/assets/css/base.css?ver=7.0.3 HTTP/1.1" 304 - "https://adept.hospitalinnovate.org/wp-admin/admin.php?page=cesis-dashboard" "Mozilla/5.0 (Windows NT 10.0; Win64; x64) AppleWebKit/537.36 (KHTML, like Gecko) Chrome/151.0.0.0 Safari/537.36 Edg/151.0.0.0"
24.130.16.15 - - [17/Aug/2026:13:51:19 -0400] "GET /wp-content/plugins/revslider/admin/assets/css/editor.css?ver=7.0.3 HTTP/1.1" 304 - "https://adept.hospitalinnovate.org/wp-admin/admin.php?page=cesis-dashboard" "Mozilla/5.0 (Windows NT 10.0; Win64; x64) AppleWebKit/537.36 (KHTML, like Gecko) Chrome/151.0.0.0 Safari/537.36 Edg/151.0.0.0"
24.130.16.15 - - [17/Aug/2026:13:51:19 -0400] "GET /wp-content/plugins/revslider/admin/assets/css/timeline.css?ver=7.0.3 HTTP/1.1" 304 - "https://adept.hospitalinnovate.org/wp-admin/admin.php?page=cesis-dashboard" "Mozilla/5.0 (Windows NT 10.0; Win64; x64) AppleWebKit/537.36 (KHTML, like Gecko) Chrome/151.0.0.0 Safari/537.36 Edg/151.0.0.0"
24.130.16.15 - - [17/Aug/2026:13:51:19 -0400] "GET /wp-content/plugins/revslider/admin/assets/css/library.css?ver=7.0.3 HTTP/1.1" 304 - "https://adept.hospitalinnovate.org/wp-admin/admin.php?page=cesis-dashboard" "Mozilla/5.0 (Windows NT 10.0; Win64; x64) AppleWebKit/537.36 (KHTML, like Gecko) Chrome/151.0.0.0 Safari/537.36 Edg/151.0.0.0"
24.130.16.15 - - [17/Aug/2026:13:51:19 -0400] "GET /wp-content/plugins/revslider/admin/assets/css/colorpicker.css?ver=7.0.3 HTTP/1.1" 304 - "https://adept.hospitalinnovate.org/wp-admin/admin.php?page=cesis-dashboard" "Mozilla/5.0 (Windows NT 10.0; Win64; x64) AppleWebKit/537.36 (KHTML, like Gecko) Chrome/151.0.0.0 Safari/537.36 Edg/151.0.0.0"
24.130.16.15 - - [17/Aug/2026:13:51:19 -0400] "GET /wp-content/plugins/revslider/admin/assets/js/dashboard.js?ver=7.0.3 HTTP/1.1" 304 - "https://adept.hospitalinnovate.org/wp-admin/admin.php?page=cesis-dashboard" "Mozilla/5.0 (Windows NT 10.0; Win64; x64) AppleWebKit/537.36 (KHTML, like Gecko) Chrome/151.0.0.0 Safari/537.36 Edg/151.0.0.0"
24.130.16.15 - - [17/Aug/2026:13:51:19 -0400] "GET /wp-content/plugins/revslider/admin/assets/js/tools/tools.js?ver=7.0.3 HTTP/1.1" 304 - "https://adept.hospitalinnovate.org/wp-admin/admin.php?page=cesis-dashboard" "Mozilla/5.0 (Windows NT 10.0; Win64; x64) AppleWebKit/537.36 (KHTML, like Gecko) Chrome/151.0.0.0 Safari/537.36 Edg/151.0.0.0"
24.130.16.15 - - [17/Aug/2026:13:51:19 -0400] "GET /wp-content/plugins/revslider/admin/assets/css/forms.css?ver=7.0.3 HTTP/1.1" 304 - "https://adept.hospitalinnovate.org/wp-admin/admin.php?page=cesis-dashboard" "Mozilla/5.0 (Windows NT 10.0; Win64; x64) AppleWebKit/537.36 (KHTML, like Gecko) Chrome/151.0.0.0 Safari/537.36 Edg/151.0.0.0"
24.130.16.15 - - [17/Aug/2026:13:51:22 -0400] "GET /wp-content/themes/cesis/admin/redux-extensions/extensions/custom_fonts/custom_fonts/field_custom_fonts.css?ver=1786989082 HTTP/1.1" 200 945 "https://adept.hospitalinnovate.org/wp-admin/admin.php?page=cesis_options&tab=1" "Mozilla/5.0 (Windows NT 10.0; Win64; x64) AppleWebKit/537.36 (KHTML, like Gecko) Chrome/151.0.0.0 Safari/537.36 Edg/151.0.0.0"
24.130.16.15 - - [17/Aug/2026:13:51:22 -0400] "GET /wp-content/uploads/redux/custom-fonts/fonts.css?ver=1786989082 HTTP/1.1" 200 - "https://adept.hospitalinnovate.org/wp-admin/admin.php?page=cesis_options&tab=1" "Mozilla/5.0 (Windows NT 10.0; Win64; x64) AppleWebKit/537.36 (KHTML, like Gecko) Chrome/151.0.0.0 Safari/537.36 Edg/151.0.0.0"
69.39.225.240 - - [17/Aug/2026:13:51:22 -0400] "POST /wp-cron.php?doing_wp_cron=1786989082.6524329185485839843750 HTTP/1.1" 200 20 "-" "WordPress/7.0.4; https://adept.hospitalinnovate.org"
24.130.16.15 - - [17/Aug/2026:13:51:21 -0400] "GET /wp-admin/admin.php?page=cesis_options&tab=1 HTTP/1.1" 200 252724 "https://adept.hospitalinnovate.org/wp-admin/admin.php?page=cesis-dashboard" "Mozilla/5.0 (Windows NT 10.0; Win64; x64) AppleWebKit/537.36 (KHTML, like Gecko) Chrome/151.0.0.0 Safari/537.36 Edg/151.0.0.0"
24.130.16.15 - - [17/Aug/2026:13:51:22 -0400] "GET /wp-content/themes/cesis/admin/redux-framework/inc/fields/button_set/field_button_set.min.js?ver=1786989082 HTTP/1.1" 200 1240 "https://adept.hospitalinnovate.org/wp-admin/admin.php?page=cesis_options&tab=1" "Mozilla/5.0 (Windows NT 10.0; Win64; x64) AppleWebKit/537.36 (KHTML, like Gecko) Chrome/151.0.0.0 Safari/537.36 Edg/151.0.0.0"
24.130.16.15 - - [17/Aug/2026:13:51:22 -0400] "GET /wp-content/themes/cesis/admin/redux-framework/assets/js/media/media.min.js?ver=1786989082 HTTP/1.1" 200 3270 "https://adept.hospitalinnovate.org/wp-admin/admin.php?page=cesis_options&tab=1" "Mozilla/5.0 (Windows NT 10.0; Win64; x64) AppleWebKit/537.36 (KHTML, like Gecko) Chrome/151.0.0.0 Safari/537.36 Edg/151.0.0.0"
24.130.16.15 - - [17/Aug/2026:13:51:23 -0400] "GET /wp-content/themes/cesis/admin/redux-framework/inc/fields/ace_editor/field_ace_editor.min.js?ver=1786989082 HTTP/1.1" 200 993 "https://adept.hospitalinnovate.org/wp-admin/admin.php?page=cesis_options&tab=1" "Mozilla/5.0 (Windows NT 10.0; Win64; x64) AppleWebKit/537.36 (KHTML, like Gecko) Chrome/151.0.0.0 Safari/537.36 Edg/151.0.0.0"
24.130.16.15 - - [17/Aug/2026:13:51:23 -0400] "GET /wp-content/themes/cesis/admin/redux-framework/inc/fields/sorter/field_sorter.min.js?ver=1786989082 HTTP/1.1" 200 2109 "https://adept.hospitalinnovate.org/wp-admin/admin.php?page=cesis_options&tab=1" "Mozilla/5.0 (Windows NT 10.0; Win64; x64) AppleWebKit/537.36 (KHTML, like Gecko) Chrome/151.0.0.0 Safari/537.36 Edg/151.0.0.0"
24.130.16.15 - - [17/Aug/2026:13:51:23 -0400] "GET /wp-content/themes/cesis/admin/redux-framework/inc/fields/switch/field_switch.min.js?ver=1786989082 HTTP/1.1" 200 1282 "https://adept.hospitalinnovate.org/wp-admin/admin.php?page=cesis_options&tab=1" "Mozilla/5.0 (Windows NT 10.0; Win64; x64) AppleWebKit/537.36 (KHTML, like Gecko) Chrome/151.0.0.0 Safari/537.36 Edg/151.0.0.0"
24.130.16.15 - - [17/Aug/2026:13:51:23 -0400] "GET /wp-content/themes/cesis/admin/redux-framework/inc/fields/background/field_background.min.js?ver=1786989082 HTTP/1.1" 200 5475 "https://adept.hospitalinnovate.org/wp-admin/admin.php?page=cesis_options&tab=1" "Mozilla/5.0 (Windows NT 10.0; Win64; x64) AppleWebKit/537.36 (KHTML, like Gecko) Chrome/151.0.0.0 Safari/537.36 Edg/151.0.0.0"
24.130.16.15 - - [17/Aug/2026:13:51:23 -0400] "GET /wp-content/themes/cesis/admin/redux-extensions/extensions/custom_fonts/custom_fonts/jquery.blockUI.min.js?ver=1786989082 HTTP/1.1" 200 10055 "https://adept.hospitalinnovate.org/wp-admin/admin.php?page=cesis_options&tab=1" "Mozilla/5.0 (Windows NT 10.0; Win64; x64) AppleWebKit/537.36 (KHTML, like Gecko) Chrome/151.0.0.0 Safari/537.36 Edg/151.0.0.0"
24.130.16.15 - - [17/Aug/2026:13:51:23 -0400] "GET /wp-content/themes/cesis/admin/redux-framework/inc/fields/typography/field_typography.min.js?ver=1786989082 HTTP/1.1" 200 10815 "https://adept.hospitalinnovate.org/wp-admin/admin.php?page=cesis_options&tab=1" "Mozilla/5.0 (Windows NT 10.0; Win64; x64) AppleWebKit/537.36 (KHTML, like Gecko) Chrome/151.0.0.0 Safari/537.36 Edg/151.0.0.0"
24.130.16.15 - - [17/Aug/2026:13:51:23 -0400] "GET /wp-content/themes/cesis/admin/redux-extensions/extensions/custom_fonts/custom_fonts/field_custom_fonts.min.js?ver=1786989082 HTTP/1.1" 200 3533 "https://adept.hospitalinnovate.org/wp-admin/admin.php?page=cesis_options&tab=1" "Mozilla/5.0 (Windows NT 10.0; Win64; x64) AppleWebKit/537.36 (KHTML, like Gecko) Chrome/151.0.0.0 Safari/537.36 Edg/151.0.0.0"
24.130.16.15 - - [17/Aug/2026:13:51:23 -0400] "GET /wp-content/themes/cesis/admin/redux-framework/inc/fields/dimensions/field_dimensions.min.js?ver=1786989082 HTTP/1.1" 200 1254 "https://adept.hospitalinnovate.org/wp-admin/admin.php?page=cesis_options&tab=1" "Mozilla/5.0 (Windows NT 10.0; Win64; x64) AppleWebKit/537.36 (KHTML, like Gecko) Chrome/151.0.0.0 Safari/537.36 Edg/151.0.0.0"
24.130.16.15 - - [17/Aug/2026:13:51:23 -0400] "GET /wp-content/themes/cesis/admin/redux-framework/inc/fields/select/field_select.min.js?ver=1786989082 HTTP/1.1" 200 1350 "https://adept.hospitalinnovate.org/wp-admin/admin.php?page=cesis_options&tab=1" "Mozilla/5.0 (Windows NT 10.0; Win64; x64) AppleWebKit/537.36 (KHTML, like Gecko) Chrome/151.0.0.0 Safari/537.36 Edg/151.0.0.0"
24.130.16.15 - - [17/Aug/2026:13:51:23 -0400] "GET /wp-content/themes/cesis/admin/redux-framework/inc/fields/slider/field_slider.min.js?ver=1786989082 HTTP/1.1" 200 3227 "https://adept.hospitalinnovate.org/wp-admin/admin.php?page=cesis_options&tab=1" "Mozilla/5.0 (Windows NT 10.0; Win64; x64) AppleWebKit/537.36 (KHTML, like Gecko) Chrome/151.0.0.0 Safari/537.36 Edg/151.0.0.0"
24.130.16.15 - - [17/Aug/2026:13:51:23 -0400] "GET /wp-content/themes/cesis/admin/redux-framework/inc/fields/color/field_color.min.js?ver=1786989082 HTTP/1.1" 200 2359 "https://adept.hospitalinnovate.org/wp-admin/admin.php?page=cesis_options&tab=1" "Mozilla/5.0 (Windows NT 10.0; Win64; x64) AppleWebKit/537.36 (KHTML, like Gecko) Chrome/151.0.0.0 Safari/537.36 Edg/151.0.0.0"
24.130.16.15 - - [17/Aug/2026:13:51:23 -0400] "GET /wp-content/themes/cesis/admin/redux-framework/inc/fields/color_rgba/field_color_rgba.min.js?ver=1786989082 HTTP/1.1" 200 3663 "https://adept.hospitalinnovate.org/wp-admin/admin.php?page=cesis_options&tab=1" "Mozilla/5.0 (Windows NT 10.0; Win64; x64) AppleWebKit/537.36 (KHTML, like Gecko) Chrome/151.0.0.0 Safari/537.36 Edg/151.0.0.0"
24.130.16.15 - - [17/Aug/2026:13:51:23 -0400] "GET /wp-content/themes/cesis/admin/redux-framework/inc/fields/editor/field_editor.min.js?ver=1786989082 HTTP/1.1" 200 573 "https://adept.hospitalinnovate.org/wp-admin/admin.php?page=cesis_options&tab=1" "Mozilla/5.0 (Windows NT 10.0; Win64; x64) AppleWebKit/537.36 (KHTML, like Gecko) Chrome/151.0.0.0 Safari/537.36 Edg/151.0.0.0"
24.130.16.15 - - [17/Aug/2026:13:51:23 -0400] "GET /wp-content/themes/cesis/admin/redux-framework/inc/fields/image_select/field_image_select.min.js?ver=1786989082 HTTP/1.1" 200 2209 "https://adept.hospitalinnovate.org/wp-admin/admin.php?page=cesis_options&tab=1" "Mozilla/5.0 (Windows NT 10.0; Win64; x64) AppleWebKit/537.36 (KHTML, like Gecko) Chrome/151.0.0.0 Safari/537.36 Edg/151.0.0.0"
24.130.16.15 - - [17/Aug/2026:13:51:23 -0400] "GET /wp-content/themes/cesis/admin/redux-framework/inc/fields/spacing/field_spacing.min.js?ver=1786989082 HTTP/1.1" 200 1356 "https://adept.hospitalinnovate.org/wp-admin/admin.php?page=cesis_options&tab=1" "Mozilla/5.0 (Windows NT 10.0; Win64; x64) AppleWebKit/537.36 (KHTML, like Gecko) Chrome/151.0.0.0 Safari/537.36 Edg/151.0.0.0"
24.130.16.15 - - [17/Aug/2026:13:51:23 -0400] "GET /wp-content/themes/cesis/admin/redux-extensions/extensions/dev_iconselect/dev_iconselect/field_dev_iconselect.js?ver=1786989082 HTTP/1.1" 200 11377 "https://adept.hospitalinnovate.org/wp-admin/admin.php?page=cesis_options&tab=1" "Mozilla/5.0 (Windows NT 10.0; Win64; x64) AppleWebKit/537.36 (KHTML, like Gecko) Chrome/151.0.0.0 Safari/537.36 Edg/151.0.0.0"
24.130.16.15 - - [17/Aug/2026:13:51:23 -0400] "GET /wp-content/themes/cesis/admin/redux-extensions/extensions/wbc_importer/wbc_importer//field_wbc_importer.min.js?ver=1786989082 HTTP/1.1" 200 2674 "https://adept.hospitalinnovate.org/wp-admin/admin.php?page=cesis_options&tab=1" "Mozilla/5.0 (Windows NT 10.0; Win64; x64) AppleWebKit/537.36 (KHTML, like Gecko) Chrome/151.0.0.0 Safari/537.36 Edg/151.0.0.0"
24.130.16.15 - - [17/Aug/2026:13:51:30 -0400] "GET / HTTP/1.1" 200 24630 "-" "Mozilla/5.0 (Windows NT 10.0; Win64; x64) AppleWebKit/537.36 (KHTML, like Gecko) Chrome/151.0.0.0 Safari/537.36 Edg/151.0.0.0"
24.130.16.15 - - [17/Aug/2026:13:51:31 -0400] "GET /wp-content/plugins/js_composer/assets/css/js_composer.min.css?ver=9.0.1 HTTP/1.1" 200 442476 "https://adept.hospitalinnovate.org/" "Mozilla/5.0 (Windows NT 10.0; Win64; x64) AppleWebKit/537.36 (KHTML, like Gecko) Chrome/151.0.0.0 Safari/537.36 Edg/151.0.0.0"
24.130.16.15 - - [17/Aug/2026:13:51:31 -0400] "GET /wp-content/uploads/redux/custom-fonts/fonts.css?ver=1786989091 HTTP/1.1" 200 - "https://adept.hospitalinnovate.org/" "Mozilla/5.0 (Windows NT 10.0; Win64; x64) AppleWebKit/537.36 (KHTML, like Gecko) Chrome/151.0.0.0 Safari/537.36 Edg/151.0.0.0"
24.130.16.15 - - [17/Aug/2026:13:51:31 -0400] "GET /wp-content/plugins/js_composer/assets/js/dist/js_composer_front.min.js?ver=9.0.1 HTTP/1.1" 200 17791 "https://adept.hospitalinnovate.org/" "Mozilla/5.0 (Windows NT 10.0; Win64; x64) AppleWebKit/537.36 (KHTML, like Gecko) Chrome/151.0.0.0 Safari/537.36 Edg/151.0.0.0"
69.39.225.240 - - [17/Aug/2026:13:51:32 -0400] "POST /wp-cron.php?doing_wp_cron=1786989092.0780589580535888671875 HTTP/1.1" 200 20 "-" "WordPress/7.0.4; https://adept.hospitalinnovate.org"
24.130.16.15 - - [17/Aug/2026:13:51:31 -0400] "GET /wp-admin/admin-ajax.php?action=cesis_dynamic_css&ver=1.8.76 HTTP/1.1" 200 10814 "https://adept.hospitalinnovate.org/" "Mozilla/5.0 (Windows NT 10.0; Win64; x64) AppleWebKit/537.36 (KHTML, like Gecko) Chrome/151.0.0.0 Safari/537.36 Edg/151.0.0.0"
69.39.225.240 - - [17/Aug/2026:13:51:40 -0400] "POST /wp-cron.php?doing_wp_cron=1786989100.5046451091766357421875 HTTP/1.1" 200 20 "-" "WordPress/7.0.4; https://adept.hospitalinnovate.org"
24.130.16.15 - - [17/Aug/2026:13:51:39 -0400] "GET /wp-admin/edit.php?post_type=page HTTP/1.1" 200 29228 "https://adept.hospitalinnovate.org/wp-admin/admin.php?page=cesis_options&tab=1" "Mozilla/5.0 (Windows NT 10.0; Win64; x64) AppleWebKit/537.36 (KHTML, like Gecko) Chrome/151.0.0.0 Safari/537.36 Edg/151.0.0.0"
24.130.16.15 - - [17/Aug/2026:13:51:40 -0400] "POST /wp-admin/admin-ajax.php HTTP/1.1" 200 67 "https://adept.hospitalinnovate.org/wp-admin/edit.php?post_type=page" "Mozilla/5.0 (Windows NT 10.0; Win64; x64) AppleWebKit/537.36 (KHTML, like Gecko) Chrome/151.0.0.0 Safari/537.36 Edg/151.0.0.0"
69.39.225.240 - - [17/Aug/2026:13:51:46 -0400] "POST /wp-cron.php?doing_wp_cron=1786989106.8778059482574462890625 HTTP/1.1" 200 20 "-" "WordPress/7.0.4; https://adept.hospitalinnovate.org"
24.130.16.15 - - [17/Aug/2026:13:51:45 -0400] "GET /wp-admin/post.php?vc_action=vc_inline&post_id=26&post_type=page HTTP/1.1" 200 100235 "https://adept.hospitalinnovate.org/wp-admin/edit.php?post_type=page" "Mozilla/5.0 (Windows NT 10.0; Win64; x64) AppleWebKit/537.36 (KHTML, like Gecko) Chrome/151.0.0.0 Safari/537.36 Edg/151.0.0.0"
24.130.16.15 - - [17/Aug/2026:13:51:47 -0400] "GET /wp-admin/load-styles.php?c=0&dir=ltr&load%5Bchunk_0%5D=dashicons,admin-bar,wp-color-picker,farbtastic,buttons,media-views,common,forms,admin-menu,dashboard,list-tables,edit,revisions,&load%5Bchunk_1%5D=media,themes,about,nav-menus,wp-pointer,widgets,site-icon,l10n,wp-base-styles,wp-components,wp-commands&ver=7.0.4 HTTP/1.1" 200 126962 "https://adept.hospitalinnovate.org/wp-admin/post.php?vc_action=vc_inline&post_id=26&post_type=page" "Mozilla/5.0 (Windows NT 10.0; Win64; x64) AppleWebKit/537.36 (KHTML, like Gecko) Chrome/151.0.0.0 Safari/537.36 Edg/151.0.0.0"
24.130.16.15 - - [17/Aug/2026:13:51:47 -0400] "GET /wp-content/plugins/js_composer/assets/lib/vendor/dist/@fortawesome/fontawesome-free/css/all.min.css?ver=9.0.1 HTTP/1.1" 200 73890 "https://adept.hospitalinnovate.org/wp-admin/post.php?vc_action=vc_inline&post_id=26&post_type=page" "Mozilla/5.0 (Windows NT 10.0; Win64; x64) AppleWebKit/537.36 (KHTML, like Gecko) Chrome/151.0.0.0 Safari/537.36 Edg/151.0.0.0"
24.130.16.15 - - [17/Aug/2026:13:51:47 -0400] "GET /wp-content/plugins/js_composer/assets/lib/vendor/dist/animate.css/animate.min.css?ver=9.0.1 HTTP/1.1" 200 58129 "https://adept.hospitalinnovate.org/wp-admin/post.php?vc_action=vc_inline&post_id=26&post_type=page" "Mozilla/5.0 (Windows NT 10.0; Win64; x64) AppleWebKit/537.36 (KHTML, like Gecko) Chrome/151.0.0.0 Safari/537.36 Edg/151.0.0.0"
24.130.16.15 - - [17/Aug/2026:13:51:47 -0400] "GET /wp-content/plugins/js_composer/assets/lib/vendor/dist/@fortawesome/fontawesome-free/css/v4-shims.min.css?ver=9.0.1 HTTP/1.1" 200 21211 "https://adept.hospitalinnovate.org/wp-admin/post.php?vc_action=vc_inline&post_id=26&post_type=page" "Mozilla/5.0 (Windows NT 10.0; Win64; x64) AppleWebKit/537.36 (KHTML, like Gecko) Chrome/151.0.0.0 Safari/537.36 Edg/151.0.0.0"
24.130.16.15 - - [17/Aug/2026:13:51:47 -0400] "GET /wp-content/plugins/js_composer/assets/css/jquery-ui-less.custom.min.css?ver=9.0.1 HTTP/1.1" 200 18591 "https://adept.hospitalinnovate.org/wp-admin/post.php?vc_action=vc_inline&post_id=26&post_type=page" "Mozilla/5.0 (Windows NT 10.0; Win64; x64) AppleWebKit/537.36 (KHTML, like Gecko) Chrome/151.0.0.0 Safari/537.36 Edg/151.0.0.0"
24.130.16.15 - - [17/Aug/2026:13:51:47 -0400] "GET /wp-content/plugins/js_composer/assets/css/modules.min.css?ver=9.0.1 HTTP/1.1" 200 11991 "https://adept.hospitalinnovate.org/wp-admin/post.php?vc_action=vc_inline&post_id=26&post_type=page" "Mozilla/5.0 (Windows NT 10.0; Win64; x64) AppleWebKit/537.36 (KHTML, like Gecko) Chrome/151.0.0.0 Safari/537.36 Edg/151.0.0.0"
24.130.16.15 - - [17/Aug/2026:13:51:47 -0400] "GET /wp-content/plugins/js_composer/assets/lib/vc/wpb-select2/select2.min.css?ver=9.0.1 HTTP/1.1" 200 15271 "https://adept.hospitalinnovate.org/wp-admin/post.php?vc_action=vc_inline&post_id=26&post_type=page" "Mozilla/5.0 (Windows NT 10.0; Win64; x64) AppleWebKit/537.36 (KHTML, like Gecko) Chrome/151.0.0.0 Safari/537.36 Edg/151.0.0.0"
24.130.16.15 - - [17/Aug/2026:13:51:47 -0400] "GET /wp-content/plugins/js_composer/assets/lib/vendor/dist/@simonwep/pickr/dist/themes/classic.min.css?ver=9.0.1 HTTP/1.1" 200 9059 "https://adept.hospitalinnovate.org/wp-admin/post.php?vc_action=vc_inline&post_id=26&post_type=page" "Mozilla/5.0 (Windows NT 10.0; Win64; x64) AppleWebKit/537.36 (KHTML, like Gecko) Chrome/151.0.0.0 Safari/537.36 Edg/151.0.0.0"
24.130.16.15 - - [17/Aug/2026:13:51:47 -0400] "GET /wp-content/plugins/js_composer/assets/css/js_composer_frontend_editor.min.css?ver=9.0.1 HTTP/1.1" 200 349124 "https://adept.hospitalinnovate.org/wp-admin/post.php?vc_action=vc_inline&post_id=26&post_type=page" "Mozilla/5.0 (Windows NT 10.0; Win64; x64) AppleWebKit/537.36 (KHTML, like Gecko) Chrome/151.0.0.0 Safari/537.36 Edg/151.0.0.0"
24.130.16.15 - - [17/Aug/2026:13:51:47 -0400] "GET /wp-content/plugins/js_composer/assets/lib/vendor/vcIconPicker/themes/grey-theme/jquery.fonticonpicker.vcgrey.min.css?ver=9.0.1 HTTP/1.1" 200 2204 "https://adept.hospitalinnovate.org/wp-admin/post.php?vc_action=vc_inline&post_id=26&post_type=page" "Mozilla/5.0 (Windows NT 10.0; Win64; x64) AppleWebKit/537.36 (KHTML, like Gecko) Chrome/151.0.0.0 Safari/537.36 Edg/151.0.0.0"
24.130.16.15 - - [17/Aug/2026:13:51:47 -0400] "GET /wp-content/plugins/js_composer/assets/lib/vendor/vcIconPicker/css/jquery.fonticonpicker.min.css?ver=9.0.1 HTTP/1.1" 200 2739 "https://adept.hospitalinnovate.org/wp-admin/post.php?vc_action=vc_inline&post_id=26&post_type=page" "Mozilla/5.0 (Windows NT 10.0; Win64; x64) AppleWebKit/537.36 (KHTML, like Gecko) Chrome/151.0.0.0 Safari/537.36 Edg/151.0.0.0"
24.130.16.15 - - [17/Aug/2026:13:51:47 -0400] "GET /wp-content/plugins/js_composer/assets/css/lib/vc-open-iconic/vc_openiconic.min.css?ver=9.0.1 HTTP/1.1" 200 6642 "https://adept.hospitalinnovate.org/wp-admin/post.php?vc_action=vc_inline&post_id=26&post_type=page" "Mozilla/5.0 (Windows NT 10.0; Win64; x64) AppleWebKit/537.36 (KHTML, like Gecko) Chrome/151.0.0.0 Safari/537.36 Edg/151.0.0.0"
24.130.16.15 - - [17/Aug/2026:13:51:47 -0400] "GET /wp-content/plugins/js_composer/assets/css/lib/typicons/typicons.min.css?ver=9.0.1 HTTP/1.1" 200 15137 "https://adept.hospitalinnovate.org/wp-admin/post.php?vc_action=vc_inline&post_id=26&post_type=page" "Mozilla/5.0 (Windows NT 10.0; Win64; x64) AppleWebKit/537.36 (KHTML, like Gecko) Chrome/151.0.0.0 Safari/537.36 Edg/151.0.0.0"
24.130.16.15 - - [17/Aug/2026:13:51:47 -0400] "GET /wp-content/plugins/js_composer/assets/css/lib/vc-entypo/vc_entypo.min.css?ver=9.0.1 HTTP/1.1" 200 13375 "https://adept.hospitalinnovate.org/wp-admin/post.php?vc_action=vc_inline&post_id=26&post_type=page" "Mozilla/5.0 (Windows NT 10.0; Win64; x64) AppleWebKit/537.36 (KHTML, like Gecko) Chrome/151.0.0.0 Safari/537.36 Edg/151.0.0.0"
24.130.16.15 - - [17/Aug/2026:13:51:47 -0400] "GET /wp-content/plugins/js_composer/assets/css/lib/vc-linecons/vc_linecons_icons.min.css?ver=9.0.1 HTTP/1.1" 200 2525 "https://adept.hospitalinnovate.org/wp-admin/post.php?vc_action=vc_inline&post_id=26&post_type=page" "Mozilla/5.0 (Windows NT 10.0; Win64; x64) AppleWebKit/537.36 (KHTML, like Gecko) Chrome/151.0.0.0 Safari/537.36 Edg/151.0.0.0"
24.130.16.15 - - [17/Aug/2026:13:51:47 -0400] "GET /wp-content/plugins/js_composer/assets/css/lib/monosocialiconsfont/monosocialiconsfont.min.css?ver=9.0.1 HTTP/1.1" 200 5383 "https://adept.hospitalinnovate.org/wp-admin/post.php?vc_action=vc_inline&post_id=26&post_type=page" "Mozilla/5.0 (Windows NT 10.0; Win64; x64) AppleWebKit/537.36 (KHTML, like Gecko) Chrome/151.0.0.0 Safari/537.36 Edg/151.0.0.0"
24.130.16.15 - - [17/Aug/2026:13:51:47 -0400] "GET /wp-content/plugins/revslider/public/css/sr7.css?ver=7.0.3 HTTP/1.1" 304 - "https://adept.hospitalinnovate.org/wp-admin/post.php?vc_action=vc_inline&post_id=26&post_type=page" "Mozilla/5.0 (Windows NT 10.0; Win64; x64) AppleWebKit/537.36 (KHTML, like Gecko) Chrome/151.0.0.0 Safari/537.36 Edg/151.0.0.0"
24.130.16.15 - - [17/Aug/2026:13:51:47 -0400] "GET /wp-content/plugins/js_composer/assets/css/lib/vc-material/vc_material.min.css?ver=9.0.1 HTTP/1.1" 200 41670 "https://adept.hospitalinnovate.org/wp-admin/post.php?vc_action=vc_inline&post_id=26&post_type=page" "Mozilla/5.0 (Windows NT 10.0; Win64; x64) AppleWebKit/537.36 (KHTML, like Gecko) Chrome/151.0.0.0 Safari/537.36 Edg/151.0.0.0"
24.130.16.15 - - [17/Aug/2026:13:51:47 -0400] "GET /wp-content/plugins/cesis_cp/assets/css.min/backend.frontend.editor.css?ver=7.0.4 HTTP/1.1" 200 25736 "https://adept.hospitalinnovate.org/wp-admin/post.php?vc_action=vc_inline&post_id=26&post_type=page" "Mozilla/5.0 (Windows NT 10.0; Win64; x64) AppleWebKit/537.36 (KHTML, like Gecko) Chrome/151.0.0.0 Safari/537.36 Edg/151.0.0.0"
24.130.16.15 - - [17/Aug/2026:13:51:47 -0400] "GET /wp-content/themes/cesis/admin/redux-extensions/extensions/custom_fonts/custom_fonts/field_custom_fonts.css?ver=1786989106 HTTP/1.1" 200 945 "https://adept.hospitalinnovate.org/wp-admin/post.php?vc_action=vc_inline&post_id=26&post_type=page" "Mozilla/5.0 (Windows NT 10.0; Win64; x64) AppleWebKit/537.36 (KHTML, like Gecko) Chrome/151.0.0.0 Safari/537.36 Edg/151.0.0.0"
24.130.16.15 - - [17/Aug/2026:13:51:47 -0400] "GET /wp-content/uploads/redux/custom-fonts/fonts.css?ver=1786989106 HTTP/1.1" 200 - "https://adept.hospitalinnovate.org/wp-admin/post.php?vc_action=vc_inline&post_id=26&post_type=page" "Mozilla/5.0 (Windows NT 10.0; Win64; x64) AppleWebKit/537.36 (KHTML, like Gecko) Chrome/151.0.0.0 Safari/537.36 Edg/151.0.0.0"
24.130.16.15 - - [17/Aug/2026:13:51:47 -0400] "GET /wp-content/plugins/revslider/public/js/sr7.js?ver=7.0.3 HTTP/1.1" 304 - "https://adept.hospitalinnovate.org/wp-admin/post.php?vc_action=vc_inline&post_id=26&post_type=page" "Mozilla/5.0 (Windows NT 10.0; Win64; x64) AppleWebKit/537.36 (KHTML, like Gecko) Chrome/151.0.0.0 Safari/537.36 Edg/151.0.0.0"
24.130.16.15 - - [17/Aug/2026:13:51:47 -0400] "GET /wp-content/plugins/revslider/public/js/page.js?ver=7.0.3 HTTP/1.1" 304 - "https://adept.hospitalinnovate.org/wp-admin/post.php?vc_action=vc_inline&post_id=26&post_type=page" "Mozilla/5.0 (Windows NT 10.0; Win64; x64) AppleWebKit/537.36 (KHTML, like Gecko) Chrome/151.0.0.0 Safari/537.36 Edg/151.0.0.0"
24.130.16.15 - - [17/Aug/2026:13:51:47 -0400] "GET /wp-admin/load-scripts.php?c=0&load%5Bchunk_0%5D=jquery-core,jquery-migrate,utils,underscore,moxiejs,plupload,shortcode,farbtastic,thickbox,media-upload&ver=7.0.4 HTTP/1.1" 200 81772 "https://adept.hospitalinnovate.org/wp-admin/post.php?vc_action=vc_inline&post_id=26&post_type=page" "Mozilla/5.0 (Windows NT 10.0; Win64; x64) AppleWebKit/537.36 (KHTML, like Gecko) Chrome/151.0.0.0 Safari/537.36 Edg/151.0.0.0"
24.130.16.15 - - [17/Aug/2026:13:51:48 -0400] "GET /wp-content/plugins/revslider/public/js/libs/tptools.js?ver=7.0.3 HTTP/1.1" 304 - "https://adept.hospitalinnovate.org/wp-admin/post.php?vc_action=vc_inline&post_id=26&post_type=page" "Mozilla/5.0 (Windows NT 10.0; Win64; x64) AppleWebKit/537.36 (KHTML, like Gecko) Chrome/151.0.0.0 Safari/537.36 Edg/151.0.0.0"
24.130.16.15 - - [17/Aug/2026:13:51:48 -0400] "GET /wp-content/plugins/js_composer/assets/vc/loaders/wizzy.svg HTTP/1.1" 200 2575 "https://adept.hospitalinnovate.org/wp-content/plugins/js_composer/assets/css/js_composer_frontend_editor.min.css?ver=9.0.1" "Mozilla/5.0 (Windows NT 10.0; Win64; x64) AppleWebKit/537.36 (KHTML, like Gecko) Chrome/151.0.0.0 Safari/537.36 Edg/151.0.0.0"
24.130.16.15 - - [17/Aug/2026:13:51:48 -0400] "GET /wp-content/plugins/js_composer/assets/fonts/vc_icons/fonts/vcpb-plugin-icons.ttf?jg06m5 HTTP/1.1" 200 19920 "https://adept.hospitalinnovate.org/wp-content/plugins/js_composer/assets/css/js_composer_frontend_editor.min.css?ver=9.0.1" "Mozilla/5.0 (Windows NT 10.0; Win64; x64) AppleWebKit/537.36 (KHTML, like Gecko) Chrome/151.0.0.0 Safari/537.36 Edg/151.0.0.0"
69.39.225.240 - - [17/Aug/2026:13:51:59 -0400] "POST /wp-cron.php?doing_wp_cron=1786989119.5872230529785156250000 HTTP/1.1" 200 20 "-" "WordPress/7.0.4; https://adept.hospitalinnovate.org"
24.130.16.15 - - [17/Aug/2026:13:51:59 -0400] "GET /wp-admin/edit.php?post_type=page HTTP/1.1" 200 29228 "https://adept.hospitalinnovate.org/wp-admin/admin.php?page=cesis_options&tab=1" "Mozilla/5.0 (Windows NT 10.0; Win64; x64) AppleWebKit/537.36 (KHTML, like Gecko) Chrome/151.0.0.0 Safari/537.36 Edg/151.0.0.0"
24.130.16.15 - - [17/Aug/2026:13:51:59 -0400] "POST /wp-admin/admin-ajax.php HTTP/1.1" 200 67 "https://adept.hospitalinnovate.org/wp-admin/edit.php?post_type=page" "Mozilla/5.0 (Windows NT 10.0; Win64; x64) AppleWebKit/537.36 (KHTML, like Gecko) Chrome/151.0.0.0 Safari/537.36 Edg/151.0.0.0"
69.39.225.240 - - [17/Aug/2026:13:52:10 -0400] "POST /wp-cron.php?doing_wp_cron=1786989130.5069549083709716796875 HTTP/1.1" 200 20 "-" "WordPress/7.0.4; https://adept.hospitalinnovate.org"
24.130.16.15 - - [17/Aug/2026:13:52:10 -0400] "POST /wp-admin/admin-ajax.php HTTP/1.1" 200 67 "https://adept.hospitalinnovate.org/wp-admin/edit.php?post_type=page" "Mozilla/5.0 (Windows NT 10.0; Win64; x64) AppleWebKit/537.36 (KHTML, like Gecko) Chrome/151.0.0.0 Safari/537.36 Edg/151.0.0.0"
34.145.125.175 - - [17/Aug/2026:13:52:42 -0400] "POST /xmlrpc.php HTTP/1.1" 503 7326
69.39.225.240 - - [17/Aug/2026:13:53:50 -0400] "POST /wp-cron.php?doing_wp_cron=1786989229.8895421028137207031250 HTTP/1.1" 200 20 "-" "WordPress/7.0.4; https://adept.hospitalinnovate.org"
24.130.16.15 - - [17/Aug/2026:13:53:49 -0400] "POST /wp-admin/admin-ajax.php HTTP/1.1" 200 67 "https://adept.hospitalinnovate.org/wp-admin/edit.php?post_type=page" "Mozilla/5.0 (Windows NT 10.0; Win64; x64) AppleWebKit/537.36 (KHTML, like Gecko) Chrome/151.0.0.0 Safari/537.36 Edg/151.0.0.0"
69.39.225.240 - - [17/Aug/2026:13:55:28 -0400] "POST /wp-cron.php?doing_wp_cron=1786989327.9386489391326904296875 HTTP/1.1" 200 20
95.228.172.173 - - [17/Aug/2026:13:55:27 -0400] "POST /xmlrpc.php HTTP/1.1" 503 7326
69.39.225.240 - - [17/Aug/2026:13:55:50 -0400] "POST /wp-cron.php?doing_wp_cron=1786989350.1953010559082031250000 HTTP/1.1" 200 20 "-" "WordPress/7.0.4; https://adept.hospitalinnovate.org"
24.130.16.15 - - [17/Aug/2026:13:55:49 -0400] "POST /wp-admin/admin-ajax.php HTTP/1.1" 200 67 "https://adept.hospitalinnovate.org/wp-admin/edit.php?post_type=page" "Mozilla/5.0 (Windows NT 10.0; Win64; x64) AppleWebKit/537.36 (KHTML, like Gecko) Chrome/151.0.0.0 Safari/537.36 Edg/151.0.0.0"
217.160.226.20 - - [17/Aug/2026:13:56:18 -0400] "POST /xmlrpc.php HTTP/1.1" 503 7327
69.39.225.240 - - [17/Aug/2026:13:56:49 -0400] "POST /wp-cron.php?doing_wp_cron=1786989409.6025431156158447265625 HTTP/1.1" 200 20 "-" "WordPress/7.0.4; https://adept.hospitalinnovate.org"
24.130.16.15 - - [17/Aug/2026:13:56:48 -0400] "POST /wp-admin/admin-ajax.php HTTP/1.1" 200 67 "https://adept.hospitalinnovate.org/wp-admin/edit.php?post_type=page" "Mozilla/5.0 (Windows NT 10.0; Win64; x64) AppleWebKit/537.36 (KHTML, like Gecko) Chrome/151.0.0.0 Safari/537.36 Edg/151.0.0.0"
69.39.225.240 - - [17/Aug/2026:13:57:30 -0400] "POST /wp-cron.php?doing_wp_cron=1786989449.8358230590820312500000 HTTP/1.1" 200 20 "-" "WordPress/7.0.4; https://adept.hospitalinnovate.org"
24.130.16.15 - - [17/Aug/2026:13:57:28 -0400] "POST /wp-admin/admin-ajax.php HTTP/1.1" 200 67 "https://adept.hospitalinnovate.org/wp-admin/edit.php?post_type=page" "Mozilla/5.0 (Windows NT 10.0; Win64; x64) AppleWebKit/537.36 (KHTML, like Gecko) Chrome/151.0.0.0 Safari/537.36 Edg/151.0.0.0"
69.39.225.240 - - [17/Aug/2026:13:57:44 -0400] "POST /wp-cron.php?doing_wp_cron=1786989464.5489330291748046875000 HTTP/1.1" 200 20
44.229.54.190 - - [17/Aug/2026:13:57:44 -0400] "POST /xmlrpc.php HTTP/1.1" 503 7327
69.39.225.240 - - [17/Aug/2026:13:59:29 -0400] "POST /wp-cron.php?doing_wp_cron=1786989569.0980141162872314453125 HTTP/1.1" 200 20 "-" "WordPress/7.0.4; https://adept.hospitalinnovate.org"
24.130.16.15 - - [17/Aug/2026:13:59:28 -0400] "POST /wp-admin/admin-ajax.php HTTP/1.1" 200 67 "https://adept.hospitalinnovate.org/wp-admin/edit.php?post_type=page" "Mozilla/5.0 (Windows NT 10.0; Win64; x64) AppleWebKit/537.36 (KHTML, like Gecko) Chrome/151.0.0.0 Safari/537.36 Edg/151.0.0.0"
109.248.226.54 - - [17/Aug/2026:14:00:23 -0400] "GET /wp-content/3vk24.php?id=turned-down-cover-letter-job-previously-for HTTP/1.1" 403 199
69.39.225.240 - - [17/Aug/2026:14:00:43 -0400] "POST /wp-cron.php?doing_wp_cron=1786989642.8883750438690185546875 HTTP/1.1" 200 20 "-" "WordPress/7.0.4; https://adept.hospitalinnovate.org"
24.130.16.15 - - [17/Aug/2026:14:00:42 -0400] "POST /wp-admin/admin-ajax.php HTTP/1.1" 200 67 "https://adept.hospitalinnovate.org/wp-admin/edit.php?post_type=page" "Mozilla/5.0 (Windows NT 10.0; Win64; x64) AppleWebKit/537.36 (KHTML, like Gecko) Chrome/151.0.0.0 Safari/537.36 Edg/151.0.0.0"
69.39.225.240 - - [17/Aug/2026:14:00:52 -0400] "POST /wp-cron.php?doing_wp_cron=1786989652.4575738906860351562500 HTTP/1.1" 200 20 "-" "WordPress/7.0.4; https://adept.hospitalinnovate.org"
24.130.16.15 - - [17/Aug/2026:14:00:52 -0400] "POST /wp-admin/admin-ajax.php HTTP/1.1" 200 67 "https://adept.hospitalinnovate.org/wp-admin/edit.php?post_type=page" "Mozilla/5.0 (Windows NT 10.0; Win64; x64) AppleWebKit/537.36 (KHTML, like Gecko) Chrome/151.0.0.0 Safari/537.36 Edg/151.0.0.0"
45.56.118.247 - - [17/Aug/2026:14:01:45 -0400] "HEAD /newsletter/ HTTP/1.1" 200 -
45.56.118.247 - - [17/Aug/2026:14:01:46 -0400] "HEAD / HTTP/1.1" 200 -
116.203.126.125 - - [17/Aug/2026:14:01:57 -0400] "POST /xmlrpc.php HTTP/1.1" 503 7327
69.39.225.240 - - [17/Aug/2026:14:02:52 -0400] "POST /wp-cron.php?doing_wp_cron=1786989772.5895431041717529296875 HTTP/1.1" 200 20 "-" "WordPress/7.0.4; https://adept.hospitalinnovate.org"
24.130.16.15 - - [17/Aug/2026:14:02:52 -0400] "POST /wp-admin/admin-ajax.php HTTP/1.1" 200 67 "https://adept.hospitalinnovate.org/wp-admin/edit.php?post_type=page" "Mozilla/5.0 (Windows NT 10.0; Win64; x64) AppleWebKit/537.36 (KHTML, like Gecko) Chrome/151.0.0.0 Safari/537.36 Edg/151.0.0.0"
69.39.225.240 - - [17/Aug/2026:14:04:27 -0400] "POST /wp-cron.php?doing_wp_cron=1786989867.2500019073486328125000 HTTP/1.1" 200 20 "-" "WordPress/7.0.4; https://adept.hospitalinnovate.org"
24.130.16.15 - - [17/Aug/2026:14:04:26 -0400] "POST /wp-admin/admin-ajax.php HTTP/1.1" 200 67 "https://adept.hospitalinnovate.org/wp-admin/edit.php?post_type=page" "Mozilla/5.0 (Windows NT 10.0; Win64; x64) AppleWebKit/537.36 (KHTML, like Gecko) Chrome/151.0.0.0 Safari/537.36 Edg/151.0.0.0"
69.39.225.240 - - [17/Aug/2026:14:04:37 -0400] "POST /wp-cron.php?doing_wp_cron=1786989877.3198630809783935546875 HTTP/1.1" 200 20 "-" "WordPress/7.0.4; https://adept.hospitalinnovate.org"
24.130.16.15 - - [17/Aug/2026:14:04:36 -0400] "POST /wp-admin/admin-ajax.php HTTP/1.1" 200 67 "https://adept.hospitalinnovate.org/wp-admin/edit.php?post_type=page" "Mozilla/5.0 (Windows NT 10.0; Win64; x64) AppleWebKit/537.36 (KHTML, like Gecko) Chrome/151.0.0.0 Safari/537.36 Edg/151.0.0.0"
24.130.16.15 - - [17/Aug/2026:14:04:37 -0400] "GET / HTTP/1.1" 200 24631 "-" "Mozilla/5.0 (Windows NT 10.0; Win64; x64) AppleWebKit/537.36 (KHTML, like Gecko) Chrome/151.0.0.0 Safari/537.36 Edg/151.0.0.0"
24.130.16.15 - - [17/Aug/2026:14:04:38 -0400] "GET /wp-content/plugins/revslider/admin/includes/shortcode_generator/wpbakery/assets/css/sr7-wpbakery.css?ver=7.0.3 HTTP/1.1" 304 - "https://adept.hospitalinnovate.org/" "Mozilla/5.0 (Windows NT 10.0; Win64; x64) AppleWebKit/537.36 (KHTML, like Gecko) Chrome/151.0.0.0 Safari/537.36 Edg/151.0.0.0"
24.130.16.15 - - [17/Aug/2026:14:04:39 -0400] "GET /wp-content/plugins/arconix-shortcodes/includes/css/font-awesome.min.css?ver=4.6.3 HTTP/1.1" 304 - "https://adept.hospitalinnovate.org/" "Mozilla/5.0 (Windows NT 10.0; Win64; x64) AppleWebKit/537.36 (KHTML, like Gecko) Chrome/151.0.0.0 Safari/537.36 Edg/151.0.0.0"
24.130.16.15 - - [17/Aug/2026:14:04:39 -0400] "GET /wp-content/plugins/arconix-shortcodes/includes/css/arconix-shortcodes.min.css?ver=2.2.1 HTTP/1.1" 304 - "https://adept.hospitalinnovate.org/" "Mozilla/5.0 (Windows NT 10.0; Win64; x64) AppleWebKit/537.36 (KHTML, like Gecko) Chrome/151.0.0.0 Safari/537.36 Edg/151.0.0.0"
24.130.16.15 - - [17/Aug/2026:14:04:39 -0400] "GET /wp-content/plugins/contact-form-7/includes/css/styles.css?ver=6.1.7 HTTP/1.1" 304 - "https://adept.hospitalinnovate.org/" "Mozilla/5.0 (Windows NT 10.0; Win64; x64) AppleWebKit/537.36 (KHTML, like Gecko) Chrome/151.0.0.0 Safari/537.36 Edg/151.0.0.0"
24.130.16.15 - - [17/Aug/2026:14:04:39 -0400] "GET /wp-content/plugins/revslider/public/css/sr7.css?ver=7.0.3 HTTP/1.1" 304 - "https://adept.hospitalinnovate.org/" "Mozilla/5.0 (Windows NT 10.0; Win64; x64) AppleWebKit/537.36 (KHTML, like Gecko) Chrome/151.0.0.0 Safari/537.36 Edg/151.0.0.0"
24.130.16.15 - - [17/Aug/2026:14:04:39 -0400] "GET /wp-content/plugins/contact-form-7/includes/swv/js/index.js?ver=6.1.7 HTTP/1.1" 304 - "https://adept.hospitalinnovate.org/" "Mozilla/5.0 (Windows NT 10.0; Win64; x64) AppleWebKit/537.36 (KHTML, like Gecko) Chrome/151.0.0.0 Safari/537.36 Edg/151.0.0.0"
24.130.16.15 - - [17/Aug/2026:14:04:39 -0400] "GET /wp-content/uploads/redux/custom-fonts/fonts.css?ver=1786989878 HTTP/1.1" 200 - "https://adept.hospitalinnovate.org/" "Mozilla/5.0 (Windows NT 10.0; Win64; x64) AppleWebKit/537.36 (KHTML, like Gecko) Chrome/151.0.0.0 Safari/537.36 Edg/151.0.0.0"
24.130.16.15 - - [17/Aug/2026:14:04:39 -0400] "GET /wp-content/plugins/contact-form-7/includes/js/index.js?ver=6.1.7 HTTP/1.1" 304 - "https://adept.hospitalinnovate.org/" "Mozilla/5.0 (Windows NT 10.0; Win64; x64) AppleWebKit/537.36 (KHTML, like Gecko) Chrome/151.0.0.0 Safari/537.36 Edg/151.0.0.0"
24.130.16.15 - - [17/Aug/2026:14:04:39 -0400] "GET /wp-content/plugins/js_composer/assets/css/js_composer.min.css?ver=9.0.1 HTTP/1.1" 304 - "https://adept.hospitalinnovate.org/" "Mozilla/5.0 (Windows NT 10.0; Win64; x64) AppleWebKit/537.36 (KHTML, like Gecko) Chrome/151.0.0.0 Safari/537.36 Edg/151.0.0.0"
24.130.16.15 - - [17/Aug/2026:14:04:39 -0400] "GET /wp-content/plugins/js_composer/assets/js/dist/js_composer_front.min.js?ver=9.0.1 HTTP/1.1" 304 - "https://adept.hospitalinnovate.org/" "Mozilla/5.0 (Windows NT 10.0; Win64; x64) AppleWebKit/537.36 (KHTML, like Gecko) Chrome/151.0.0.0 Safari/537.36 Edg/151.0.0.0"
24.130.16.15 - - [17/Aug/2026:14:04:39 -0400] "GET /wp-content/plugins/revslider/public/js/libs/tptools.js?ver=7.0.3 HTTP/1.1" 304 - "https://adept.hospitalinnovate.org/" "Mozilla/5.0 (Windows NT 10.0; Win64; x64) AppleWebKit/537.36 (KHTML, like Gecko) Chrome/151.0.0.0 Safari/537.36 Edg/151.0.0.0"
24.130.16.15 - - [17/Aug/2026:14:04:39 -0400] "GET /wp-content/plugins/revslider/public/js/sr7.js?ver=7.0.3 HTTP/1.1" 304 - "https://adept.hospitalinnovate.org/" "Mozilla/5.0 (Windows NT 10.0; Win64; x64) AppleWebKit/537.36 (KHTML, like Gecko) Chrome/151.0.0.0 Safari/537.36 Edg/151.0.0.0"
69.39.225.240 - - [17/Aug/2026:14:04:40 -0400] "POST /wp-cron.php?doing_wp_cron=1786989879.9891951084136962890625 HTTP/1.1" 200 20 "-" "WordPress/7.0.4; https://adept.hospitalinnovate.org"
24.130.16.15 - - [17/Aug/2026:14:04:39 -0400] "GET /wp-admin/admin-ajax.php?action=cesis_dynamic_css&ver=1.8.76 HTTP/1.1" 200 10814 "https://adept.hospitalinnovate.org/" "Mozilla/5.0 (Windows NT 10.0; Win64; x64) AppleWebKit/537.36 (KHTML, like Gecko) Chrome/151.0.0.0 Safari/537.36 Edg/151.0.0.0"
24.130.16.15 - - [17/Aug/2026:14:04:40 -0400] "GET /favicon.ico HTTP/1.1" 200 20 "https://adept.hospitalinnovate.org/" "Mozilla/5.0 (Windows NT 10.0; Win64; x64) AppleWebKit/537.36 (KHTML, like Gecko) Chrome/151.0.0.0 Safari/537.36 Edg/151.0.0.0"
24.130.16.15 - - [17/Aug/2026:14:04:49 -0400] "GET / HTTP/1.1" 200 29857
