24.130.16.15 - - [17/Aug/2026:14:17:13 -0400] "POST /wp-admin/admin-ajax.php HTTP/1.1" 200 67 "https://adept.hospitalinnovate.org/wp-admin/edit.php?post_type=page" "Mozilla/5.0 (Windows NT 10.0; Win64; x64) AppleWebKit/537.36 (KHTML, like Gecko) Chrome/151.0.0.0 Safari/537.36 Edg/151.0.0.0"
24.130.16.15 - - [17/Aug/2026:14:17:17 -0400] "GET /wp-admin/edit.php?post_type=page HTTP/1.1" 500 1182
45.131.195.195 - - [17/Aug/2026:14:17:29 -0400] "GET /wp-login.php HTTP/1.1" 500 1182
69.39.225.240 - - [17/Aug/2026:14:17:37 -0400] "POST /wp-cron.php?doing_wp_cron=1786990656.8695230484008789062500 HTTP/1.1" 200 20 "-" "WordPress/7.0.4; https://adept.hospitalinnovate.org"
24.130.16.15 - - [17/Aug/2026:14:17:36 -0400] "POST /wp-admin/admin-ajax.php HTTP/1.1" 200 67 "https://adept.hospitalinnovate.org/wp-admin/edit.php?post_type=page" "Mozilla/5.0 (Windows NT 10.0; Win64; x64) AppleWebKit/537.36 (KHTML, like Gecko) Chrome/151.0.0.0 Safari/537.36 Edg/151.0.0.0"
98.216.30.0 - - [17/Aug/2026:14:17:39 -0400] "GET / HTTP/1.1" 200 16925 "https://helpdesk.portal.lexiconn.com/" "Mozilla/5.0 (Windows NT 10.0; Win64; x64) AppleWebKit/537.36 (KHTML, like Gecko) Chrome/151.0.0.0 Safari/537.36 Edg/151.0.0.0"
98.216.30.0 - - [17/Aug/2026:14:17:39 -0400] "GET /wp-content/plugins/arconix-shortcodes/includes/css/font-awesome.min.css?ver=4.6.3 HTTP/1.1" 200 29065 "https://adept.hospitalinnovate.org/" "Mozilla/5.0 (Windows NT 10.0; Win64; x64) AppleWebKit/537.36 (KHTML, like Gecko) Chrome/151.0.0.0 Safari/537.36 Edg/151.0.0.0"
98.216.30.0 - - [17/Aug/2026:14:17:39 -0400] "GET /wp-content/plugins/arconix-shortcodes/includes/css/arconix-shortcodes.min.css?ver=2.2.1 HTTP/1.1" 200 21789 "https://adept.hospitalinnovate.org/" "Mozilla/5.0 (Windows NT 10.0; Win64; x64) AppleWebKit/537.36 (KHTML, like Gecko) Chrome/151.0.0.0 Safari/537.36 Edg/151.0.0.0"
98.216.30.0 - - [17/Aug/2026:14:17:39 -0400] "GET /wp-content/plugins/contact-form-7/includes/css/styles.css?ver=6.1.7 HTTP/1.1" 200 2979 "https://adept.hospitalinnovate.org/" "Mozilla/5.0 (Windows NT 10.0; Win64; x64) AppleWebKit/537.36 (KHTML, like Gecko) Chrome/151.0.0.0 Safari/537.36 Edg/151.0.0.0"
98.216.30.0 - - [17/Aug/2026:14:17:39 -0400] "GET /wp-content/plugins/revslider/public/css/sr7.css?ver=7.0.3 HTTP/1.1" 200 4876 "https://adept.hospitalinnovate.org/" "Mozilla/5.0 (Windows NT 10.0; Win64; x64) AppleWebKit/537.36 (KHTML, like Gecko) Chrome/151.0.0.0 Safari/537.36 Edg/151.0.0.0"
98.216.30.0 - - [17/Aug/2026:14:17:39 -0400] "GET /wp-content/themes/cesis/css/cesis_media_queries.css?ver=1.8.76 HTTP/1.1" 200 9376 "https://adept.hospitalinnovate.org/" "Mozilla/5.0 (Windows NT 10.0; Win64; x64) AppleWebKit/537.36 (KHTML, like Gecko) Chrome/151.0.0.0 Safari/537.36 Edg/151.0.0.0"
98.216.30.0 - - [17/Aug/2026:14:17:39 -0400] "GET /wp-content/themes/cesis/includes/fonts/cesis_icons/cesis_icons.css?ver=1.8.76 HTTP/1.1" 200 69369 "https://adept.hospitalinnovate.org/" "Mozilla/5.0 (Windows NT 10.0; Win64; x64) AppleWebKit/537.36 (KHTML, like Gecko) Chrome/151.0.0.0 Safari/537.36 Edg/151.0.0.0"
98.216.30.0 - - [17/Aug/2026:14:17:39 -0400] "GET /wp-content/themes/cesis/css/cesis_plugins.css?ver=1.8.76 HTTP/1.1" 200 113826 "https://adept.hospitalinnovate.org/" "Mozilla/5.0 (Windows NT 10.0; Win64; x64) AppleWebKit/537.36 (KHTML, like Gecko) Chrome/151.0.0.0 Safari/537.36 Edg/151.0.0.0"
98.216.30.0 - - [17/Aug/2026:14:17:39 -0400] "GET /wp-content/plugins/js_composer/assets/css/js_composer.min.css?ver=9.0.1 HTTP/1.1" 200 442476 "https://adept.hospitalinnovate.org/" "Mozilla/5.0 (Windows NT 10.0; Win64; x64) AppleWebKit/537.36 (KHTML, like Gecko) Chrome/151.0.0.0 Safari/537.36 Edg/151.0.0.0"
98.216.30.0 - - [17/Aug/2026:14:17:39 -0400] "GET /wp-content/plugins/the-grid/frontend/assets/css/the-grid.min.css?ver=2.7.9.1 HTTP/1.1" 200 43866 "https://adept.hospitalinnovate.org/" "Mozilla/5.0 (Windows NT 10.0; Win64; x64) AppleWebKit/537.36 (KHTML, like Gecko) Chrome/151.0.0.0 Safari/537.36 Edg/151.0.0.0"
98.216.30.0 - - [17/Aug/2026:14:17:39 -0400] "GET /wp-content/themes/cesis/admin/redux-extensions/extensions/dev_iconselect/dev_iconselect/include/fontawesome/css/font-awesome-social.css?ver=7.0.4 HTTP/1.1" 200 10254 "https://adept.hospitalinnovate.org/" "Mozilla/5.0 (Windows NT 10.0; Win64; x64) AppleWebKit/537.36 (KHTML, like Gecko) Chrome/151.0.0.0 Safari/537.36 Edg/151.0.0.0"
98.216.30.0 - - [17/Aug/2026:14:17:39 -0400] "GET /wp-content/uploads/redux/custom-fonts/fonts.css?ver=1786990659 HTTP/1.1" 200 - "https://adept.hospitalinnovate.org/" "Mozilla/5.0 (Windows NT 10.0; Win64; x64) AppleWebKit/537.36 (KHTML, like Gecko) Chrome/151.0.0.0 Safari/537.36 Edg/151.0.0.0"
98.216.30.0 - - [17/Aug/2026:14:17:39 -0400] "GET /wp-includes/js/jquery/jquery.min.js?ver=3.7.1 HTTP/1.1" 200 87553 "https://adept.hospitalinnovate.org/" "Mozilla/5.0 (Windows NT 10.0; Win64; x64) AppleWebKit/537.36 (KHTML, like Gecko) Chrome/151.0.0.0 Safari/537.36 Edg/151.0.0.0"
98.216.30.0 - - [17/Aug/2026:14:17:39 -0400] "GET /wp-includes/js/jquery/jquery-migrate.min.js?ver=3.4.1 HTTP/1.1" 200 13577 "https://adept.hospitalinnovate.org/" "Mozilla/5.0 (Windows NT 10.0; Win64; x64) AppleWebKit/537.36 (KHTML, like Gecko) Chrome/151.0.0.0 Safari/537.36 Edg/151.0.0.0"
98.216.30.0 - - [17/Aug/2026:14:17:39 -0400] "GET /wp-includes/js/dist/hooks.min.js?ver=7496969728ca0f95732d HTTP/1.1" 200 5050 "https://adept.hospitalinnovate.org/" "Mozilla/5.0 (Windows NT 10.0; Win64; x64) AppleWebKit/537.36 (KHTML, like Gecko) Chrome/151.0.0.0 Safari/537.36 Edg/151.0.0.0"
98.216.30.0 - - [17/Aug/2026:14:17:39 -0400] "GET /wp-includes/js/dist/i18n.min.js?ver=781d11515ad3d91786ec HTTP/1.1" 200 5732 "https://adept.hospitalinnovate.org/" "Mozilla/5.0 (Windows NT 10.0; Win64; x64) AppleWebKit/537.36 (KHTML, like Gecko) Chrome/151.0.0.0 Safari/537.36 Edg/151.0.0.0"
98.216.30.0 - - [17/Aug/2026:14:17:39 -0400] "GET /wp-content/plugins/contact-form-7/includes/swv/js/index.js?ver=6.1.7 HTTP/1.1" 200 12512 "https://adept.hospitalinnovate.org/" "Mozilla/5.0 (Windows NT 10.0; Win64; x64) AppleWebKit/537.36 (KHTML, like Gecko) Chrome/151.0.0.0 Safari/537.36 Edg/151.0.0.0"
98.216.30.0 - - [17/Aug/2026:14:17:39 -0400] "GET /wp-content/themes/cesis/js/cesis_collapse.js?ver=1.8.76 HTTP/1.1" 200 5306 "https://adept.hospitalinnovate.org/" "Mozilla/5.0 (Windows NT 10.0; Win64; x64) AppleWebKit/537.36 (KHTML, like Gecko) Chrome/151.0.0.0 Safari/537.36 Edg/151.0.0.0"
98.216.30.0 - - [17/Aug/2026:14:17:39 -0400] "GET /wp-content/plugins/contact-form-7/includes/js/index.js?ver=6.1.7 HTTP/1.1" 200 13452 "https://adept.hospitalinnovate.org/" "Mozilla/5.0 (Windows NT 10.0; Win64; x64) AppleWebKit/537.36 (KHTML, like Gecko) Chrome/151.0.0.0 Safari/537.36 Edg/151.0.0.0"
98.216.30.0 - - [17/Aug/2026:14:17:40 -0400] "GET /wp-content/themes/cesis/js/cesis_countup.js?ver=1.8.76 HTTP/1.1" 200 7333 "https://adept.hospitalinnovate.org/" "Mozilla/5.0 (Windows NT 10.0; Win64; x64) AppleWebKit/537.36 (KHTML, like Gecko) Chrome/151.0.0.0 Safari/537.36 Edg/151.0.0.0"
98.216.30.0 - - [17/Aug/2026:14:17:40 -0400] "GET /wp-content/themes/cesis/js/fitvids.js?ver=1.8.76 HTTP/1.1" 200 3435 "https://adept.hospitalinnovate.org/" "Mozilla/5.0 (Windows NT 10.0; Win64; x64) AppleWebKit/537.36 (KHTML, like Gecko) Chrome/151.0.0.0 Safari/537.36 Edg/151.0.0.0"
98.216.30.0 - - [17/Aug/2026:14:17:40 -0400] "GET /wp-content/themes/cesis/js/cesis_fittext.js?ver=1.8.76 HTTP/1.1" 200 1097 "https://adept.hospitalinnovate.org/" "Mozilla/5.0 (Windows NT 10.0; Win64; x64) AppleWebKit/537.36 (KHTML, like Gecko) Chrome/151.0.0.0 Safari/537.36 Edg/151.0.0.0"
98.216.30.0 - - [17/Aug/2026:14:17:40 -0400] "GET /wp-content/themes/cesis/js/cesis_easing.js?ver=1.8.76 HTTP/1.1" 200 5227 "https://adept.hospitalinnovate.org/" "Mozilla/5.0 (Windows NT 10.0; Win64; x64) AppleWebKit/537.36 (KHTML, like Gecko) Chrome/151.0.0.0 Safari/537.36 Edg/151.0.0.0"
98.216.30.0 - - [17/Aug/2026:14:17:40 -0400] "GET /wp-content/themes/cesis/js/fonticonpicker.js?ver=1.8.76 HTTP/1.1" 200 12612 "https://adept.hospitalinnovate.org/" "Mozilla/5.0 (Windows NT 10.0; Win64; x64) AppleWebKit/537.36 (KHTML, like Gecko) Chrome/151.0.0.0 Safari/537.36 Edg/151.0.0.0"
98.216.30.0 - - [17/Aug/2026:14:17:40 -0400] "GET /wp-content/themes/cesis/js/lightgallery.js?ver=1.8.76 HTTP/1.1" 200 31292 "https://adept.hospitalinnovate.org/" "Mozilla/5.0 (Windows NT 10.0; Win64; x64) AppleWebKit/537.36 (KHTML, like Gecko) Chrome/151.0.0.0 Safari/537.36 Edg/151.0.0.0"
98.216.30.0 - - [17/Aug/2026:14:17:40 -0400] "GET /wp-content/themes/cesis/js/owlcarousel.js?ver=1.8.76 HTTP/1.1" 200 40683 "https://adept.hospitalinnovate.org/" "Mozilla/5.0 (Windows NT 10.0; Win64; x64) AppleWebKit/537.36 (KHTML, like Gecko) Chrome/151.0.0.0 Safari/537.36 Edg/151.0.0.0"
98.216.30.0 - - [17/Aug/2026:14:17:40 -0400] "GET /wp-content/themes/cesis/js/scrollmagic.js?ver=1.8.76 HTTP/1.1" 200 95202 "https://adept.hospitalinnovate.org/" "Mozilla/5.0 (Windows NT 10.0; Win64; x64) AppleWebKit/537.36 (KHTML, like Gecko) Chrome/151.0.0.0 Safari/537.36 Edg/151.0.0.0"
98.216.30.0 - - [17/Aug/2026:14:17:40 -0400] "GET /wp-content/themes/cesis/js/cesis_transition.js?ver=1.8.76 HTTP/1.1" 200 1586 "https://adept.hospitalinnovate.org/" "Mozilla/5.0 (Windows NT 10.0; Win64; x64) AppleWebKit/537.36 (KHTML, like Gecko) Chrome/151.0.0.0 Safari/537.36 Edg/151.0.0.0"
98.216.30.0 - - [17/Aug/2026:14:17:40 -0400] "GET /wp-content/themes/cesis/js/smartmenus.js?ver=1.8.76 HTTP/1.1" 200 25256 "https://adept.hospitalinnovate.org/" "Mozilla/5.0 (Windows NT 10.0; Win64; x64) AppleWebKit/537.36 (KHTML, like Gecko) Chrome/151.0.0.0 Safari/537.36 Edg/151.0.0.0"
98.216.30.0 - - [17/Aug/2026:14:17:40 -0400] "GET /wp-includes/js/imagesloaded.min.js?ver=5.0.0 HTTP/1.1" 200 5520 "https://adept.hospitalinnovate.org/" "Mozilla/5.0 (Windows NT 10.0; Win64; x64) AppleWebKit/537.36 (KHTML, like Gecko) Chrome/151.0.0.0 Safari/537.36 Edg/151.0.0.0"
98.216.30.0 - - [17/Aug/2026:14:17:40 -0400] "GET /wp-content/themes/cesis/js/isotope.js?ver=1.8.76 HTTP/1.1" 200 48335 "https://adept.hospitalinnovate.org/" "Mozilla/5.0 (Windows NT 10.0; Win64; x64) AppleWebKit/537.36 (KHTML, like Gecko) Chrome/151.0.0.0 Safari/537.36 Edg/151.0.0.0"
98.216.30.0 - - [17/Aug/2026:14:17:40 -0400] "GET /wp-content/themes/cesis/js/waypoints.js?ver=1.8.76 HTTP/1.1" 200 9082 "https://adept.hospitalinnovate.org/" "Mozilla/5.0 (Windows NT 10.0; Win64; x64) AppleWebKit/537.36 (KHTML, like Gecko) Chrome/151.0.0.0 Safari/537.36 Edg/151.0.0.0"
69.39.225.240 - - [17/Aug/2026:14:17:40 -0400] "POST /wp-cron.php?doing_wp_cron=1786990659.9753439426422119140625 HTTP/1.1" 200 20 "-" "WordPress/7.0.4; https://adept.hospitalinnovate.org"
98.216.30.0 - - [17/Aug/2026:14:17:40 -0400] "GET /wp-content/plugins/the-grid/frontend/assets/js/the-grid.min.js?ver=2.7.9.1 HTTP/1.1" 200 97400 "https://adept.hospitalinnovate.org/" "Mozilla/5.0 (Windows NT 10.0; Win64; x64) AppleWebKit/537.36 (KHTML, like Gecko) Chrome/151.0.0.0 Safari/537.36 Edg/151.0.0.0"
98.216.30.0 - - [17/Aug/2026:14:17:40 -0400] "GET /wp-includes/js/jquery/ui/effect.min.js?ver=1.13.3 HTTP/1.1" 200 10332 "https://adept.hospitalinnovate.org/" "Mozilla/5.0 (Windows NT 10.0; Win64; x64) AppleWebKit/537.36 (KHTML, like Gecko) Chrome/151.0.0.0 Safari/537.36 Edg/151.0.0.0"
98.216.30.0 - - [17/Aug/2026:14:17:40 -0400] "GET /wp-content/themes/cesis/js/cesis_custom.js?ver=1.8.76 HTTP/1.1" 200 98706 "https://adept.hospitalinnovate.org/" "Mozilla/5.0 (Windows NT 10.0; Win64; x64) AppleWebKit/537.36 (KHTML, like Gecko) Chrome/151.0.0.0 Safari/537.36 Edg/151.0.0.0"
98.216.30.0 - - [17/Aug/2026:14:17:39 -0400] "GET /wp-admin/admin-ajax.php?action=cesis_dynamic_css&ver=1.8.76 HTTP/1.1" 200 10814 "https://adept.hospitalinnovate.org/" "Mozilla/5.0 (Windows NT 10.0; Win64; x64) AppleWebKit/537.36 (KHTML, like Gecko) Chrome/151.0.0.0 Safari/537.36 Edg/151.0.0.0"
98.216.30.0 - - [17/Aug/2026:14:17:40 -0400] "GET /wp-content/plugins/js_composer/assets/js/dist/js_composer_front.min.js?ver=9.0.1 HTTP/1.1" 200 17791 "https://adept.hospitalinnovate.org/" "Mozilla/5.0 (Windows NT 10.0; Win64; x64) AppleWebKit/537.36 (KHTML, like Gecko) Chrome/151.0.0.0 Safari/537.36 Edg/151.0.0.0"
98.216.30.0 - - [17/Aug/2026:14:17:39 -0400] "GET /wp-content/themes/cesis/style.css?ver=1.8.76 HTTP/1.1" 200 380507 "https://adept.hospitalinnovate.org/" "Mozilla/5.0 (Windows NT 10.0; Win64; x64) AppleWebKit/537.36 (KHTML, like Gecko) Chrome/151.0.0.0 Safari/537.36 Edg/151.0.0.0"
98.216.30.0 - - [17/Aug/2026:14:17:40 -0400] "GET /wp-content/plugins/revslider/public/js/libs/tptools.js?ver=7.0.3 HTTP/1.1" 200 221998 "https://adept.hospitalinnovate.org/" "Mozilla/5.0 (Windows NT 10.0; Win64; x64) AppleWebKit/537.36 (KHTML, like Gecko) Chrome/151.0.0.0 Safari/537.36 Edg/151.0.0.0"
98.216.30.0 - - [17/Aug/2026:14:17:40 -0400] "GET /wp-content/plugins/revslider/public/js/sr7.js?ver=7.0.3 HTTP/1.1" 200 399495 "https://adept.hospitalinnovate.org/" "Mozilla/5.0 (Windows NT 10.0; Win64; x64) AppleWebKit/537.36 (KHTML, like Gecko) Chrome/151.0.0.0 Safari/537.36 Edg/151.0.0.0"
98.216.30.0 - - [17/Aug/2026:14:17:40 -0400] "GET /wp-content/plugins/the-grid/frontend/assets/fonts/the_grid.ttf HTTP/1.1" 200 33556 "https://adept.hospitalinnovate.org/wp-content/plugins/the-grid/frontend/assets/css/the-grid.min.css?ver=2.7.9.1" "Mozilla/5.0 (Windows NT 10.0; Win64; x64) AppleWebKit/537.36 (KHTML, like Gecko) Chrome/151.0.0.0 Safari/537.36 Edg/151.0.0.0"
98.216.30.0 - - [17/Aug/2026:14:17:40 -0400] "GET /wp-includes/js/wp-emoji-release.min.js?ver=7.0.4 HTTP/1.1" 200 22752 "https://adept.hospitalinnovate.org/" "Mozilla/5.0 (Windows NT 10.0; Win64; x64) AppleWebKit/537.36 (KHTML, like Gecko) Chrome/151.0.0.0 Safari/537.36 Edg/151.0.0.0"
98.216.30.0 - - [17/Aug/2026:14:17:40 -0400] "GET /favicon.ico HTTP/1.1" 200 20 "https://adept.hospitalinnovate.org/" "Mozilla/5.0 (Windows NT 10.0; Win64; x64) AppleWebKit/537.36 (KHTML, like Gecko) Chrome/151.0.0.0 Safari/537.36 Edg/151.0.0.0"
98.216.30.0 - - [17/Aug/2026:14:17:40 -0400] "GET /wp-includes/images/w-logo-blue-white-bg.png HTTP/1.1" 200 4119 "https://adept.hospitalinnovate.org/" "Mozilla/5.0 (Windows NT 10.0; Win64; x64) AppleWebKit/537.36 (KHTML, like Gecko) Chrome/151.0.0.0 Safari/537.36 Edg/151.0.0.0"
69.39.225.240 - - [17/Aug/2026:14:17:46 -0400] "POST /wp-cron.php?doing_wp_cron=1786990666.5949509143829345703125 HTTP/1.1" 200 20 "-" "WordPress/7.0.4; https://adept.hospitalinnovate.org"
24.130.16.15 - - [17/Aug/2026:14:17:46 -0400] "POST /wp-admin/admin-ajax.php HTTP/1.1" 200 67 "https://adept.hospitalinnovate.org/wp-admin/edit.php?post_type=page" "Mozilla/5.0 (Windows NT 10.0; Win64; x64) AppleWebKit/537.36 (KHTML, like Gecko) Chrome/151.0.0.0 Safari/537.36 Edg/151.0.0.0"
69.39.225.240 - - [17/Aug/2026:14:17:56 -0400] "POST /wp-cron.php?doing_wp_cron=1786990676.5375061035156250000000 HTTP/1.1" 200 20 "-" "WordPress/7.0.4; https://adept.hospitalinnovate.org"
24.130.16.15 - - [17/Aug/2026:14:17:56 -0400] "POST /wp-admin/admin-ajax.php HTTP/1.1" 200 67 "https://adept.hospitalinnovate.org/wp-admin/edit.php?post_type=page" "Mozilla/5.0 (Windows NT 10.0; Win64; x64) AppleWebKit/537.36 (KHTML, like Gecko) Chrome/151.0.0.0 Safari/537.36 Edg/151.0.0.0"
51.178.251.196 - - [17/Aug/2026:14:18:01 -0400] "POST /xmlrpc.php HTTP/1.1" 500 20
69.39.225.240 - - [17/Aug/2026:14:18:06 -0400] "POST /wp-cron.php?doing_wp_cron=1786990686.7258839607238769531250 HTTP/1.1" 200 20 "-" "WordPress/7.0.4; https://adept.hospitalinnovate.org"
24.130.16.15 - - [17/Aug/2026:14:18:06 -0400] "POST /wp-admin/admin-ajax.php HTTP/1.1" 200 67 "https://adept.hospitalinnovate.org/wp-admin/edit.php?post_type=page" "Mozilla/5.0 (Windows NT 10.0; Win64; x64) AppleWebKit/537.36 (KHTML, like Gecko) Chrome/151.0.0.0 Safari/537.36 Edg/151.0.0.0"
69.39.225.240 - - [17/Aug/2026:14:18:16 -0400] "POST /wp-cron.php?doing_wp_cron=1786990696.6022670269012451171875 HTTP/1.1" 200 20 "-" "WordPress/7.0.4; https://adept.hospitalinnovate.org"
24.130.16.15 - - [17/Aug/2026:14:18:16 -0400] "POST /wp-admin/admin-ajax.php HTTP/1.1" 200 67 "https://adept.hospitalinnovate.org/wp-admin/edit.php?post_type=page" "Mozilla/5.0 (Windows NT 10.0; Win64; x64) AppleWebKit/537.36 (KHTML, like Gecko) Chrome/151.0.0.0 Safari/537.36 Edg/151.0.0.0"
69.39.225.240 - - [17/Aug/2026:14:18:26 -0400] "POST /wp-cron.php?doing_wp_cron=1786990706.5594739913940429687500 HTTP/1.1" 200 20 "-" "WordPress/7.0.4; https://adept.hospitalinnovate.org"
24.130.16.15 - - [17/Aug/2026:14:18:26 -0400] "POST /wp-admin/admin-ajax.php HTTP/1.1" 200 67 "https://adept.hospitalinnovate.org/wp-admin/edit.php?post_type=page" "Mozilla/5.0 (Windows NT 10.0; Win64; x64) AppleWebKit/537.36 (KHTML, like Gecko) Chrome/151.0.0.0 Safari/537.36 Edg/151.0.0.0"
69.39.225.240 - - [17/Aug/2026:14:18:28 -0400] "POST /wp-cron.php?doing_wp_cron=1786990708.3510179519653320312500 HTTP/1.1" 200 20 "-" "WordPress/7.0.4; https://adept.hospitalinnovate.org"
24.130.16.15 - - [17/Aug/2026:14:18:28 -0400] "GET /wp-admin/edit.php?post_type=page HTTP/1.1" 200 29088 "https://adept.hospitalinnovate.org/wp-admin/edit.php?post_type=page" "Mozilla/5.0 (Windows NT 10.0; Win64; x64) AppleWebKit/537.36 (KHTML, like Gecko) Chrome/151.0.0.0 Safari/537.36 Edg/151.0.0.0"
24.130.16.15 - - [17/Aug/2026:14:18:28 -0400] "GET /wp-content/plugins/revslider/admin/assets/css/base.css?ver=7.0.3 HTTP/1.1" 304 - "https://adept.hospitalinnovate.org/wp-admin/edit.php?post_type=page" "Mozilla/5.0 (Windows NT 10.0; Win64; x64) AppleWebKit/537.36 (KHTML, like Gecko) Chrome/151.0.0.0 Safari/537.36 Edg/151.0.0.0"
24.130.16.15 - - [17/Aug/2026:14:18:28 -0400] "GET /wp-content/plugins/arconix-shortcodes/includes/css/admin.css?ver=2.2.1 HTTP/1.1" 304 - "https://adept.hospitalinnovate.org/wp-admin/edit.php?post_type=page" "Mozilla/5.0 (Windows NT 10.0; Win64; x64) AppleWebKit/537.36 (KHTML, like Gecko) Chrome/151.0.0.0 Safari/537.36 Edg/151.0.0.0"
24.130.16.15 - - [17/Aug/2026:14:18:28 -0400] "GET /wp-content/plugins/revslider/admin/assets/css/timeline.css?ver=7.0.3 HTTP/1.1" 304 - "https://adept.hospitalinnovate.org/wp-admin/edit.php?post_type=page" "Mozilla/5.0 (Windows NT 10.0; Win64; x64) AppleWebKit/537.36 (KHTML, like Gecko) Chrome/151.0.0.0 Safari/537.36 Edg/151.0.0.0"
24.130.16.15 - - [17/Aug/2026:14:18:28 -0400] "GET /wp-content/plugins/revslider/admin/assets/css/editor.css?ver=7.0.3 HTTP/1.1" 304 - "https://adept.hospitalinnovate.org/wp-admin/edit.php?post_type=page" "Mozilla/5.0 (Windows NT 10.0; Win64; x64) AppleWebKit/537.36 (KHTML, like Gecko) Chrome/151.0.0.0 Safari/537.36 Edg/151.0.0.0"
24.130.16.15 - - [17/Aug/2026:14:18:28 -0400] "GET /wp-content/plugins/revslider/admin/assets/css/library.css?ver=7.0.3 HTTP/1.1" 304 - "https://adept.hospitalinnovate.org/wp-admin/edit.php?post_type=page" "Mozilla/5.0 (Windows NT 10.0; Win64; x64) AppleWebKit/537.36 (KHTML, like Gecko) Chrome/151.0.0.0 Safari/537.36 Edg/151.0.0.0"
24.130.16.15 - - [17/Aug/2026:14:18:28 -0400] "GET /wp-content/plugins/revslider/admin/assets/js/dashboard.js?ver=7.0.3 HTTP/1.1" 304 - "https://adept.hospitalinnovate.org/wp-admin/edit.php?post_type=page" "Mozilla/5.0 (Windows NT 10.0; Win64; x64) AppleWebKit/537.36 (KHTML, like Gecko) Chrome/151.0.0.0 Safari/537.36 Edg/151.0.0.0"
24.130.16.15 - - [17/Aug/2026:14:18:28 -0400] "GET /wp-content/plugins/revslider/admin/assets/css/forms.css?ver=7.0.3 HTTP/1.1" 304 - "https://adept.hospitalinnovate.org/wp-admin/edit.php?post_type=page" "Mozilla/5.0 (Windows NT 10.0; Win64; x64) AppleWebKit/537.36 (KHTML, like Gecko) Chrome/151.0.0.0 Safari/537.36 Edg/151.0.0.0"
24.130.16.15 - - [17/Aug/2026:14:18:28 -0400] "GET /wp-content/plugins/revslider/admin/assets/css/colorpicker.css?ver=7.0.3 HTTP/1.1" 304 - "https://adept.hospitalinnovate.org/wp-admin/edit.php?post_type=page" "Mozilla/5.0 (Windows NT 10.0; Win64; x64) AppleWebKit/537.36 (KHTML, like Gecko) Chrome/151.0.0.0 Safari/537.36 Edg/151.0.0.0"
24.130.16.15 - - [17/Aug/2026:14:18:28 -0400] "GET /wp-content/plugins/revslider/admin/assets/js/tools/tools.js?ver=7.0.3 HTTP/1.1" 304 - "https://adept.hospitalinnovate.org/wp-admin/edit.php?post_type=page" "Mozilla/5.0 (Windows NT 10.0; Win64; x64) AppleWebKit/537.36 (KHTML, like Gecko) Chrome/151.0.0.0 Safari/537.36 Edg/151.0.0.0"
24.130.16.15 - - [17/Aug/2026:14:18:28 -0400] "GET /wp-content/plugins/arconix-shortcodes/includes/component/tracking-data/assets/js/dismiss-notice.js?ver=7.0.4 HTTP/1.1" 304 - "https://adept.hospitalinnovate.org/wp-admin/edit.php?post_type=page" "Mozilla/5.0 (Windows NT 10.0; Win64; x64) AppleWebKit/537.36 (KHTML, like Gecko) Chrome/151.0.0.0 Safari/537.36 Edg/151.0.0.0"
69.39.225.240 - - [17/Aug/2026:14:18:29 -0400] "POST /wp-cron.php?doing_wp_cron=1786990709.2102730274200439453125 HTTP/1.1" 200 20 "-" "WordPress/7.0.4; https://adept.hospitalinnovate.org"
24.130.16.15 - - [17/Aug/2026:14:18:29 -0400] "POST /wp-admin/admin-ajax.php HTTP/1.1" 200 67 "https://adept.hospitalinnovate.org/wp-admin/edit.php?post_type=page" "Mozilla/5.0 (Windows NT 10.0; Win64; x64) AppleWebKit/537.36 (KHTML, like Gecko) Chrome/151.0.0.0 Safari/537.36 Edg/151.0.0.0"
24.130.16.15 - - [17/Aug/2026:14:18:35 -0400] "GET /sample-page/ HTTP/1.1" 200 22660 "https://adept.hospitalinnovate.org/wp-admin/edit.php?post_type=page" "Mozilla/5.0 (Windows NT 10.0; Win64; x64) AppleWebKit/537.36 (KHTML, like Gecko) Chrome/151.0.0.0 Safari/537.36 Edg/151.0.0.0"
24.130.16.15 - - [17/Aug/2026:14:18:36 -0400] "GET /wp-content/uploads/redux/custom-fonts/fonts.css?ver=1786990715 HTTP/1.1" 200 - "https://adept.hospitalinnovate.org/sample-page/" "Mozilla/5.0 (Windows NT 10.0; Win64; x64) AppleWebKit/537.36 (KHTML, like Gecko) Chrome/151.0.0.0 Safari/537.36 Edg/151.0.0.0"
69.39.225.240 - - [17/Aug/2026:14:18:36 -0400] "POST /wp-cron.php?doing_wp_cron=1786990716.3468980789184570312500 HTTP/1.1" 200 20 "-" "WordPress/7.0.4; https://adept.hospitalinnovate.org"
24.130.16.15 - - [17/Aug/2026:14:18:36 -0400] "GET /wp-admin/admin-ajax.php?action=cesis_dynamic_css&ver=1.8.76 HTTP/1.1" 200 10814 "https://adept.hospitalinnovate.org/sample-page/" "Mozilla/5.0 (Windows NT 10.0; Win64; x64) AppleWebKit/537.36 (KHTML, like Gecko) Chrome/151.0.0.0 Safari/537.36 Edg/151.0.0.0"
24.130.16.15 - - [17/Aug/2026:14:18:36 -0400] "GET /wp-content/plugins/js_composer/assets/css/js_composer_tta.min.css?ver=9.0.1 HTTP/1.1" 200 270792 "https://adept.hospitalinnovate.org/sample-page/" "Mozilla/5.0 (Windows NT 10.0; Win64; x64) AppleWebKit/537.36 (KHTML, like Gecko) Chrome/151.0.0.0 Safari/537.36 Edg/151.0.0.0"
24.130.16.15 - - [17/Aug/2026:14:18:36 -0400] "GET /wp-content/plugins/js_composer/assets/lib/vc/vc_accordion/vc-accordion.min.js?ver=9.0.1 HTTP/1.1" 200 8416 "https://adept.hospitalinnovate.org/sample-page/" "Mozilla/5.0 (Windows NT 10.0; Win64; x64) AppleWebKit/537.36 (KHTML, like Gecko) Chrome/151.0.0.0 Safari/537.36 Edg/151.0.0.0"
24.130.16.15 - - [17/Aug/2026:14:18:36 -0400] "GET /wp-content/plugins/js_composer/assets/lib/vc/vc-tta-autoplay/vc-tta-autoplay.min.js?ver=9.0.1 HTTP/1.1" 200 1958 "https://adept.hospitalinnovate.org/sample-page/" "Mozilla/5.0 (Windows NT 10.0; Win64; x64) AppleWebKit/537.36 (KHTML, like Gecko) Chrome/151.0.0.0 Safari/537.36 Edg/151.0.0.0"
69.39.225.240 - - [17/Aug/2026:14:18:39 -0400] "POST /wp-cron.php?doing_wp_cron=1786990719.4697389602661132812500 HTTP/1.1" 200 20 "-" "WordPress/7.0.4; https://adept.hospitalinnovate.org"
24.130.16.15 - - [17/Aug/2026:14:18:39 -0400] "POST /wp-admin/admin-ajax.php HTTP/1.1" 200 67 "https://adept.hospitalinnovate.org/wp-admin/edit.php?post_type=page" "Mozilla/5.0 (Windows NT 10.0; Win64; x64) AppleWebKit/537.36 (KHTML, like Gecko) Chrome/151.0.0.0 Safari/537.36 Edg/151.0.0.0"
69.39.225.240 - - [17/Aug/2026:14:18:44 -0400] "POST /wp-cron.php?doing_wp_cron=1786990724.8964459896087646484375 HTTP/1.1" 200 20 "-" "WordPress/7.0.4; https://adept.hospitalinnovate.org"
24.130.16.15 - - [17/Aug/2026:14:18:44 -0400] "GET /wp-admin/plugins.php HTTP/1.1" 200 47879 "https://adept.hospitalinnovate.org/wp-admin/edit.php?post_type=page" "Mozilla/5.0 (Windows NT 10.0; Win64; x64) AppleWebKit/537.36 (KHTML, like Gecko) Chrome/151.0.0.0 Safari/537.36 Edg/151.0.0.0"
24.130.16.15 - - [17/Aug/2026:14:18:45 -0400] "GET /wp-content/plugins/revslider/admin/assets/js/compatibility.js?ver=7.0.3 HTTP/1.1" 304 - "https://adept.hospitalinnovate.org/wp-admin/plugins.php" "Mozilla/5.0 (Windows NT 10.0; Win64; x64) AppleWebKit/537.36 (KHTML, like Gecko) Chrome/151.0.0.0 Safari/537.36 Edg/151.0.0.0"
69.39.225.240 - - [17/Aug/2026:14:18:48 -0400] "POST /wp-cron.php?doing_wp_cron=1786990728.5780470371246337890625 HTTP/1.1" 200 20 "-" "WordPress/7.0.4; https://adept.hospitalinnovate.org"
24.130.16.15 - - [17/Aug/2026:14:18:48 -0400] "GET /wp-admin/plugin-install.php HTTP/1.1" 200 31036 "https://adept.hospitalinnovate.org/wp-admin/plugins.php" "Mozilla/5.0 (Windows NT 10.0; Win64; x64) AppleWebKit/537.36 (KHTML, like Gecko) Chrome/151.0.0.0 Safari/537.36 Edg/151.0.0.0"
98.216.30.0 - - [17/Aug/2026:14:18:49 -0400] "GET / HTTP/1.1" 500 1142
98.216.30.0 - - [17/Aug/2026:14:18:49 -0400] "GET /favicon.ico HTTP/1.1" 200 822
98.216.30.0 - - [17/Aug/2026:14:18:50 -0400] "GET / HTTP/1.1" 500 1142
98.216.30.0 - - [17/Aug/2026:14:18:50 -0400] "GET /favicon.ico HTTP/1.1" 200 822
69.39.225.240 - - [17/Aug/2026:14:18:55 -0400] "POST /wp-cron.php?doing_wp_cron=1786990735.8120260238647460937500 HTTP/1.1" 200 20 "-" "WordPress/7.0.4; https://adept.hospitalinnovate.org"
24.130.16.15 - - [17/Aug/2026:14:18:54 -0400] "POST /wp-admin/admin-ajax.php HTTP/1.1" 200 8549 "https://adept.hospitalinnovate.org/wp-admin/plugin-install.php?s=duplicate&tab=search&type=term" "Mozilla/5.0 (Windows NT 10.0; Win64; x64) AppleWebKit/537.36 (KHTML, like Gecko) Chrome/151.0.0.0 Safari/537.36 Edg/151.0.0.0"
69.39.225.240 - - [17/Aug/2026:14:18:59 -0400] "POST /wp-cron.php?doing_wp_cron=1786990739.0709509849548339843750 HTTP/1.1" 200 20 "-" "WordPress/7.0.4; https://adept.hospitalinnovate.org"
24.130.16.15 - - [17/Aug/2026:14:18:57 -0400] "POST /wp-admin/admin-ajax.php HTTP/1.1" 200 192 "https://adept.hospitalinnovate.org/wp-admin/plugin-install.php?s=duplicate&tab=search&type=term" "Mozilla/5.0 (Windows NT 10.0; Win64; x64) AppleWebKit/537.36 (KHTML, like Gecko) Chrome/151.0.0.0 Safari/537.36 Edg/151.0.0.0"
69.39.225.240 - - [17/Aug/2026:14:19:00 -0400] "POST /wp-cron.php?doing_wp_cron=1786990740.4239358901977539062500 HTTP/1.1" 200 20 "-" "WordPress/7.0.4; https://adept.hospitalinnovate.org"
24.130.16.15 - - [17/Aug/2026:14:19:00 -0400] "POST /wp-admin/admin-ajax.php HTTP/1.1" 200 215 "https://adept.hospitalinnovate.org/wp-admin/plugin-install.php?s=duplicate&tab=search&type=term" "Mozilla/5.0 (Windows NT 10.0; Win64; x64) AppleWebKit/537.36 (KHTML, like Gecko) Chrome/151.0.0.0 Safari/537.36 Edg/151.0.0.0"
69.39.225.240 - - [17/Aug/2026:14:19:02 -0400] "POST /wp-cron.php?doing_wp_cron=1786990742.3716139793395996093750 HTTP/1.1" 200 20 "-" "WordPress/7.0.4; https://adept.hospitalinnovate.org"
24.130.16.15 - - [17/Aug/2026:14:19:01 -0400] "GET /wp-admin/plugins.php?_wpnonce=f536711e8b&action=activate&plugin=duplicate-page/duplicatepage.php HTTP/1.1" 200 20 "https://adept.hospitalinnovate.org/wp-admin/plugin-install.php?s=duplicate&tab=search&type=term" "Mozilla/5.0 (Windows NT 10.0; Win64; x64) AppleWebKit/537.36 (KHTML, like Gecko) Chrome/151.0.0.0 Safari/537.36 Edg/151.0.0.0"
24.130.16.15 - - [17/Aug/2026:14:19:02 -0400] "GET /wp-admin/plugins.php?activate=true&plugin_status=all&paged=1&s= HTTP/1.1" 200 48002 "https://adept.hospitalinnovate.org/wp-admin/plugin-install.php?s=duplicate&tab=search&type=term" "Mozilla/5.0 (Windows NT 10.0; Win64; x64) AppleWebKit/537.36 (KHTML, like Gecko) Chrome/151.0.0.0 Safari/537.36 Edg/151.0.0.0"
69.39.225.240 - - [17/Aug/2026:14:19:28 -0400] "POST /wp-cron.php?doing_wp_cron=1786990768.0392720699310302734375 HTTP/1.1" 200 20 "-" "WordPress/7.0.4; https://adept.hospitalinnovate.org"
24.130.16.15 - - [17/Aug/2026:14:19:27 -0400] "POST /wp-admin/admin-ajax.php HTTP/1.1" 200 21 "https://adept.hospitalinnovate.org/wp-admin/plugins.php?plugin_status=all&paged=1&s" "Mozilla/5.0 (Windows NT 10.0; Win64; x64) AppleWebKit/537.36 (KHTML, like Gecko) Chrome/151.0.0.0 Safari/537.36 Edg/151.0.0.0"
69.39.225.240 - - [17/Aug/2026:14:19:28 -0400] "POST /wp-cron.php?doing_wp_cron=1786990768.6032478809356689453125 HTTP/1.1" 200 20 "-" "WordPress/7.0.4; https://adept.hospitalinnovate.org"
24.130.16.15 - - [17/Aug/2026:14:19:28 -0400] "GET /wp-admin/plugins.php?action=deactivate&plugin=arconix-shortcodes%2Fplugin.php&plugin_status=all&paged=1&s&_wpnonce=3b376b4c31 HTTP/1.1" 200 20 "https://adept.hospitalinnovate.org/wp-admin/plugins.php?plugin_status=all&paged=1&s" "Mozilla/5.0 (Windows NT 10.0; Win64; x64) AppleWebKit/537.36 (KHTML, like Gecko) Chrome/151.0.0.0 Safari/537.36 Edg/151.0.0.0"
24.130.16.15 - - [17/Aug/2026:14:19:28 -0400] "GET /wp-admin/plugins.php?deactivate=true&plugin_status=all&paged=1&s= HTTP/1.1" 200 44709 "https://adept.hospitalinnovate.org/wp-admin/plugins.php?plugin_status=all&paged=1&s" "Mozilla/5.0 (Windows NT 10.0; Win64; x64) AppleWebKit/537.36 (KHTML, like Gecko) Chrome/151.0.0.0 Safari/537.36 Edg/151.0.0.0"
24.130.16.15 - - [17/Aug/2026:14:19:32 -0400] "GET /wp-admin/plugins.php?action=delete-selected&checked%5B0%5D=arconix-shortcodes%2Fplugin.php&plugin_status=all&paged=1&s&_wpnonce=35642105fd HTTP/1.1" 200 38798 "https://adept.hospitalinnovate.org/wp-admin/plugins.php?plugin_status=all&paged=1&s" "Mozilla/5.0 (Windows NT 10.0; Win64; x64) AppleWebKit/537.36 (KHTML, like Gecko) Chrome/151.0.0.0 Safari/537.36 Edg/151.0.0.0"
24.130.16.15 - - [17/Aug/2026:14:19:34 -0400] "POST /wp-admin/plugins.php?action=delete-selected&checked%5B0%5D=arconix-shortcodes%2Fplugin.php&plugin_status=all&paged=1&s&_wpnonce=35642105fd HTTP/1.1" 200 20 "https://adept.hospitalinnovate.org/wp-admin/plugins.php?action=delete-selected&checked%5B0%5D=arconix-shortcodes%2Fplugin.php&plugin_status=all&paged=1&s&_wpnonce=35642105fd" "Mozilla/5.0 (Windows NT 10.0; Win64; x64) AppleWebKit/537.36 (KHTML, like Gecko) Chrome/151.0.0.0 Safari/537.36 Edg/151.0.0.0"
24.130.16.15 - - [17/Aug/2026:14:19:35 -0400] "GET /wp-admin/plugins.php?deleted=1&plugin_status=all&paged=1&s= HTTP/1.1" 200 44478 "https://adept.hospitalinnovate.org/wp-admin/plugins.php?action=delete-selected&checked%5B0%5D=arconix-shortcodes%2Fplugin.php&plugin_status=all&paged=1&s&_wpnonce=35642105fd" "Mozilla/5.0 (Windows NT 10.0; Win64; x64) AppleWebKit/537.36 (KHTML, like Gecko) Chrome/151.0.0.0 Safari/537.36 Edg/151.0.0.0"
24.130.16.15 - - [17/Aug/2026:14:19:38 -0400] "GET /wp-admin/plugins.php?action=delete-selected&checked%5B0%5D=hello.php&plugin_status=all&paged=1&s&_wpnonce=35642105fd HTTP/1.1" 200 38775 "https://adept.hospitalinnovate.org/wp-admin/plugins.php?plugin_status=all&paged=1&s" "Mozilla/5.0 (Windows NT 10.0; Win64; x64) AppleWebKit/537.36 (KHTML, like Gecko) Chrome/151.0.0.0 Safari/537.36 Edg/151.0.0.0"
24.130.16.15 - - [17/Aug/2026:14:19:40 -0400] "POST /wp-admin/plugins.php?action=delete-selected&checked%5B0%5D=hello.php&plugin_status=all&paged=1&s&_wpnonce=35642105fd HTTP/1.1" 200 20 "https://adept.hospitalinnovate.org/wp-admin/plugins.php?action=delete-selected&checked%5B0%5D=hello.php&plugin_status=all&paged=1&s&_wpnonce=35642105fd" "Mozilla/5.0 (Windows NT 10.0; Win64; x64) AppleWebKit/537.36 (KHTML, like Gecko) Chrome/151.0.0.0 Safari/537.36 Edg/151.0.0.0"
24.130.16.15 - - [17/Aug/2026:14:19:41 -0400] "GET /wp-admin/plugins.php?deleted=1&plugin_status=all&paged=1&s= HTTP/1.1" 200 44117 "https://adept.hospitalinnovate.org/wp-admin/plugins.php?action=delete-selected&checked%5B0%5D=hello.php&plugin_status=all&paged=1&s&_wpnonce=35642105fd" "Mozilla/5.0 (Windows NT 10.0; Win64; x64) AppleWebKit/537.36 (KHTML, like Gecko) Chrome/151.0.0.0 Safari/537.36 Edg/151.0.0.0"
24.130.16.15 - - [17/Aug/2026:14:19:53 -0400] "GET /wp-admin/edit.php?post_type=page HTTP/1.1" 200 28991 "https://adept.hospitalinnovate.org/wp-admin/plugins.php?plugin_status=all&paged=1&s" "Mozilla/5.0 (Windows NT 10.0; Win64; x64) AppleWebKit/537.36 (KHTML, like Gecko) Chrome/151.0.0.0 Safari/537.36 Edg/151.0.0.0"
24.130.16.15 - - [17/Aug/2026:14:19:54 -0400] "POST /wp-admin/admin-ajax.php HTTP/1.1" 200 67 "https://adept.hospitalinnovate.org/wp-admin/edit.php?post_type=page" "Mozilla/5.0 (Windows NT 10.0; Win64; x64) AppleWebKit/537.36 (KHTML, like Gecko) Chrome/151.0.0.0 Safari/537.36 Edg/151.0.0.0"
24.130.16.15 - - [17/Aug/2026:14:19:56 -0400] "GET /wp-admin/admin.php?action=dt_duplicate_post_as_draft&post=2&nonce=b488844284 HTTP/1.1" 200 20 "https://adept.hospitalinnovate.org/wp-admin/edit.php?post_type=page" "Mozilla/5.0 (Windows NT 10.0; Win64; x64) AppleWebKit/537.36 (KHTML, like Gecko) Chrome/151.0.0.0 Safari/537.36 Edg/151.0.0.0"
24.130.16.15 - - [17/Aug/2026:14:19:56 -0400] "GET /wp-admin/edit.php?post_type=page HTTP/1.1" 200 29176 "https://adept.hospitalinnovate.org/wp-admin/edit.php?post_type=page" "Mozilla/5.0 (Windows NT 10.0; Win64; x64) AppleWebKit/537.36 (KHTML, like Gecko) Chrome/151.0.0.0 Safari/537.36 Edg/151.0.0.0"
24.130.16.15 - - [17/Aug/2026:14:19:57 -0400] "POST /wp-admin/admin-ajax.php HTTP/1.1" 200 67 "https://adept.hospitalinnovate.org/wp-admin/edit.php?post_type=page" "Mozilla/5.0 (Windows NT 10.0; Win64; x64) AppleWebKit/537.36 (KHTML, like Gecko) Chrome/151.0.0.0 Safari/537.36 Edg/151.0.0.0"
98.216.30.0 - - [17/Aug/2026:14:20:04 -0400] "GET / HTTP/1.1" 500 1142
24.130.16.15 - - [17/Aug/2026:14:20:06 -0400] "GET /wp-admin/post.php?post=26&action=trash&_wpnonce=8e8988a2d6 HTTP/1.1" 200 20 "https://adept.hospitalinnovate.org/wp-admin/edit.php?post_type=page" "Mozilla/5.0 (Windows NT 10.0; Win64; x64) AppleWebKit/537.36 (KHTML, like Gecko) Chrome/151.0.0.0 Safari/537.36 Edg/151.0.0.0"
24.130.16.15 - - [17/Aug/2026:14:20:06 -0400] "GET /wp-admin/edit.php?post_type=page&trashed=1&ids=26 HTTP/1.1" 200 29035 "https://adept.hospitalinnovate.org/wp-admin/edit.php?post_type=page" "Mozilla/5.0 (Windows NT 10.0; Win64; x64) AppleWebKit/537.36 (KHTML, like Gecko) Chrome/151.0.0.0 Safari/537.36 Edg/151.0.0.0"
24.130.16.15 - - [17/Aug/2026:14:20:07 -0400] "POST /wp-admin/admin-ajax.php HTTP/1.1" 200 67 "https://adept.hospitalinnovate.org/wp-admin/edit.php?post_type=page" "Mozilla/5.0 (Windows NT 10.0; Win64; x64) AppleWebKit/537.36 (KHTML, like Gecko) Chrome/151.0.0.0 Safari/537.36 Edg/151.0.0.0"
24.130.16.15 - - [17/Aug/2026:14:20:17 -0400] "POST /wp-admin/admin-ajax.php HTTP/1.1" 200 67 "https://adept.hospitalinnovate.org/wp-admin/edit.php?post_type=page" "Mozilla/5.0 (Windows NT 10.0; Win64; x64) AppleWebKit/537.36 (KHTML, like Gecko) Chrome/151.0.0.0 Safari/537.36 Edg/151.0.0.0"
24.130.16.15 - - [17/Aug/2026:14:20:17 -0400] "POST /wp-admin/admin-ajax.php HTTP/1.1" 200 1173 "https://adept.hospitalinnovate.org/wp-admin/edit.php?post_type=page" "Mozilla/5.0 (Windows NT 10.0; Win64; x64) AppleWebKit/537.36 (KHTML, like Gecko) Chrome/151.0.0.0 Safari/537.36 Edg/151.0.0.0"
24.130.16.15 - - [17/Aug/2026:14:20:27 -0400] "POST /wp-admin/admin-ajax.php HTTP/1.1" 200 67 "https://adept.hospitalinnovate.org/wp-admin/edit.php?post_type=page" "Mozilla/5.0 (Windows NT 10.0; Win64; x64) AppleWebKit/537.36 (KHTML, like Gecko) Chrome/151.0.0.0 Safari/537.36 Edg/151.0.0.0"
24.130.16.15 - - [17/Aug/2026:14:20:27 -0400] "POST /wp-admin/admin-ajax.php HTTP/1.1" 200 1174 "https://adept.hospitalinnovate.org/wp-admin/edit.php?post_type=page" "Mozilla/5.0 (Windows NT 10.0; Win64; x64) AppleWebKit/537.36 (KHTML, like Gecko) Chrome/151.0.0.0 Safari/537.36 Edg/151.0.0.0"
24.130.16.15 - - [17/Aug/2026:14:20:29 -0400] "GET /wp-admin/post.php?post=28&action=edit HTTP/1.1" 200 379348 "https://adept.hospitalinnovate.org/wp-admin/edit.php?post_type=page" "Mozilla/5.0 (Windows NT 10.0; Win64; x64) AppleWebKit/537.36 (KHTML, like Gecko) Chrome/151.0.0.0 Safari/537.36 Edg/151.0.0.0"
24.130.16.15 - - [17/Aug/2026:14:20:30 -0400] "GET /wp-content/themes/cesis/admin/redux-extensions/extensions/custom_fonts/custom_fonts/field_custom_fonts.css?ver=1786990830 HTTP/1.1" 200 945 "https://adept.hospitalinnovate.org/wp-admin/post.php?post=28&action=edit" "Mozilla/5.0 (Windows NT 10.0; Win64; x64) AppleWebKit/537.36 (KHTML, like Gecko) Chrome/151.0.0.0 Safari/537.36 Edg/151.0.0.0"
24.130.16.15 - - [17/Aug/2026:14:20:30 -0400] "GET /wp-content/uploads/redux/custom-fonts/fonts.css?ver=1786990830 HTTP/1.1" 200 - "https://adept.hospitalinnovate.org/wp-admin/post.php?post=28&action=edit" "Mozilla/5.0 (Windows NT 10.0; Win64; x64) AppleWebKit/537.36 (KHTML, like Gecko) Chrome/151.0.0.0 Safari/537.36 Edg/151.0.0.0"
24.130.16.15 - - [17/Aug/2026:14:20:30 -0400] "GET /wp-content/plugins/revslider/public/js/page.js?ver=7.0.3 HTTP/1.1" 304 - "https://adept.hospitalinnovate.org/wp-admin/post.php?post=28&action=edit" "Mozilla/5.0 (Windows NT 10.0; Win64; x64) AppleWebKit/537.36 (KHTML, like Gecko) Chrome/151.0.0.0 Safari/537.36 Edg/151.0.0.0"
24.130.16.15 - - [17/Aug/2026:14:20:30 -0400] "GET /wp-content/plugins/js_composer/assets/vc/wpb-9-0-about.png HTTP/1.1" 200 72835 "https://adept.hospitalinnovate.org/wp-admin/post.php?post=28&action=edit" "Mozilla/5.0 (Windows NT 10.0; Win64; x64) AppleWebKit/537.36 (KHTML, like Gecko) Chrome/151.0.0.0 Safari/537.36 Edg/151.0.0.0"
24.130.16.15 - - [17/Aug/2026:14:20:30 -0400] "GET /wp-content/plugins/js_composer/assets/css/jquery-ui-less.custom.min.css?ver=9.0.1 HTTP/1.1" 304 - "https://adept.hospitalinnovate.org/wp-admin/post.php?post=28&action=edit" "Mozilla/5.0 (Windows NT 10.0; Win64; x64) AppleWebKit/537.36 (KHTML, like Gecko) Chrome/151.0.0.0 Safari/537.36 Edg/151.0.0.0"
24.130.16.15 - - [17/Aug/2026:14:20:31 -0400] "GET /wp-content/plugins/js_composer/assets/lib/vendor/dist/@fortawesome/fontawesome-free/css/v4-shims.min.css?ver=9.0.1 HTTP/1.1" 304 - "https://adept.hospitalinnovate.org/wp-admin/post.php?post=28&action=edit" "Mozilla/5.0 (Windows NT 10.0; Win64; x64) AppleWebKit/537.36 (KHTML, like Gecko) Chrome/151.0.0.0 Safari/537.36 Edg/151.0.0.0"
24.130.16.15 - - [17/Aug/2026:14:20:31 -0400] "GET /wp-content/plugins/js_composer/assets/lib/vendor/dist/@fortawesome/fontawesome-free/css/all.min.css?ver=9.0.1 HTTP/1.1" 304 - "https://adept.hospitalinnovate.org/wp-admin/post.php?post=28&action=edit" "Mozilla/5.0 (Windows NT 10.0; Win64; x64) AppleWebKit/537.36 (KHTML, like Gecko) Chrome/151.0.0.0 Safari/537.36 Edg/151.0.0.0"
24.130.16.15 - - [17/Aug/2026:14:20:31 -0400] "GET /wp-content/plugins/js_composer/assets/lib/vendor/dist/animate.css/animate.min.css?ver=9.0.1 HTTP/1.1" 304 - "https://adept.hospitalinnovate.org/wp-admin/post.php?post=28&action=edit" "Mozilla/5.0 (Windows NT 10.0; Win64; x64) AppleWebKit/537.36 (KHTML, like Gecko) Chrome/151.0.0.0 Safari/537.36 Edg/151.0.0.0"
24.130.16.15 - - [17/Aug/2026:14:20:31 -0400] "GET /wp-content/plugins/js_composer/assets/lib/vc/wpb-select2/select2.min.css?ver=9.0.1 HTTP/1.1" 304 - "https://adept.hospitalinnovate.org/wp-admin/post.php?post=28&action=edit" "Mozilla/5.0 (Windows NT 10.0; Win64; x64) AppleWebKit/537.36 (KHTML, like Gecko) Chrome/151.0.0.0 Safari/537.36 Edg/151.0.0.0"
24.130.16.15 - - [17/Aug/2026:14:20:31 -0400] "GET /wp-content/plugins/js_composer/assets/css/modules.min.css?ver=9.0.1 HTTP/1.1" 304 - "https://adept.hospitalinnovate.org/wp-admin/post.php?post=28&action=edit" "Mozilla/5.0 (Windows NT 10.0; Win64; x64) AppleWebKit/537.36 (KHTML, like Gecko) Chrome/151.0.0.0 Safari/537.36 Edg/151.0.0.0"
24.130.16.15 - - [17/Aug/2026:14:20:31 -0400] "GET /wp-content/plugins/js_composer/assets/lib/vendor/dist/@simonwep/pickr/dist/themes/classic.min.css?ver=9.0.1 HTTP/1.1" 304 - "https://adept.hospitalinnovate.org/wp-admin/post.php?post=28&action=edit" "Mozilla/5.0 (Windows NT 10.0; Win64; x64) AppleWebKit/537.36 (KHTML, like Gecko) Chrome/151.0.0.0 Safari/537.36 Edg/151.0.0.0"
24.130.16.15 - - [17/Aug/2026:14:20:31 -0400] "GET /wp-content/plugins/js_composer/assets/lib/vendor/vcIconPicker/css/jquery.fonticonpicker.min.css?ver=9.0.1 HTTP/1.1" 304 - "https://adept.hospitalinnovate.org/wp-admin/post.php?post=28&action=edit" "Mozilla/5.0 (Windows NT 10.0; Win64; x64) AppleWebKit/537.36 (KHTML, like Gecko) Chrome/151.0.0.0 Safari/537.36 Edg/151.0.0.0"
24.130.16.15 - - [17/Aug/2026:14:20:31 -0400] "GET /wp-content/plugins/js_composer/assets/lib/vendor/vcIconPicker/themes/grey-theme/jquery.fonticonpicker.vcgrey.min.css?ver=9.0.1 HTTP/1.1" 304 - "https://adept.hospitalinnovate.org/wp-admin/post.php?post=28&action=edit" "Mozilla/5.0 (Windows NT 10.0; Win64; x64) AppleWebKit/537.36 (KHTML, like Gecko) Chrome/151.0.0.0 Safari/537.36 Edg/151.0.0.0"
24.130.16.15 - - [17/Aug/2026:14:20:31 -0400] "GET /wp-content/plugins/js_composer/assets/css/lib/typicons/typicons.min.css?ver=9.0.1 HTTP/1.1" 304 - "https://adept.hospitalinnovate.org/wp-admin/post.php?post=28&action=edit" "Mozilla/5.0 (Windows NT 10.0; Win64; x64) AppleWebKit/537.36 (KHTML, like Gecko) Chrome/151.0.0.0 Safari/537.36 Edg/151.0.0.0"
24.130.16.15 - - [17/Aug/2026:14:20:31 -0400] "GET /wp-content/plugins/js_composer/assets/css/lib/vc-open-iconic/vc_openiconic.min.css?ver=9.0.1 HTTP/1.1" 304 - "https://adept.hospitalinnovate.org/wp-admin/post.php?post=28&action=edit" "Mozilla/5.0 (Windows NT 10.0; Win64; x64) AppleWebKit/537.36 (KHTML, like Gecko) Chrome/151.0.0.0 Safari/537.36 Edg/151.0.0.0"
24.130.16.15 - - [17/Aug/2026:14:20:31 -0400] "GET /wp-content/plugins/js_composer/assets/css/lib/vc-entypo/vc_entypo.min.css?ver=9.0.1 HTTP/1.1" 304 - "https://adept.hospitalinnovate.org/wp-admin/post.php?post=28&action=edit" "Mozilla/5.0 (Windows NT 10.0; Win64; x64) AppleWebKit/537.36 (KHTML, like Gecko) Chrome/151.0.0.0 Safari/537.36 Edg/151.0.0.0"
24.130.16.15 - - [17/Aug/2026:14:20:31 -0400] "GET /wp-content/plugins/js_composer/assets/css/lib/vc-linecons/vc_linecons_icons.min.css?ver=9.0.1 HTTP/1.1" 304 - "https://adept.hospitalinnovate.org/wp-admin/post.php?post=28&action=edit" "Mozilla/5.0 (Windows NT 10.0; Win64; x64) AppleWebKit/537.36 (KHTML, like Gecko) Chrome/151.0.0.0 Safari/537.36 Edg/151.0.0.0"
24.130.16.15 - - [17/Aug/2026:14:20:31 -0400] "GET /wp-content/plugins/js_composer/assets/css/lib/monosocialiconsfont/monosocialiconsfont.min.css?ver=9.0.1 HTTP/1.1" 304 - "https://adept.hospitalinnovate.org/wp-admin/post.php?post=28&action=edit" "Mozilla/5.0 (Windows NT 10.0; Win64; x64) AppleWebKit/537.36 (KHTML, like Gecko) Chrome/151.0.0.0 Safari/537.36 Edg/151.0.0.0"
24.130.16.15 - - [17/Aug/2026:14:20:31 -0400] "GET /wp-content/plugins/js_composer/assets/css/lib/vc-material/vc_material.min.css?ver=9.0.1 HTTP/1.1" 304 - "https://adept.hospitalinnovate.org/wp-admin/post.php?post=28&action=edit" "Mozilla/5.0 (Windows NT 10.0; Win64; x64) AppleWebKit/537.36 (KHTML, like Gecko) Chrome/151.0.0.0 Safari/537.36 Edg/151.0.0.0"
24.130.16.15 - - [17/Aug/2026:14:20:31 -0400] "GET /wp-content/plugins/js_composer/assets/js/dist/backend-actions.min.js?ver=9.0.1 HTTP/1.1" 200 4466 "https://adept.hospitalinnovate.org/wp-admin/post.php?post=28&action=edit" "Mozilla/5.0 (Windows NT 10.0; Win64; x64) AppleWebKit/537.36 (KHTML, like Gecko) Chrome/151.0.0.0 Safari/537.36 Edg/151.0.0.0"
24.130.16.15 - - [17/Aug/2026:14:20:31 -0400] "GET /wp-content/themes/cesis/admin/redux-framework/inc/fields/button_set/field_button_set.min.js?ver=1786990830 HTTP/1.1" 200 1240 "https://adept.hospitalinnovate.org/wp-admin/post.php?post=28&action=edit" "Mozilla/5.0 (Windows NT 10.0; Win64; x64) AppleWebKit/537.36 (KHTML, like Gecko) Chrome/151.0.0.0 Safari/537.36 Edg/151.0.0.0"
24.130.16.15 - - [17/Aug/2026:14:20:31 -0400] "GET /wp-content/themes/cesis/admin/redux-framework/inc/fields/background/field_background.min.js?ver=1786990830 HTTP/1.1" 200 5475 "https://adept.hospitalinnovate.org/wp-admin/post.php?post=28&action=edit" "Mozilla/5.0 (Windows NT 10.0; Win64; x64) AppleWebKit/537.36 (KHTML, like Gecko) Chrome/151.0.0.0 Safari/537.36 Edg/151.0.0.0"
24.130.16.15 - - [17/Aug/2026:14:20:31 -0400] "GET /wp-content/themes/cesis/admin/redux-framework/assets/js/media/media.min.js?ver=1786990830 HTTP/1.1" 200 3270 "https://adept.hospitalinnovate.org/wp-admin/post.php?post=28&action=edit" "Mozilla/5.0 (Windows NT 10.0; Win64; x64) AppleWebKit/537.36 (KHTML, like Gecko) Chrome/151.0.0.0 Safari/537.36 Edg/151.0.0.0"
24.130.16.15 - - [17/Aug/2026:14:20:31 -0400] "GET /wp-content/themes/cesis/admin/redux-framework/inc/fields/switch/field_switch.min.js?ver=1786990830 HTTP/1.1" 200 1282 "https://adept.hospitalinnovate.org/wp-admin/post.php?post=28&action=edit" "Mozilla/5.0 (Windows NT 10.0; Win64; x64) AppleWebKit/537.36 (KHTML, like Gecko) Chrome/151.0.0.0 Safari/537.36 Edg/151.0.0.0"
24.130.16.15 - - [17/Aug/2026:14:20:31 -0400] "GET /wp-content/plugins/js_composer/assets/css/js_composer_backend_editor.min.css?ver=9.0.1 HTTP/1.1" 200 568082 "https://adept.hospitalinnovate.org/wp-admin/post.php?post=28&action=edit" "Mozilla/5.0 (Windows NT 10.0; Win64; x64) AppleWebKit/537.36 (KHTML, like Gecko) Chrome/151.0.0.0 Safari/537.36 Edg/151.0.0.0"
24.130.16.15 - - [17/Aug/2026:14:20:31 -0400] "GET /wp-content/themes/cesis/admin/redux-extensions/extensions/custom_fonts/custom_fonts/field_custom_fonts.min.js?ver=1786990830 HTTP/1.1" 200 3533 "https://adept.hospitalinnovate.org/wp-admin/post.php?post=28&action=edit" "Mozilla/5.0 (Windows NT 10.0; Win64; x64) AppleWebKit/537.36 (KHTML, like Gecko) Chrome/151.0.0.0 Safari/537.36 Edg/151.0.0.0"
24.130.16.15 - - [17/Aug/2026:14:20:31 -0400] "GET /wp-content/themes/cesis/admin/redux-framework/inc/fields/sorter/field_sorter.min.js?ver=1786990830 HTTP/1.1" 200 2109 "https://adept.hospitalinnovate.org/wp-admin/post.php?post=28&action=edit" "Mozilla/5.0 (Windows NT 10.0; Win64; x64) AppleWebKit/537.36 (KHTML, like Gecko) Chrome/151.0.0.0 Safari/537.36 Edg/151.0.0.0"
24.130.16.15 - - [17/Aug/2026:14:20:31 -0400] "GET /wp-content/themes/cesis/admin/redux-framework/inc/fields/ace_editor/field_ace_editor.min.js?ver=1786990830 HTTP/1.1" 200 993 "https://adept.hospitalinnovate.org/wp-admin/post.php?post=28&action=edit" "Mozilla/5.0 (Windows NT 10.0; Win64; x64) AppleWebKit/537.36 (KHTML, like Gecko) Chrome/151.0.0.0 Safari/537.36 Edg/151.0.0.0"
24.130.16.15 - - [17/Aug/2026:14:20:31 -0400] "GET /wp-content/themes/cesis/admin/redux-extensions/extensions/custom_fonts/custom_fonts/jquery.blockUI.min.js?ver=1786990830 HTTP/1.1" 200 10055 "https://adept.hospitalinnovate.org/wp-admin/post.php?post=28&action=edit" "Mozilla/5.0 (Windows NT 10.0; Win64; x64) AppleWebKit/537.36 (KHTML, like Gecko) Chrome/151.0.0.0 Safari/537.36 Edg/151.0.0.0"
24.130.16.15 - - [17/Aug/2026:14:20:31 -0400] "GET /wp-content/themes/cesis/admin/redux-framework/inc/fields/typography/field_typography.min.js?ver=1786990830 HTTP/1.1" 200 10815 "https://adept.hospitalinnovate.org/wp-admin/post.php?post=28&action=edit" "Mozilla/5.0 (Windows NT 10.0; Win64; x64) AppleWebKit/537.36 (KHTML, like Gecko) Chrome/151.0.0.0 Safari/537.36 Edg/151.0.0.0"
24.130.16.15 - - [17/Aug/2026:14:20:31 -0400] "GET /wp-content/themes/cesis/admin/redux-framework/inc/fields/select/field_select.min.js?ver=1786990830 HTTP/1.1" 200 1350 "https://adept.hospitalinnovate.org/wp-admin/post.php?post=28&action=edit" "Mozilla/5.0 (Windows NT 10.0; Win64; x64) AppleWebKit/537.36 (KHTML, like Gecko) Chrome/151.0.0.0 Safari/537.36 Edg/151.0.0.0"
24.130.16.15 - - [17/Aug/2026:14:20:31 -0400] "GET /wp-content/themes/cesis/admin/redux-framework/inc/fields/slider/field_slider.min.js?ver=1786990830 HTTP/1.1" 200 3227 "https://adept.hospitalinnovate.org/wp-admin/post.php?post=28&action=edit" "Mozilla/5.0 (Windows NT 10.0; Win64; x64) AppleWebKit/537.36 (KHTML, like Gecko) Chrome/151.0.0.0 Safari/537.36 Edg/151.0.0.0"
24.130.16.15 - - [17/Aug/2026:14:20:31 -0400] "GET /wp-content/themes/cesis/admin/redux-framework/inc/fields/dimensions/field_dimensions.min.js?ver=1786990830 HTTP/1.1" 200 1254 "https://adept.hospitalinnovate.org/wp-admin/post.php?post=28&action=edit" "Mozilla/5.0 (Windows NT 10.0; Win64; x64) AppleWebKit/537.36 (KHTML, like Gecko) Chrome/151.0.0.0 Safari/537.36 Edg/151.0.0.0"
24.130.16.15 - - [17/Aug/2026:14:20:31 -0400] "GET /wp-content/themes/cesis/admin/redux-framework/inc/fields/color/field_color.min.js?ver=1786990830 HTTP/1.1" 200 2359 "https://adept.hospitalinnovate.org/wp-admin/post.php?post=28&action=edit" "Mozilla/5.0 (Windows NT 10.0; Win64; x64) AppleWebKit/537.36 (KHTML, like Gecko) Chrome/151.0.0.0 Safari/537.36 Edg/151.0.0.0"
24.130.16.15 - - [17/Aug/2026:14:20:31 -0400] "GET /wp-content/themes/cesis/admin/redux-framework/inc/fields/color_rgba/field_color_rgba.min.js?ver=1786990830 HTTP/1.1" 200 3663 "https://adept.hospitalinnovate.org/wp-admin/post.php?post=28&action=edit" "Mozilla/5.0 (Windows NT 10.0; Win64; x64) AppleWebKit/537.36 (KHTML, like Gecko) Chrome/151.0.0.0 Safari/537.36 Edg/151.0.0.0"
24.130.16.15 - - [17/Aug/2026:14:20:31 -0400] "GET /wp-content/themes/cesis/admin/redux-framework/inc/fields/editor/field_editor.min.js?ver=1786990830 HTTP/1.1" 200 573 "https://adept.hospitalinnovate.org/wp-admin/post.php?post=28&action=edit" "Mozilla/5.0 (Windows NT 10.0; Win64; x64) AppleWebKit/537.36 (KHTML, like Gecko) Chrome/151.0.0.0 Safari/537.36 Edg/151.0.0.0"
24.130.16.15 - - [17/Aug/2026:14:20:31 -0400] "GET /wp-content/themes/cesis/admin/redux-framework/inc/fields/spacing/field_spacing.min.js?ver=1786990830 HTTP/1.1" 200 1356 "https://adept.hospitalinnovate.org/wp-admin/post.php?post=28&action=edit" "Mozilla/5.0 (Windows NT 10.0; Win64; x64) AppleWebKit/537.36 (KHTML, like Gecko) Chrome/151.0.0.0 Safari/537.36 Edg/151.0.0.0"
24.130.16.15 - - [17/Aug/2026:14:20:31 -0400] "GET /wp-content/themes/cesis/admin/redux-framework/inc/fields/image_select/field_image_select.min.js?ver=1786990830 HTTP/1.1" 200 2209 "https://adept.hospitalinnovate.org/wp-admin/post.php?post=28&action=edit" "Mozilla/5.0 (Windows NT 10.0; Win64; x64) AppleWebKit/537.36 (KHTML, like Gecko) Chrome/151.0.0.0 Safari/537.36 Edg/151.0.0.0"
