24.130.16.15 - - [17/Aug/2026:13:18:12 -0400] "GET /wp-content/plugins/js_composer/assets/lib/vc/vc_accordion/vc-accordion.min.js?ver=8.7.2 HTTP/1.1" 200 8103 "https://adept.hospitalinnovate.org/" "Mozilla/5.0 (Windows NT 10.0; Win64; x64) AppleWebKit/537.36 (KHTML, like Gecko) Chrome/151.0.0.0 Safari/537.36 Edg/151.0.0.0"
24.130.16.15 - - [17/Aug/2026:13:18:12 -0400] "GET /wp-content/plugins/the-grid/frontend/assets/fonts/the_grid.ttf HTTP/1.1" 304 - "https://adept.hospitalinnovate.org/wp-content/plugins/the-grid/frontend/assets/css/the-grid.min.css?ver=2.7.9.1" "Mozilla/5.0 (Windows NT 10.0; Win64; x64) AppleWebKit/537.36 (KHTML, like Gecko) Chrome/151.0.0.0 Safari/537.36 Edg/151.0.0.0"
24.130.16.15 - - [17/Aug/2026:13:18:13 -0400] "GET /wp-includes/js/wp-emoji-release.min.js?ver=7.0.4 HTTP/1.1" 200 22752 "https://adept.hospitalinnovate.org/" "Mozilla/5.0 (Windows NT 10.0; Win64; x64) AppleWebKit/537.36 (KHTML, like Gecko) Chrome/151.0.0.0 Safari/537.36 Edg/151.0.0.0"
24.130.16.15 - - [17/Aug/2026:13:18:13 -0400] "GET /wp-content/uploads/2026/08/favicon.png HTTP/1.1" 304 - "https://adept.hospitalinnovate.org/" "Mozilla/5.0 (Windows NT 10.0; Win64; x64) AppleWebKit/537.36 (KHTML, like Gecko) Chrome/151.0.0.0 Safari/537.36 Edg/151.0.0.0"
69.39.225.240 - - [17/Aug/2026:13:18:13 -0400] "POST /?wordfence_syncAttackData=1786987093.5285 HTTP/1.1" 200 20
69.39.225.240 - - [17/Aug/2026:13:18:15 -0400] "POST /wp-cron.php?doing_wp_cron=1786987095.0035009384155273437500 HTTP/1.1" 200 20
153.67.110.26 - - [17/Aug/2026:13:18:12 -0400] "POST /xmlrpc.php HTTP/1.1" 503 18953
24.130.16.15 - - [17/Aug/2026:13:18:18 -0400] "GET /wp-admin/ HTTP/1.1" 200 28226 "https://adept.hospitalinnovate.org/" "Mozilla/5.0 (Windows NT 10.0; Win64; x64) AppleWebKit/537.36 (KHTML, like Gecko) Chrome/151.0.0.0 Safari/537.36 Edg/151.0.0.0"
24.130.16.15 - - [17/Aug/2026:13:18:19 -0400] "GET /wp-includes/js/thickbox/thickbox.css?ver=7.0.4 HTTP/1.1" 200 2668 "https://adept.hospitalinnovate.org/wp-admin/" "Mozilla/5.0 (Windows NT 10.0; Win64; x64) AppleWebKit/537.36 (KHTML, like Gecko) Chrome/151.0.0.0 Safari/537.36 Edg/151.0.0.0"
24.130.16.15 - - [17/Aug/2026:13:18:19 -0400] "GET /wp-admin/load-styles.php?c=0&dir=ltr&load%5Bchunk_0%5D=dashicons,admin-bar,site-health,common,forms,admin-menu,dashboard,list-tables,edit,revisions,media,themes,about,nav-menus,wp-poi&load%5Bchunk_1%5D=nter,widgets,site-icon,l10n,wp-base-styles,buttons,wp-auth-check,wp-components,wp-commands,wp-color-picker&ver=7.0.4 HTTP/1.1" 200 120051 "https://adept.hospitalinnovate.org/wp-admin/" "Mozilla/5.0 (Windows NT 10.0; Win64; x64) AppleWebKit/537.36 (KHTML, like Gecko) Chrome/151.0.0.0 Safari/537.36 Edg/151.0.0.0"
24.130.16.15 - - [17/Aug/2026:13:18:19 -0400] "GET /wp-admin/css/colors/modern/colors.min.css?ver=7.0.4 HTTP/1.1" 200 21599 "https://adept.hospitalinnovate.org/wp-admin/" "Mozilla/5.0 (Windows NT 10.0; Win64; x64) AppleWebKit/537.36 (KHTML, like Gecko) Chrome/151.0.0.0 Safari/537.36 Edg/151.0.0.0"
24.130.16.15 - - [17/Aug/2026:13:18:19 -0400] "GET /wp-content/plugins/the-grid/includes/metabox/assets/css/tomb.css?ver=7.0.4 HTTP/1.1" 200 31734 "https://adept.hospitalinnovate.org/wp-admin/" "Mozilla/5.0 (Windows NT 10.0; Win64; x64) AppleWebKit/537.36 (KHTML, like Gecko) Chrome/151.0.0.0 Safari/537.36 Edg/151.0.0.0"
24.130.16.15 - - [17/Aug/2026:13:18:19 -0400] "GET /wp-content/plugins/the-grid/backend/assets/css/admin-shortcode.css?ver=7.0.4 HTTP/1.1" 200 9200 "https://adept.hospitalinnovate.org/wp-admin/" "Mozilla/5.0 (Windows NT 10.0; Win64; x64) AppleWebKit/537.36 (KHTML, like Gecko) Chrome/151.0.0.0 Safari/537.36 Edg/151.0.0.0"
24.130.16.15 - - [17/Aug/2026:13:18:19 -0400] "GET /wp-content/themes/cesis/css/cesis_backend.css?ver=1.8.76 HTTP/1.1" 200 49735 "https://adept.hospitalinnovate.org/wp-admin/" "Mozilla/5.0 (Windows NT 10.0; Win64; x64) AppleWebKit/537.36 (KHTML, like Gecko) Chrome/151.0.0.0 Safari/537.36 Edg/151.0.0.0"
24.130.16.15 - - [17/Aug/2026:13:18:19 -0400] "GET /wp-content/plugins/cesis_cp/assets/css.min/backend.css?ver=7.0.4 HTTP/1.1" 200 - "https://adept.hospitalinnovate.org/wp-admin/" "Mozilla/5.0 (Windows NT 10.0; Win64; x64) AppleWebKit/537.36 (KHTML, like Gecko) Chrome/151.0.0.0 Safari/537.36 Edg/151.0.0.0"
24.130.16.15 - - [17/Aug/2026:13:18:19 -0400] "GET /wp-admin/load-scripts.php?c=0&load%5Bchunk_0%5D=jquery-core,jquery-migrate,utils,underscore,thickbox,shortcode,media-upload&ver=7.0.4 HTTP/1.1" 200 47532 "https://adept.hospitalinnovate.org/wp-admin/" "Mozilla/5.0 (Windows NT 10.0; Win64; x64) AppleWebKit/537.36 (KHTML, like Gecko) Chrome/151.0.0.0 Safari/537.36 Edg/151.0.0.0"
24.130.16.15 - - [17/Aug/2026:13:18:19 -0400] "GET /wp-content/plugins/the-grid/includes/metabox/assets/js/tomb.js?ver=1.0 HTTP/1.1" 200 32418 "https://adept.hospitalinnovate.org/wp-admin/" "Mozilla/5.0 (Windows NT 10.0; Win64; x64) AppleWebKit/537.36 (KHTML, like Gecko) Chrome/151.0.0.0 Safari/537.36 Edg/151.0.0.0"
24.130.16.15 - - [17/Aug/2026:13:18:20 -0400] "GET /wp-content/plugins/the-grid/backend/assets/js/admin-grid-list.js?ver=2.7.9.1 HTTP/1.1" 200 873 "https://adept.hospitalinnovate.org/wp-admin/" "Mozilla/5.0 (Windows NT 10.0; Win64; x64) AppleWebKit/537.36 (KHTML, like Gecko) Chrome/151.0.0.0 Safari/537.36 Edg/151.0.0.0"
24.130.16.15 - - [17/Aug/2026:13:18:20 -0400] "GET /wp-content/themes/cesis/admin/redux-framework/assets/img/cesis_menu.png HTTP/1.1" 200 332 "https://adept.hospitalinnovate.org/wp-admin/" "Mozilla/5.0 (Windows NT 10.0; Win64; x64) AppleWebKit/537.36 (KHTML, like Gecko) Chrome/151.0.0.0 Safari/537.36 Edg/151.0.0.0"
24.130.16.15 - - [17/Aug/2026:13:18:20 -0400] "GET /wp-content/plugins/js_composer/assets/vc/logo/wpb-logo-white_20.svg HTTP/1.1" 200 1308 "https://adept.hospitalinnovate.org/wp-admin/" "Mozilla/5.0 (Windows NT 10.0; Win64; x64) AppleWebKit/537.36 (KHTML, like Gecko) Chrome/151.0.0.0 Safari/537.36 Edg/151.0.0.0"
24.130.16.15 - - [17/Aug/2026:13:18:20 -0400] "GET /wp-includes/css/editor.min.css?ver=7.0.4 HTTP/1.1" 200 28019 "https://adept.hospitalinnovate.org/wp-admin/" "Mozilla/5.0 (Windows NT 10.0; Win64; x64) AppleWebKit/537.36 (KHTML, like Gecko) Chrome/151.0.0.0 Safari/537.36 Edg/151.0.0.0"
24.130.16.15 - - [17/Aug/2026:13:18:20 -0400] "GET /wp-admin/load-scripts.php?c=0&load%5Bchunk_0%5D=hoverIntent,wp-dom-ready,wp-hooks&ver=7.0.4 HTTP/1.1" 200 2668 "https://adept.hospitalinnovate.org/wp-admin/" "Mozilla/5.0 (Windows NT 10.0; Win64; x64) AppleWebKit/537.36 (KHTML, like Gecko) Chrome/151.0.0.0 Safari/537.36 Edg/151.0.0.0"
24.130.16.15 - - [17/Aug/2026:13:18:20 -0400] "GET /wp-includes/js/dist/a11y.min.js?ver=af934e5259bc51b8718e HTTP/1.1" 304 - "https://adept.hospitalinnovate.org/wp-admin/" "Mozilla/5.0 (Windows NT 10.0; Win64; x64) AppleWebKit/537.36 (KHTML, like Gecko) Chrome/151.0.0.0 Safari/537.36 Edg/151.0.0.0"
24.130.16.15 - - [17/Aug/2026:13:18:20 -0400] "GET /wp-admin/js/common.min.js?ver=7.0.4 HTTP/1.1" 200 23762 "https://adept.hospitalinnovate.org/wp-admin/" "Mozilla/5.0 (Windows NT 10.0; Win64; x64) AppleWebKit/537.36 (KHTML, like Gecko) Chrome/151.0.0.0 Safari/537.36 Edg/151.0.0.0"
24.130.16.15 - - [17/Aug/2026:13:18:20 -0400] "GET /wp-includes/js/clipboard.min.js?ver=2.0.11 HTTP/1.1" 200 9009 "https://adept.hospitalinnovate.org/wp-admin/" "Mozilla/5.0 (Windows NT 10.0; Win64; x64) AppleWebKit/537.36 (KHTML, like Gecko) Chrome/151.0.0.0 Safari/537.36 Edg/151.0.0.0"
24.130.16.15 - - [17/Aug/2026:13:18:20 -0400] "GET /wp-includes/js/wp-util.min.js?ver=7.0.4 HTTP/1.1" 200 1431 "https://adept.hospitalinnovate.org/wp-admin/" "Mozilla/5.0 (Windows NT 10.0; Win64; x64) AppleWebKit/537.36 (KHTML, like Gecko) Chrome/151.0.0.0 Safari/537.36 Edg/151.0.0.0"
24.130.16.15 - - [17/Aug/2026:13:18:20 -0400] "GET /wp-includes/js/dist/url.min.js?ver=bb0f766c3d2efe497871 HTTP/1.1" 304 - "https://adept.hospitalinnovate.org/wp-admin/" "Mozilla/5.0 (Windows NT 10.0; Win64; x64) AppleWebKit/537.36 (KHTML, like Gecko) Chrome/151.0.0.0 Safari/537.36 Edg/151.0.0.0"
24.130.16.15 - - [17/Aug/2026:13:18:20 -0400] "GET /wp-includes/js/api-request.min.js?ver=7.0.4 HTTP/1.1" 200 1023 "https://adept.hospitalinnovate.org/wp-admin/" "Mozilla/5.0 (Windows NT 10.0; Win64; x64) AppleWebKit/537.36 (KHTML, like Gecko) Chrome/151.0.0.0 Safari/537.36 Edg/151.0.0.0"
24.130.16.15 - - [17/Aug/2026:13:18:20 -0400] "GET /wp-admin/js/site-health.min.js?ver=7.0.4 HTTP/1.1" 200 6474 "https://adept.hospitalinnovate.org/wp-admin/" "Mozilla/5.0 (Windows NT 10.0; Win64; x64) AppleWebKit/537.36 (KHTML, like Gecko) Chrome/151.0.0.0 Safari/537.36 Edg/151.0.0.0"
24.130.16.15 - - [17/Aug/2026:13:18:20 -0400] "GET /wp-includes/js/wp-ajax-response.min.js?ver=7.0.4 HTTP/1.1" 200 2571 "https://adept.hospitalinnovate.org/wp-admin/" "Mozilla/5.0 (Windows NT 10.0; Win64; x64) AppleWebKit/537.36 (KHTML, like Gecko) Chrome/151.0.0.0 Safari/537.36 Edg/151.0.0.0"
24.130.16.15 - - [17/Aug/2026:13:18:20 -0400] "GET /wp-content/plugins/envato-market/fonts/envato-market.woff?20150626 HTTP/1.1" 304 - "https://adept.hospitalinnovate.org/wp-admin/" "Mozilla/5.0 (Windows NT 10.0; Win64; x64) AppleWebKit/537.36 (KHTML, like Gecko) Chrome/151.0.0.0 Safari/537.36 Edg/151.0.0.0"
24.130.16.15 - - [17/Aug/2026:13:18:20 -0400] "GET /wp-content/plugins/the-grid/backend/assets/images/wp-grid-builder.svg HTTP/1.1" 200 5328 "https://adept.hospitalinnovate.org/wp-admin/" "Mozilla/5.0 (Windows NT 10.0; Win64; x64) AppleWebKit/537.36 (KHTML, like Gecko) Chrome/151.0.0.0 Safari/537.36 Edg/151.0.0.0"
24.130.16.15 - - [17/Aug/2026:13:18:20 -0400] "GET /wp-includes/js/wp-lists.min.js?ver=7.0.4 HTTP/1.1" 200 7521 "https://adept.hospitalinnovate.org/wp-admin/" "Mozilla/5.0 (Windows NT 10.0; Win64; x64) AppleWebKit/537.36 (KHTML, like Gecko) Chrome/151.0.0.0 Safari/537.36 Edg/151.0.0.0"
24.130.16.15 - - [17/Aug/2026:13:18:20 -0400] "GET /wp-includes/js/jquery/jquery.color.min.js?ver=3.0.0 HTTP/1.1" 200 6645 "https://adept.hospitalinnovate.org/wp-admin/" "Mozilla/5.0 (Windows NT 10.0; Win64; x64) AppleWebKit/537.36 (KHTML, like Gecko) Chrome/151.0.0.0 Safari/537.36 Edg/151.0.0.0"
24.130.16.15 - - [17/Aug/2026:13:18:20 -0400] "GET /wp-includes/js/quicktags.min.js?ver=7.0.4 HTTP/1.1" 200 11132 "https://adept.hospitalinnovate.org/wp-admin/" "Mozilla/5.0 (Windows NT 10.0; Win64; x64) AppleWebKit/537.36 (KHTML, like Gecko) Chrome/151.0.0.0 Safari/537.36 Edg/151.0.0.0"
24.130.16.15 - - [17/Aug/2026:13:18:20 -0400] "GET /wp-includes/js/jquery/jquery.query.js?ver=2.2.3 HTTP/1.1" 200 3694 "https://adept.hospitalinnovate.org/wp-admin/" "Mozilla/5.0 (Windows NT 10.0; Win64; x64) AppleWebKit/537.36 (KHTML, like Gecko) Chrome/151.0.0.0 Safari/537.36 Edg/151.0.0.0"
24.130.16.15 - - [17/Aug/2026:13:18:20 -0400] "GET /wp-admin/js/edit-comments.min.js?ver=7.0.4 HTTP/1.1" 200 15515 "https://adept.hospitalinnovate.org/wp-admin/" "Mozilla/5.0 (Windows NT 10.0; Win64; x64) AppleWebKit/537.36 (KHTML, like Gecko) Chrome/151.0.0.0 Safari/537.36 Edg/151.0.0.0"
24.130.16.15 - - [17/Aug/2026:13:18:20 -0400] "GET /wp-includes/js/jquery/ui/core.min.js?ver=1.13.3 HTTP/1.1" 200 21464 "https://adept.hospitalinnovate.org/wp-admin/" "Mozilla/5.0 (Windows NT 10.0; Win64; x64) AppleWebKit/537.36 (KHTML, like Gecko) Chrome/151.0.0.0 Safari/537.36 Edg/151.0.0.0"
24.130.16.15 - - [17/Aug/2026:13:18:20 -0400] "GET /wp-includes/js/jquery/ui/mouse.min.js?ver=1.13.3 HTTP/1.1" 200 3428 "https://adept.hospitalinnovate.org/wp-admin/" "Mozilla/5.0 (Windows NT 10.0; Win64; x64) AppleWebKit/537.36 (KHTML, like Gecko) Chrome/151.0.0.0 Safari/537.36 Edg/151.0.0.0"
24.130.16.15 - - [17/Aug/2026:13:18:20 -0400] "GET /wp-includes/js/jquery/ui/sortable.min.js?ver=1.13.3 HTTP/1.1" 200 25504 "https://adept.hospitalinnovate.org/wp-admin/" "Mozilla/5.0 (Windows NT 10.0; Win64; x64) AppleWebKit/537.36 (KHTML, like Gecko) Chrome/151.0.0.0 Safari/537.36 Edg/151.0.0.0"
24.130.16.15 - - [17/Aug/2026:13:18:20 -0400] "GET /wp-admin/js/postbox.min.js?ver=7.0.4 HTTP/1.1" 200 6761 "https://adept.hospitalinnovate.org/wp-admin/" "Mozilla/5.0 (Windows NT 10.0; Win64; x64) AppleWebKit/537.36 (KHTML, like Gecko) Chrome/151.0.0.0 Safari/537.36 Edg/151.0.0.0"
24.130.16.15 - - [17/Aug/2026:13:18:20 -0400] "GET /wp-includes/js/dist/vendor/moment.min.js?ver=2.30.1 HTTP/1.1" 304 - "https://adept.hospitalinnovate.org/wp-admin/" "Mozilla/5.0 (Windows NT 10.0; Win64; x64) AppleWebKit/537.36 (KHTML, like Gecko) Chrome/151.0.0.0 Safari/537.36 Edg/151.0.0.0"
24.130.16.15 - - [17/Aug/2026:13:18:20 -0400] "GET /wp-includes/js/dist/deprecated.min.js?ver=990e85f234fee8f7d446 HTTP/1.1" 304 - "https://adept.hospitalinnovate.org/wp-admin/" "Mozilla/5.0 (Windows NT 10.0; Win64; x64) AppleWebKit/537.36 (KHTML, like Gecko) Chrome/151.0.0.0 Safari/537.36 Edg/151.0.0.0"
24.130.16.15 - - [17/Aug/2026:13:18:20 -0400] "GET /wp-includes/js/dist/date.min.js?ver=c9f8e7dd3232716f34e9 HTTP/1.1" 304 - "https://adept.hospitalinnovate.org/wp-admin/" "Mozilla/5.0 (Windows NT 10.0; Win64; x64) AppleWebKit/537.36 (KHTML, like Gecko) Chrome/151.0.0.0 Safari/537.36 Edg/151.0.0.0"
24.130.16.15 - - [17/Aug/2026:13:18:20 -0400] "GET /wp-admin/js/dashboard.min.js?ver=7.0.4 HTTP/1.1" 200 8862 "https://adept.hospitalinnovate.org/wp-admin/" "Mozilla/5.0 (Windows NT 10.0; Win64; x64) AppleWebKit/537.36 (KHTML, like Gecko) Chrome/151.0.0.0 Safari/537.36 Edg/151.0.0.0"
24.130.16.15 - - [17/Aug/2026:13:18:20 -0400] "GET /wp-admin/js/plugin-install.min.js?ver=7.0.4 HTTP/1.1" 200 2403 "https://adept.hospitalinnovate.org/wp-admin/" "Mozilla/5.0 (Windows NT 10.0; Win64; x64) AppleWebKit/537.36 (KHTML, like Gecko) Chrome/151.0.0.0 Safari/537.36 Edg/151.0.0.0"
24.130.16.15 - - [17/Aug/2026:13:18:20 -0400] "GET /wp-includes/js/wp-sanitize.min.js?ver=7.0.4 HTTP/1.1" 200 402 "https://adept.hospitalinnovate.org/wp-admin/" "Mozilla/5.0 (Windows NT 10.0; Win64; x64) AppleWebKit/537.36 (KHTML, like Gecko) Chrome/151.0.0.0 Safari/537.36 Edg/151.0.0.0"
24.130.16.15 - - [17/Aug/2026:13:18:20 -0400] "GET /wp-admin/js/updates.min.js?ver=7.0.4 HTTP/1.1" 200 48443 "https://adept.hospitalinnovate.org/wp-admin/" "Mozilla/5.0 (Windows NT 10.0; Win64; x64) AppleWebKit/537.36 (KHTML, like Gecko) Chrome/151.0.0.0 Safari/537.36 Edg/151.0.0.0"
24.130.16.15 - - [17/Aug/2026:13:18:20 -0400] "GET /wp-admin/js/svg-painter.js?ver=7.0.4 HTTP/1.1" 200 3280 "https://adept.hospitalinnovate.org/wp-admin/" "Mozilla/5.0 (Windows NT 10.0; Win64; x64) AppleWebKit/537.36 (KHTML, like Gecko) Chrome/151.0.0.0 Safari/537.36 Edg/151.0.0.0"
24.130.16.15 - - [17/Aug/2026:13:18:20 -0400] "GET /wp-includes/js/heartbeat.min.js?ver=7.0.4 HTTP/1.1" 200 5947 "https://adept.hospitalinnovate.org/wp-admin/" "Mozilla/5.0 (Windows NT 10.0; Win64; x64) AppleWebKit/537.36 (KHTML, like Gecko) Chrome/151.0.0.0 Safari/537.36 Edg/151.0.0.0"
24.130.16.15 - - [17/Aug/2026:13:18:20 -0400] "GET /wp-includes/js/wp-auth-check.min.js?ver=7.0.4 HTTP/1.1" 200 1689 "https://adept.hospitalinnovate.org/wp-admin/" "Mozilla/5.0 (Windows NT 10.0; Win64; x64) AppleWebKit/537.36 (KHTML, like Gecko) Chrome/151.0.0.0 Safari/537.36 Edg/151.0.0.0"
24.130.16.15 - - [17/Aug/2026:13:18:20 -0400] "GET /wp-includes/js/dist/vendor/react.min.js?ver=18.3.1.1 HTTP/1.1" 304 - "https://adept.hospitalinnovate.org/wp-admin/" "Mozilla/5.0 (Windows NT 10.0; Win64; x64) AppleWebKit/537.36 (KHTML, like Gecko) Chrome/151.0.0.0 Safari/537.36 Edg/151.0.0.0"
24.130.16.15 - - [17/Aug/2026:13:18:20 -0400] "GET /wp-includes/js/dist/vendor/react-dom.min.js?ver=18.3.1.1 HTTP/1.1" 304 - "https://adept.hospitalinnovate.org/wp-admin/" "Mozilla/5.0 (Windows NT 10.0; Win64; x64) AppleWebKit/537.36 (KHTML, like Gecko) Chrome/151.0.0.0 Safari/537.36 Edg/151.0.0.0"
24.130.16.15 - - [17/Aug/2026:13:18:20 -0400] "GET /wp-includes/js/dist/vendor/react-jsx-runtime.min.js?ver=18.3.1 HTTP/1.1" 304 - "https://adept.hospitalinnovate.org/wp-admin/" "Mozilla/5.0 (Windows NT 10.0; Win64; x64) AppleWebKit/537.36 (KHTML, like Gecko) Chrome/151.0.0.0 Safari/537.36 Edg/151.0.0.0"
24.130.16.15 - - [17/Aug/2026:13:18:20 -0400] "GET /wp-includes/js/dist/dom.min.js?ver=66a6cf58e0c4cd128af0 HTTP/1.1" 304 - "https://adept.hospitalinnovate.org/wp-admin/" "Mozilla/5.0 (Windows NT 10.0; Win64; x64) AppleWebKit/537.36 (KHTML, like Gecko) Chrome/151.0.0.0 Safari/537.36 Edg/151.0.0.0"
24.130.16.15 - - [17/Aug/2026:13:18:20 -0400] "GET /wp-includes/js/dist/element.min.js?ver=15ba804677f72a8db97b HTTP/1.1" 304 - "https://adept.hospitalinnovate.org/wp-admin/" "Mozilla/5.0 (Windows NT 10.0; Win64; x64) AppleWebKit/537.36 (KHTML, like Gecko) Chrome/151.0.0.0 Safari/537.36 Edg/151.0.0.0"
24.130.16.15 - - [17/Aug/2026:13:18:20 -0400] "GET /wp-includes/js/dist/escape-html.min.js?ver=3f093e5cca67aa0f8b56 HTTP/1.1" 304 - "https://adept.hospitalinnovate.org/wp-admin/" "Mozilla/5.0 (Windows NT 10.0; Win64; x64) AppleWebKit/537.36 (KHTML, like Gecko) Chrome/151.0.0.0 Safari/537.36 Edg/151.0.0.0"
24.130.16.15 - - [17/Aug/2026:13:18:20 -0400] "GET /wp-includes/js/dist/is-shallow-equal.min.js?ver=5d84b9f3cb50d2ce7d04 HTTP/1.1" 304 - "https://adept.hospitalinnovate.org/wp-admin/" "Mozilla/5.0 (Windows NT 10.0; Win64; x64) AppleWebKit/537.36 (KHTML, like Gecko) Chrome/151.0.0.0 Safari/537.36 Edg/151.0.0.0"
24.130.16.15 - - [17/Aug/2026:13:18:20 -0400] "GET /wp-includes/js/dist/keycodes.min.js?ver=aa1a141e3468afe7f852 HTTP/1.1" 304 - "https://adept.hospitalinnovate.org/wp-admin/" "Mozilla/5.0 (Windows NT 10.0; Win64; x64) AppleWebKit/537.36 (KHTML, like Gecko) Chrome/151.0.0.0 Safari/537.36 Edg/151.0.0.0"
24.130.16.15 - - [17/Aug/2026:13:18:20 -0400] "GET /wp-includes/js/dist/priority-queue.min.js?ver=1f0e89e247bc0bd3f9b9 HTTP/1.1" 304 - "https://adept.hospitalinnovate.org/wp-admin/" "Mozilla/5.0 (Windows NT 10.0; Win64; x64) AppleWebKit/537.36 (KHTML, like Gecko) Chrome/151.0.0.0 Safari/537.36 Edg/151.0.0.0"
24.130.16.15 - - [17/Aug/2026:13:18:20 -0400] "GET /wp-includes/js/dist/undo-manager.min.js?ver=27bb0ae036a2c9d4a1b5 HTTP/1.1" 304 - "https://adept.hospitalinnovate.org/wp-admin/" "Mozilla/5.0 (Windows NT 10.0; Win64; x64) AppleWebKit/537.36 (KHTML, like Gecko) Chrome/151.0.0.0 Safari/537.36 Edg/151.0.0.0"
24.130.16.15 - - [17/Aug/2026:13:18:20 -0400] "GET /wp-includes/js/dist/html-entities.min.js?ver=8c6fa5b869dfeadc4af2 HTTP/1.1" 304 - "https://adept.hospitalinnovate.org/wp-admin/" "Mozilla/5.0 (Windows NT 10.0; Win64; x64) AppleWebKit/537.36 (KHTML, like Gecko) Chrome/151.0.0.0 Safari/537.36 Edg/151.0.0.0"
24.130.16.15 - - [17/Aug/2026:13:18:20 -0400] "GET /wp-includes/js/dist/compose.min.js?ver=fbe37f6b46750554f947 HTTP/1.1" 304 - "https://adept.hospitalinnovate.org/wp-admin/" "Mozilla/5.0 (Windows NT 10.0; Win64; x64) AppleWebKit/537.36 (KHTML, like Gecko) Chrome/151.0.0.0 Safari/537.36 Edg/151.0.0.0"
24.130.16.15 - - [17/Aug/2026:13:18:20 -0400] "GET /wp-includes/js/dist/primitives.min.js?ver=a5c905ec27bcd76ef287 HTTP/1.1" 304 - "https://adept.hospitalinnovate.org/wp-admin/" "Mozilla/5.0 (Windows NT 10.0; Win64; x64) AppleWebKit/537.36 (KHTML, like Gecko) Chrome/151.0.0.0 Safari/537.36 Edg/151.0.0.0"
24.130.16.15 - - [17/Aug/2026:13:18:20 -0400] "GET /wp-includes/js/dist/private-apis.min.js?ver=835912f0086b9e59aed4 HTTP/1.1" 304 - "https://adept.hospitalinnovate.org/wp-admin/" "Mozilla/5.0 (Windows NT 10.0; Win64; x64) AppleWebKit/537.36 (KHTML, like Gecko) Chrome/151.0.0.0 Safari/537.36 Edg/151.0.0.0"
24.130.16.15 - - [17/Aug/2026:13:18:20 -0400] "GET /wp-includes/js/dist/redux-routine.min.js?ver=64f9f5001aabc046c605 HTTP/1.1" 304 - "https://adept.hospitalinnovate.org/wp-admin/" "Mozilla/5.0 (Windows NT 10.0; Win64; x64) AppleWebKit/537.36 (KHTML, like Gecko) Chrome/151.0.0.0 Safari/537.36 Edg/151.0.0.0"
24.130.16.15 - - [17/Aug/2026:13:18:20 -0400] "GET /wp-includes/js/dist/data.min.js?ver=1756b6a2676c1b3369ab HTTP/1.1" 304 - "https://adept.hospitalinnovate.org/wp-admin/" "Mozilla/5.0 (Windows NT 10.0; Win64; x64) AppleWebKit/537.36 (KHTML, like Gecko) Chrome/151.0.0.0 Safari/537.36 Edg/151.0.0.0"
24.130.16.15 - - [17/Aug/2026:13:18:20 -0400] "GET /wp-includes/js/dist/rich-text.min.js?ver=16449e6108f48327f368 HTTP/1.1" 304 - "https://adept.hospitalinnovate.org/wp-admin/" "Mozilla/5.0 (Windows NT 10.0; Win64; x64) AppleWebKit/537.36 (KHTML, like Gecko) Chrome/151.0.0.0 Safari/537.36 Edg/151.0.0.0"
24.130.16.15 - - [17/Aug/2026:13:18:20 -0400] "GET /wp-includes/js/dist/warning.min.js?ver=36fdbdc984d93aee8a97 HTTP/1.1" 304 - "https://adept.hospitalinnovate.org/wp-admin/" "Mozilla/5.0 (Windows NT 10.0; Win64; x64) AppleWebKit/537.36 (KHTML, like Gecko) Chrome/151.0.0.0 Safari/537.36 Edg/151.0.0.0"
24.130.16.15 - - [17/Aug/2026:13:18:20 -0400] "GET /wp-includes/js/dist/components.min.js?ver=5dedfe13f08880193a28 HTTP/1.1" 304 - "https://adept.hospitalinnovate.org/wp-admin/" "Mozilla/5.0 (Windows NT 10.0; Win64; x64) AppleWebKit/537.36 (KHTML, like Gecko) Chrome/151.0.0.0 Safari/537.36 Edg/151.0.0.0"
24.130.16.15 - - [17/Aug/2026:13:18:20 -0400] "GET /wp-includes/js/dist/keyboard-shortcuts.min.js?ver=2ed78d3b4c23f38804e0 HTTP/1.1" 304 - "https://adept.hospitalinnovate.org/wp-admin/" "Mozilla/5.0 (Windows NT 10.0; Win64; x64) AppleWebKit/537.36 (KHTML, like Gecko) Chrome/151.0.0.0 Safari/537.36 Edg/151.0.0.0"
24.130.16.15 - - [17/Aug/2026:13:18:20 -0400] "GET /wp-includes/js/dist/commands.min.js?ver=e3d8bba53f4ffea4fcd2 HTTP/1.1" 304 - "https://adept.hospitalinnovate.org/wp-admin/" "Mozilla/5.0 (Windows NT 10.0; Win64; x64) AppleWebKit/537.36 (KHTML, like Gecko) Chrome/151.0.0.0 Safari/537.36 Edg/151.0.0.0"
24.130.16.15 - - [17/Aug/2026:13:18:20 -0400] "GET /wp-includes/js/dist/api-fetch.min.js?ver=d7efe4dc1468d36c39b8 HTTP/1.1" 304 - "https://adept.hospitalinnovate.org/wp-admin/" "Mozilla/5.0 (Windows NT 10.0; Win64; x64) AppleWebKit/537.36 (KHTML, like Gecko) Chrome/151.0.0.0 Safari/537.36 Edg/151.0.0.0"
24.130.16.15 - - [17/Aug/2026:13:18:20 -0400] "GET /wp-includes/js/dist/blob.min.js?ver=198af75fe06d924090d8 HTTP/1.1" 304 - "https://adept.hospitalinnovate.org/wp-admin/" "Mozilla/5.0 (Windows NT 10.0; Win64; x64) AppleWebKit/537.36 (KHTML, like Gecko) Chrome/151.0.0.0 Safari/537.36 Edg/151.0.0.0"
24.130.16.15 - - [17/Aug/2026:13:18:20 -0400] "GET /wp-includes/js/dist/block-serialization-default-parser.min.js?ver=bff55bd3f1ce9df0c99c HTTP/1.1" 304 - "https://adept.hospitalinnovate.org/wp-admin/" "Mozilla/5.0 (Windows NT 10.0; Win64; x64) AppleWebKit/537.36 (KHTML, like Gecko) Chrome/151.0.0.0 Safari/537.36 Edg/151.0.0.0"
24.130.16.15 - - [17/Aug/2026:13:18:20 -0400] "GET /wp-includes/js/dist/autop.min.js?ver=9d0d0901b46f0a9027c9 HTTP/1.1" 304 - "https://adept.hospitalinnovate.org/wp-admin/" "Mozilla/5.0 (Windows NT 10.0; Win64; x64) AppleWebKit/537.36 (KHTML, like Gecko) Chrome/151.0.0.0 Safari/537.36 Edg/151.0.0.0"
24.130.16.15 - - [17/Aug/2026:13:18:21 -0400] "GET /wp-includes/js/dist/shortcode.min.js?ver=11742fe18cc215d3d5ab HTTP/1.1" 304 - "https://adept.hospitalinnovate.org/wp-admin/" "Mozilla/5.0 (Windows NT 10.0; Win64; x64) AppleWebKit/537.36 (KHTML, like Gecko) Chrome/151.0.0.0 Safari/537.36 Edg/151.0.0.0"
24.130.16.15 - - [17/Aug/2026:13:18:21 -0400] "GET /wp-includes/js/dist/blocks.min.js?ver=ef38e42500165bfda301 HTTP/1.1" 304 - "https://adept.hospitalinnovate.org/wp-admin/" "Mozilla/5.0 (Windows NT 10.0; Win64; x64) AppleWebKit/537.36 (KHTML, like Gecko) Chrome/151.0.0.0 Safari/537.36 Edg/151.0.0.0"
24.130.16.15 - - [17/Aug/2026:13:18:21 -0400] "GET /wp-includes/js/dist/notices.min.js?ver=218d0173a31ae7269246 HTTP/1.1" 304 - "https://adept.hospitalinnovate.org/wp-admin/" "Mozilla/5.0 (Windows NT 10.0; Win64; x64) AppleWebKit/537.36 (KHTML, like Gecko) Chrome/151.0.0.0 Safari/537.36 Edg/151.0.0.0"
24.130.16.15 - - [17/Aug/2026:13:18:21 -0400] "GET /wp-includes/js/dist/preferences-persistence.min.js?ver=e8033be98338d1861bca HTTP/1.1" 304 - "https://adept.hospitalinnovate.org/wp-admin/" "Mozilla/5.0 (Windows NT 10.0; Win64; x64) AppleWebKit/537.36 (KHTML, like Gecko) Chrome/151.0.0.0 Safari/537.36 Edg/151.0.0.0"
24.130.16.15 - - [17/Aug/2026:13:18:21 -0400] "GET /wp-includes/js/dist/preferences.min.js?ver=035813168e404aa30193 HTTP/1.1" 304 - "https://adept.hospitalinnovate.org/wp-admin/" "Mozilla/5.0 (Windows NT 10.0; Win64; x64) AppleWebKit/537.36 (KHTML, like Gecko) Chrome/151.0.0.0 Safari/537.36 Edg/151.0.0.0"
24.130.16.15 - - [17/Aug/2026:13:18:21 -0400] "GET /wp-includes/js/dist/style-engine.min.js?ver=faa37ce61b7ec8394b2a HTTP/1.1" 304 - "https://adept.hospitalinnovate.org/wp-admin/" "Mozilla/5.0 (Windows NT 10.0; Win64; x64) AppleWebKit/537.36 (KHTML, like Gecko) Chrome/151.0.0.0 Safari/537.36 Edg/151.0.0.0"
24.130.16.15 - - [17/Aug/2026:13:18:21 -0400] "GET /wp-includes/js/dist/theme.min.js?ver=e22ce547a4420507b323 HTTP/1.1" 304 - "https://adept.hospitalinnovate.org/wp-admin/" "Mozilla/5.0 (Windows NT 10.0; Win64; x64) AppleWebKit/537.36 (KHTML, like Gecko) Chrome/151.0.0.0 Safari/537.36 Edg/151.0.0.0"
24.130.16.15 - - [17/Aug/2026:13:18:21 -0400] "GET /wp-includes/js/dist/token-list.min.js?ver=16f0aebdd39d87c2a84b HTTP/1.1" 304 - "https://adept.hospitalinnovate.org/wp-admin/" "Mozilla/5.0 (Windows NT 10.0; Win64; x64) AppleWebKit/537.36 (KHTML, like Gecko) Chrome/151.0.0.0 Safari/537.36 Edg/151.0.0.0"
24.130.16.15 - - [17/Aug/2026:13:18:21 -0400] "GET /wp-includes/js/dist/upload-media.min.js?ver=d359c2cccf866d7082d2 HTTP/1.1" 304 - "https://adept.hospitalinnovate.org/wp-admin/" "Mozilla/5.0 (Windows NT 10.0; Win64; x64) AppleWebKit/537.36 (KHTML, like Gecko) Chrome/151.0.0.0 Safari/537.36 Edg/151.0.0.0"
24.130.16.15 - - [17/Aug/2026:13:18:21 -0400] "GET /wp-includes/js/dist/block-editor.min.js?ver=f3d941bcb2e86c269881 HTTP/1.1" 304 - "https://adept.hospitalinnovate.org/wp-admin/" "Mozilla/5.0 (Windows NT 10.0; Win64; x64) AppleWebKit/537.36 (KHTML, like Gecko) Chrome/151.0.0.0 Safari/537.36 Edg/151.0.0.0"
24.130.16.15 - - [17/Aug/2026:13:18:21 -0400] "GET /wp-includes/js/dist/core-data.min.js?ver=89931f90e4df5eb5f8a3 HTTP/1.1" 304 - "https://adept.hospitalinnovate.org/wp-admin/" "Mozilla/5.0 (Windows NT 10.0; Win64; x64) AppleWebKit/537.36 (KHTML, like Gecko) Chrome/151.0.0.0 Safari/537.36 Edg/151.0.0.0"
24.130.16.15 - - [17/Aug/2026:13:18:21 -0400] "GET /wp-includes/js/dist/router.min.js?ver=0249e6724784b1c2583b HTTP/1.1" 304 - "https://adept.hospitalinnovate.org/wp-admin/" "Mozilla/5.0 (Windows NT 10.0; Win64; x64) AppleWebKit/537.36 (KHTML, like Gecko) Chrome/151.0.0.0 Safari/537.36 Edg/151.0.0.0"
24.130.16.15 - - [17/Aug/2026:13:18:21 -0400] "GET /wp-includes/js/dist/core-commands.min.js?ver=b209152e7e51279d7c28 HTTP/1.1" 304 - "https://adept.hospitalinnovate.org/wp-admin/" "Mozilla/5.0 (Windows NT 10.0; Win64; x64) AppleWebKit/537.36 (KHTML, like Gecko) Chrome/151.0.0.0 Safari/537.36 Edg/151.0.0.0"
24.130.16.15 - - [17/Aug/2026:13:18:21 -0400] "GET /wp-includes/js/jquery/ui/draggable.min.js?ver=1.13.3 HTTP/1.1" 200 18420 "https://adept.hospitalinnovate.org/wp-admin/" "Mozilla/5.0 (Windows NT 10.0; Win64; x64) AppleWebKit/537.36 (KHTML, like Gecko) Chrome/151.0.0.0 Safari/537.36 Edg/151.0.0.0"
24.130.16.15 - - [17/Aug/2026:13:18:21 -0400] "GET /wp-includes/js/jquery/ui/droppable.min.js?ver=1.13.3 HTTP/1.1" 200 6665 "https://adept.hospitalinnovate.org/wp-admin/" "Mozilla/5.0 (Windows NT 10.0; Win64; x64) AppleWebKit/537.36 (KHTML, like Gecko) Chrome/151.0.0.0 Safari/537.36 Edg/151.0.0.0"
24.130.16.15 - - [17/Aug/2026:13:18:21 -0400] "GET /wp-includes/js/jquery/ui/slider.min.js?ver=1.13.3 HTTP/1.1" 200 10759 "https://adept.hospitalinnovate.org/wp-admin/" "Mozilla/5.0 (Windows NT 10.0; Win64; x64) AppleWebKit/537.36 (KHTML, like Gecko) Chrome/151.0.0.0 Safari/537.36 Edg/151.0.0.0"
24.130.16.15 - - [17/Aug/2026:13:18:21 -0400] "GET /wp-includes/js/jquery/jquery.ui.touch-punch.js?ver=0.2.2 HTTP/1.1" 200 1179 "https://adept.hospitalinnovate.org/wp-admin/" "Mozilla/5.0 (Windows NT 10.0; Win64; x64) AppleWebKit/537.36 (KHTML, like Gecko) Chrome/151.0.0.0 Safari/537.36 Edg/151.0.0.0"
24.130.16.15 - - [17/Aug/2026:13:18:21 -0400] "GET /wp-admin/js/iris.min.js?ver=1.1.1 HTTP/1.1" 200 23643 "https://adept.hospitalinnovate.org/wp-admin/" "Mozilla/5.0 (Windows NT 10.0; Win64; x64) AppleWebKit/537.36 (KHTML, like Gecko) Chrome/151.0.0.0 Safari/537.36 Edg/151.0.0.0"
24.130.16.15 - - [17/Aug/2026:13:18:21 -0400] "GET /wp-admin/js/color-picker.min.js?ver=7.0.4 HTTP/1.1" 200 3486 "https://adept.hospitalinnovate.org/wp-admin/" "Mozilla/5.0 (Windows NT 10.0; Win64; x64) AppleWebKit/537.36 (KHTML, like Gecko) Chrome/151.0.0.0 Safari/537.36 Edg/151.0.0.0"
24.130.16.15 - - [17/Aug/2026:13:18:21 -0400] "GET /wp-includes/js/tw-sack.min.js?ver=1.6.1 HTTP/1.1" 200 3288 "https://adept.hospitalinnovate.org/wp-admin/" "Mozilla/5.0 (Windows NT 10.0; Win64; x64) AppleWebKit/537.36 (KHTML, like Gecko) Chrome/151.0.0.0 Safari/537.36 Edg/151.0.0.0"
24.130.16.15 - - [17/Aug/2026:13:18:21 -0400] "GET /wp-content/themes/cesis/js/cesis_backend.js?ver=1.8.76 HTTP/1.1" 200 25022 "https://adept.hospitalinnovate.org/wp-admin/" "Mozilla/5.0 (Windows NT 10.0; Win64; x64) AppleWebKit/537.36 (KHTML, like Gecko) Chrome/151.0.0.0 Safari/537.36 Edg/151.0.0.0"
24.130.16.15 - - [17/Aug/2026:13:18:21 -0400] "GET /wp-includes/js/wplink.min.js?ver=7.0.4 HTTP/1.1" 200 11317 "https://adept.hospitalinnovate.org/wp-admin/" "Mozilla/5.0 (Windows NT 10.0; Win64; x64) AppleWebKit/537.36 (KHTML, like Gecko) Chrome/151.0.0.0 Safari/537.36 Edg/151.0.0.0"
24.130.16.15 - - [17/Aug/2026:13:18:21 -0400] "GET /wp-includes/js/jquery/ui/menu.min.js?ver=1.13.3 HTTP/1.1" 200 10199 "https://adept.hospitalinnovate.org/wp-admin/" "Mozilla/5.0 (Windows NT 10.0; Win64; x64) AppleWebKit/537.36 (KHTML, like Gecko) Chrome/151.0.0.0 Safari/537.36 Edg/151.0.0.0"
24.130.16.15 - - [17/Aug/2026:13:18:21 -0400] "GET /wp-includes/js/jquery/ui/autocomplete.min.js?ver=1.13.3 HTTP/1.1" 200 8536 "https://adept.hospitalinnovate.org/wp-admin/" "Mozilla/5.0 (Windows NT 10.0; Win64; x64) AppleWebKit/537.36 (KHTML, like Gecko) Chrome/151.0.0.0 Safari/537.36 Edg/151.0.0.0"
24.130.16.15 - - [17/Aug/2026:13:18:21 -0400] "GET /wp-includes/js/thickbox/loadingAnimation.gif HTTP/1.1" 304 - "https://adept.hospitalinnovate.org/wp-admin/" "Mozilla/5.0 (Windows NT 10.0; Win64; x64) AppleWebKit/537.36 (KHTML, like Gecko) Chrome/151.0.0.0 Safari/537.36 Edg/151.0.0.0"
24.130.16.15 - - [17/Aug/2026:13:18:21 -0400] "POST /wp-admin/admin-ajax.php HTTP/1.1" 200 517 "https://adept.hospitalinnovate.org/wp-admin/" "Mozilla/5.0 (Windows NT 10.0; Win64; x64) AppleWebKit/537.36 (KHTML, like Gecko) Chrome/151.0.0.0 Safari/537.36 Edg/151.0.0.0"
24.130.16.15 - - [17/Aug/2026:13:18:21 -0400] "GET /favicon.ico HTTP/1.1" 200 20 "https://adept.hospitalinnovate.org/wp-admin/" "Mozilla/5.0 (Windows NT 10.0; Win64; x64) AppleWebKit/537.36 (KHTML, like Gecko) Chrome/151.0.0.0 Safari/537.36 Edg/151.0.0.0"
24.130.16.15 - - [17/Aug/2026:13:18:22 -0400] "GET /wp-includes/images/w-logo-blue-white-bg.png HTTP/1.1" 200 4119 "https://adept.hospitalinnovate.org/wp-admin/" "Mozilla/5.0 (Windows NT 10.0; Win64; x64) AppleWebKit/537.36 (KHTML, like Gecko) Chrome/151.0.0.0 Safari/537.36 Edg/151.0.0.0"
24.130.16.15 - - [17/Aug/2026:13:18:21 -0400] "GET /wp-admin/admin-ajax.php?action=dashboard-widgets&widget=dashboard_primary&pagenow=dashboard HTTP/1.1" 200 503 "https://adept.hospitalinnovate.org/wp-admin/" "Mozilla/5.0 (Windows NT 10.0; Win64; x64) AppleWebKit/537.36 (KHTML, like Gecko) Chrome/151.0.0.0 Safari/537.36 Edg/151.0.0.0"
153.67.110.26 - - [17/Aug/2026:13:18:23 -0400] "POST /xmlrpc.php HTTP/1.1" 503 18040
24.130.16.15 - - [17/Aug/2026:13:18:25 -0400] "GET /wp-admin/plugins.php HTTP/1.1" 200 23872 "https://adept.hospitalinnovate.org/wp-admin/" "Mozilla/5.0 (Windows NT 10.0; Win64; x64) AppleWebKit/537.36 (KHTML, like Gecko) Chrome/151.0.0.0 Safari/537.36 Edg/151.0.0.0"
24.130.16.15 - - [17/Aug/2026:13:18:26 -0400] "GET /wp-admin/load-styles.php?c=0&dir=ltr&load%5Bchunk_0%5D=dashicons,admin-bar,common,forms,admin-menu,dashboard,list-tables,edit,revisions,media,themes,about,nav-menus,wp-pointer,widgets&load%5Bchunk_1%5D=,site-icon,l10n,wp-base-styles,buttons,wp-auth-check,wp-components,wp-commands,wp-color-picker&ver=7.0.4 HTTP/1.1" 200 118906 "https://adept.hospitalinnovate.org/wp-admin/plugins.php" "Mozilla/5.0 (Windows NT 10.0; Win64; x64) AppleWebKit/537.36 (KHTML, like Gecko) Chrome/151.0.0.0 Safari/537.36 Edg/151.0.0.0"
24.130.16.15 - - [17/Aug/2026:13:18:26 -0400] "GET /wp-admin/images/spinner.gif HTTP/1.1" 200 3656 "https://adept.hospitalinnovate.org/wp-admin/load-styles.php?c=0&dir=ltr&load%5Bchunk_0%5D=dashicons,admin-bar,common,forms,admin-menu,dashboard,list-tables,edit,revisions,media,themes,about,nav-menus,wp-pointer,widgets&load%5Bchunk_1%5D=,site-icon,l10n,wp-base-styles,buttons,wp-auth-check,wp-components,wp-commands,wp-color-picker&ver=7.0.4" "Mozilla/5.0 (Windows NT 10.0; Win64; x64) AppleWebKit/537.36 (KHTML, like Gecko) Chrome/151.0.0.0 Safari/537.36 Edg/151.0.0.0"
24.130.16.15 - - [17/Aug/2026:13:18:30 -0400] "POST /wp-admin/admin-ajax.php HTTP/1.1" 200 660 "https://adept.hospitalinnovate.org/wp-admin/plugins.php?s=accr&plugin_status=all" "Mozilla/5.0 (Windows NT 10.0; Win64; x64) AppleWebKit/537.36 (KHTML, like Gecko) Chrome/151.0.0.0 Safari/537.36 Edg/151.0.0.0"
24.130.16.15 - - [17/Aug/2026:13:18:33 -0400] "POST /wp-admin/admin-ajax.php HTTP/1.1" 200 663 "https://adept.hospitalinnovate.org/wp-admin/plugins.php?s=accordia&plugin_status=all" "Mozilla/5.0 (Windows NT 10.0; Win64; x64) AppleWebKit/537.36 (KHTML, like Gecko) Chrome/151.0.0.0 Safari/537.36 Edg/151.0.0.0"
153.67.110.26 - - [17/Aug/2026:13:18:33 -0400] "POST /xmlrpc.php HTTP/1.1" 503 18040
24.130.16.15 - - [17/Aug/2026:13:18:34 -0400] "POST /wp-admin/admin-ajax.php HTTP/1.1" 200 664 "https://adept.hospitalinnovate.org/wp-admin/plugins.php?s=accordian&plugin_status=all" "Mozilla/5.0 (Windows NT 10.0; Win64; x64) AppleWebKit/537.36 (KHTML, like Gecko) Chrome/151.0.0.0 Safari/537.36 Edg/151.0.0.0"
24.130.16.15 - - [17/Aug/2026:13:18:35 -0400] "GET /wp-admin/plugin-install.php HTTP/1.1" 200 25195 "https://adept.hospitalinnovate.org/wp-admin/plugins.php?s=accordian&plugin_status=all" "Mozilla/5.0 (Windows NT 10.0; Win64; x64) AppleWebKit/537.36 (KHTML, like Gecko) Chrome/151.0.0.0 Safari/537.36 Edg/151.0.0.0"
24.130.16.15 - - [17/Aug/2026:13:18:36 -0400] "GET /wp-admin/load-scripts.php?c=0&load%5Bchunk_0%5D=jquery-core,jquery-migrate,utils,thickbox,underscore,shortcode,media-upload&ver=7.0.4 HTTP/1.1" 200 47580 "https://adept.hospitalinnovate.org/wp-admin/plugin-install.php" "Mozilla/5.0 (Windows NT 10.0; Win64; x64) AppleWebKit/537.36 (KHTML, like Gecko) Chrome/151.0.0.0 Safari/537.36 Edg/151.0.0.0"
153.67.110.26 - - [17/Aug/2026:13:18:44 -0400] "POST /xmlrpc.php HTTP/1.1" 503 18040
24.130.16.15 - - [17/Aug/2026:13:18:44 -0400] "POST /wp-admin/admin-ajax.php HTTP/1.1" 200 4755 "https://adept.hospitalinnovate.org/wp-admin/plugin-install.php?s=acc&tab=search&type=term" "Mozilla/5.0 (Windows NT 10.0; Win64; x64) AppleWebKit/537.36 (KHTML, like Gecko) Chrome/151.0.0.0 Safari/537.36 Edg/151.0.0.0"
24.130.16.15 - - [17/Aug/2026:13:18:52 -0400] "POST /wp-admin/admin-ajax.php HTTP/1.1" 200 4490 "https://adept.hospitalinnovate.org/wp-admin/plugin-install.php?s=accordian&tab=search&type=term" "Mozilla/5.0 (Windows NT 10.0; Win64; x64) AppleWebKit/537.36 (KHTML, like Gecko) Chrome/151.0.0.0 Safari/537.36 Edg/151.0.0.0"
153.67.110.26 - - [17/Aug/2026:13:18:55 -0400] "POST /xmlrpc.php HTTP/1.1" 503 18040
24.130.16.15 - - [17/Aug/2026:13:18:57 -0400] "GET /wp-admin/plugin-install.php HTTP/1.1" 200 25195 "https://adept.hospitalinnovate.org/wp-admin/plugin-install.php?s=accordian&tab=search&type=term" "Mozilla/5.0 (Windows NT 10.0; Win64; x64) AppleWebKit/537.36 (KHTML, like Gecko) Chrome/151.0.0.0 Safari/537.36 Edg/151.0.0.0"
24.130.16.15 - - [17/Aug/2026:13:19:01 -0400] "POST /wp-admin/admin-ajax.php HTTP/1.1" 200 4755 "https://adept.hospitalinnovate.org/wp-admin/plugin-install.php?s=acc&tab=search&type=term" "Mozilla/5.0 (Windows NT 10.0; Win64; x64) AppleWebKit/537.36 (KHTML, like Gecko) Chrome/151.0.0.0 Safari/537.36 Edg/151.0.0.0"
24.130.16.15 - - [17/Aug/2026:13:19:04 -0400] "POST /wp-admin/admin-ajax.php HTTP/1.1" 200 4490 "https://adept.hospitalinnovate.org/wp-admin/plugin-install.php?s=accordian&tab=search&type=term" "Mozilla/5.0 (Windows NT 10.0; Win64; x64) AppleWebKit/537.36 (KHTML, like Gecko) Chrome/151.0.0.0 Safari/537.36 Edg/151.0.0.0"
153.67.110.26 - - [17/Aug/2026:13:19:05 -0400] "POST /xmlrpc.php HTTP/1.1" 503 18040
153.67.110.26 - - [17/Aug/2026:13:19:16 -0400] "POST /xmlrpc.php HTTP/1.1" 503 18040
153.67.110.26 - - [17/Aug/2026:13:19:26 -0400] "POST /xmlrpc.php HTTP/1.1" 503 18040
153.67.110.26 - - [17/Aug/2026:13:19:37 -0400] "POST /xmlrpc.php HTTP/1.1" 503 18040
24.130.16.15 - - [17/Aug/2026:13:19:40 -0400] "GET /wp-admin/plugin-install.php?tab=plugin-information&plugin=accordion-shortcode& HTTP/1.1" 200 13947 "https://adept.hospitalinnovate.org/wp-admin/plugin-install.php?s=accordian&tab=search&type=term" "Mozilla/5.0 (Windows NT 10.0; Win64; x64) AppleWebKit/537.36 (KHTML, like Gecko) Chrome/151.0.0.0 Safari/537.36 Edg/151.0.0.0"
24.130.16.15 - - [17/Aug/2026:13:19:40 -0400] "GET /wp-admin/load-styles.php?c=0&dir=ltr&load%5Bchunk_0%5D=dashicons,common,forms,admin-menu,dashboard,list-tables,edit,revisions,media,themes,about,nav-menus,wp-pointer,widgets,site-icon&load%5Bchunk_1%5D=,l10n,wp-base-styles,buttons,wp-components,wp-commands,wp-color-picker&ver=7.0.4 HTTP/1.1" 200 115492 "https://adept.hospitalinnovate.org/wp-admin/plugin-install.php?tab=plugin-information&plugin=accordion-shortcode&" "Mozilla/5.0 (Windows NT 10.0; Win64; x64) AppleWebKit/537.36 (KHTML, like Gecko) Chrome/151.0.0.0 Safari/537.36 Edg/151.0.0.0"
153.67.110.26 - - [17/Aug/2026:13:19:47 -0400] "POST /xmlrpc.php HTTP/1.1" 503 18040
153.67.110.26 - - [17/Aug/2026:13:19:58 -0400] "POST /xmlrpc.php HTTP/1.1" 503 18040
24.130.16.15 - - [17/Aug/2026:13:19:58 -0400] "POST /wp-admin/admin-ajax.php HTTP/1.1" 200 67 "https://adept.hospitalinnovate.org/wp-admin/plugin-install.php?s=accordian&tab=search&type=term" "Mozilla/5.0 (Windows NT 10.0; Win64; x64) AppleWebKit/537.36 (KHTML, like Gecko) Chrome/151.0.0.0 Safari/537.36 Edg/151.0.0.0"
153.67.110.26 - - [17/Aug/2026:13:20:08 -0400] "POST /xmlrpc.php HTTP/1.1" 503 18040
69.39.225.240 - - [17/Aug/2026:13:20:09 -0400] "POST /?wordfence_syncAttackData=1786987209.9109 HTTP/1.1" 200 20
69.39.225.240 - - [17/Aug/2026:13:20:11 -0400] "POST /wp-cron.php?doing_wp_cron=1786987211.0855419635772705078125 HTTP/1.1" 200 20
93.190.48.15 - - [17/Aug/2026:13:20:09 -0400] "POST /xmlrpc.php HTTP/1.1" 503 7326
153.67.110.26 - - [17/Aug/2026:13:20:19 -0400] "POST /xmlrpc.php HTTP/1.1" 503 18040
153.67.110.26 - - [17/Aug/2026:13:20:29 -0400] "POST /xmlrpc.php HTTP/1.1" 503 18040
24.130.16.15 - - [17/Aug/2026:13:20:33 -0400] "GET /wp-admin/plugin-install.php?tab=plugin-information&plugin=arconix-shortcodes& HTTP/1.1" 200 20179 "https://adept.hospitalinnovate.org/wp-admin/plugin-install.php?s=accordian&tab=search&type=term" "Mozilla/5.0 (Windows NT 10.0; Win64; x64) AppleWebKit/537.36 (KHTML, like Gecko) Chrome/151.0.0.0 Safari/537.36 Edg/151.0.0.0"
153.67.110.26 - - [17/Aug/2026:13:20:40 -0400] "POST /xmlrpc.php HTTP/1.1" 503 18040
153.67.110.26 - - [17/Aug/2026:13:20:50 -0400] "POST /xmlrpc.php HTTP/1.1" 503 18040
24.130.16.15 - - [17/Aug/2026:13:20:58 -0400] "POST /wp-admin/admin-ajax.php HTTP/1.1" 200 67 "https://adept.hospitalinnovate.org/wp-admin/plugin-install.php?s=accordian&tab=search&type=term" "Mozilla/5.0 (Windows NT 10.0; Win64; x64) AppleWebKit/537.36 (KHTML, like Gecko) Chrome/151.0.0.0 Safari/537.36 Edg/151.0.0.0"
153.67.110.26 - - [17/Aug/2026:13:21:01 -0400] "POST /xmlrpc.php HTTP/1.1" 503 18040
24.130.16.15 - - [17/Aug/2026:13:21:04 -0400] "GET /wp-admin/plugin-install.php?tab=plugin-information&plugin=arconix-shortcodes& HTTP/1.1" 200 20179 "https://adept.hospitalinnovate.org/wp-admin/plugin-install.php?s=accordian&tab=search&type=term" "Mozilla/5.0 (Windows NT 10.0; Win64; x64) AppleWebKit/537.36 (KHTML, like Gecko) Chrome/151.0.0.0 Safari/537.36 Edg/151.0.0.0"
153.67.110.26 - - [17/Aug/2026:13:21:11 -0400] "POST /xmlrpc.php HTTP/1.1" 503 18040
153.67.110.26 - - [17/Aug/2026:13:21:22 -0400] "POST /xmlrpc.php HTTP/1.1" 503 18040
153.67.110.26 - - [17/Aug/2026:13:21:32 -0400] "POST /xmlrpc.php HTTP/1.1" 503 18040
153.67.110.26 - - [17/Aug/2026:13:21:43 -0400] "POST /xmlrpc.php HTTP/1.1" 503 18040
153.67.110.26 - - [17/Aug/2026:13:21:53 -0400] "POST /xmlrpc.php HTTP/1.1" 503 18040
24.130.16.15 - - [17/Aug/2026:13:21:58 -0400] "POST /wp-admin/admin-ajax.php HTTP/1.1" 200 67 "https://adept.hospitalinnovate.org/wp-admin/plugin-install.php?s=accordian&tab=search&type=term" "Mozilla/5.0 (Windows NT 10.0; Win64; x64) AppleWebKit/537.36 (KHTML, like Gecko) Chrome/151.0.0.0 Safari/537.36 Edg/151.0.0.0"
153.67.110.26 - - [17/Aug/2026:13:22:03 -0400] "POST /xmlrpc.php HTTP/1.1" 503 18040
24.130.16.15 - - [17/Aug/2026:13:22:05 -0400] "POST /wp-admin/admin-ajax.php HTTP/1.1" 200 192 "https://adept.hospitalinnovate.org/wp-admin/plugin-install.php?tab=plugin-information&plugin=arconix-shortcodes" "Mozilla/5.0 (Windows NT 10.0; Win64; x64) AppleWebKit/537.36 (KHTML, like Gecko) Chrome/151.0.0.0 Safari/537.36 Edg/151.0.0.0"
24.130.16.15 - - [17/Aug/2026:13:22:09 -0400] "POST /wp-admin/admin-ajax.php HTTP/1.1" 200 214 "https://adept.hospitalinnovate.org/wp-admin/plugin-install.php?tab=plugin-information&plugin=arconix-shortcodes" "Mozilla/5.0 (Windows NT 10.0; Win64; x64) AppleWebKit/537.36 (KHTML, like Gecko) Chrome/151.0.0.0 Safari/537.36 Edg/151.0.0.0"
24.130.16.15 - - [17/Aug/2026:13:22:11 -0400] "GET /wp-admin/plugins.php?_wpnonce=43c90b42c4&action=activate&plugin=arconix-shortcodes/plugin.php HTTP/1.1" 200 20 "https://adept.hospitalinnovate.org/wp-admin/plugin-install.php?tab=plugin-information&plugin=arconix-shortcodes" "Mozilla/5.0 (Windows NT 10.0; Win64; x64) AppleWebKit/537.36 (KHTML, like Gecko) Chrome/151.0.0.0 Safari/537.36 Edg/151.0.0.0"
69.39.225.240 - - [17/Aug/2026:13:22:13 -0400] "POST /wp-cron.php?doing_wp_cron=1786987333.7109820842742919921875 HTTP/1.1" 200 20 "-" "WordPress/7.0.4; https://adept.hospitalinnovate.org"
24.130.16.15 - - [17/Aug/2026:13:22:12 -0400] "GET /wp-admin/plugins.php?activate=true&plugin_status=all&paged=1&s= HTTP/1.1" 200 27936 "https://adept.hospitalinnovate.org/wp-admin/plugin-install.php?tab=plugin-information&plugin=arconix-shortcodes" "Mozilla/5.0 (Windows NT 10.0; Win64; x64) AppleWebKit/537.36 (KHTML, like Gecko) Chrome/151.0.0.0 Safari/537.36 Edg/151.0.0.0"
24.130.16.15 - - [17/Aug/2026:13:22:13 -0400] "GET /wp-content/plugins/arconix-shortcodes/includes/css/admin.css?ver=2.2.1 HTTP/1.1" 200 756 "https://adept.hospitalinnovate.org/wp-admin/plugins.php?activate=true&plugin_status=all&paged=1&s=" "Mozilla/5.0 (Windows NT 10.0; Win64; x64) AppleWebKit/537.36 (KHTML, like Gecko) Chrome/151.0.0.0 Safari/537.36 Edg/151.0.0.0"
24.130.16.15 - - [17/Aug/2026:13:22:13 -0400] "GET /wp-content/plugins/arconix-shortcodes/includes/component/tracking-data/assets/images/site-logo-new.jpg HTTP/1.1" 200 4837 "https://adept.hospitalinnovate.org/wp-admin/plugins.php?activate=true&plugin_status=all&paged=1&s=" "Mozilla/5.0 (Windows NT 10.0; Win64; x64) AppleWebKit/537.36 (KHTML, like Gecko) Chrome/151.0.0.0 Safari/537.36 Edg/151.0.0.0"
24.130.16.15 - - [17/Aug/2026:13:22:14 -0400] "GET /wp-content/plugins/arconix-shortcodes/includes/component/tracking-data/assets/js/dismiss-notice.js?ver=7.0.4 HTTP/1.1" 200 1185 "https://adept.hospitalinnovate.org/wp-admin/plugins.php?activate=true&plugin_status=all&paged=1&s=" "Mozilla/5.0 (Windows NT 10.0; Win64; x64) AppleWebKit/537.36 (KHTML, like Gecko) Chrome/151.0.0.0 Safari/537.36 Edg/151.0.0.0"
153.67.110.26 - - [17/Aug/2026:13:22:14 -0400] "POST /xmlrpc.php HTTP/1.1" 503 18040
69.39.225.240 - - [17/Aug/2026:13:22:24 -0400] "POST /wp-cron.php?doing_wp_cron=1786987344.1687669754028320312500 HTTP/1.1" 200 20 "-" "WordPress/7.0.4; https://adept.hospitalinnovate.org"
24.130.16.15 - - [17/Aug/2026:13:22:22 -0400] "POST /wp-admin/admin-ajax.php HTTP/1.1" 200 145 "https://adept.hospitalinnovate.org/wp-admin/plugins.php?plugin_status=all&paged=1&s" "Mozilla/5.0 (Windows NT 10.0; Win64; x64) AppleWebKit/537.36 (KHTML, like Gecko) Chrome/151.0.0.0 Safari/537.36 Edg/151.0.0.0"
153.67.110.26 - - [17/Aug/2026:13:22:25 -0400] "POST /xmlrpc.php HTTP/1.1" 503 18040
24.130.16.15 - - [17/Aug/2026:13:22:24 -0400] "POST /wp-admin/admin-ajax.php HTTP/1.1" 200 140 "https://adept.hospitalinnovate.org/wp-admin/plugins.php?plugin_status=all&paged=1&s" "Mozilla/5.0 (Windows NT 10.0; Win64; x64) AppleWebKit/537.36 (KHTML, like Gecko) Chrome/151.0.0.0 Safari/537.36 Edg/151.0.0.0"
69.39.225.240 - - [17/Aug/2026:13:22:30 -0400] "POST /wp-cron.php?doing_wp_cron=1786987350.4223349094390869140625 HTTP/1.1" 200 20 "-" "WordPress/7.0.4; https://adept.hospitalinnovate.org"
24.130.16.15 - - [17/Aug/2026:13:22:29 -0400] "POST /wp-admin/admin-ajax.php HTTP/1.1" 200 189 "https://adept.hospitalinnovate.org/wp-admin/plugins.php?plugin_status=all&paged=1&s" "Mozilla/5.0 (Windows NT 10.0; Win64; x64) AppleWebKit/537.36 (KHTML, like Gecko) Chrome/151.0.0.0 Safari/537.36 Edg/151.0.0.0"
153.67.110.26 - - [17/Aug/2026:13:22:35 -0400] "POST /xmlrpc.php HTTP/1.1" 503 18040
153.67.110.26 - - [17/Aug/2026:13:22:46 -0400] "POST /xmlrpc.php HTTP/1.1" 503 18040
153.67.110.26 - - [17/Aug/2026:13:22:56 -0400] "POST /xmlrpc.php HTTP/1.1" 503 18040
69.39.225.240 - - [17/Aug/2026:13:23:01 -0400] "POST /wp-cron.php?doing_wp_cron=1786987381.2561509609222412109375 HTTP/1.1" 200 20 "-" "WordPress/7.0.4; https://adept.hospitalinnovate.org"
24.130.16.15 - - [17/Aug/2026:13:23:00 -0400] "GET /wp-admin/plugin-install.php?tab=plugin-information&plugin=arconix-shortcodes& HTTP/1.1" 200 20005 "https://adept.hospitalinnovate.org/wp-admin/plugins.php?plugin_status=all&paged=1&s" "Mozilla/5.0 (Windows NT 10.0; Win64; x64) AppleWebKit/537.36 (KHTML, like Gecko) Chrome/151.0.0.0 Safari/537.36 Edg/151.0.0.0"
24.130.16.15 - - [17/Aug/2026:13:23:01 -0400] "GET /wp-content/plugins/arconix-shortcodes/includes/css/admin.css?ver=2.2.1 HTTP/1.1" 304 - "https://adept.hospitalinnovate.org/wp-admin/plugin-install.php?tab=plugin-information&plugin=arconix-shortcodes&" "Mozilla/5.0 (Windows NT 10.0; Win64; x64) AppleWebKit/537.36 (KHTML, like Gecko) Chrome/151.0.0.0 Safari/537.36 Edg/151.0.0.0"
24.130.16.15 - - [17/Aug/2026:13:23:01 -0400] "GET /wp-content/plugins/arconix-shortcodes/includes/component/tracking-data/assets/js/dismiss-notice.js?ver=7.0.4 HTTP/1.1" 304 - "https://adept.hospitalinnovate.org/wp-admin/plugin-install.php?tab=plugin-information&plugin=arconix-shortcodes&" "Mozilla/5.0 (Windows NT 10.0; Win64; x64) AppleWebKit/537.36 (KHTML, like Gecko) Chrome/151.0.0.0 Safari/537.36 Edg/151.0.0.0"
153.67.110.26 - - [17/Aug/2026:13:23:07 -0400] "POST /xmlrpc.php HTTP/1.1" 503 18040
69.39.225.240 - - [17/Aug/2026:13:23:15 -0400] "POST /wp-cron.php?doing_wp_cron=1786987395.0356030464172363281250 HTTP/1.1" 200 20 "-" "WordPress/7.0.4; https://adept.hospitalinnovate.org"
24.130.16.15 - - [17/Aug/2026:13:23:14 -0400] "POST /wp-admin/admin-ajax.php HTTP/1.1" 200 67 "https://adept.hospitalinnovate.org/wp-admin/plugins.php?plugin_status=all&paged=1&s" "Mozilla/5.0 (Windows NT 10.0; Win64; x64) AppleWebKit/537.36 (KHTML, like Gecko) Chrome/151.0.0.0 Safari/537.36 Edg/151.0.0.0"
153.67.110.26 - - [17/Aug/2026:13:23:17 -0400] "POST /xmlrpc.php HTTP/1.1" 503 18040
153.67.110.26 - - [17/Aug/2026:13:23:28 -0400] "POST /xmlrpc.php HTTP/1.1" 503 18040
69.39.225.240 - - [17/Aug/2026:13:23:32 -0400] "POST /wp-cron.php?doing_wp_cron=1786987412.1746060848236083984375 HTTP/1.1" 200 20 "-" "WordPress/7.0.4; https://adept.hospitalinnovate.org"
24.130.16.15 - - [17/Aug/2026:13:23:31 -0400] "GET /wp-admin/edit.php?post_type=page HTTP/1.1" 200 24474 "https://adept.hospitalinnovate.org/wp-admin/plugins.php?plugin_status=all&paged=1&s" "Mozilla/5.0 (Windows NT 10.0; Win64; x64) AppleWebKit/537.36 (KHTML, like Gecko) Chrome/151.0.0.0 Safari/537.36 Edg/151.0.0.0"
24.130.16.15 - - [17/Aug/2026:13:23:32 -0400] "GET /wp-content/plugins/cesis_cp/assets/css.min/simple-page-ordering.css?ver=7.0.4 HTTP/1.1" 200 646 "https://adept.hospitalinnovate.org/wp-admin/edit.php?post_type=page" "Mozilla/5.0 (Windows NT 10.0; Win64; x64) AppleWebKit/537.36 (KHTML, like Gecko) Chrome/151.0.0.0 Safari/537.36 Edg/151.0.0.0"
24.130.16.15 - - [17/Aug/2026:13:23:32 -0400] "GET /wp-content/plugins/arconix-shortcodes/includes/css/admin.css?ver=2.2.1 HTTP/1.1" 304 - "https://adept.hospitalinnovate.org/wp-admin/edit.php?post_type=page" "Mozilla/5.0 (Windows NT 10.0; Win64; x64) AppleWebKit/537.36 (KHTML, like Gecko) Chrome/151.0.0.0 Safari/537.36 Edg/151.0.0.0"
24.130.16.15 - - [17/Aug/2026:13:23:32 -0400] "GET /wp-content/plugins/cesis_cp/assets/css.min/backend.editor.css?ver=7.0.4 HTTP/1.1" 200 20310 "https://adept.hospitalinnovate.org/wp-admin/edit.php?post_type=page" "Mozilla/5.0 (Windows NT 10.0; Win64; x64) AppleWebKit/537.36 (KHTML, like Gecko) Chrome/151.0.0.0 Safari/537.36 Edg/151.0.0.0"
24.130.16.15 - - [17/Aug/2026:13:23:32 -0400] "GET /wp-content/plugins/arconix-shortcodes/includes/component/tracking-data/assets/images/site-logo-new.jpg HTTP/1.1" 304 - "https://adept.hospitalinnovate.org/wp-admin/edit.php?post_type=page" "Mozilla/5.0 (Windows NT 10.0; Win64; x64) AppleWebKit/537.36 (KHTML, like Gecko) Chrome/151.0.0.0 Safari/537.36 Edg/151.0.0.0"
24.130.16.15 - - [17/Aug/2026:13:23:32 -0400] "GET /wp-content/plugins/cesis_cp/assets/js.min/simple-page-ordering.min.js?ver=2.1 HTTP/1.1" 200 2650 "https://adept.hospitalinnovate.org/wp-admin/edit.php?post_type=page" "Mozilla/5.0 (Windows NT 10.0; Win64; x64) AppleWebKit/537.36 (KHTML, like Gecko) Chrome/151.0.0.0 Safari/537.36 Edg/151.0.0.0"
