103.74.132.134 - - [18/Aug/2026:01:11:24 -0400] "GET /wp-content/plugins/elementor/assets/lib/eicons/css/elementor-icons.min.css?ver=5.53.0 HTTP/1.1" 200 22258
185.152.250.247 - - [18/Aug/2026:01:11:24 -0400] "GET /wp-content/plugins/woocommerce/assets/js/photoswipe/photoswipe.min.js?ver=4.1.1-wc.11.0.1 HTTP/1.1" 200 31626
140.174.114.35 - - [18/Aug/2026:01:11:24 -0400] "GET /wp-content/uploads/2019/08/PE-104MC-infographic-600x480.png HTTP/1.1" 206 500
192.161.54.246 - - [18/Aug/2026:01:11:24 -0400] "GET /wp-content/uploads/2019/04/PD-2B-infographic-300x300.png HTTP/1.1" 206 500
185.152.37.211 - - [18/Aug/2026:01:11:24 -0400] "GET /wp-content/plugins/woocommerce/assets/js/flexslider/jquery.flexslider.min.js?ver=2.7.2-wc.11.0.1 HTTP/1.1" 200 21555
104.222.171.83 - - [18/Aug/2026:01:11:24 -0400] "GET /wp-content/plugins/woocommerce/assets/js/photoswipe/photoswipe-ui-default.min.js?ver=4.1.1-wc.11.0.1 HTTP/1.1" 200 9749
173.44.41.198 - - [18/Aug/2026:01:11:24 -0400] "GET /wp-content/plugins/woocommerce/assets/css/photoswipe/default-skin/default-skin.min.css?ver=11.0.1 HTTP/1.1" 200 7953
45.80.164.159 - - [18/Aug/2026:01:11:24 -0400] "GET /wp-content/plugins/woocommerce/assets/css/brands.css?ver=11.0.1 HTTP/1.1" 200 2277
23.230.84.202 - - [18/Aug/2026:01:11:24 -0400] "GET /wp-content/uploads/elementor/css/post-25.css?ver=1786921612 HTTP/1.1" 200 9795
103.74.132.234 - - [18/Aug/2026:01:11:24 -0400] "GET /wp-content/uploads/2019/04/PD-2B-infographic-300x300.png HTTP/1.1" 206 500
47.128.16.62 - - [18/Aug/2026:01:11:24 -0400] "GET /wp-content/uploads/2019/08/PE-104MC_front-393x1024.jpg HTTP/1.1" 304 -
190.106.185.237 - - [18/Aug/2026:01:11:24 -0400] "GET /wp-content/uploads/2019/08/PE-104MC_2000x2000-600x600.jpg HTTP/1.1" 304 -
104.243.196.121 - - [18/Aug/2026:01:11:24 -0400] "GET /wp-content/uploads/2019/04/PD-SSTG-1B-300x300.png HTTP/1.1" 206 500
47.128.16.62 - - [18/Aug/2026:01:11:24 -0400] "GET /wp-content/uploads/2019/08/PE-109MC_2_2000x2000-300x300.jpg HTTP/1.1" 206 25040
47.128.23.33 - - [18/Aug/2026:01:11:24 -0400] "GET /wp-content/uploads/2019/08/PE1110PF-FT-infographic-300x300.png HTTP/1.1" 206 500
47.128.23.33 - - [18/Aug/2026:01:11:25 -0400] "GET /wp-content/uploads/2019/04/LE_PE-102-9-holster-300x300.png HTTP/1.1" 206 500
192.161.165.240 - - [18/Aug/2026:01:11:25 -0400] "GET /wp-content/uploads/2019/08/PE1110PF-FT-infographic-300x300.png HTTP/1.1" 206 500
128.242.231.35 - - [18/Aug/2026:01:11:25 -0400] "GET /wp-content/plugins/woocommerce/assets/js/flexslider/jquery.flexslider.min.js?ver=2.7.2-wc.11.0.1 HTTP/1.1" 200 21555
47.128.23.33 - - [18/Aug/2026:01:11:25 -0400] "GET /wp-content/uploads/2019/08/PE1110_2000x2000-300x300.webp HTTP/1.1" 206 500
209.139.34.232 - - [18/Aug/2026:01:11:25 -0400] "GET /wp-content/uploads/2019/03/PD-PD-2B-300x300.png HTTP/1.1" 206 500
185.210.205.236 - - [18/Aug/2026:01:11:25 -0400] "GET /wp-content/plugins/gp-premium/woocommerce/functions/css/woocommerce.min.css?ver=2.5.6 HTTP/1.1" 200 24317
84.37.155.240 - - [18/Aug/2026:01:11:25 -0400] "GET /wp-content/themes/generatepress/assets/css/unsemantic-grid.min.css?ver=3.6.1 HTTP/1.1" 200 12551
47.128.23.33 - - [18/Aug/2026:01:11:25 -0400] "GET /wp-content/uploads/2019/08/PE510M-FT-infographic-300x300.png HTTP/1.1" 206 500
72.63.17.123 - - [18/Aug/2026:01:11:25 -0400] "GET /wp-content/uploads/2019/08/PE-104MC_2000x2000-600x600.jpg HTTP/1.1" 206 500
47.128.16.62 - - [18/Aug/2026:01:11:25 -0400] "GET /wp-content/uploads/2019/08/PE-109MC_1000x1000-300x300.jpg HTTP/1.1" 206 8372
47.128.23.33 - - [18/Aug/2026:01:11:25 -0400] "GET /wp-content/plugins/woocommerce/assets/js/photoswipe/photoswipe-ui-default.min.js?ver=4.1.1-wc.11.0.1 HTTP/1.1" 200 9749
47.128.23.33 - - [18/Aug/2026:01:11:25 -0400] "GET /wp-content/uploads/2019/04/LE_PE-109MC-flap_2-600x600.png HTTP/1.1" 206 500
103.250.80.3 - - [18/Aug/2026:01:11:25 -0400] "GET /wp-content/uploads/elementor/google-fonts/css/roboto.css?ver=1742240852 HTTP/1.1" 200 104004
204.44.107.241 - - [18/Aug/2026:01:11:25 -0400] "GET /wp-content/plugins/woocommerce/assets/css/photoswipe/photoswipe.min.css?ver=11.0.1 HTTP/1.1" 200 3285
72.63.16.205 - - [18/Aug/2026:01:11:25 -0400] "GET /wp-content/plugins/elementor/assets/lib/font-awesome/css/v4-shims.min.css?ver=4.2.2 HTTP/1.1" 200 26702
103.74.132.134 - - [18/Aug/2026:01:11:25 -0400] "GET /wp-content/plugins/gp-premium/woocommerce/functions/css/woocommerce-mobile.min.css?ver=2.5.6 HTTP/1.1" 200 4163
192.161.54.246 - - [18/Aug/2026:01:11:25 -0400] "GET /wp-content/uploads/2019/08/PE-104MC_2000x2000-600x600.jpg HTTP/1.1" 304 -
45.80.166.92 - - [18/Aug/2026:01:11:25 -0400] "GET /wp-content/themes/generatepress/assets/css/mobile.min.css?ver=3.6.1 HTTP/1.1" 200 3781
173.44.41.198 - - [18/Aug/2026:01:11:25 -0400] "GET /wp-content/plugins/woocommerce-paypal-payments/assets/ppcp-button-css-gateway.css?ver=4.1.2 HTTP/1.1" 200 1232
86.105.104.231 - - [18/Aug/2026:01:11:25 -0400] "GET /wp-content/plugins/woocommerce-paypal-payments/assets/ppcp-button-js-button.js?ver=4.1.2 HTTP/1.1" 200 180927
45.80.164.159 - - [18/Aug/2026:01:11:25 -0400] "GET /wp-content/themes/generatepress/assets/css/components/font-icons.min.css?ver=3.6.1 HTTP/1.1" 200 2964
47.128.23.33 - - [18/Aug/2026:01:11:25 -0400] "GET /wp-content/plugins/woocommerce/assets/js/frontend/cart-fragments.min.js?ver=11.0.1 HTTP/1.1" 200 2939
104.164.114.4 - - [18/Aug/2026:01:11:25 -0400] "GET /wp-content/plugins/woocommerce-paypal-payments/assets/ppcp-button-js-button.js?ver=4.1.2 HTTP/1.1" 200 180927
84.37.155.89 - - [18/Aug/2026:01:11:25 -0400] "GET /wp-content/plugins/elementor/assets/lib/font-awesome/css/fontawesome.min.css?ver=5.15.3 HTTP/1.1" 200 58071
140.174.114.35 - - [18/Aug/2026:01:11:25 -0400] "GET /wp-content/plugins/woocommerce/assets/js/frontend/single-product.min.js?ver=11.0.1 HTTP/1.1" 200 9802
190.106.185.237 - - [18/Aug/2026:01:11:25 -0400] "GET /wp-content/uploads/2019/08/PE-104MC_2000x2000-600x600.jpg HTTP/1.1" 206 22529
47.128.23.33 - - [18/Aug/2026:01:11:25 -0400] "GET /wp-content/uploads/2019/04/LE_PE-104MC-back-600x600.png HTTP/1.1" 206 500
47.128.23.33 - - [18/Aug/2026:01:11:25 -0400] "GET /wp-content/uploads/2019/04/LE_PE-104MC-flap-600x600.png HTTP/1.1" 206 500
47.128.23.33 - - [18/Aug/2026:01:11:25 -0400] "GET /wp-content/uploads/2019/08/PE-104MC_front-393x1024.jpg HTTP/1.1" 206 500
192.161.165.240 - - [18/Aug/2026:01:11:25 -0400] "GET /wp-content/plugins/woocommerce/assets/js/photoswipe/photoswipe-ui-default.min.js?ver=4.1.1-wc.11.0.1 HTTP/1.1" 200 9749
213.201.139.234 - - [18/Aug/2026:01:11:25 -0400] "GET /wp-content/themes/generatepress/assets/css/style.min.css?ver=3.6.1 HTTP/1.1" 200 21908
103.74.132.234 - - [18/Aug/2026:01:11:25 -0400] "GET /wp-content/uploads/2019/03/PD-PDVP-1-300x300.png HTTP/1.1" 206 500
23.230.84.202 - - [18/Aug/2026:01:11:25 -0400] "GET /wp-content/plugins/gp-premium/general/icons/icons.min.css?ver=2.5.6 HTTP/1.1" 200 272
185.152.37.211 - - [18/Aug/2026:01:11:25 -0400] "GET /wp-content/plugins/woocommerce/assets/js/frontend/single-product.min.js?ver=11.0.1 HTTP/1.1" 200 9802
104.243.196.121 - - [18/Aug/2026:01:11:25 -0400] "GET /wp-content/uploads/2019/08/PD-2Z-infographic-300x300.png HTTP/1.1" 206 500
209.139.34.232 - - [18/Aug/2026:01:11:25 -0400] "GET /wp-content/uploads/2019/08/PE1110_2000x2000-300x300.webp HTTP/1.1" 206 500
185.152.39.7 - - [18/Aug/2026:01:11:25 -0400] "GET /wp-content/plugins/elementor/assets/css/frontend.min.css?ver=4.2.2 HTTP/1.1" 200 54666
47.128.23.33 - - [18/Aug/2026:01:11:25 -0400] "GET /wp-content/uploads/2019/05/CreditCards_PP.png HTTP/1.1" 206 500
185.210.205.236 - - [18/Aug/2026:01:11:25 -0400] "GET /wp-content/uploads/elementor/google-fonts/css/robotoslab.css?ver=1742240854 HTTP/1.1" 200 23625
204.44.107.241 - - [18/Aug/2026:01:11:25 -0400] "GET /wp-content/plugins/woocommerce/assets/css/brands.css?ver=11.0.1 HTTP/1.1" 200 2277
47.128.16.62 - - [18/Aug/2026:01:11:25 -0400] "GET /wp-content/uploads/2019/08/PE-104MC_front-393x1024.jpg HTTP/1.1" 206 84461
103.74.132.134 - - [18/Aug/2026:01:11:25 -0400] "GET /wp-content/plugins/elementor/assets/lib/font-awesome/css/solid.min.css?ver=5.15.3 HTTP/1.1" 200 669
84.37.155.240 - - [18/Aug/2026:01:11:25 -0400] "GET /wp-content/plugins/elementor-pro/assets/css/widget-nav-menu.min.css?ver=4.2.1 HTTP/1.1" 200 27363
192.161.54.246 - - [18/Aug/2026:01:11:25 -0400] "GET /wp-content/uploads/2019/08/PE-104MC_2000x2000-600x600.jpg HTTP/1.1" 206 22529
45.80.166.92 - - [18/Aug/2026:01:11:25 -0400] "GET /wp-content/plugins/elementor/assets/lib/swiper/v8/css/swiper.min.css?ver=8.4.5 HTTP/1.1" 200 16471
104.164.223.0 - - [18/Aug/2026:01:11:25 -0400] "GET /wp-content/uploads/2019/03/PD-PD-2Z-300x300.png HTTP/1.1" 206 500
173.44.41.198 - - [18/Aug/2026:01:11:25 -0400] "GET /wp-content/plugins/gp-premium/blog/functions/css/featured-images.min.css?ver=2.5.6 HTTP/1.1" 200 3293
45.80.164.159 - - [18/Aug/2026:01:11:25 -0400] "GET /wp-content/plugins/elementor/assets/css/widget-image.min.css?ver=4.2.2 HTTP/1.1" 200 214
102.128.167.43 - - [18/Aug/2026:01:11:25 -0400] "GET /wp-content/uploads/2019/08/PE-104MC_2000x2000-600x600.jpg HTTP/1.1" 304 -
47.128.23.33 - - [18/Aug/2026:01:11:25 -0400] "GET /wp-content/uploads/2019/08/PE-104MC_front-393x1024.jpg HTTP/1.1" 304 -
192.161.171.1 - - [18/Aug/2026:01:11:25 -0400] "GET /wp-content/uploads/2019/08/PE-104MC_2000x2000-600x600.jpg HTTP/1.1" 206 500
104.222.174.238 - - [18/Aug/2026:01:11:25 -0400] "GET /wp-content/uploads/2019/03/PD-PD-3-300x300.png HTTP/1.1" 206 500
104.222.171.83 - - [18/Aug/2026:01:11:25 -0400] "GET /wp-content/uploads/2025/10/PE-9_2000x2000-1-300x300.webp HTTP/1.1" 206 500
104.164.223.4 - - [18/Aug/2026:01:11:25 -0400] "GET /wp-content/uploads/2019/04/LE_PE-102-9-holster-300x300.png HTTP/1.1" 206 500
192.161.168.109 - - [18/Aug/2026:01:11:25 -0400] "GET /wp-content/uploads/2019/08/PE-104MC-infographic-600x480.png HTTP/1.1" 206 500
72.63.17.123 - - [18/Aug/2026:01:11:25 -0400] "GET /wp-content/plugins/woocommerce/assets/js/frontend/cart-fragments.min.js?ver=11.0.1 HTTP/1.1" 200 2939
103.74.132.234 - - [18/Aug/2026:01:11:25 -0400] "GET /wp-content/uploads/2019/08/PE-104MC_front-393x1024.jpg HTTP/1.1" 206 500
185.170.110.113 - - [18/Aug/2026:01:11:25 -0400] "GET /wp-content/uploads/2025/10/PE_Infographic_2000x2000-300x300.webp HTTP/1.1" 206 500
103.250.80.3 - - [18/Aug/2026:01:11:25 -0400] "GET /wp-content/uploads/elementor/css/post-2163.css?ver=1786921611 HTTP/1.1" 200 1360
185.152.250.247 - - [18/Aug/2026:01:11:25 -0400] "GET /wp-content/plugins/woocommerce/assets/js/frontend/cart-fragments.min.js?ver=11.0.1 HTTP/1.1" 200 2939
209.139.34.232 - - [18/Aug/2026:01:11:25 -0400] "GET /wp-content/plugins/woocommerce/assets/js/photoswipe/photoswipe.min.js?ver=4.1.1-wc.11.0.1 HTTP/1.1" 200 31626
23.230.84.202 - - [18/Aug/2026:01:11:25 -0400] "GET /wp-content/plugins/gp-premium/blog/functions/css/featured-images.min.css?ver=2.5.6 HTTP/1.1" 200 3293
47.128.23.33 - - [18/Aug/2026:01:11:25 -0400] "GET /wp-content/plugins/elementor/assets/lib/share-link/share-link.min.js?ver=4.2.2 HTTP/1.1" 200 2752
47.128.23.33 - - [18/Aug/2026:01:11:25 -0400] "GET /wp-content/plugins/elementor/assets/css/conditionals/dialog.min.css?ver=4.2.2 HTTP/1.1" 200 16528
204.44.107.241 - - [18/Aug/2026:01:11:25 -0400] "GET /wp-content/uploads/2024/05/PE-45-GEL_infographic_2000x2000-300x300.webp HTTP/1.1" 206 500
84.37.155.89 - - [18/Aug/2026:01:11:25 -0400] "GET /wp-content/plugins/elementor/assets/lib/font-awesome/css/all.min.css?ver=4.2.2 HTTP/1.1" 200 59344
192.161.165.240 - - [18/Aug/2026:01:11:25 -0400] "GET /wp-content/plugins/woocommerce/assets/js/frontend/cart-fragments.min.js?ver=11.0.1 HTTP/1.1" 200 2939
103.74.132.134 - - [18/Aug/2026:01:11:25 -0400] "GET /wp-content/plugins/elementor/assets/lib/font-awesome/css/brands.min.css?ver=5.15.3 HTTP/1.1" 200 675
72.63.16.205 - - [18/Aug/2026:01:11:25 -0400] "GET /wp-content/uploads/elementor/css/post-285.css?ver=1786921612 HTTP/1.1" 200 2112
47.128.23.33 - - [18/Aug/2026:01:11:25 -0400] "GET /wp-content/plugins/elementor/assets/css/conditionals/lightbox.min.css?ver=4.2.2 HTTP/1.1" 200 11305
128.242.231.35 - - [18/Aug/2026:01:11:25 -0400] "GET /wp-content/uploads/2019/08/PE-104MC_front-393x1024.jpg HTTP/1.1" 206 500
45.80.164.159 - - [18/Aug/2026:01:11:25 -0400] "GET /wp-content/plugins/elementor/assets/css/conditionals/e-swiper.min.css?ver=4.2.2 HTTP/1.1" 200 5486
45.80.166.92 - - [18/Aug/2026:01:11:26 -0400] "GET /wp-content/plugins/elementor/assets/css/widget-social-icons.min.css?ver=4.2.2 HTTP/1.1" 200 5110
185.210.205.236 - - [18/Aug/2026:01:11:25 -0400] "GET /wp-includes/js/jquery/jquery.min.js?ver=3.7.1 HTTP/1.1" 200 87553
173.44.41.198 - - [18/Aug/2026:01:11:26 -0400] "GET /wp-content/uploads/2024/05/PE-45-GEL_5_2000x2000-300x300.webp HTTP/1.1" 206 500
47.128.23.33 - - [18/Aug/2026:01:11:26 -0400] "GET /wp-content/plugins/elementor/assets/lib/dialog/dialog.min.js?ver=4.9.3 HTTP/1.1" 200 11622
102.128.167.43 - - [18/Aug/2026:01:11:26 -0400] "GET /wp-content/uploads/2019/08/PE-104MC_2000x2000-600x600.jpg HTTP/1.1" 206 22529
23.109.176.37 - - [18/Aug/2026:01:11:26 -0400] "GET /wp-includes/js/dist/vendor/wp-polyfill.min.js?ver=3.15.0 HTTP/1.1" 200 33744
47.128.23.33 - - [18/Aug/2026:01:11:26 -0400] "GET /wp-content/plugins/elementor/assets/js/lightbox.3f9b3a051b2336dd5372.bundle.min.js HTTP/1.1" 200 29496
47.128.23.33 - - [18/Aug/2026:01:11:26 -0400] "GET /wp-content/plugins/elementor/assets/js/397f2d183c19202777d6.bundle.min.js HTTP/1.1" 200 23933
104.222.171.83 - - [18/Aug/2026:01:11:26 -0400] "GET /wp-content/uploads/2019/08/PE-104MC_front-393x1024.jpg HTTP/1.1" 206 500
185.152.39.7 - - [18/Aug/2026:01:11:26 -0400] "GET /wp-content/plugins/elementor/assets/css/conditionals/apple-webkit.min.css?ver=4.2.2 HTTP/1.1" 200 6713
103.74.132.234 - - [18/Aug/2026:01:11:26 -0400] "GET /wp-content/uploads/2019/08/PE-104MC_front-393x1024.jpg HTTP/1.1" 304 -
103.250.80.3 - - [18/Aug/2026:01:11:26 -0400] "GET /wp-includes/js/jquery/jquery-migrate.min.js?ver=3.4.1 HTTP/1.1" 200 13577
104.164.223.4 - - [18/Aug/2026:01:11:26 -0400] "GET /wp-content/plugins/woocommerce-paypal-payments/assets/ppcp-button-js-button.js?ver=4.1.2 HTTP/1.1" 200 180927
84.37.155.240 - - [18/Aug/2026:01:11:26 -0400] "GET /wp-content/uploads/elementor/css/post-2163.css?ver=1786921611 HTTP/1.1" 200 1360
23.230.84.202 - - [18/Aug/2026:01:11:26 -0400] "GET /wp-content/plugins/woocommerce-ebizcharge-gateway/assets/js/edit_billing_details.js?ver=1 HTTP/1.1" 200 1856
213.201.139.234 - - [18/Aug/2026:01:11:26 -0400] "GET /wp-content/plugins/elementor/assets/lib/eicons/css/elementor-icons.min.css?ver=5.53.0 HTTP/1.1" 200 22258
103.74.132.134 - - [18/Aug/2026:01:11:26 -0400] "GET /wp-content/plugins/woocommerce-ebizcharge-gateway/assets/js/check_cvv.js?ver=1 HTTP/1.1" 200 1014
192.161.171.1 - - [18/Aug/2026:01:11:26 -0400] "GET /wp-content/uploads/2019/08/PE-104MC_2000x2000-600x600.jpg HTTP/1.1" 304 -
128.242.231.35 - - [18/Aug/2026:01:11:26 -0400] "GET /wp-content/uploads/2019/08/PE-104MC_front-393x1024.jpg HTTP/1.1" 304 -
104.164.223.0 - - [18/Aug/2026:01:11:26 -0400] "GET /wp-content/plugins/elementor/assets/js/lightbox.3f9b3a051b2336dd5372.bundle.min.js HTTP/1.1" 200 29496
47.128.23.33 - - [18/Aug/2026:01:11:26 -0400] "GET /wp-content/uploads/2019/08/PE-104MC-infographic-100x100.png HTTP/1.1" 206 500
104.164.114.4 - - [18/Aug/2026:01:11:26 -0400] "GET /wp-content/plugins/elementor/assets/lib/dialog/dialog.min.js?ver=4.9.3 HTTP/1.1" 200 11622
192.161.165.240 - - [18/Aug/2026:01:11:26 -0400] "GET /wp-content/plugins/elementor/assets/lib/dialog/dialog.min.js?ver=4.9.3 HTTP/1.1" 200 11622
45.80.164.159 - - [18/Aug/2026:01:11:26 -0400] "GET /wp-content/plugins/elementor/assets/lib/font-awesome/css/all.min.css?ver=4.2.2 HTTP/1.1" 200 59344
140.174.114.35 - - [18/Aug/2026:01:11:26 -0400] "GET /wp-content/plugins/elementor/assets/css/conditionals/lightbox.min.css?ver=4.2.2 HTTP/1.1" 200 11305
86.105.104.231 - - [18/Aug/2026:01:11:26 -0400] "GET /wp-content/plugins/elementor/assets/js/397f2d183c19202777d6.bundle.min.js HTTP/1.1" 200 23933
45.38.156.11 - - [18/Aug/2026:01:11:26 -0400] "GET /wp-content/plugins/woocommerce/assets/js/photoswipe/photoswipe.min.js?ver=4.1.1-wc.11.0.1 HTTP/1.1" 200 31626
209.139.34.232 - - [18/Aug/2026:01:11:26 -0400] "GET /wp-content/plugins/elementor/assets/js/lightbox.3f9b3a051b2336dd5372.bundle.min.js HTTP/1.1" 200 29496
104.243.196.121 - - [18/Aug/2026:01:11:26 -0400] "GET /wp-content/uploads/2019/08/PE-104MC_2000x2000-100x100.jpg HTTP/1.1" 206 500
45.80.166.92 - - [18/Aug/2026:01:11:26 -0400] "GET /wp-content/plugins/elementor/assets/lib/font-awesome/css/v4-shims.min.css?ver=4.2.2 HTTP/1.1" 200 26702
47.128.23.33 - - [18/Aug/2026:01:11:26 -0400] "GET /wp-content/uploads/2019/08/PE-104MC_front-393x1024.jpg HTTP/1.1" 206 84461
72.63.17.123 - - [18/Aug/2026:01:11:26 -0400] "GET /wp-content/plugins/elementor/assets/js/397f2d183c19202777d6.bundle.min.js HTTP/1.1" 200 23933
204.44.107.241 - - [18/Aug/2026:01:11:26 -0400] "GET /wp-content/uploads/2019/08/PE-102MC_infographic-300x300.png HTTP/1.1" 206 500
47.128.23.33 - - [18/Aug/2026:01:11:26 -0400] "GET /wp-content/uploads/2019/08/PE-104MC_front-100x100.jpg HTTP/1.1" 206 500
103.74.132.234 - - [18/Aug/2026:01:11:26 -0400] "GET /wp-content/plugins/elementor/assets/css/conditionals/lightbox.min.css?ver=4.2.2 HTTP/1.1" 200 11305
192.161.168.109 - - [18/Aug/2026:01:11:26 -0400] "GET /wp-content/uploads/2019/04/SSTG-4B-infographic-300x300.png HTTP/1.1" 206 500
104.222.171.83 - - [18/Aug/2026:01:11:26 -0400] "GET /wp-content/uploads/2019/08/PE-104MC_front-393x1024.jpg HTTP/1.1" 304 -
173.44.41.198 - - [18/Aug/2026:01:11:26 -0400] "GET /wp-content/uploads/2019/04/LE_PE-102MC-side-300x300.png HTTP/1.1" 206 500
84.37.155.89 - - [18/Aug/2026:01:11:26 -0400] "GET /wp-content/uploads/2019/08/PE-104MC_2000x2000-600x600.jpg HTTP/1.1" 206 500
185.99.28.180 - - [18/Aug/2026:01:11:26 -0400] "GET /wp-content/plugins/woocommerce/assets/js/flexslider/jquery.flexslider.min.js?ver=2.7.2-wc.11.0.1 HTTP/1.1" 200 21555
185.152.39.7 - - [18/Aug/2026:01:11:26 -0400] "GET /wp-content/uploads/elementor/css/post-25.css?ver=1786921612 HTTP/1.1" 200 9795
72.63.16.205 - - [18/Aug/2026:01:11:26 -0400] "GET /wp-content/plugins/elementor/assets/lib/font-awesome/js/v4-shims.min.js?ver=4.2.2 HTTP/1.1" 200 15073
69.39.225.240 - - [18/Aug/2026:01:11:26 -0400] "POST /wp-cron.php?doing_wp_cron=1787029886.5577039718627929687500 HTTP/1.1" 200 20
47.128.23.33 - - [18/Aug/2026:01:11:26 -0400] "GET /wp-content/plugins/elementor-pro/assets/js/share-buttons.b99b5ff11c944a3a8ea9.bundle.min.js HTTP/1.1" 200 1568
23.109.176.37 - - [18/Aug/2026:01:11:26 -0400] "GET /wp-content/plugins/woocommerce/assets/js/frontend/single-product.min.js?ver=11.0.1 HTTP/1.1" 200 9802
47.128.23.33 - - [18/Aug/2026:01:11:26 -0400] "POST /?wc-ajax=get_refreshed_fragments HTTP/1.1" 200 457
84.37.155.240 - - [18/Aug/2026:01:11:26 -0400] "GET /wp-content/uploads/elementor/css/post-285.css?ver=1786921612 HTTP/1.1" 200 2112
192.161.171.1 - - [18/Aug/2026:01:11:26 -0400] "GET /wp-content/plugins/elementor/assets/js/397f2d183c19202777d6.bundle.min.js HTTP/1.1" 200 23933
140.174.114.35 - - [18/Aug/2026:01:11:26 -0400] "GET /wp-content/uploads/2019/08/PE-104MC_front-100x100.jpg HTTP/1.1" 206 500
103.74.132.134 - - [18/Aug/2026:01:11:26 -0400] "GET /wp-content/uploads/2019/03/cropped-PD-logo-2-line-1.png HTTP/1.1" 206 500
185.210.205.236 - - [18/Aug/2026:01:11:26 -0400] "GET /wp-content/uploads/2019/08/PE-104MC-infographic-600x480.png HTTP/1.1" 206 500
86.105.106.36 - - [18/Aug/2026:01:11:26 -0400] "GET /wp-content/uploads/2019/04/PD-SSTG-4B-2-300x300.png HTTP/1.1" 206 500
204.44.107.241 - - [18/Aug/2026:01:11:26 -0400] "GET /wp-content/uploads/2019/08/PE-104MC_2000x2000-600x600.jpg HTTP/1.1" 206 22529
209.139.34.232 - - [18/Aug/2026:01:11:26 -0400] "GET /wp-content/uploads/2019/08/PE-104MC_front-393x1024.jpg HTTP/1.1" 206 84461
104.164.223.0 - - [18/Aug/2026:01:11:26 -0400] "GET /wp-content/uploads/2019/08/PE-104MC-infographic-100x100.png HTTP/1.1" 206 500
104.243.196.121 - - [18/Aug/2026:01:11:26 -0400] "GET /wp-content/uploads/2019/08/PE-104MC_front-393x1024.jpg HTTP/1.1" 206 84461
103.74.132.234 - - [18/Aug/2026:01:11:26 -0400] "GET /wp-content/uploads/2019/08/PE-104MC_front-100x100.jpg HTTP/1.1" 206 500
47.128.23.33 - - [18/Aug/2026:01:11:26 -0400] "GET /wp-content/uploads/2019/08/PE-104MC_front-100x100.jpg HTTP/1.1" 304 -
45.38.156.11 - - [18/Aug/2026:01:11:26 -0400] "GET /wp-content/plugins/woocommerce/assets/js/photoswipe/photoswipe-ui-default.min.js?ver=4.1.1-wc.11.0.1 HTTP/1.1" 200 9749
45.80.166.92 - - [18/Aug/2026:01:11:26 -0400] "GET /wp-content/plugins/gp-premium/blog/functions/css/featured-images.min.css?ver=2.5.6 HTTP/1.1" 200 3293
45.80.164.159 - - [18/Aug/2026:01:11:26 -0400] "GET /wp-content/plugins/gp-premium/woocommerce/functions/css/woocommerce.min.css?ver=2.5.6 HTTP/1.1" 200 24317
84.37.155.89 - - [18/Aug/2026:01:11:26 -0400] "GET /wp-content/uploads/2019/08/PE-104MC_2000x2000-600x600.jpg HTTP/1.1" 304 -
185.152.37.211 - - [18/Aug/2026:01:11:26 -0400] "GET /wp-content/uploads/2019/08/PE-104MC_front-100x100.jpg HTTP/1.1" 206 500
86.105.104.231 - - [18/Aug/2026:01:11:26 -0400] "POST /?wc-ajax=ppc-simulate-cart HTTP/1.1" 200 216
173.44.41.198 - - [18/Aug/2026:01:11:26 -0400] "GET /wp-content/plugins/elementor/assets/js/lightbox.3f9b3a051b2336dd5372.bundle.min.js HTTP/1.1" 200 29496
23.109.176.37 - - [18/Aug/2026:01:11:26 -0400] "GET /wp-content/uploads/2019/03/PD-PD-2B-300x300.png HTTP/1.1" 206 500
104.222.171.83 - - [18/Aug/2026:01:11:26 -0400] "GET /wp-content/uploads/2019/08/PE-104MC_front-393x1024.jpg HTTP/1.1" 206 84461
140.174.114.35 - - [18/Aug/2026:01:11:26 -0400] "GET /wp-content/uploads/2019/08/PE-104MC-infographic-100x100.png HTTP/1.1" 206 500
185.170.110.113 - - [18/Aug/2026:01:11:26 -0400] "GET /wp-content/plugins/elementor-pro/assets/js/share-buttons.b99b5ff11c944a3a8ea9.bundle.min.js HTTP/1.1" 200 1568
103.74.132.134 - - [18/Aug/2026:01:11:26 -0400] "GET /wp-content/uploads/2019/08/PD-2L-infographic-300x300.png HTTP/1.1" 206 500
185.210.205.236 - - [18/Aug/2026:01:11:26 -0400] "GET /wp-content/uploads/2019/03/PD-PD-2L-300x300.png HTTP/1.1" 206 500
84.37.155.240 - - [18/Aug/2026:01:11:26 -0400] "GET /wp-content/plugins/gp-premium/general/icons/icons.min.css?ver=2.5.6 HTTP/1.1" 200 272
185.99.28.180 - - [18/Aug/2026:01:11:27 -0400] "GET /wp-content/uploads/2019/04/PD-2B-infographic-300x300.png HTTP/1.1" 206 500
104.164.114.4 - - [18/Aug/2026:01:11:26 -0400] "POST /?wc-ajax=get_refreshed_fragments HTTP/1.1" 200 457
192.161.165.240 - - [18/Aug/2026:01:11:27 -0400] "GET /wp-content/plugins/elementor-pro/assets/js/share-buttons.b99b5ff11c944a3a8ea9.bundle.min.js HTTP/1.1" 200 1568
47.128.23.33 - - [18/Aug/2026:01:11:27 -0400] "GET /wp-content/uploads/2019/08/PE-104MC_front-100x100.jpg HTTP/1.1" 206 16223
104.164.223.0 - - [18/Aug/2026:01:11:27 -0400] "GET /wp-content/plugins/elementor-pro/assets/js/share-buttons.b99b5ff11c944a3a8ea9.bundle.min.js HTTP/1.1" 200 1568
104.164.223.4 - - [18/Aug/2026:01:11:27 -0400] "GET /wp-content/uploads/2025/10/PE-9_2000x2000-1-300x300.webp HTTP/1.1" 206 500
103.74.132.234 - - [18/Aug/2026:01:11:27 -0400] "GET /wp-content/uploads/2019/08/PE-104MC_2000x2000-100x100.jpg HTTP/1.1" 304 -
185.152.39.7 - - [18/Aug/2026:01:11:27 -0400] "GET /wp-content/plugins/elementor/assets/lib/font-awesome/css/fontawesome.min.css?ver=5.15.3 HTTP/1.1" 200 58071
86.105.104.231 - - [18/Aug/2026:01:11:27 -0400] "GET /wp-content/uploads/2019/08/PE-104MC_front-100x100.jpg HTTP/1.1" 304 -
45.80.164.159 - - [18/Aug/2026:01:11:27 -0400] "GET /wp-content/uploads/elementor/google-fonts/css/robotoslab.css?ver=1742240854 HTTP/1.1" 200 23625
45.38.156.11 - - [18/Aug/2026:01:11:27 -0400] "GET /wp-content/uploads/2025/10/PE_Infographic_2000x2000-300x300.webp HTTP/1.1" 206 500
45.80.166.92 - - [18/Aug/2026:01:11:27 -0400] "GET /wp-content/plugins/elementor/assets/lib/font-awesome/css/solid.min.css?ver=5.15.3 HTTP/1.1" 200 669
185.152.37.211 - - [18/Aug/2026:01:11:27 -0400] "GET /wp-content/uploads/2019/08/PE-104MC_front-100x100.jpg HTTP/1.1" 304 -
213.201.139.234 - - [18/Aug/2026:01:11:27 -0400] "GET /wp-content/uploads/elementor/google-fonts/css/roboto.css?ver=1742240852 HTTP/1.1" 200 104004
84.37.155.89 - - [18/Aug/2026:01:11:27 -0400] "GET /wp-content/uploads/2019/08/PE-104MC_2000x2000-600x600.jpg HTTP/1.1" 206 22529
23.109.176.37 - - [18/Aug/2026:01:11:27 -0400] "GET /wp-content/plugins/woocommerce/assets/js/frontend/cart-fragments.min.js?ver=11.0.1 HTTP/1.1" 200 2939
72.63.17.123 - - [18/Aug/2026:01:11:27 -0400] "GET /wp-content/uploads/2019/08/PE-104MC_front-100x100.jpg HTTP/1.1" 304 -
128.242.231.35 - - [18/Aug/2026:01:11:26 -0400] "POST /?wc-ajax=get_refreshed_fragments HTTP/1.1" 200 457
192.161.171.1 - - [18/Aug/2026:01:11:27 -0400] "GET /wp-content/uploads/2019/08/PE-104MC_front-100x100.jpg HTTP/1.1" 206 500
103.250.80.3 - - [18/Aug/2026:01:11:27 -0400] "GET /wp-content/uploads/elementor/css/post-243.css?ver=1786921810 HTTP/1.1" 200 3279
23.230.84.202 - - [18/Aug/2026:01:11:27 -0400] "GET /wp-content/plugins/woocommerce/assets/client/blocks/wc-blocks.css?ver=wc-11.0.1 HTTP/1.1" 200 14015
173.44.41.198 - - [18/Aug/2026:01:11:27 -0400] "GET /wp-content/plugins/elementor-pro/assets/js/share-buttons.b99b5ff11c944a3a8ea9.bundle.min.js HTTP/1.1" 200 1568
84.37.155.240 - - [18/Aug/2026:01:11:27 -0400] "GET /wp-content/plugins/elementor/assets/lib/font-awesome/css/brands.min.css?ver=5.15.3 HTTP/1.1" 200 675
72.63.16.205 - - [18/Aug/2026:01:11:27 -0400] "GET /wp-content/plugins/elementor/assets/css/widget-divider.min.css?ver=4.2.2 HTTP/1.1" 200 4258
47.128.23.33 - - [18/Aug/2026:01:11:27 -0400] "GET /wp-content/uploads/2019/08/PE-104MC_2000x2000.jpg HTTP/1.1" 206 500
192.161.168.109 - - [18/Aug/2026:01:11:26 -0400] "POST /?wc-ajax=get_refreshed_fragments HTTP/1.1" 200 457
103.74.132.234 - - [18/Aug/2026:01:11:27 -0400] "GET /wp-content/uploads/2019/08/PE-104MC_2000x2000-100x100.jpg HTTP/1.1" 206 4680
86.105.106.36 - - [18/Aug/2026:01:11:27 -0400] "GET /wp-content/uploads/2019/08/PE-104MC_2000x2000-100x100.jpg HTTP/1.1" 206 500
86.105.104.231 - - [18/Aug/2026:01:11:27 -0400] "GET /wp-content/uploads/2019/08/PE-104MC_front-100x100.jpg HTTP/1.1" 206 16223
45.80.166.92 - - [18/Aug/2026:01:11:27 -0400] "GET /wp-content/plugins/woocommerce/assets/css/woocommerce-smallscreen.css?ver=11.0.1 HTTP/1.1" 200 8655
103.74.132.134 - - [18/Aug/2026:01:11:27 -0400] "GET /wp-content/plugins/elementor-pro/assets/css/widget-share-buttons.min.css?ver=4.2.1 HTTP/1.1" 200 32720
192.161.171.1 - - [18/Aug/2026:01:11:27 -0400] "GET /wp-content/uploads/2019/08/PE-104MC_front-100x100.jpg HTTP/1.1" 304 -
185.210.205.236 - - [18/Aug/2026:01:11:27 -0400] "GET /wp-content/plugins/modern-cart/assets/js/cart.js?ver=1.0.10 HTTP/1.1" 200 47454
103.250.80.3 - - [18/Aug/2026:01:11:27 -0400] "GET /wp-content/plugins/elementor-pro/assets/lib/smartmenus/jquery.smartmenus.min.js?ver=1.2.1 HTTP/1.1" 200 24109
45.80.164.159 - - [18/Aug/2026:01:11:27 -0400] "GET /wp-content/plugins/gp-premium/woocommerce/functions/css/woocommerce-mobile.min.css?ver=2.5.6 HTTP/1.1" 200 4163
185.99.28.180 - - [18/Aug/2026:01:11:27 -0400] "GET /wp-content/uploads/2019/08/PE-104MC_front-393x1024.jpg HTTP/1.1" 206 500
23.230.84.202 - - [18/Aug/2026:01:11:27 -0400] "GET /wp-content/themes/generatepress/assets/js/menu.min.js?ver=3.6.1 HTTP/1.1" 200 7333
185.152.250.247 - - [18/Aug/2026:01:11:27 -0400] "POST /?wc-ajax=get_refreshed_fragments HTTP/1.1" 200 457
84.37.155.240 - - [18/Aug/2026:01:11:27 -0400] "GET /wp-includes/js/jquery/jquery.min.js?ver=3.7.1 HTTP/1.1" 200 87553
104.164.223.4 - - [18/Aug/2026:01:11:27 -0400] "GET /wp-content/uploads/2019/08/PE-104MC_2000x2000.jpg HTTP/1.1" 206 500
47.128.23.33 - - [18/Aug/2026:01:11:27 -0400] "GET /wp-content/uploads/2019/08/PE-104MC_2000x2000.jpg HTTP/1.1" 304 -
45.80.166.92 - - [18/Aug/2026:01:11:27 -0400] "GET /wp-includes/js/jquery/jquery-migrate.min.js?ver=3.4.1 HTTP/1.1" 200 13577
72.63.17.123 - - [18/Aug/2026:01:11:27 -0400] "GET /wp-content/uploads/2019/08/PE-104MC_front-100x100.jpg HTTP/1.1" 206 16223
192.161.171.1 - - [18/Aug/2026:01:11:27 -0400] "GET /wp-content/uploads/2019/08/PE-104MC_front-100x100.jpg HTTP/1.1" 206 16223
45.80.164.159 - - [18/Aug/2026:01:11:28 -0400] "GET /wp-content/plugins/woocommerce-ebizcharge-gateway/assets/js/edit_billing_details.js?ver=1 HTTP/1.1" 200 1856
103.74.132.134 - - [18/Aug/2026:01:11:28 -0400] "GET /wp-content/plugins/elementor/assets/js/webpack.runtime.min.js?ver=4.2.2 HTTP/1.1" 200 5819
103.250.80.3 - - [18/Aug/2026:01:11:28 -0400] "GET /wp-content/plugins/elementor/assets/js/frontend-modules.min.js?ver=4.2.2 HTTP/1.1" 200 50602
185.210.205.236 - - [18/Aug/2026:01:11:28 -0400] "GET /wp-content/plugins/elementor/assets/js/frontend.min.js?ver=4.2.2 HTTP/1.1" 200 32098
23.230.84.202 - - [18/Aug/2026:01:11:28 -0400] "GET /wp-includes/js/jquery/ui/core.min.js?ver=1.13.3 HTTP/1.1" 200 21464
72.63.16.205 - - [18/Aug/2026:01:11:28 -0400] "GET /wp-content/plugins/woocommerce-paypal-payments/assets/ppcp-button-js-button.js?ver=4.1.2 HTTP/1.1" 200 180927
213.201.139.234 - - [18/Aug/2026:01:11:28 -0400] "GET /wp-content/plugins/elementor/assets/lib/font-awesome/js/v4-shims.min.js?ver=4.2.2 HTTP/1.1" 200 15073
86.105.106.36 - - [18/Aug/2026:01:11:28 -0400] "GET /wp-content/uploads/2019/08/PE-104MC_2000x2000-100x100.jpg HTTP/1.1" 304 -
185.152.37.211 - - [18/Aug/2026:01:11:28 -0400] "GET /wp-content/uploads/2019/08/PE-104MC_front-100x100.jpg HTTP/1.1" 206 16223
45.80.166.92 - - [18/Aug/2026:01:11:28 -0400] "GET /wp-content/plugins/woocommerce-ebizcharge-gateway/assets/js/check_cvv.js?ver=1 HTTP/1.1" 200 1014
45.80.164.159 - - [18/Aug/2026:01:11:28 -0400] "GET /wp-content/uploads/2019/08/PE-104MC_2000x2000-600x600.jpg HTTP/1.1" 206 500
47.128.23.33 - - [18/Aug/2026:01:11:27 -0400] "POST /wp-admin/admin-ajax.php HTTP/1.1" 200 799
47.128.23.33 - - [18/Aug/2026:01:11:27 -0400] "POST /wp-admin/admin-ajax.php HTTP/1.1" 200 1035
23.109.176.37 - - [18/Aug/2026:01:11:27 -0400] "POST /?wc-ajax=get_refreshed_fragments HTTP/1.1" 200 457
103.74.132.134 - - [18/Aug/2026:01:11:28 -0400] "GET /wp-content/plugins/woocommerce/assets/js/sourcebuster/sourcebuster.min.js?ver=11.0.1 HTTP/1.1" 200 15315
185.210.205.236 - - [18/Aug/2026:01:11:28 -0400] "GET /wp-content/plugins/elementor/assets/lib/swiper/v8/swiper.min.js?ver=8.4.5 HTTP/1.1" 200 143709
103.250.80.3 - - [18/Aug/2026:01:11:28 -0400] "GET /wp-content/plugins/woocommerce-paypal-payments/assets/ppcp-wc-gateway-js-fraudnet.js?ver=4.1.2 HTTP/1.1" 200 1039
45.80.164.159 - - [18/Aug/2026:01:11:28 -0400] "GET /wp-content/uploads/2019/03/cropped-PD-logo-2-line-1.png HTTP/1.1" 206 500
45.80.166.92 - - [18/Aug/2026:01:11:28 -0400] "GET /wp-content/uploads/2019/08/PE-104MC-infographic-600x480.png HTTP/1.1" 206 500
23.230.84.202 - - [18/Aug/2026:01:11:28 -0400] "GET /wp-content/plugins/woocommerce/assets/js/frontend/order-attribution.min.js?ver=11.0.1 HTTP/1.1" 200 2439
45.38.156.11 - - [18/Aug/2026:01:11:27 -0400] "POST /wp-admin/admin-ajax.php HTTP/1.1" 200 1035
23.109.176.37 - - [18/Aug/2026:01:11:28 -0400] "GET /wp-content/uploads/2019/08/PE-104MC_front-393x1024.jpg HTTP/1.1" 304 -
104.164.223.4 - - [18/Aug/2026:01:11:28 -0400] "GET /wp-content/uploads/2019/08/PE-104MC_2000x2000.jpg HTTP/1.1" 304 -
72.63.17.123 - - [18/Aug/2026:01:11:28 -0400] "GET /wp-content/uploads/2019/08/PE-104MC_2000x2000.jpg HTTP/1.1" 206 500
47.128.23.33 - - [18/Aug/2026:01:11:28 -0400] "GET /wp-content/uploads/2019/08/PE-104MC_2000x2000.jpg HTTP/1.1" 206 637588
103.74.132.134 - - [18/Aug/2026:01:11:28 -0400] "GET /wp-content/plugins/simple-cloudflare-turnstile/js/integrations/elementor-forms.js?ver=2.8 HTTP/1.1" 200 10876
103.250.80.3 - - [18/Aug/2026:01:11:29 -0400] "GET /wp-content/plugins/gp-premium/woocommerce/functions/js/woocommerce.min.js?ver=2.5.6 HTTP/1.1" 200 3989
86.105.106.36 - - [18/Aug/2026:01:11:29 -0400] "GET /wp-content/uploads/2019/08/PE-104MC_2000x2000-100x100.jpg HTTP/1.1" 206 4680
45.80.164.159 - - [18/Aug/2026:01:11:29 -0400] "GET /wp-content/uploads/2019/08/PD-2L-infographic-300x300.png HTTP/1.1" 206 500
45.80.166.92 - - [18/Aug/2026:01:11:29 -0400] "GET /wp-content/uploads/2019/03/PD-PD-2L-300x300.png HTTP/1.1" 206 500
23.230.84.202 - - [18/Aug/2026:01:11:29 -0400] "GET /wp-content/plugins/woocommerce-product-search/js/product-search.min.js?ver=7.6.0 HTTP/1.1" 200 7118
45.10.194.193 - - [18/Aug/2026:01:11:27 -0400] "POST /wp-admin/admin-ajax.php HTTP/1.1" 200 799
84.37.155.240 - - [18/Aug/2026:01:11:29 -0400] "GET /wp-content/uploads/elementor/css/post-243.css?ver=1786921810 HTTP/1.1" 200 3279
185.210.205.236 - - [18/Aug/2026:01:11:29 -0400] "GET /wp-content/plugins/woocommerce-product-search/js/jquery.ix.typewatch.min.js?ver=7.6.0 HTTP/1.1" 200 1655
23.109.176.37 - - [18/Aug/2026:01:11:29 -0400] "GET /wp-content/uploads/2019/08/PE-104MC_front-393x1024.jpg HTTP/1.1" 206 84461
185.210.204.55 - - [18/Aug/2026:01:11:29 -0400] "GET /wp-content/plugins/woocommerce-payments/dist/frontend-tracks.js?ver=10.9.0 HTTP/1.1" 200 1577
103.74.132.134 - - [18/Aug/2026:01:11:29 -0400] "GET /wp-includes/js/dist/hooks.min.js?ver=7496969728ca0f95732d HTTP/1.1" 200 5050
213.201.139.234 - - [18/Aug/2026:01:11:29 -0400] "GET /wp-content/plugins/elementor/assets/css/widget-divider.min.css?ver=4.2.2 HTTP/1.1" 200 4258
185.152.250.247 - - [18/Aug/2026:01:11:28 -0400] "POST /wp-admin/admin-ajax.php HTTP/1.1" 200 799
104.164.114.4 - - [18/Aug/2026:01:11:28 -0400] "POST /wp-admin/admin-ajax.php HTTP/1.1" 200 799
72.63.16.205 - - [18/Aug/2026:01:11:29 -0400] "GET /wp-content/plugins/elementor-pro/assets/js/webpack-pro.runtime.min.js?ver=4.2.1 HTTP/1.1" 200 6242
45.80.164.159 - - [18/Aug/2026:01:11:29 -0400] "GET /wp-content/plugins/elementor/assets/lib/font-awesome/webfonts/fa-solid-900.woff2 HTTP/1.1" 200 78196
45.80.166.92 - - [18/Aug/2026:01:11:29 -0400] "GET /wp-content/plugins/elementor/assets/lib/font-awesome/webfonts/fa-brands-400.woff2 HTTP/1.1" 200 81612
23.230.84.202 - - [18/Aug/2026:01:11:29 -0400] "GET /wp-includes/js/dist/dom-ready.min.js?ver=a06281ae5cf5500e9317 HTTP/1.1" 200 818
185.152.39.7 - - [18/Aug/2026:01:11:29 -0400] "GET /wp-content/plugins/woocommerce/assets/client/blocks/wc-blocks.css?ver=wc-11.0.1 HTTP/1.1" 200 14015
72.63.17.123 - - [18/Aug/2026:01:11:29 -0400] "GET /wp-content/uploads/2019/08/PE-104MC_2000x2000.jpg HTTP/1.1" 304 -
104.164.223.4 - - [18/Aug/2026:01:11:29 -0400] "GET /wp-content/uploads/2019/08/PE-104MC_2000x2000.jpg HTTP/1.1" 206 637588
185.210.205.236 - - [18/Aug/2026:01:11:29 -0400] "GET /wp-includes/js/dist/i18n.min.js?ver=781d11515ad3d91786ec HTTP/1.1" 200 5732
84.37.155.240 - - [18/Aug/2026:01:11:29 -0400] "GET /wp-content/plugins/elementor-pro/assets/css/widget-share-buttons.min.css?ver=4.2.1 HTTP/1.1" 200 32720
103.74.132.134 - - [18/Aug/2026:01:11:29 -0400] "GET /wp-includes/js/dist/vendor/wp-polyfill.min.js?ver=3.15.0 HTTP/1.1" 200 33744
185.210.204.55 - - [18/Aug/2026:01:11:29 -0400] "GET /wp-content/plugins/elementor-pro/assets/js/elements-handlers.min.js?ver=4.2.1 HTTP/1.1" 200 43922
185.152.37.211 - - [18/Aug/2026:01:11:28 -0400] "POST /wp-admin/admin-ajax.php HTTP/1.1" 200 1035
103.74.132.234 - - [18/Aug/2026:01:11:28 -0400] "POST /wp-admin/admin-ajax.php HTTP/1.1" 200 1035
103.250.80.3 - - [18/Aug/2026:01:11:29 -0400] "GET /wp-content/plugins/elementor-pro/assets/js/frontend.min.js?ver=4.2.1 HTTP/1.1" 200 23939
185.210.205.236 - - [18/Aug/2026:01:11:29 -0400] "GET /wp-content/plugins/woocommerce/assets/js/zoom/jquery.zoom.min.js?ver=1.7.21-wc.11.0.1 HTTP/1.1" 200 2673
72.63.16.205 - - [18/Aug/2026:01:11:29 -0400] "GET /wp-content/plugins/woocommerce/assets/js/flexslider/jquery.flexslider.min.js?ver=2.7.2-wc.11.0.1 HTTP/1.1" 200 21555
45.80.166.92 - - [18/Aug/2026:01:11:30 -0400] "GET /wp-content/plugins/modern-cart/assets/js/cart.js?ver=1.0.10 HTTP/1.1" 200 47454
23.230.84.202 - - [18/Aug/2026:01:11:30 -0400] "GET /wp-content/uploads/2019/04/PD-SSTG-4B-2-300x300.png HTTP/1.1" 206 500
103.74.132.134 - - [18/Aug/2026:01:11:30 -0400] "GET /wp-content/plugins/woocommerce/assets/js/photoswipe/photoswipe.min.js?ver=4.1.1-wc.11.0.1 HTTP/1.1" 200 31626
86.105.104.231 - - [18/Aug/2026:01:11:29 -0400] "POST /wp-admin/admin-ajax.php HTTP/1.1" 200 1035
213.201.139.234 - - [18/Aug/2026:01:11:30 -0400] "GET /wp-content/plugins/elementor/assets/js/webpack.runtime.min.js?ver=4.2.2 HTTP/1.1" 200 5819
84.37.155.240 - - [18/Aug/2026:01:11:30 -0400] "GET /wp-content/plugins/elementor-pro/assets/lib/smartmenus/jquery.smartmenus.min.js?ver=1.2.1 HTTP/1.1" 200 24109
185.152.39.7 - - [18/Aug/2026:01:11:30 -0400] "GET /wp-content/plugins/woocommerce-paypal-payments/assets/ppcp-button-js-button.js?ver=4.1.2 HTTP/1.1" 200 180927
86.105.106.36 - - [18/Aug/2026:01:11:29 -0400] "POST /wp-admin/admin-ajax.php HTTP/1.1" 200 1035
185.210.205.236 - - [18/Aug/2026:01:11:30 -0400] "GET /wp-content/plugins/woocommerce/assets/js/photoswipe/photoswipe-ui-default.min.js?ver=4.1.1-wc.11.0.1 HTTP/1.1" 200 9749
103.250.80.3 - - [18/Aug/2026:01:11:30 -0400] "GET /wp-content/plugins/woocommerce/assets/js/jquery-blockui/jquery.blockUI.min.js?ver=2.7.0-wc.11.0.1 HTTP/1.1" 200 9636
185.210.204.55 - - [18/Aug/2026:01:11:30 -0400] "GET /wp-content/plugins/woocommerce/assets/js/frontend/single-product.min.js?ver=11.0.1 HTTP/1.1" 200 9802
45.80.166.92 - - [18/Aug/2026:01:11:30 -0400] "GET /wp-includes/js/jquery/ui/core.min.js?ver=1.13.3 HTTP/1.1" 200 21464
192.161.171.1 - - [18/Aug/2026:01:11:29 -0400] "POST /wp-admin/admin-ajax.php HTTP/1.1" 200 799
103.74.132.134 - - [18/Aug/2026:01:11:30 -0400] "GET /wp-content/plugins/woocommerce/assets/js/js-cookie/js.cookie.min.js?ver=2.1.4-wc.11.0.1 HTTP/1.1" 200 1720
192.161.165.240 - - [18/Aug/2026:01:11:29 -0400] "POST /wp-admin/admin-ajax.php HTTP/1.1" 200 799
185.210.205.236 - - [18/Aug/2026:01:11:30 -0400] "GET /wp-content/uploads/2019/04/SSTG-4B-infographic-300x300.png HTTP/1.1" 206 500
45.80.164.159 - - [18/Aug/2026:01:11:30 -0400] "GET /wp-content/themes/generatepress/assets/js/menu.min.js?ver=3.6.1 HTTP/1.1" 200 7333
72.63.16.205 - - [18/Aug/2026:01:11:30 -0400] "GET /wp-content/plugins/woocommerce/assets/js/frontend/woocommerce.min.js?ver=11.0.1 HTTP/1.1" 200 4270
103.250.80.3 - - [18/Aug/2026:01:11:30 -0400] "GET /wp-content/uploads/2019/04/PD-SSTG-1B-300x300.png HTTP/1.1" 206 500
185.210.204.55 - - [18/Aug/2026:01:11:30 -0400] "GET /wp-content/uploads/2019/08/PE1110PF-FT-infographic-300x300.png HTTP/1.1" 206 500
45.80.166.92 - - [18/Aug/2026:01:11:30 -0400] "GET /wp-content/plugins/woocommerce/assets/js/sourcebuster/sourcebuster.min.js?ver=11.0.1 HTTP/1.1" 200 15315
84.37.155.240 - - [18/Aug/2026:01:11:30 -0400] "GET /wp-content/plugins/elementor/assets/js/frontend-modules.min.js?ver=4.2.2 HTTP/1.1" 200 50602
103.74.132.134 - - [18/Aug/2026:01:11:30 -0400] "GET /wp-content/uploads/2019/05/USA.png HTTP/1.1" 206 500
45.80.164.159 - - [18/Aug/2026:01:11:31 -0400] "GET /wp-content/plugins/elementor/assets/lib/swiper/v8/swiper.min.js?ver=8.4.5 HTTP/1.1" 200 143709
185.210.205.236 - - [18/Aug/2026:01:11:31 -0400] "GET /wp-content/uploads/2019/08/PE1110_2000x2000-300x300.webp HTTP/1.1" 206 500
72.63.17.123 - - [18/Aug/2026:01:11:30 -0400] "GET /wp-content/uploads/2019/08/PE-104MC_2000x2000.jpg HTTP/1.1" 206 637588
103.250.80.3 - - [18/Aug/2026:01:11:31 -0400] "GET /wp-content/uploads/2019/05/retail.png HTTP/1.1" 206 500
23.230.84.202 - - [18/Aug/2026:01:11:31 -0400] "GET /wp-content/uploads/2019/04/PD-2B-infographic-300x300.png HTTP/1.1" 206 500
185.210.204.55 - - [18/Aug/2026:01:11:31 -0400] "GET /wp-content/plugins/woocommerce/assets/js/frontend/cart-fragments.min.js?ver=11.0.1 HTTP/1.1" 200 2939
45.80.166.92 - - [18/Aug/2026:01:11:31 -0400] "GET /wp-content/plugins/woocommerce/assets/js/frontend/order-attribution.min.js?ver=11.0.1 HTTP/1.1" 200 2439
213.201.139.234 - - [18/Aug/2026:01:11:31 -0400] "GET /wp-content/plugins/elementor/assets/js/frontend.min.js?ver=4.2.2 HTTP/1.1" 200 32098
103.74.132.134 - - [18/Aug/2026:01:11:31 -0400] "GET /wp-content/uploads/2019/05/1259259-600x116.webp HTTP/1.1" 206 500
72.63.16.205 - - [18/Aug/2026:01:11:31 -0400] "GET /wp-content/uploads/2019/05/SecureSafetySolutions_logo.png HTTP/1.1" 206 500
84.37.155.240 - - [18/Aug/2026:01:11:31 -0400] "GET /wp-content/plugins/woocommerce-paypal-payments/assets/ppcp-wc-gateway-js-fraudnet.js?ver=4.1.2 HTTP/1.1" 200 1039
185.210.205.236 - - [18/Aug/2026:01:11:31 -0400] "GET /wp-content/uploads/2021/01/PSC_30years.png HTTP/1.1" 206 500
103.250.80.3 - - [18/Aug/2026:01:11:31 -0400] "GET /wp-content/uploads/2019/04/LE_PE-104MC-back-600x600.png HTTP/1.1" 206 500
23.230.84.202 - - [18/Aug/2026:01:11:31 -0400] "GET /wp-content/uploads/2019/04/LE_PE-104MC-flap-600x600.png HTTP/1.1" 206 500
45.80.166.92 - - [18/Aug/2026:01:11:31 -0400] "GET /wp-content/plugins/simple-cloudflare-turnstile/js/integrations/elementor-forms.js?ver=2.8 HTTP/1.1" 200 10876
185.210.204.55 - - [18/Aug/2026:01:11:31 -0400] "GET /wp-content/uploads/2019/04/LE_PE-109MC-flap_2-600x600.png HTTP/1.1" 206 500
103.74.132.134 - - [18/Aug/2026:01:11:31 -0400] "GET /wp-content/plugins/elementor/assets/css/conditionals/dialog.min.css?ver=4.2.2 HTTP/1.1" 200 16528
45.80.164.159 - - [18/Aug/2026:01:11:31 -0400] "GET /wp-content/plugins/gp-premium/woocommerce/functions/js/woocommerce.min.js?ver=2.5.6 HTTP/1.1" 200 3989
103.250.80.3 - - [18/Aug/2026:01:11:31 -0400] "GET /wp-content/plugins/elementor/assets/css/conditionals/lightbox.min.css?ver=4.2.2 HTTP/1.1" 200 11305
84.37.155.240 - - [18/Aug/2026:01:11:31 -0400] "GET /wp-content/plugins/woocommerce-product-search/js/jquery.ix.typewatch.min.js?ver=7.6.0 HTTP/1.1" 200 1655
45.80.166.92 - - [18/Aug/2026:01:11:31 -0400] "GET /wp-content/plugins/woocommerce-product-search/js/product-search.min.js?ver=7.6.0 HTTP/1.1" 200 7118
185.210.205.236 - - [18/Aug/2026:01:11:31 -0400] "POST /?wc-ajax=get_refreshed_fragments HTTP/1.1" 200 457
213.201.139.234 - - [18/Aug/2026:01:11:32 -0400] "GET /wp-includes/js/dist/dom-ready.min.js?ver=a06281ae5cf5500e9317 HTTP/1.1" 200 818
103.74.132.134 - - [18/Aug/2026:01:11:32 -0400] "GET /wp-content/uploads/2019/08/PE-104MC_front-393x1024.jpg HTTP/1.1" 206 500
45.80.164.159 - - [18/Aug/2026:01:11:32 -0400] "GET /wp-includes/js/dist/vendor/wp-polyfill.min.js?ver=3.15.0 HTTP/1.1" 200 33744
185.210.204.55 - - [18/Aug/2026:01:11:32 -0400] "GET /wp-content/uploads/2019/05/CreditCards_PP.png HTTP/1.1" 206 500
45.80.166.92 - - [18/Aug/2026:01:11:32 -0400] "GET /wp-content/plugins/woocommerce-payments/dist/frontend-tracks.js?ver=10.9.0 HTTP/1.1" 200 1577
103.250.80.3 - - [18/Aug/2026:01:11:32 -0400] "GET /wp-content/plugins/elementor/assets/js/397f2d183c19202777d6.bundle.min.js HTTP/1.1" 200 23933
23.230.84.202 - - [18/Aug/2026:01:11:32 -0400] "GET /wp-content/plugins/elementor/assets/js/lightbox.3f9b3a051b2336dd5372.bundle.min.js HTTP/1.1" 200 29496
84.37.155.240 - - [18/Aug/2026:01:11:32 -0400] "GET /wp-content/plugins/elementor-pro/assets/js/webpack-pro.runtime.min.js?ver=4.2.1 HTTP/1.1" 200 6242
72.63.16.205 - - [18/Aug/2026:01:11:32 -0400] "GET /wp-content/plugins/elementor/assets/lib/dialog/dialog.min.js?ver=4.9.3 HTTP/1.1" 200 11622
185.210.205.236 - - [18/Aug/2026:01:11:32 -0400] "GET /wp-content/plugins/elementor/assets/lib/share-link/share-link.min.js?ver=4.2.2 HTTP/1.1" 200 2752
103.74.132.134 - - [18/Aug/2026:01:11:32 -0400] "GET /wp-content/uploads/2019/08/PE-104MC-infographic-100x100.png HTTP/1.1" 206 500
185.210.204.55 - - [18/Aug/2026:01:11:32 -0400] "GET /wp-content/uploads/2019/04/LE_PE-109MC-flap_2-100x100.png HTTP/1.1" 206 500
45.80.166.92 - - [18/Aug/2026:01:11:32 -0400] "GET /wp-includes/js/dist/i18n.min.js?ver=781d11515ad3d91786ec HTTP/1.1" 200 5732
45.80.164.159 - - [18/Aug/2026:01:11:32 -0400] "GET /wp-content/plugins/elementor-pro/assets/js/frontend.min.js?ver=4.2.1 HTTP/1.1" 200 23939
84.37.155.240 - - [18/Aug/2026:01:11:32 -0400] "GET /wp-content/plugins/elementor-pro/assets/js/elements-handlers.min.js?ver=4.2.1 HTTP/1.1" 200 43922
213.201.139.234 - - [18/Aug/2026:01:11:32 -0400] "GET /wp-includes/js/dist/hooks.min.js?ver=7496969728ca0f95732d HTTP/1.1" 200 5050
103.250.80.3 - - [18/Aug/2026:01:11:32 -0400] "GET /wp-content/uploads/2019/08/PE-104MC_front-100x100.jpg HTTP/1.1" 206 500
185.210.205.236 - - [18/Aug/2026:01:11:32 -0400] "GET /wp-content/uploads/2019/04/LE_PE-104MC-flap-100x100.png HTTP/1.1" 206 500
103.74.132.134 - - [18/Aug/2026:01:11:32 -0400] "GET /wp-content/plugins/elementor/assets/js/shared-frontend-handlers.03caa53373b56d3bab67.bundle.min.js HTTP/1.1" 200 8481
23.230.84.202 - - [18/Aug/2026:01:11:32 -0400] "GET /wp-content/uploads/2019/04/LE_PE-104MC-back-100x100.png HTTP/1.1" 206 500
185.210.204.55 - - [18/Aug/2026:01:11:32 -0400] "GET /wp-content/plugins/elementor/assets/js/section-frontend-handlers.d85ab872da118940910d.bundle.min.js HTTP/1.1" 200 449
45.80.166.92 - - [18/Aug/2026:01:11:32 -0400] "GET /wp-content/plugins/woocommerce/assets/js/zoom/jquery.zoom.min.js?ver=1.7.21-wc.11.0.1 HTTP/1.1" 200 2673
45.80.164.159 - - [18/Aug/2026:01:11:32 -0400] "GET /wp-content/plugins/woocommerce/assets/js/flexslider/jquery.flexslider.min.js?ver=2.7.2-wc.11.0.1 HTTP/1.1" 200 21555
72.63.16.205 - - [18/Aug/2026:01:11:33 -0400] "GET /wp-content/plugins/elementor-pro/assets/js/nav-menu.dc8790fd04afa5b6c0a3.bundle.min.js HTTP/1.1" 200 5038
103.250.80.3 - - [18/Aug/2026:01:11:33 -0400] "GET /wp-content/plugins/elementor/assets/js/text-editor.45609661e409413f1cef.bundle.min.js HTTP/1.1" 200 1348
185.210.205.236 - - [18/Aug/2026:01:11:33 -0400] "GET /wp-content/plugins/elementor-pro/assets/js/share-buttons.b99b5ff11c944a3a8ea9.bundle.min.js HTTP/1.1" 200 1568
103.74.132.134 - - [18/Aug/2026:01:11:33 -0400] "GET /wp-content/uploads/2019/08/PE-104MC_front-393x1024.jpg HTTP/1.1" 304 -
192.161.165.240 - - [18/Aug/2026:01:11:32 -0400] "POST /?wc-ajax=ppc-simulate-cart HTTP/1.1" 200 216
23.230.84.202 - - [18/Aug/2026:01:11:33 -0400] "GET /wp-content/uploads/2019/08/PE-104MC_front-100x100.jpg HTTP/1.1" 304 -
45.80.166.92 - - [18/Aug/2026:01:11:33 -0400] "GET /wp-content/plugins/woocommerce/assets/js/photoswipe/photoswipe-ui-default.min.js?ver=4.1.1-wc.11.0.1 HTTP/1.1" 200 9749
45.80.164.159 - - [18/Aug/2026:01:11:33 -0400] "GET /wp-content/plugins/woocommerce/assets/js/frontend/single-product.min.js?ver=11.0.1 HTTP/1.1" 200 9802
213.201.139.234 - - [18/Aug/2026:01:11:33 -0400] "GET /wp-content/plugins/woocommerce/assets/js/photoswipe/photoswipe.min.js?ver=4.1.1-wc.11.0.1 HTTP/1.1" 200 31626
103.74.132.134 - - [18/Aug/2026:01:11:33 -0400] "GET /wp-content/uploads/2019/08/PE-104MC_front-393x1024.jpg HTTP/1.1" 206 84461
84.37.155.240 - - [18/Aug/2026:01:11:33 -0400] "GET /wp-content/plugins/woocommerce/assets/js/js-cookie/js.cookie.min.js?ver=2.1.4-wc.11.0.1 HTTP/1.1" 200 1720
23.230.84.202 - - [18/Aug/2026:01:11:33 -0400] "GET /wp-content/uploads/2019/08/PE-104MC_front-100x100.jpg HTTP/1.1" 206 16223
45.80.166.92 - - [18/Aug/2026:01:11:33 -0400] "GET /wp-content/plugins/woocommerce/assets/js/frontend/woocommerce.min.js?ver=11.0.1 HTTP/1.1" 200 4270
45.80.164.159 - - [18/Aug/2026:01:11:33 -0400] "GET /wp-content/plugins/woocommerce/assets/js/jquery-blockui/jquery.blockUI.min.js?ver=2.7.0-wc.11.0.1 HTTP/1.1" 200 9636
185.152.39.7 - - [18/Aug/2026:01:11:33 -0400] "GET /wp-content/uploads/2019/03/PD-PD-3-300x300.png HTTP/1.1" 206 500
84.37.155.240 - - [18/Aug/2026:01:11:33 -0400] "GET /wp-content/uploads/2019/04/PD-2B-infographic-300x300.png HTTP/1.1" 206 500
45.80.166.92 - - [18/Aug/2026:01:11:33 -0400] "GET /wp-content/uploads/2019/08/PE-109MC_2_2000x2000-300x300.jpg HTTP/1.1" 206 500
45.80.164.159 - - [18/Aug/2026:01:11:33 -0400] "GET /wp-content/uploads/2019/04/PD-SSTG-1B-300x300.png HTTP/1.1" 206 500
185.210.205.236 - - [18/Aug/2026:01:11:34 -0400] "GET /wp-content/uploads/2019/08/PE-104MC_2000x2000.jpg HTTP/1.1" 206 500
185.152.39.7 - - [18/Aug/2026:01:11:34 -0400] "GET /wp-content/uploads/2019/05/retail.png HTTP/1.1" 206 500
213.201.139.234 - - [18/Aug/2026:01:11:34 -0400] "GET /wp-content/uploads/2019/08/PE-109MC_1000x1000-300x300.jpg HTTP/1.1" 206 500
45.80.166.92 - - [18/Aug/2026:01:11:34 -0400] "GET /wp-content/uploads/2019/05/1259259-1024x199.webp HTTP/1.1" 206 500
45.80.164.159 - - [18/Aug/2026:01:11:34 -0400] "GET /wp-content/uploads/2019/05/SecureSafetySolutions_logo.png HTTP/1.1" 206 500
84.37.155.240 - - [18/Aug/2026:01:11:34 -0400] "GET /wp-content/uploads/2019/05/USA.png HTTP/1.1" 206 500
185.210.205.236 - - [18/Aug/2026:01:11:34 -0400] "GET /wp-content/uploads/2019/08/PE-104MC_2000x2000.jpg HTTP/1.1" 304 -
188.27.145.43 - - [18/Aug/2026:01:11:33 -0400] "GET /product/4oz-metal-clip-pepper-spray-holster HTTP/1.1" 200 31711
185.152.39.7 - - [18/Aug/2026:01:11:34 -0400] "GET /wp-content/uploads/2021/01/PSC_30years.png HTTP/1.1" 206 500
45.80.166.92 - - [18/Aug/2026:01:11:34 -0400] "GET /wp-content/plugins/woocommerce/assets/js/frontend/cart-fragments.min.js?ver=11.0.1 HTTP/1.1" 200 2939
45.80.164.159 - - [18/Aug/2026:01:11:34 -0400] "GET /wp-content/uploads/2019/05/1259259-600x116.webp HTTP/1.1" 206 500
84.37.155.240 - - [18/Aug/2026:01:11:34 -0400] "GET /wp-content/uploads/2019/04/LE_PE-104MC-back-600x600.png HTTP/1.1" 206 500
72.63.16.205 - - [18/Aug/2026:01:11:34 -0400] "POST /wp-admin/admin-ajax.php HTTP/1.1" 200 799
213.201.139.234 - - [18/Aug/2026:01:11:34 -0400] "GET /wp-content/uploads/2019/04/LE_PE-109MC-flap_2-600x600.png HTTP/1.1" 206 500
45.80.164.159 - - [18/Aug/2026:01:11:34 -0400] "GET /wp-content/uploads/2019/04/LE_PE-104MC-flap-600x600.png HTTP/1.1" 206 500
45.80.166.92 - - [18/Aug/2026:01:11:34 -0400] "GET /wp-content/uploads/2019/05/CreditCards_PP.png HTTP/1.1" 206 500
185.152.39.7 - - [18/Aug/2026:01:11:34 -0400] "GET /wp-content/uploads/2019/08/PE-104MC_front-393x1024.jpg HTTP/1.1" 206 500
