129.81.250.1 - - [20/Aug/2026:16:26:22 -0400] "GET /cgi-tulanetechconnect/LexAuth/db_xml.cgi?version=14.0&startorder=2104 HTTP/1.1" 200 320 "-" "PIMS-Platinum"
129.81.250.1 - - [20/Aug/2026:16:30:34 -0400] "GET /cgi-tulanetechconnect/LexAuth/dbupload.cgi?clientApp=1&dbname=products&filename=pimsx_upload.xml&uniqueName=SKU&newRecords=yes HTTP/1.1" 200 1988 "-" "PIMS-Platinum"
129.81.250.1 - - [20/Aug/2026:16:30:34 -0400] "GET /cgi-tulanetechconnect/LexAuth/generate.cgi?clientapp=1&htmlpages=1&custompages=1&index=1 HTTP/1.1" 200 43568 "-" "PIMS-Platinum"
129.81.250.1 - - [20/Aug/2026:16:36:22 -0400] "GET /cgi-tulanetechconnect/LexAuth/db_xml.cgi?version=14.0&startorder=2104 HTTP/1.1" 200 320 "-" "PIMS-Platinum"
129.81.250.1 - - [20/Aug/2026:16:40:36 -0400] "GET /cgi-tulanetechconnect/LexAuth/dbupload.cgi?clientApp=1&dbname=products&filename=pimsx_upload.xml&uniqueName=SKU&newRecords=yes HTTP/1.1" 200 2259 "-" "PIMS-Platinum"
129.81.250.1 - - [20/Aug/2026:16:40:36 -0400] "GET /cgi-tulanetechconnect/LexAuth/generate.cgi?clientapp=1&htmlpages=1&custompages=1&index=1 HTTP/1.1" 200 43672 "-" "PIMS-Platinum"
129.81.250.1 - - [20/Aug/2026:16:46:23 -0400] "GET /cgi-tulanetechconnect/LexAuth/db_xml.cgi?version=14.0&startorder=2104 HTTP/1.1" 200 320 "-" "PIMS-Platinum"
129.81.250.1 - - [20/Aug/2026:16:50:38 -0400] "GET /cgi-tulanetechconnect/LexAuth/dbupload.cgi?clientApp=1&dbname=products&filename=pimsx_upload.xml&uniqueName=SKU&newRecords=yes HTTP/1.1" 200 3056 "-" "PIMS-Platinum"
129.81.250.1 - - [20/Aug/2026:16:50:38 -0400] "GET /cgi-tulanetechconnect/LexAuth/generate.cgi?clientapp=1&htmlpages=1&custompages=1&index=1 HTTP/1.1" 200 50579 "-" "PIMS-Platinum"
114.119.132.68 - - [20/Aug/2026:16:50:50 -0400] "GET /robots.txt HTTP/1.1" 301 252 "http://www.tulanetechconnect.com/robots.txt" "Mozilla/5.0 (compatible;PetalBot;+https://webmaster.petalsearch.com/site/petalbot)"
129.81.250.1 - - [20/Aug/2026:16:56:23 -0400] "GET /cgi-tulanetechconnect/LexAuth/db_xml.cgi?version=14.0&startorder=2104 HTTP/1.1" 200 320 "-" "PIMS-Platinum"
129.81.250.1 - - [20/Aug/2026:17:06:23 -0400] "GET /cgi-tulanetechconnect/LexAuth/db_xml.cgi?version=14.0&startorder=2104 HTTP/1.1" 200 320 "-" "PIMS-Platinum"
173.252.87.44 - - [20/Aug/2026:17:10:28 -0400] "GET /robots.txt HTTP/1.1" 301 252 "-" "facebookexternalhit/1.1 (+http://www.facebook.com/externalhit_uatext.php)"
129.81.250.1 - - [20/Aug/2026:17:16:24 -0400] "GET /cgi-tulanetechconnect/LexAuth/db_xml.cgi?version=14.0&startorder=2104 HTTP/1.1" 200 320 "-" "PIMS-Platinum"
185.226.196.14 - - [20/Aug/2026:17:24:45 -0400] "GET / HTTP/1.1" 301 242 "-" "Mozilla/5.0 AppleWebKit/537.36 (KHTML, like Gecko) Chrome/123.0.6312.86 Safari/537.36"
185.226.196.13 - - [20/Aug/2026:17:24:58 -0400] "GET /favicon.ico HTTP/1.1" 301 253 "-" "Mozilla/5.0 AppleWebKit/537.36 (KHTML, like Gecko) Chrome/123.0.6312.86 Safari/537.36"
129.81.250.1 - - [20/Aug/2026:17:26:24 -0400] "GET /cgi-tulanetechconnect/LexAuth/db_xml.cgi?version=14.0&startorder=2104 HTTP/1.1" 200 320 "-" "PIMS-Platinum"
129.81.250.1 - - [20/Aug/2026:17:36:24 -0400] "GET /cgi-tulanetechconnect/LexAuth/db_xml.cgi?version=14.0&startorder=2104 HTTP/1.1" 200 320 "-" "PIMS-Platinum"
129.81.250.1 - - [20/Aug/2026:17:40:40 -0400] "GET /cgi-tulanetechconnect/LexAuth/dbupload.cgi?clientApp=1&dbname=products&filename=pimsx_upload.xml&uniqueName=SKU&newRecords=yes HTTP/1.1" 200 2001 "-" "PIMS-Platinum"
129.81.250.1 - - [20/Aug/2026:17:40:41 -0400] "GET /cgi-tulanetechconnect/LexAuth/generate.cgi?clientapp=1&htmlpages=1&custompages=1&index=1 HTTP/1.1" 200 43140 "-" "PIMS-Platinum"
129.81.250.1 - - [20/Aug/2026:17:46:25 -0400] "GET /cgi-tulanetechconnect/LexAuth/db_xml.cgi?version=14.0&startorder=2104 HTTP/1.1" 200 320 "-" "PIMS-Platinum"
47.254.47.156 - - [20/Aug/2026:17:56:10 -0400] "GET / HTTP/1.1" 301 242 "-" "Mozilla/5.0 (iPhone; CPU iPhone OS 13_2_3 like Mac OS X) AppleWebKit/605.1.15 (KHTML, like Gecko) Version/13.0.3 Mobile/15E148 Safari/604.1"
129.81.250.1 - - [20/Aug/2026:17:56:25 -0400] "GET /cgi-tulanetechconnect/LexAuth/db_xml.cgi?version=14.0&startorder=2104 HTTP/1.1" 200 320 "-" "PIMS-Platinum"
129.81.250.1 - - [20/Aug/2026:18:06:26 -0400] "GET /cgi-tulanetechconnect/LexAuth/db_xml.cgi?version=14.0&startorder=2104 HTTP/1.1" 200 320 "-" "PIMS-Platinum"
129.81.250.1 - - [20/Aug/2026:18:16:26 -0400] "GET /cgi-tulanetechconnect/LexAuth/db_xml.cgi?version=14.0&startorder=2104 HTTP/1.1" 200 320 "-" "PIMS-Platinum"
32.193.59.0 - - [20/Aug/2026:18:18:43 -0400] "GET /robots.txt HTTP/1.1" 301 252 "-" "Mozilla/5.0 (Macintosh; Intel Mac OS X 10_10_1) AppleWebKit/600.2.5 (KHTML, like Gecko) Version/8.0.2 Safari/600.2.5 (Gort)"
43.110.36.107 - - [20/Aug/2026:18:21:37 -0400] "GET / HTTP/1.1" 301 242 "-" "Mozilla/5.0 (Windows NT 10.0; Win64; x64) AppleWebKit/537.36 (KHTML, like Gecko) Chrome/112.0.0.0 Safari/537.36"
129.81.250.1 - - [20/Aug/2026:18:26:26 -0400] "GET /cgi-tulanetechconnect/LexAuth/db_xml.cgi?version=14.0&startorder=2104 HTTP/1.1" 200 320 "-" "PIMS-Platinum"
129.81.250.1 - - [20/Aug/2026:18:36:27 -0400] "GET /cgi-tulanetechconnect/LexAuth/db_xml.cgi?version=14.0&startorder=2104 HTTP/1.1" 200 320 "-" "PIMS-Platinum"
129.81.250.1 - - [20/Aug/2026:18:46:27 -0400] "GET /cgi-tulanetechconnect/LexAuth/db_xml.cgi?version=14.0&startorder=2104 HTTP/1.1" 200 320 "-" "PIMS-Platinum"
129.81.250.1 - - [20/Aug/2026:18:56:27 -0400] "GET /cgi-tulanetechconnect/LexAuth/db_xml.cgi?version=14.0&startorder=2104 HTTP/1.1" 200 320 "-" "PIMS-Platinum"
129.81.250.1 - - [20/Aug/2026:19:06:28 -0400] "GET /cgi-tulanetechconnect/LexAuth/db_xml.cgi?version=14.0&startorder=2104 HTTP/1.1" 200 320 "-" "PIMS-Platinum"
129.81.250.1 - - [20/Aug/2026:19:16:28 -0400] "GET /cgi-tulanetechconnect/LexAuth/db_xml.cgi?version=14.0&startorder=2104 HTTP/1.1" 200 320 "-" "PIMS-Platinum"
129.81.250.1 - - [20/Aug/2026:19:26:28 -0400] "GET /cgi-tulanetechconnect/LexAuth/db_xml.cgi?version=14.0&startorder=2104 HTTP/1.1" 200 320 "-" "PIMS-Platinum"
129.81.250.1 - - [20/Aug/2026:19:36:29 -0400] "GET /cgi-tulanetechconnect/LexAuth/db_xml.cgi?version=14.0&startorder=2104 HTTP/1.1" 200 320 "-" "PIMS-Platinum"
129.81.250.1 - - [20/Aug/2026:19:46:29 -0400] "GET /cgi-tulanetechconnect/LexAuth/db_xml.cgi?version=14.0&startorder=2104 HTTP/1.1" 200 320 "-" "PIMS-Platinum"
129.81.250.1 - - [20/Aug/2026:19:56:30 -0400] "GET /cgi-tulanetechconnect/LexAuth/db_xml.cgi?version=14.0&startorder=2104 HTTP/1.1" 200 320 "-" "PIMS-Platinum"
129.81.250.1 - - [20/Aug/2026:20:06:30 -0400] "GET /cgi-tulanetechconnect/LexAuth/db_xml.cgi?version=14.0&startorder=2104 HTTP/1.1" 200 320 "-" "PIMS-Platinum"
129.81.250.1 - - [20/Aug/2026:20:16:30 -0400] "GET /cgi-tulanetechconnect/LexAuth/db_xml.cgi?version=14.0&startorder=2104 HTTP/1.1" 200 320 "-" "PIMS-Platinum"
129.225.125.127 - - [20/Aug/2026:20:21:53 -0400] "GET /wp-content/plugins/pods/readme.txt HTTP/1.1" 301 276 "-" "Mozilla/5.0 (Windows NT 10.0; Win64; x64) AppleWebKit/537.36 (KHTML, like Gecko) Chrome/125.0.0.0 Safari/537.36"
129.225.125.127 - - [20/Aug/2026:20:21:53 -0400] "GET /wp-content/plugins/pods/init.php HTTP/1.1" 403 199 "-" "Mozilla/5.0 (Windows NT 10.0; Win64; x64) AppleWebKit/537.36 (KHTML, like Gecko) Chrome/125.0.0.0 Safari/537.36"
129.81.250.1 - - [20/Aug/2026:20:26:31 -0400] "GET /cgi-tulanetechconnect/LexAuth/db_xml.cgi?version=14.0&startorder=2104 HTTP/1.1" 200 320 "-" "PIMS-Platinum"
129.81.250.1 - - [20/Aug/2026:20:36:31 -0400] "GET /cgi-tulanetechconnect/LexAuth/db_xml.cgi?version=14.0&startorder=2104 HTTP/1.1" 200 320 "-" "PIMS-Platinum"
129.81.250.1 - - [20/Aug/2026:20:46:31 -0400] "GET /cgi-tulanetechconnect/LexAuth/db_xml.cgi?version=14.0&startorder=2104 HTTP/1.1" 200 320 "-" "PIMS-Platinum"
129.81.250.1 - - [20/Aug/2026:20:56:32 -0400] "GET /cgi-tulanetechconnect/LexAuth/db_xml.cgi?version=14.0&startorder=2104 HTTP/1.1" 200 320 "-" "PIMS-Platinum"
129.81.250.1 - - [20/Aug/2026:21:06:32 -0400] "GET /cgi-tulanetechconnect/LexAuth/db_xml.cgi?version=14.0&startorder=2104 HTTP/1.1" 200 320 "-" "PIMS-Platinum"
129.81.250.1 - - [20/Aug/2026:21:16:32 -0400] "GET /cgi-tulanetechconnect/LexAuth/db_xml.cgi?version=14.0&startorder=2104 HTTP/1.1" 200 320 "-" "PIMS-Platinum"
129.81.250.1 - - [20/Aug/2026:21:26:33 -0400] "GET /cgi-tulanetechconnect/LexAuth/db_xml.cgi?version=14.0&startorder=2104 HTTP/1.1" 200 320 "-" "PIMS-Platinum"
129.81.250.1 - - [20/Aug/2026:21:36:33 -0400] "GET /cgi-tulanetechconnect/LexAuth/db_xml.cgi?version=14.0&startorder=2104 HTTP/1.1" 200 320 "-" "PIMS-Platinum"
129.81.250.1 - - [20/Aug/2026:21:46:33 -0400] "GET /cgi-tulanetechconnect/LexAuth/db_xml.cgi?version=14.0&startorder=2104 HTTP/1.1" 200 320 "-" "PIMS-Platinum"
129.81.250.1 - - [20/Aug/2026:21:56:34 -0400] "GET /cgi-tulanetechconnect/LexAuth/db_xml.cgi?version=14.0&startorder=2104 HTTP/1.1" 200 320 "-" "PIMS-Platinum"
129.81.250.1 - - [20/Aug/2026:22:06:34 -0400] "GET /cgi-tulanetechconnect/LexAuth/db_xml.cgi?version=14.0&startorder=2104 HTTP/1.1" 200 320 "-" "PIMS-Platinum"
129.81.250.1 - - [20/Aug/2026:22:16:34 -0400] "GET /cgi-tulanetechconnect/LexAuth/db_xml.cgi?version=14.0&startorder=2104 HTTP/1.1" 200 320 "-" "PIMS-Platinum"
129.81.250.1 - - [20/Aug/2026:22:26:35 -0400] "GET /cgi-tulanetechconnect/LexAuth/db_xml.cgi?version=14.0&startorder=2104 HTTP/1.1" 200 320 "-" "PIMS-Platinum"
129.81.250.1 - - [20/Aug/2026:22:36:35 -0400] "GET /cgi-tulanetechconnect/LexAuth/db_xml.cgi?version=14.0&startorder=2104 HTTP/1.1" 200 320 "-" "PIMS-Platinum"
129.81.250.1 - - [20/Aug/2026:22:46:35 -0400] "GET /cgi-tulanetechconnect/LexAuth/db_xml.cgi?version=14.0&startorder=2104 HTTP/1.1" 200 320 "-" "PIMS-Platinum"
129.81.250.1 - - [20/Aug/2026:22:56:36 -0400] "GET /cgi-tulanetechconnect/LexAuth/db_xml.cgi?version=14.0&startorder=2104 HTTP/1.1" 200 320 "-" "PIMS-Platinum"
129.81.250.1 - - [20/Aug/2026:23:06:36 -0400] "GET /cgi-tulanetechconnect/LexAuth/db_xml.cgi?version=14.0&startorder=2104 HTTP/1.1" 200 320 "-" "PIMS-Platinum"
43.165.198.5 - - [20/Aug/2026:23:13:07 -0400] "GET / HTTP/1.1" 301 242 "-" "Mozilla/5.0 (iPhone; CPU iPhone OS 13_2_3 like Mac OS X) AppleWebKit/605.1.15 (KHTML, like Gecko) Version/13.0.3 Mobile/15E148 Safari/604.1"
129.81.250.1 - - [20/Aug/2026:23:16:36 -0400] "GET /cgi-tulanetechconnect/LexAuth/db_xml.cgi?version=14.0&startorder=2104 HTTP/1.1" 200 320 "-" "PIMS-Platinum"
129.81.250.1 - - [20/Aug/2026:23:26:37 -0400] "GET /cgi-tulanetechconnect/LexAuth/db_xml.cgi?version=14.0&startorder=2104 HTTP/1.1" 200 320 "-" "PIMS-Platinum"
129.81.250.1 - - [20/Aug/2026:23:36:37 -0400] "GET /cgi-tulanetechconnect/LexAuth/db_xml.cgi?version=14.0&startorder=2104 HTTP/1.1" 200 320 "-" "PIMS-Platinum"
129.81.250.1 - - [20/Aug/2026:23:46:38 -0400] "GET /cgi-tulanetechconnect/LexAuth/db_xml.cgi?version=14.0&startorder=2104 HTTP/1.1" 200 320 "-" "PIMS-Platinum"
129.81.250.1 - - [20/Aug/2026:23:56:38 -0400] "GET /cgi-tulanetechconnect/LexAuth/db_xml.cgi?version=14.0&startorder=2104 HTTP/1.1" 200 320 "-" "PIMS-Platinum"
129.81.250.1 - - [21/Aug/2026:00:00:43 -0400] "GET /cgi-tulanetechconnect/LexAuth/dbupload.cgi?clientApp=1&dbname=products&filename=pimsx_upload.xml&uniqueName=SKU&newRecords=yes HTTP/1.1" 200 1988 "-" "PIMS-Platinum"
129.81.250.1 - - [21/Aug/2026:00:00:43 -0400] "GET /cgi-tulanetechconnect/LexAuth/generate.cgi?clientapp=1&htmlpages=1&custompages=1&index=1 HTTP/1.1" 200 43568 "-" "PIMS-Platinum"
129.81.250.1 - - [21/Aug/2026:00:15:10 -0400] "GET /cgi-tulanetechconnect/LexAuth/db_xml.cgi?version=14.0&startorder=2104 HTTP/1.1" 200 320 "-" "PIMS-Platinum"
129.81.250.1 - - [21/Aug/2026:00:25:10 -0400] "GET /cgi-tulanetechconnect/LexAuth/db_xml.cgi?version=14.0&startorder=2104 HTTP/1.1" 200 320 "-" "PIMS-Platinum"
129.81.250.1 - - [21/Aug/2026:00:35:11 -0400] "GET /cgi-tulanetechconnect/LexAuth/db_xml.cgi?version=14.0&startorder=2104 HTTP/1.1" 200 320 "-" "PIMS-Platinum"
129.81.250.1 - - [21/Aug/2026:00:45:11 -0400] "GET /cgi-tulanetechconnect/LexAuth/db_xml.cgi?version=14.0&startorder=2104 HTTP/1.1" 200 320 "-" "PIMS-Platinum"
89.92.76.53 - - [21/Aug/2026:00:46:43 -0400] "GET / HTTP/1.1" 301 242 "-" "Mozilla/5.0 (Windows NT 10.0; Win64; x64) AppleWebKit/537.36 (KHTML, like Gecko) Chrome/116.0.0.0 Safari/537.36"
129.81.250.1 - - [21/Aug/2026:00:55:12 -0400] "GET /cgi-tulanetechconnect/LexAuth/db_xml.cgi?version=14.0&startorder=2104 HTTP/1.1" 200 320 "-" "PIMS-Platinum"
129.81.250.1 - - [21/Aug/2026:01:05:12 -0400] "GET /cgi-tulanetechconnect/LexAuth/db_xml.cgi?version=14.0&startorder=2104 HTTP/1.1" 200 320 "-" "PIMS-Platinum"
129.81.250.1 - - [21/Aug/2026:01:15:13 -0400] "GET /cgi-tulanetechconnect/LexAuth/db_xml.cgi?version=14.0&startorder=2104 HTTP/1.1" 200 320 "-" "PIMS-Platinum"
129.81.250.1 - - [21/Aug/2026:01:25:13 -0400] "GET /cgi-tulanetechconnect/LexAuth/db_xml.cgi?version=14.0&startorder=2104 HTTP/1.1" 200 320 "-" "PIMS-Platinum"
129.81.250.1 - - [21/Aug/2026:01:35:14 -0400] "GET /cgi-tulanetechconnect/LexAuth/db_xml.cgi?version=14.0&startorder=2104 HTTP/1.1" 200 320 "-" "PIMS-Platinum"
129.81.250.1 - - [21/Aug/2026:01:45:14 -0400] "GET /cgi-tulanetechconnect/LexAuth/db_xml.cgi?version=14.0&startorder=2104 HTTP/1.1" 200 320 "-" "PIMS-Platinum"
129.81.250.1 - - [21/Aug/2026:01:55:14 -0400] "GET /cgi-tulanetechconnect/LexAuth/db_xml.cgi?version=14.0&startorder=2104 HTTP/1.1" 200 320 "-" "PIMS-Platinum"
129.81.250.1 - - [21/Aug/2026:02:05:15 -0400] "GET /cgi-tulanetechconnect/LexAuth/db_xml.cgi?version=14.0&startorder=2104 HTTP/1.1" 200 320 "-" "PIMS-Platinum"
129.81.250.1 - - [21/Aug/2026:02:15:16 -0400] "GET /cgi-tulanetechconnect/LexAuth/db_xml.cgi?version=14.0&startorder=2104 HTTP/1.1" 200 320 "-" "PIMS-Platinum"
129.81.250.1 - - [21/Aug/2026:02:25:16 -0400] "GET /cgi-tulanetechconnect/LexAuth/db_xml.cgi?version=14.0&startorder=2104 HTTP/1.1" 200 320 "-" "PIMS-Platinum"
129.81.250.1 - - [21/Aug/2026:02:35:17 -0400] "GET /cgi-tulanetechconnect/LexAuth/db_xml.cgi?version=14.0&startorder=2104 HTTP/1.1" 200 320 "-" "PIMS-Platinum"
129.81.250.1 - - [21/Aug/2026:02:45:17 -0400] "GET /cgi-tulanetechconnect/LexAuth/db_xml.cgi?version=14.0&startorder=2104 HTTP/1.1" 200 320 "-" "PIMS-Platinum"
129.81.250.1 - - [21/Aug/2026:02:55:18 -0400] "GET /cgi-tulanetechconnect/LexAuth/db_xml.cgi?version=14.0&startorder=2104 HTTP/1.1" 200 320 "-" "PIMS-Platinum"
129.81.250.1 - - [21/Aug/2026:03:05:18 -0400] "GET /cgi-tulanetechconnect/LexAuth/db_xml.cgi?version=14.0&startorder=2104 HTTP/1.1" 200 320 "-" "PIMS-Platinum"
129.81.250.1 - - [21/Aug/2026:03:15:19 -0400] "GET /cgi-tulanetechconnect/LexAuth/db_xml.cgi?version=14.0&startorder=2104 HTTP/1.1" 200 320 "-" "PIMS-Platinum"
129.81.250.1 - - [21/Aug/2026:03:25:19 -0400] "GET /cgi-tulanetechconnect/LexAuth/db_xml.cgi?version=14.0&startorder=2104 HTTP/1.1" 200 320 "-" "PIMS-Platinum"
43.164.1.211 - - [21/Aug/2026:03:32:01 -0400] "GET / HTTP/1.1" 301 242 "-" "Mozilla/5.0 (iPhone; CPU iPhone OS 13_2_3 like Mac OS X) AppleWebKit/605.1.15 (KHTML, like Gecko) Version/13.0.3 Mobile/15E148 Safari/604.1"
129.81.250.1 - - [21/Aug/2026:03:35:20 -0400] "GET /cgi-tulanetechconnect/LexAuth/db_xml.cgi?version=14.0&startorder=2104 HTTP/1.1" 200 320 "-" "PIMS-Platinum"
192.178.4.33 - - [21/Aug/2026:03:37:21 -0400] "GET /robots.txt HTTP/1.1" 301 252 "-" "Mozilla/5.0 (compatible; Googlebot/2.1; +http://www.google.com/bot.html)"
192.178.4.34 - - [21/Aug/2026:03:37:21 -0400] "GET / HTTP/1.1" 301 242 "-" "Mozilla/5.0 (compatible; Googlebot/2.1; +http://www.google.com/bot.html)"
129.81.250.1 - - [21/Aug/2026:03:45:20 -0400] "GET /cgi-tulanetechconnect/LexAuth/db_xml.cgi?version=14.0&startorder=2104 HTTP/1.1" 200 320 "-" "PIMS-Platinum"
129.81.250.1 - - [21/Aug/2026:03:55:21 -0400] "GET /cgi-tulanetechconnect/LexAuth/db_xml.cgi?version=14.0&startorder=2104 HTTP/1.1" 200 320 "-" "PIMS-Platinum"
129.81.250.1 - - [21/Aug/2026:04:05:21 -0400] "GET /cgi-tulanetechconnect/LexAuth/db_xml.cgi?version=14.0&startorder=2104 HTTP/1.1" 200 320 "-" "PIMS-Platinum"
129.81.250.1 - - [21/Aug/2026:04:15:22 -0400] "GET /cgi-tulanetechconnect/LexAuth/db_xml.cgi?version=14.0&startorder=2104 HTTP/1.1" 200 320 "-" "PIMS-Platinum"
129.81.250.1 - - [21/Aug/2026:04:25:22 -0400] "GET /cgi-tulanetechconnect/LexAuth/db_xml.cgi?version=14.0&startorder=2104 HTTP/1.1" 200 320 "-" "PIMS-Platinum"
129.81.250.1 - - [21/Aug/2026:04:35:23 -0400] "GET /cgi-tulanetechconnect/LexAuth/db_xml.cgi?version=14.0&startorder=2104 HTTP/1.1" 200 320 "-" "PIMS-Platinum"
129.81.250.1 - - [21/Aug/2026:04:45:23 -0400] "GET /cgi-tulanetechconnect/LexAuth/db_xml.cgi?version=14.0&startorder=2104 HTTP/1.1" 200 320 "-" "PIMS-Platinum"
129.81.250.1 - - [21/Aug/2026:04:55:24 -0400] "GET /cgi-tulanetechconnect/LexAuth/db_xml.cgi?version=14.0&startorder=2104 HTTP/1.1" 200 320 "-" "PIMS-Platinum"
129.81.250.1 - - [21/Aug/2026:05:05:24 -0400] "GET /cgi-tulanetechconnect/LexAuth/db_xml.cgi?version=14.0&startorder=2104 HTTP/1.1" 200 320 "-" "PIMS-Platinum"
129.81.250.1 - - [21/Aug/2026:05:15:24 -0400] "GET /cgi-tulanetechconnect/LexAuth/db_xml.cgi?version=14.0&startorder=2104 HTTP/1.1" 200 320 "-" "PIMS-Platinum"
129.81.250.1 - - [21/Aug/2026:05:25:25 -0400] "GET /cgi-tulanetechconnect/LexAuth/db_xml.cgi?version=14.0&startorder=2104 HTTP/1.1" 200 320 "-" "PIMS-Platinum"
129.81.250.1 - - [21/Aug/2026:05:35:25 -0400] "GET /cgi-tulanetechconnect/LexAuth/db_xml.cgi?version=14.0&startorder=2104 HTTP/1.1" 200 320 "-" "PIMS-Platinum"
129.81.250.1 - - [21/Aug/2026:05:45:26 -0400] "GET /cgi-tulanetechconnect/LexAuth/db_xml.cgi?version=14.0&startorder=2104 HTTP/1.1" 200 320 "-" "PIMS-Platinum"
129.81.250.1 - - [21/Aug/2026:05:55:26 -0400] "GET /cgi-tulanetechconnect/LexAuth/db_xml.cgi?version=14.0&startorder=2104 HTTP/1.1" 200 320 "-" "PIMS-Platinum"
129.81.250.1 - - [21/Aug/2026:06:05:26 -0400] "GET /cgi-tulanetechconnect/LexAuth/db_xml.cgi?version=14.0&startorder=2104 HTTP/1.1" 200 320 "-" "PIMS-Platinum"
129.81.250.1 - - [21/Aug/2026:06:15:27 -0400] "GET /cgi-tulanetechconnect/LexAuth/db_xml.cgi?version=14.0&startorder=2104 HTTP/1.1" 200 320 "-" "PIMS-Platinum"
150.5.132.89 - - [21/Aug/2026:06:16:26 -0400] "GET / HTTP/1.1" 301 242 "-" "Mozilla/5.0 (Windows NT 10.0; Win64; x64) AppleWebKit/537.36 (KHTML, like Gecko) Chrome/103.0.0.0 Safari/537.36"
129.81.250.1 - - [21/Aug/2026:06:25:27 -0400] "GET /cgi-tulanetechconnect/LexAuth/db_xml.cgi?version=14.0&startorder=2104 HTTP/1.1" 200 320 "-" "PIMS-Platinum"
129.81.250.1 - - [21/Aug/2026:06:35:28 -0400] "GET /cgi-tulanetechconnect/LexAuth/db_xml.cgi?version=14.0&startorder=2104 HTTP/1.1" 200 320 "-" "PIMS-Platinum"
78.105.126.234 - - [21/Aug/2026:06:37:52 -0400] "GET /robots.txt HTTP/1.1" 301 252 "-" "Mozilla/5.0 (iPhone; CPU iPhone OS 16_5_1 like Mac OS X) AppleWebKit/605.1.15 (KHTML, like Gecko) EdgiOS/126.2592.68 Mobile/15E148 Safari/605.1.15"
129.81.250.1 - - [21/Aug/2026:06:45:28 -0400] "GET /cgi-tulanetechconnect/LexAuth/db_xml.cgi?version=14.0&startorder=2104 HTTP/1.1" 200 320 "-" "PIMS-Platinum"
129.81.250.1 - - [21/Aug/2026:06:55:29 -0400] "GET /cgi-tulanetechconnect/LexAuth/db_xml.cgi?version=14.0&startorder=2104 HTTP/1.1" 200 320 "-" "PIMS-Platinum"
129.81.250.1 - - [21/Aug/2026:07:05:29 -0400] "GET /cgi-tulanetechconnect/LexAuth/db_xml.cgi?version=14.0&startorder=2104 HTTP/1.1" 200 320 "-" "PIMS-Platinum"
43.159.139.164 - - [21/Aug/2026:07:13:20 -0400] "GET / HTTP/1.1" 301 242 "-" "Mozilla/5.0 (iPhone; CPU iPhone OS 13_2_3 like Mac OS X) AppleWebKit/605.1.15 (KHTML, like Gecko) Version/13.0.3 Mobile/15E148 Safari/604.1"
129.81.250.1 - - [21/Aug/2026:07:15:29 -0400] "GET /cgi-tulanetechconnect/LexAuth/db_xml.cgi?version=14.0&startorder=2104 HTTP/1.1" 200 320 "-" "PIMS-Platinum"
103.65.236.109 - - [21/Aug/2026:07:23:47 -0400] "GET /sftp-config.json HTTP/1.1" 301 258 "-" "Mozilla/5.0 (Macintosh; Intel Mac OS X 10.15; rv:77.0) Gecko/20100101 Firefox/77.0"
103.65.236.109 - - [21/Aug/2026:07:23:49 -0400] "GET /.vscode/sftp.json HTTP/1.1" 301 259 "-" "Mozilla/5.0 (Macintosh; Intel Mac OS X 10.15; rv:77.0) Gecko/20100101 Firefox/77.0"
129.81.250.1 - - [21/Aug/2026:07:25:30 -0400] "GET /cgi-tulanetechconnect/LexAuth/db_xml.cgi?version=14.0&startorder=2104 HTTP/1.1" 200 320 "-" "PIMS-Platinum"
129.81.250.1 - - [21/Aug/2026:07:35:30 -0400] "GET /cgi-tulanetechconnect/LexAuth/db_xml.cgi?version=14.0&startorder=2104 HTTP/1.1" 200 320 "-" "PIMS-Platinum"
129.81.250.1 - - [21/Aug/2026:07:45:30 -0400] "GET /cgi-tulanetechconnect/LexAuth/db_xml.cgi?version=14.0&startorder=2104 HTTP/1.1" 200 320 "-" "PIMS-Platinum"
129.81.250.1 - - [21/Aug/2026:07:55:31 -0400] "GET /cgi-tulanetechconnect/LexAuth/db_xml.cgi?version=14.0&startorder=2104 HTTP/1.1" 200 320 "-" "PIMS-Platinum"
43.153.107.22 - - [21/Aug/2026:08:04:50 -0400] "GET / HTTP/1.1" 301 242 "-" "Mozilla/5.0 (iPhone; CPU iPhone OS 13_2_3 like Mac OS X) AppleWebKit/605.1.15 (KHTML, like Gecko) Version/13.0.3 Mobile/15E148 Safari/604.1"
129.81.250.1 - - [21/Aug/2026:08:05:32 -0400] "GET /cgi-tulanetechconnect/LexAuth/db_xml.cgi?version=14.0&startorder=2104 HTTP/1.1" 200 320 "-" "PIMS-Platinum"
129.81.250.1 - - [21/Aug/2026:08:15:32 -0400] "GET /cgi-tulanetechconnect/LexAuth/db_xml.cgi?version=14.0&startorder=2104 HTTP/1.1" 200 320 "-" "PIMS-Platinum"
129.81.250.1 - - [21/Aug/2026:08:25:33 -0400] "GET /cgi-tulanetechconnect/LexAuth/db_xml.cgi?version=14.0&startorder=2104 HTTP/1.1" 200 320 "-" "PIMS-Platinum"
129.81.250.1 - - [21/Aug/2026:08:35:33 -0400] "GET /cgi-tulanetechconnect/LexAuth/db_xml.cgi?version=14.0&startorder=2104 HTTP/1.1" 200 320 "-" "PIMS-Platinum"
129.81.250.1 - - [21/Aug/2026:08:45:33 -0400] "GET /cgi-tulanetechconnect/LexAuth/db_xml.cgi?version=14.0&startorder=2104 HTTP/1.1" 200 320 "-" "PIMS-Platinum"
129.81.250.1 - - [21/Aug/2026:08:55:34 -0400] "GET /cgi-tulanetechconnect/LexAuth/db_xml.cgi?version=14.0&startorder=2104 HTTP/1.1" 200 320 "-" "PIMS-Platinum"
129.81.250.1 - - [21/Aug/2026:09:05:34 -0400] "GET /cgi-tulanetechconnect/LexAuth/db_xml.cgi?version=14.0&startorder=2104 HTTP/1.1" 200 320 "-" "PIMS-Platinum"
129.81.250.1 - - [21/Aug/2026:09:15:34 -0400] "GET /cgi-tulanetechconnect/LexAuth/db_xml.cgi?version=14.0&startorder=2104 HTTP/1.1" 200 320 "-" "PIMS-Platinum"
129.81.250.1 - - [21/Aug/2026:09:25:35 -0400] "GET /cgi-tulanetechconnect/LexAuth/db_xml.cgi?version=14.0&startorder=2104 HTTP/1.1" 200 320 "-" "PIMS-Platinum"
129.81.250.1 - - [21/Aug/2026:09:35:35 -0400] "GET /cgi-tulanetechconnect/LexAuth/db_xml.cgi?version=14.0&startorder=2104 HTTP/1.1" 200 320 "-" "PIMS-Platinum"
129.81.250.1 - - [21/Aug/2026:09:45:35 -0400] "GET /cgi-tulanetechconnect/LexAuth/db_xml.cgi?version=14.0&startorder=2104 HTTP/1.1" 200 320 "-" "PIMS-Platinum"
129.81.250.1 - - [21/Aug/2026:09:55:36 -0400] "GET /cgi-tulanetechconnect/LexAuth/db_xml.cgi?version=14.0&startorder=2104 HTTP/1.1" 200 320 "-" "PIMS-Platinum"
129.81.250.1 - - [21/Aug/2026:10:05:36 -0400] "GET /cgi-tulanetechconnect/LexAuth/db_xml.cgi?version=14.0&startorder=2104 HTTP/1.1" 200 320 "-" "PIMS-Platinum"
129.81.250.1 - - [21/Aug/2026:10:15:37 -0400] "GET /cgi-tulanetechconnect/LexAuth/db_xml.cgi?version=14.0&startorder=2104 HTTP/1.1" 200 320 "-" "PIMS-Platinum"
129.81.250.1 - - [21/Aug/2026:10:25:37 -0400] "GET /cgi-tulanetechconnect/LexAuth/db_xml.cgi?version=14.0&startorder=2104 HTTP/1.1" 200 320 "-" "PIMS-Platinum"
129.81.250.1 - - [21/Aug/2026:10:35:37 -0400] "GET /cgi-tulanetechconnect/LexAuth/db_xml.cgi?version=14.0&startorder=2104 HTTP/1.1" 200 320 "-" "PIMS-Platinum"
129.81.250.1 - - [21/Aug/2026:10:45:38 -0400] "GET /cgi-tulanetechconnect/LexAuth/db_xml.cgi?version=14.0&startorder=2104 HTTP/1.1" 200 320 "-" "PIMS-Platinum"
129.81.250.1 - - [21/Aug/2026:10:55:38 -0400] "GET /cgi-tulanetechconnect/LexAuth/db_xml.cgi?version=14.0&startorder=2104 HTTP/1.1" 200 320 "-" "PIMS-Platinum"
129.81.250.1 - - [21/Aug/2026:11:05:38 -0400] "GET /cgi-tulanetechconnect/LexAuth/db_xml.cgi?version=14.0&startorder=2104 HTTP/1.1" 200 320 "-" "PIMS-Platinum"
129.81.250.1 - - [21/Aug/2026:11:15:39 -0400] "GET /cgi-tulanetechconnect/LexAuth/db_xml.cgi?version=14.0&startorder=2104 HTTP/1.1" 200 320 "-" "PIMS-Platinum"
129.81.250.1 - - [21/Aug/2026:11:25:40 -0400] "GET /cgi-tulanetechconnect/LexAuth/db_xml.cgi?version=14.0&startorder=2104 HTTP/1.1" 200 320 "-" "PIMS-Platinum"
43.157.38.131 - - [21/Aug/2026:11:32:37 -0400] "GET / HTTP/1.1" 301 242 "-" "Mozilla/5.0 (iPhone; CPU iPhone OS 13_2_3 like Mac OS X) AppleWebKit/605.1.15 (KHTML, like Gecko) Version/13.0.3 Mobile/15E148 Safari/604.1"
129.81.250.1 - - [21/Aug/2026:11:35:40 -0400] "GET /cgi-tulanetechconnect/LexAuth/db_xml.cgi?version=14.0&startorder=2104 HTTP/1.1" 200 320 "-" "PIMS-Platinum"
129.81.250.1 - - [21/Aug/2026:11:45:40 -0400] "GET /cgi-tulanetechconnect/LexAuth/db_xml.cgi?version=14.0&startorder=2104 HTTP/1.1" 200 320 "-" "PIMS-Platinum"
129.81.250.1 - - [21/Aug/2026:11:55:41 -0400] "GET /cgi-tulanetechconnect/LexAuth/db_xml.cgi?version=14.0&startorder=2104 HTTP/1.1" 200 320 "-" "PIMS-Platinum"
129.81.250.1 - - [21/Aug/2026:12:05:42 -0400] "GET /cgi-tulanetechconnect/LexAuth/db_xml.cgi?version=14.0&startorder=2104 HTTP/1.1" 200 320 "-" "PIMS-Platinum"
34.211.206.139 - - [21/Aug/2026:12:13:16 -0400] "GET / HTTP/1.1" 301 242 "-" "Go-http-client/1.1"
34.211.206.139 - - [21/Aug/2026:12:13:17 -0400] "GET /wp-includes/css/buttons.css HTTP/1.1" 301 269 "-" "Go-http-client/1.1"
34.211.206.139 - - [21/Aug/2026:12:13:17 -0400] "GET /media/system/js/core.js HTTP/1.1" 301 265 "-" "Go-http-client/1.1"
129.81.250.1 - - [21/Aug/2026:12:15:43 -0400] "GET /cgi-tulanetechconnect/LexAuth/db_xml.cgi?version=14.0&startorder=2104 HTTP/1.1" 200 320 "-" "PIMS-Platinum"
129.81.250.1 - - [21/Aug/2026:12:25:44 -0400] "GET /cgi-tulanetechconnect/LexAuth/db_xml.cgi?version=14.0&startorder=2104 HTTP/1.1" 200 320 "-" "PIMS-Platinum"
43.159.145.153 - - [21/Aug/2026:12:26:15 -0400] "GET / HTTP/1.1" 301 242 "-" "Mozilla/5.0 (iPhone; CPU iPhone OS 13_2_3 like Mac OS X) AppleWebKit/605.1.15 (KHTML, like Gecko) Version/13.0.3 Mobile/15E148 Safari/604.1"
129.81.250.1 - - [21/Aug/2026:12:35:46 -0400] "GET /cgi-tulanetechconnect/LexAuth/db_xml.cgi?version=14.0&startorder=2104 HTTP/1.1" 200 320 "-" "PIMS-Platinum"
98.80.16.166 - - [21/Aug/2026:12:39:41 -0400] "GET /robots.txt HTTP/1.1" 301 252 "-" "Mozilla/5.0 (Macintosh; Intel Mac OS X 10_10_1) AppleWebKit/600.2.5 (KHTML, like Gecko) Version/8.0.2 Safari/600.2.5 (Gort)"
129.81.250.1 - - [21/Aug/2026:12:45:47 -0400] "GET /cgi-tulanetechconnect/LexAuth/db_xml.cgi?version=14.0&startorder=2104 HTTP/1.1" 200 320 "-" "PIMS-Platinum"
140.245.103.102 - - [21/Aug/2026:12:54:40 -0400] "GET /wp-content/plugins/pods/readme.txt HTTP/1.1" 301 276 "-" "Mozilla/5.0 (Macintosh; Intel Mac OS X 10_15_7) AppleWebKit/537.36 (KHTML, like Gecko) Chrome/124.0.0.0 Safari/537.36"
140.245.103.102 - - [21/Aug/2026:12:54:40 -0400] "GET /wp-content/plugins/pods/init.php HTTP/1.1" 403 199 "-" "Mozilla/5.0 (Macintosh; Intel Mac OS X 10_15_7) AppleWebKit/537.36 (KHTML, like Gecko) Chrome/124.0.0.0 Safari/537.36"
129.81.250.1 - - [21/Aug/2026:12:55:47 -0400] "GET /cgi-tulanetechconnect/LexAuth/db_xml.cgi?version=14.0&startorder=2104 HTTP/1.1" 200 320 "-" "PIMS-Platinum"
91.237.41.24 - - [21/Aug/2026:13:04:44 -0400] "GET / HTTP/1.1" 301 242 "-" "Mozilla/5.0 (Windows NT 10.0; Win64; x64) AppleWebKit/537.36 (KHTML, like Gecko) Chrome/112.0.0.0 Safari/537.36"
129.81.250.1 - - [21/Aug/2026:13:05:47 -0400] "GET /cgi-tulanetechconnect/LexAuth/db_xml.cgi?version=14.0&startorder=2104 HTTP/1.1" 200 320 "-" "PIMS-Platinum"
129.81.250.1 - - [21/Aug/2026:13:10:12 -0400] "GET /cgi-tulanetechconnect/LexAuth/dbupload.cgi?clientApp=1&dbname=products&filename=pimsx_upload.xml&uniqueName=SKU&newRecords=yes HTTP/1.1" 200 2128 "-" "PIMS-Platinum"
129.81.250.1 - - [21/Aug/2026:13:10:13 -0400] "GET /cgi-tulanetechconnect/LexAuth/generate.cgi?clientapp=1&htmlpages=1&custompages=1&index=1 HTTP/1.1" 200 43567 "-" "PIMS-Platinum"
129.81.250.1 - - [21/Aug/2026:13:15:48 -0400] "GET /cgi-tulanetechconnect/LexAuth/db_xml.cgi?version=14.0&startorder=2104 HTTP/1.1" 200 320 "-" "PIMS-Platinum"
129.81.250.1 - - [21/Aug/2026:13:25:48 -0400] "GET /cgi-tulanetechconnect/LexAuth/db_xml.cgi?version=14.0&startorder=2104 HTTP/1.1" 200 320 "-" "PIMS-Platinum"
129.81.250.1 - - [21/Aug/2026:13:35:49 -0400] "GET /cgi-tulanetechconnect/LexAuth/db_xml.cgi?version=14.0&startorder=2104 HTTP/1.1" 200 320 "-" "PIMS-Platinum"
129.81.250.1 - - [21/Aug/2026:13:45:49 -0400] "GET /cgi-tulanetechconnect/LexAuth/db_xml.cgi?version=14.0&startorder=2104 HTTP/1.1" 200 320 "-" "PIMS-Platinum"
129.81.250.1 - - [21/Aug/2026:13:55:49 -0400] "GET /cgi-tulanetechconnect/LexAuth/db_xml.cgi?version=14.0&startorder=2104 HTTP/1.1" 200 320 "-" "PIMS-Platinum"
129.81.250.1 - - [21/Aug/2026:14:00:16 -0400] "GET /cgi-tulanetechconnect/LexAuth/dbupload.cgi?clientApp=1&dbname=products&filename=pimsx_upload.xml&uniqueName=SKU&newRecords=yes HTTP/1.1" 200 1987 "-" "PIMS-Platinum"
129.81.250.1 - - [21/Aug/2026:14:00:17 -0400] "GET /cgi-tulanetechconnect/LexAuth/generate.cgi?clientapp=1&htmlpages=1&custompages=1&index=1 HTTP/1.1" 200 39430 "-" "PIMS-Platinum"
129.81.250.1 - - [21/Aug/2026:14:05:50 -0400] "GET /cgi-tulanetechconnect/LexAuth/db_xml.cgi?version=14.0&startorder=2104 HTTP/1.1" 200 320 "-" "PIMS-Platinum"
129.81.250.1 - - [21/Aug/2026:14:10:18 -0400] "GET /cgi-tulanetechconnect/LexAuth/dbupload.cgi?clientApp=1&dbname=products&filename=pimsx_upload.xml&uniqueName=SKU&newRecords=yes HTTP/1.1" 200 2054 "-" "PIMS-Platinum"
129.81.250.1 - - [21/Aug/2026:14:10:18 -0400] "GET /cgi-tulanetechconnect/LexAuth/generate.cgi?clientapp=1&htmlpages=1&custompages=1&index=1 HTTP/1.1" 200 43141 "-" "PIMS-Platinum"
129.81.250.1 - - [21/Aug/2026:14:15:50 -0400] "GET /cgi-tulanetechconnect/LexAuth/db_xml.cgi?version=14.0&startorder=2104 HTTP/1.1" 200 320 "-" "PIMS-Platinum"
129.81.250.1 - - [21/Aug/2026:14:25:50 -0400] "GET /cgi-tulanetechconnect/LexAuth/db_xml.cgi?version=14.0&startorder=2104 HTTP/1.1" 200 320 "-" "PIMS-Platinum"
129.81.250.1 - - [21/Aug/2026:14:35:51 -0400] "GET /cgi-tulanetechconnect/LexAuth/db_xml.cgi?version=14.0&startorder=2104 HTTP/1.1" 200 320 "-" "PIMS-Platinum"
129.81.250.1 - - [21/Aug/2026:14:45:51 -0400] "GET /cgi-tulanetechconnect/LexAuth/db_xml.cgi?version=14.0&startorder=2104 HTTP/1.1" 200 320 "-" "PIMS-Platinum"
129.81.250.1 - - [21/Aug/2026:14:55:51 -0400] "GET /cgi-tulanetechconnect/LexAuth/db_xml.cgi?version=14.0&startorder=2104 HTTP/1.1" 200 320 "-" "PIMS-Platinum"
173.252.82.87 - - [21/Aug/2026:14:59:27 -0400] "GET /robots.txt HTTP/1.1" 301 252 "-" "facebookexternalhit/1.1 (+http://www.facebook.com/externalhit_uatext.php)"
129.81.250.1 - - [21/Aug/2026:15:05:52 -0400] "GET /cgi-tulanetechconnect/LexAuth/db_xml.cgi?version=14.0&startorder=2104 HTTP/1.1" 200 320 "-" "PIMS-Platinum"
129.81.250.1 - - [21/Aug/2026:15:15:52 -0400] "GET /cgi-tulanetechconnect/LexAuth/db_xml.cgi?version=14.0&startorder=2104 HTTP/1.1" 200 320 "-" "PIMS-Platinum"
129.81.250.1 - - [21/Aug/2026:15:25:53 -0400] "GET /cgi-tulanetechconnect/LexAuth/db_xml.cgi?version=14.0&startorder=2104 HTTP/1.1" 200 320 "-" "PIMS-Platinum"
129.81.250.1 - - [21/Aug/2026:15:35:53 -0400] "GET /cgi-tulanetechconnect/LexAuth/db_xml.cgi?version=14.0&startorder=2104 HTTP/1.1" 200 320 "-" "PIMS-Platinum"
129.81.250.1 - - [21/Aug/2026:15:40:20 -0400] "GET /cgi-tulanetechconnect/LexAuth/dbupload.cgi?clientApp=1&dbname=products&filename=pimsx_upload.xml&uniqueName=SKU&newRecords=yes HTTP/1.1" 200 2014 "-" "PIMS-Platinum"
129.81.250.1 - - [21/Aug/2026:15:40:20 -0400] "GET /cgi-tulanetechconnect/LexAuth/generate.cgi?clientapp=1&htmlpages=1&custompages=1&index=1 HTTP/1.1" 200 39434 "-" "PIMS-Platinum"
129.81.250.1 - - [21/Aug/2026:15:45:53 -0400] "GET /cgi-tulanetechconnect/LexAuth/db_xml.cgi?version=14.0&startorder=2104 HTTP/1.1" 200 320 "-" "PIMS-Platinum"
129.81.250.1 - - [21/Aug/2026:15:55:54 -0400] "GET /cgi-tulanetechconnect/LexAuth/db_xml.cgi?version=14.0&startorder=2104 HTTP/1.1" 200 320 "-" "PIMS-Platinum"
129.81.250.1 - - [21/Aug/2026:16:00:22 -0400] "GET /cgi-tulanetechconnect/LexAuth/dbupload.cgi?clientApp=1&dbname=products&filename=pimsx_upload.xml&uniqueName=SKU&newRecords=yes HTTP/1.1" 200 2598 "-" "PIMS-Platinum"
129.81.250.1 - - [21/Aug/2026:16:00:22 -0400] "GET /cgi-tulanetechconnect/LexAuth/generate.cgi?clientapp=1&htmlpages=1&custompages=1&index=1 HTTP/1.1" 200 48958 "-" "PIMS-Platinum"
129.81.250.1 - - [21/Aug/2026:16:05:54 -0400] "GET /cgi-tulanetechconnect/LexAuth/db_xml.cgi?version=14.0&startorder=2104 HTTP/1.1" 200 320 "-" "PIMS-Platinum"
129.81.250.1 - - [21/Aug/2026:16:15:54 -0400] "GET /cgi-tulanetechconnect/LexAuth/db_xml.cgi?version=14.0&startorder=2104 HTTP/1.1" 200 320 "-" "PIMS-Platinum"
129.81.250.1 - - [21/Aug/2026:16:25:55 -0400] "GET /cgi-tulanetechconnect/LexAuth/db_xml.cgi?version=14.0&startorder=2104 HTTP/1.1" 200 320 "-" "PIMS-Platinum"
129.81.250.1 - - [21/Aug/2026:16:30:24 -0400] "GET /cgi-tulanetechconnect/LexAuth/dbupload.cgi?clientApp=1&dbname=products&filename=pimsx_upload.xml&uniqueName=SKU&newRecords=yes HTTP/1.1" 200 2206 "-" "PIMS-Platinum"
129.81.250.1 - - [21/Aug/2026:16:30:24 -0400] "GET /cgi-tulanetechconnect/LexAuth/generate.cgi?clientapp=1&htmlpages=1&custompages=1&index=1 HTTP/1.1" 200 39433 "-" "PIMS-Platinum"
129.81.250.1 - - [21/Aug/2026:16:35:55 -0400] "GET /cgi-tulanetechconnect/LexAuth/db_xml.cgi?version=14.0&startorder=2104 HTTP/1.1" 200 320 "-" "PIMS-Platinum"
129.81.250.1 - - [21/Aug/2026:16:45:55 -0400] "GET /cgi-tulanetechconnect/LexAuth/db_xml.cgi?version=14.0&startorder=2104 HTTP/1.1" 200 320 "-" "PIMS-Platinum"
137.184.227.205 - - [21/Aug/2026:16:47:51 -0400] "HEAD / HTTP/1.1" 301 - "-" "Mozilla/5.0 (Windows NT 10.0; Win64; x64) AppleWebKit/537.36 (KHTML, like Gecko) Chrome/131.0.0.0 Safari/537.36"
129.81.250.1 - - [21/Aug/2026:16:55:56 -0400] "GET /cgi-tulanetechconnect/LexAuth/db_xml.cgi?version=14.0&startorder=2104 HTTP/1.1" 200 320 "-" "PIMS-Platinum"
129.81.250.1 - - [21/Aug/2026:17:05:56 -0400] "GET /cgi-tulanetechconnect/LexAuth/db_xml.cgi?version=14.0&startorder=2104 HTTP/1.1" 200 320 "-" "PIMS-Platinum"
129.81.250.1 - - [21/Aug/2026:17:15:56 -0400] "GET /cgi-tulanetechconnect/LexAuth/db_xml.cgi?version=14.0&startorder=2104 HTTP/1.1" 200 320 "-" "PIMS-Platinum"
129.81.250.1 - - [21/Aug/2026:17:25:57 -0400] "GET /cgi-tulanetechconnect/LexAuth/db_xml.cgi?version=14.0&startorder=2104 HTTP/1.1" 200 320 "-" "PIMS-Platinum"
45.56.120.50 - - [21/Aug/2026:17:27:28 -0400] "HEAD /wp/ HTTP/1.1" 301 - "-" "Mozilla/5.0 (Windows NT 10.0; Win64; x64) AppleWebKit/537.36 (KHTML, like Gecko) Chrome/127.0.6534.42 Safari/537.36"
45.56.120.50 - - [21/Aug/2026:17:27:28 -0400] "HEAD /new/ HTTP/1.1" 301 - "-" "Mozilla/5.0 (Linux; Android 13; Infinix X688B) AppleWebKit/537.36 (KHTML, like Gecko) Chrome/124.0.6367.48 Mobile Safari/537.36"
45.56.120.50 - - [21/Aug/2026:17:27:28 -0400] "HEAD /blog/ HTTP/1.1" 301 - "-" "Mozilla/5.0 (Macintosh; Intel Mac OS X 15_0) AppleWebKit/537.36 (KHTML, like Gecko) Chrome/125.0.6422.141 Safari/537.36"
45.56.120.50 - - [21/Aug/2026:17:27:28 -0400] "HEAD / HTTP/1.1" 301 - "-" "Mozilla/5.0 (X11; Fedora; Linux x86_64; rv:125.0) Gecko/20100101 Firefox/125.0"
45.56.120.50 - - [21/Aug/2026:17:27:28 -0400] "HEAD /wordpress/ HTTP/1.1" 301 - "-" "Mozilla/5.0 (Linux; Android 14; OnePlus 12) AppleWebKit/537.36 (KHTML, like Gecko) Chrome/125.0.6422.102 Mobile Safari/537.36"
45.56.120.50 - - [21/Aug/2026:17:27:28 -0400] "HEAD /old/ HTTP/1.1" 301 - "-" "Mozilla/5.0 (Linux; Android 14; Xiaomi 14 Pro) AppleWebKit/537.36 (KHTML, like Gecko) Chrome/126.0.6478.33 Mobile Safari/537.36"
45.56.120.50 - - [21/Aug/2026:17:27:28 -0400] "HEAD /backup/ HTTP/1.1" 301 - "-" "Mozilla/5.0 (X11; Linux x86_64; rv:127.0) Gecko/20100101 Firefox/127.0"
129.81.250.1 - - [21/Aug/2026:17:35:57 -0400] "GET /cgi-tulanetechconnect/LexAuth/db_xml.cgi?version=14.0&startorder=2104 HTTP/1.1" 200 320 "-" "PIMS-Platinum"
129.81.250.1 - - [21/Aug/2026:17:45:58 -0400] "GET /cgi-tulanetechconnect/LexAuth/db_xml.cgi?version=14.0&startorder=2104 HTTP/1.1" 200 320 "-" "PIMS-Platinum"
129.81.250.1 - - [21/Aug/2026:17:55:58 -0400] "GET /cgi-tulanetechconnect/LexAuth/db_xml.cgi?version=14.0&startorder=2104 HTTP/1.1" 200 320 "-" "PIMS-Platinum"
129.81.250.1 - - [21/Aug/2026:18:05:58 -0400] "GET /cgi-tulanetechconnect/LexAuth/db_xml.cgi?version=14.0&startorder=2104 HTTP/1.1" 200 320 "-" "PIMS-Platinum"
146.190.75.39 - - [21/Aug/2026:18:09:26 -0400] "GET /.git/config HTTP/1.1" 301 253 "-" "Mozilla/5.0 (X11; Linux x86_64) AppleWebKit/537.36 (KHTML, like Gecko) Chrome/81.0.4044.129 Safari/537.36"
129.81.250.1 - - [21/Aug/2026:18:15:59 -0400] "GET /cgi-tulanetechconnect/LexAuth/db_xml.cgi?version=14.0&startorder=2104 HTTP/1.1" 200 320 "-" "PIMS-Platinum"
8.216.48.145 - - [21/Aug/2026:18:18:09 -0400] "GET / HTTP/1.1" 301 242 "-" "Mozilla/5.0 (Windows NT 10.0; Win64; x64) AppleWebKit/537.36 (KHTML, like Gecko) Chrome/108.0.0.0 Safari/537.36"
129.81.250.1 - - [21/Aug/2026:18:25:59 -0400] "GET /cgi-tulanetechconnect/LexAuth/db_xml.cgi?version=14.0&startorder=2104 HTTP/1.1" 200 320 "-" "PIMS-Platinum"
129.81.250.1 - - [21/Aug/2026:18:35:59 -0400] "GET /cgi-tulanetechconnect/LexAuth/db_xml.cgi?version=14.0&startorder=2104 HTTP/1.1" 200 320 "-" "PIMS-Platinum"
129.81.250.1 - - [21/Aug/2026:18:46:00 -0400] "GET /cgi-tulanetechconnect/LexAuth/db_xml.cgi?version=14.0&startorder=2104 HTTP/1.1" 200 320 "-" "PIMS-Platinum"
129.81.250.1 - - [21/Aug/2026:18:56:00 -0400] "GET /cgi-tulanetechconnect/LexAuth/db_xml.cgi?version=14.0&startorder=2104 HTTP/1.1" 200 320 "-" "PIMS-Platinum"
129.81.250.1 - - [21/Aug/2026:19:06:00 -0400] "GET /cgi-tulanetechconnect/LexAuth/db_xml.cgi?version=14.0&startorder=2104 HTTP/1.1" 200 320 "-" "PIMS-Platinum"
129.81.250.1 - - [21/Aug/2026:19:16:01 -0400] "GET /cgi-tulanetechconnect/LexAuth/db_xml.cgi?version=14.0&startorder=2104 HTTP/1.1" 200 320 "-" "PIMS-Platinum"
129.81.250.1 - - [21/Aug/2026:19:26:01 -0400] "GET /cgi-tulanetechconnect/LexAuth/db_xml.cgi?version=14.0&startorder=2104 HTTP/1.1" 200 320 "-" "PIMS-Platinum"
129.81.250.1 - - [21/Aug/2026:19:36:01 -0400] "GET /cgi-tulanetechconnect/LexAuth/db_xml.cgi?version=14.0&startorder=2104 HTTP/1.1" 200 320 "-" "PIMS-Platinum"
129.81.250.1 - - [21/Aug/2026:19:46:02 -0400] "GET /cgi-tulanetechconnect/LexAuth/db_xml.cgi?version=14.0&startorder=2104 HTTP/1.1" 200 320 "-" "PIMS-Platinum"
129.81.250.1 - - [21/Aug/2026:19:56:02 -0400] "GET /cgi-tulanetechconnect/LexAuth/db_xml.cgi?version=14.0&startorder=2104 HTTP/1.1" 200 320 "-" "PIMS-Platinum"
129.81.250.1 - - [21/Aug/2026:20:06:03 -0400] "GET /cgi-tulanetechconnect/LexAuth/db_xml.cgi?version=14.0&startorder=2104 HTTP/1.1" 200 320 "-" "PIMS-Platinum"
129.81.250.1 - - [21/Aug/2026:20:16:03 -0400] "GET /cgi-tulanetechconnect/LexAuth/db_xml.cgi?version=14.0&startorder=2104 HTTP/1.1" 200 320 "-" "PIMS-Platinum"
129.81.250.1 - - [21/Aug/2026:20:26:03 -0400] "GET /cgi-tulanetechconnect/LexAuth/db_xml.cgi?version=14.0&startorder=2104 HTTP/1.1" 200 320 "-" "PIMS-Platinum"
129.81.250.1 - - [21/Aug/2026:20:36:04 -0400] "GET /cgi-tulanetechconnect/LexAuth/db_xml.cgi?version=14.0&startorder=2104 HTTP/1.1" 200 320 "-" "PIMS-Platinum"
129.81.250.1 - - [21/Aug/2026:20:46:04 -0400] "GET /cgi-tulanetechconnect/LexAuth/db_xml.cgi?version=14.0&startorder=2104 HTTP/1.1" 200 320 "-" "PIMS-Platinum"
129.81.250.1 - - [21/Aug/2026:20:56:05 -0400] "GET /cgi-tulanetechconnect/LexAuth/db_xml.cgi?version=14.0&startorder=2104 HTTP/1.1" 200 320 "-" "PIMS-Platinum"
129.81.250.1 - - [21/Aug/2026:21:06:05 -0400] "GET /cgi-tulanetechconnect/LexAuth/db_xml.cgi?version=14.0&startorder=2104 HTTP/1.1" 200 320 "-" "PIMS-Platinum"
66.249.64.8 - - [21/Aug/2026:21:15:57 -0400] "GET /robots.txt HTTP/1.1" 301 252 "-" "Mozilla/5.0 (compatible; Googlebot/2.1; +http://www.google.com/bot.html)"
66.249.64.7 - - [21/Aug/2026:21:15:57 -0400] "GET /index.html HTTP/1.1" 301 252 "-" "Mozilla/5.0 (Linux; Android 6.0.1; Nexus 5X Build/MMB29P) AppleWebKit/537.36 (KHTML, like Gecko) Chrome/151.0.7922.137 Mobile Safari/537.36 (compatible; Googlebot/2.1; +http://www.google.com/bot.html)"
129.81.250.1 - - [21/Aug/2026:21:16:05 -0400] "GET /cgi-tulanetechconnect/LexAuth/db_xml.cgi?version=14.0&startorder=2104 HTTP/1.1" 200 320 "-" "PIMS-Platinum"
129.81.250.1 - - [21/Aug/2026:21:26:06 -0400] "GET /cgi-tulanetechconnect/LexAuth/db_xml.cgi?version=14.0&startorder=2104 HTTP/1.1" 200 320 "-" "PIMS-Platinum"
129.81.250.1 - - [21/Aug/2026:21:36:06 -0400] "GET /cgi-tulanetechconnect/LexAuth/db_xml.cgi?version=14.0&startorder=2104 HTTP/1.1" 200 320 "-" "PIMS-Platinum"
129.81.250.1 - - [21/Aug/2026:21:46:06 -0400] "GET /cgi-tulanetechconnect/LexAuth/db_xml.cgi?version=14.0&startorder=2104 HTTP/1.1" 200 320 "-" "PIMS-Platinum"
129.81.250.1 - - [21/Aug/2026:21:56:07 -0400] "GET /cgi-tulanetechconnect/LexAuth/db_xml.cgi?version=14.0&startorder=2104 HTTP/1.1" 200 320 "-" "PIMS-Platinum"
129.81.250.1 - - [21/Aug/2026:22:06:07 -0400] "GET /cgi-tulanetechconnect/LexAuth/db_xml.cgi?version=14.0&startorder=2104 HTTP/1.1" 200 320 "-" "PIMS-Platinum"
129.81.250.1 - - [21/Aug/2026:22:16:08 -0400] "GET /cgi-tulanetechconnect/LexAuth/db_xml.cgi?version=14.0&startorder=2104 HTTP/1.1" 200 320 "-" "PIMS-Platinum"
129.81.250.1 - - [21/Aug/2026:22:26:08 -0400] "GET /cgi-tulanetechconnect/LexAuth/db_xml.cgi?version=14.0&startorder=2104 HTTP/1.1" 200 320 "-" "PIMS-Platinum"
129.81.250.1 - - [21/Aug/2026:22:36:09 -0400] "GET /cgi-tulanetechconnect/LexAuth/db_xml.cgi?version=14.0&startorder=2104 HTTP/1.1" 200 320 "-" "PIMS-Platinum"
129.81.250.1 - - [21/Aug/2026:22:46:09 -0400] "GET /cgi-tulanetechconnect/LexAuth/db_xml.cgi?version=14.0&startorder=2104 HTTP/1.1" 200 320 "-" "PIMS-Platinum"
129.81.250.1 - - [21/Aug/2026:22:56:10 -0400] "GET /cgi-tulanetechconnect/LexAuth/db_xml.cgi?version=14.0&startorder=2104 HTTP/1.1" 200 320 "-" "PIMS-Platinum"
129.81.250.1 - - [21/Aug/2026:23:06:10 -0400] "GET /cgi-tulanetechconnect/LexAuth/db_xml.cgi?version=14.0&startorder=2104 HTTP/1.1" 200 320 "-" "PIMS-Platinum"
41.56.177.105 - - [21/Aug/2026:23:14:16 -0400] "GET http://www.tulanetechconnect.com/index.html HTTP/1.1" 301 252 "https://www.tulanetechconnect.com/" "Mozilla/5.0 (Windows NT 10.0; Win64; x64) AppleWebKit/537.36 (KHTML, like Gecko) Chrome/143.0.0.0 Safari/537.36"
157.230.137.177 - - [21/Aug/2026:23:14:34 -0400] "GET / HTTP/1.1" 301 242 "-" "Mozilla/5.0 (X11; Linux x86_64) AppleWebKit/537.36 (KHTML, like Gecko) Chrome/150.0.0.0 Safari/537.36"
129.81.250.1 - - [21/Aug/2026:23:16:11 -0400] "GET /cgi-tulanetechconnect/LexAuth/db_xml.cgi?version=14.0&startorder=2104 HTTP/1.1" 200 320 "-" "PIMS-Platinum"
129.81.250.1 - - [21/Aug/2026:23:26:11 -0400] "GET /cgi-tulanetechconnect/LexAuth/db_xml.cgi?version=14.0&startorder=2104 HTTP/1.1" 200 320 "-" "PIMS-Platinum"
129.81.250.1 - - [21/Aug/2026:23:36:12 -0400] "GET /cgi-tulanetechconnect/LexAuth/db_xml.cgi?version=14.0&startorder=2104 HTTP/1.1" 200 320 "-" "PIMS-Platinum"
129.81.250.1 - - [21/Aug/2026:23:46:12 -0400] "GET /cgi-tulanetechconnect/LexAuth/db_xml.cgi?version=14.0&startorder=2104 HTTP/1.1" 200 320 "-" "PIMS-Platinum"
129.81.250.1 - - [21/Aug/2026:23:56:13 -0400] "GET /cgi-tulanetechconnect/LexAuth/db_xml.cgi?version=14.0&startorder=2104 HTTP/1.1" 200 320 "-" "PIMS-Platinum"
129.81.250.1 - - [22/Aug/2026:00:00:27 -0400] "GET /cgi-tulanetechconnect/LexAuth/dbupload.cgi?clientApp=1&dbname=products&filename=pimsx_upload.xml&uniqueName=SKU&newRecords=yes HTTP/1.1" 200 2295 "-" "PIMS-Platinum"
129.81.250.1 - - [22/Aug/2026:00:00:28 -0400] "GET /cgi-tulanetechconnect/LexAuth/generate.cgi?clientapp=1&htmlpages=1&custompages=1&index=1 HTTP/1.1" 200 43555 "-" "PIMS-Platinum"
129.81.250.1 - - [22/Aug/2026:00:15:09 -0400] "GET /cgi-tulanetechconnect/LexAuth/db_xml.cgi?version=14.0&startorder=2104 HTTP/1.1" 200 320 "-" "PIMS-Platinum"
129.81.250.1 - - [22/Aug/2026:00:25:10 -0400] "GET /cgi-tulanetechconnect/LexAuth/db_xml.cgi?version=14.0&startorder=2104 HTTP/1.1" 200 320 "-" "PIMS-Platinum"
108.230.161.100 - - [22/Aug/2026:00:31:07 -0400] "GET / HTTP/1.1" 301 242 "-" "Mozilla/5.0 (Windows NT 10.0; Win64; x64) AppleWebKit/537.36 (KHTML, like Gecko) Chrome/131.0.0.0 Safari/537.36"
197.184.86.1 - - [22/Aug/2026:00:33:06 -0400] "GET /index.html HTTP/1.1" 301 252 "https://www.tulanetechconnect.com/" "Mozilla/5.0 (Windows NT 10.0; Win64; x64) AppleWebKit/537.36 (KHTML, like Gecko) Chrome/144.0.0.0 Safari/537.36 Edg/144.0.0.0"
109.208.117.147 - - [22/Aug/2026:00:33:17 -0400] "GET /index.html HTTP/1.1" 301 252 "https://www.tulanetechconnect.com/" "Mozilla/5.0 (Windows NT 10.0; Win64; x64) AppleWebKit/537.36 (KHTML, like Gecko) Chrome/144.0.0.0 Safari/537.36 Edg/144.0.0.0"
129.81.250.1 - - [22/Aug/2026:00:35:10 -0400] "GET /cgi-tulanetechconnect/LexAuth/db_xml.cgi?version=14.0&startorder=2104 HTTP/1.1" 200 320 "-" "PIMS-Platinum"
43.164.1.211 - - [22/Aug/2026:00:41:23 -0400] "GET / HTTP/1.1" 301 242 "-" "Mozilla/5.0 (iPhone; CPU iPhone OS 13_2_3 like Mac OS X) AppleWebKit/605.1.15 (KHTML, like Gecko) Version/13.0.3 Mobile/15E148 Safari/604.1"
124.156.225.181 - - [22/Aug/2026:00:44:40 -0400] "GET / HTTP/1.1" 301 242 "-" "Mozilla/5.0 (iPhone; CPU iPhone OS 13_2_3 like Mac OS X) AppleWebKit/605.1.15 (KHTML, like Gecko) Version/13.0.3 Mobile/15E148 Safari/604.1"
129.81.250.1 - - [22/Aug/2026:00:45:11 -0400] "GET /cgi-tulanetechconnect/LexAuth/db_xml.cgi?version=14.0&startorder=2104 HTTP/1.1" 200 320 "-" "PIMS-Platinum"
129.81.250.1 - - [22/Aug/2026:00:55:11 -0400] "GET /cgi-tulanetechconnect/LexAuth/db_xml.cgi?version=14.0&startorder=2104 HTTP/1.1" 200 320 "-" "PIMS-Platinum"
66.249.64.9 - - [22/Aug/2026:00:56:16 -0400] "GET /index.html HTTP/1.1" 301 252 "-" "Mozilla/5.0 (Linux; Android 6.0.1; Nexus 5X Build/MMB29P) AppleWebKit/537.36 (KHTML, like Gecko) Chrome/151.0.7922.137 Mobile Safari/537.36 (compatible; Googlebot/2.1; +http://www.google.com/bot.html)"
129.81.250.1 - - [22/Aug/2026:01:05:11 -0400] "GET /cgi-tulanetechconnect/LexAuth/db_xml.cgi?version=14.0&startorder=2104 HTTP/1.1" 200 320 "-" "PIMS-Platinum"
129.81.250.1 - - [22/Aug/2026:01:15:12 -0400] "GET /cgi-tulanetechconnect/LexAuth/db_xml.cgi?version=14.0&startorder=2104 HTTP/1.1" 200 320 "-" "PIMS-Platinum"
129.81.250.1 - - [22/Aug/2026:01:25:13 -0400] "GET /cgi-tulanetechconnect/LexAuth/db_xml.cgi?version=14.0&startorder=2104 HTTP/1.1" 200 320 "-" "PIMS-Platinum"
129.81.250.1 - - [22/Aug/2026:01:35:13 -0400] "GET /cgi-tulanetechconnect/LexAuth/db_xml.cgi?version=14.0&startorder=2104 HTTP/1.1" 200 320 "-" "PIMS-Platinum"
193.235.141.17 - - [22/Aug/2026:01:41:05 -0400] "GET / HTTP/1.1" 301 242 "-" "Mozilla/5.0 (Linux; Android 12; SAMSUNG SM-A415F) AppleWebKit/537.36 (KHTML, like Gecko) SamsungBrowser/23.0 Chrome/115.0.0.0 Mobile Safari/537.3"
129.81.250.1 - - [22/Aug/2026:01:45:14 -0400] "GET /cgi-tulanetechconnect/LexAuth/db_xml.cgi?version=14.0&startorder=2104 HTTP/1.1" 200 320 "-" "PIMS-Platinum"
43.164.196.244 - - [22/Aug/2026:01:54:45 -0400] "GET / HTTP/1.1" 301 242 "-" "Mozilla/5.0 (iPhone; CPU iPhone OS 13_2_3 like Mac OS X) AppleWebKit/605.1.15 (KHTML, like Gecko) Version/13.0.3 Mobile/15E148 Safari/604.1"
129.81.250.1 - - [22/Aug/2026:01:55:14 -0400] "GET /cgi-tulanetechconnect/LexAuth/db_xml.cgi?version=14.0&startorder=2104 HTTP/1.1" 200 320 "-" "PIMS-Platinum"
146.190.75.39 - - [22/Aug/2026:02:05:12 -0400] "GET /.git/config HTTP/1.1" 301 253 "-" "Mozilla/5.0 (X11; Linux x86_64) AppleWebKit/537.36 (KHTML, like Gecko) Chrome/81.0.4044.129 Safari/537.36"
129.81.250.1 - - [22/Aug/2026:02:05:15 -0400] "GET /cgi-tulanetechconnect/LexAuth/db_xml.cgi?version=14.0&startorder=2104 HTTP/1.1" 200 320 "-" "PIMS-Platinum"
129.81.250.1 - - [22/Aug/2026:02:15:16 -0400] "GET /cgi-tulanetechconnect/LexAuth/db_xml.cgi?version=14.0&startorder=2104 HTTP/1.1" 200 320 "-" "PIMS-Platinum"
129.81.250.1 - - [22/Aug/2026:02:25:16 -0400] "GET /cgi-tulanetechconnect/LexAuth/db_xml.cgi?version=14.0&startorder=2104 HTTP/1.1" 200 320 "-" "PIMS-Platinum"
129.81.250.1 - - [22/Aug/2026:02:35:17 -0400] "GET /cgi-tulanetechconnect/LexAuth/db_xml.cgi?version=14.0&startorder=2104 HTTP/1.1" 200 320 "-" "PIMS-Platinum"