45.156.128.174 - - [19/Aug/2026:07:05:43 -0400] "GET /static/historypage.js HTTP/1.1" 301 263 "-" "Mozilla/5.0 AppleWebKit/537.36 (KHTML, like Gecko) Chrome/123.0.6312.86 Safari/537.36"
45.156.128.174 - - [19/Aug/2026:07:05:44 -0400] "GET /login.do HTTP/1.1" 301 250 "-" "Mozilla/5.0 AppleWebKit/537.36 (KHTML, like Gecko) Chrome/123.0.6312.86 Safari/537.36"
45.156.128.173 - - [19/Aug/2026:07:05:45 -0400] "GET /api/session/properties HTTP/1.1" 301 264 "-" "Mozilla/5.0 AppleWebKit/537.36 (KHTML, like Gecko) Chrome/123.0.6312.86 Safari/537.36"
45.156.128.173 - - [19/Aug/2026:07:05:46 -0400] "GET /sitecore/shell/sitecore.version.xml HTTP/1.1" 301 277 "-" "Mozilla/5.0 AppleWebKit/537.36 (KHTML, like Gecko) Chrome/123.0.6312.86 Safari/537.36"
45.156.128.175 - - [19/Aug/2026:07:05:47 -0400] "GET /WebInterface/ HTTP/1.1" 301 255 "-" "Mozilla/5.0 AppleWebKit/537.36 (KHTML, like Gecko) Chrome/123.0.6312.86 Safari/537.36"
45.156.128.174 - - [19/Aug/2026:07:05:48 -0400] "GET /aspera/faspex/ HTTP/1.1" 301 256 "-" "Mozilla/5.0 AppleWebKit/537.36 (KHTML, like Gecko) Chrome/123.0.6312.86 Safari/537.36"
45.156.128.174 - - [19/Aug/2026:07:05:48 -0400] "GET / HTTP/1.1" 301 242 "-" "Mozilla/5.0 AppleWebKit/537.36 (KHTML, like Gecko) Chrome/123.0.6312.86 Safari/537.36"
45.156.128.172 - - [19/Aug/2026:07:05:49 -0400] "GET /js/NewWindow_2_all.js HTTP/1.1" 301 263 "-" "Mozilla/5.0 AppleWebKit/537.36 (KHTML, like Gecko) Chrome/123.0.6312.86 Safari/537.36"
45.156.128.172 - - [19/Aug/2026:07:05:50 -0400] "GET /favicon-32x32.png HTTP/1.1" 301 259 "-" "Mozilla/5.0 AppleWebKit/537.36 (KHTML, like Gecko) Chrome/123.0.6312.86 Safari/537.36"
45.156.128.175 - - [19/Aug/2026:07:05:51 -0400] "GET /license.txt HTTP/1.1" 301 253 "-" "Mozilla/5.0 AppleWebKit/537.36 (KHTML, like Gecko) Chrome/123.0.6312.86 Safari/537.36"
45.156.128.175 - - [19/Aug/2026:07:05:52 -0400] "GET /wp-json HTTP/1.1" 301 249 "-" "Mozilla/5.0 AppleWebKit/537.36 (KHTML, like Gecko) Chrome/123.0.6312.86 Safari/537.36"
129.81.250.1 - - [19/Aug/2026:07:05:50 -0400] "GET /cgi-tulanetechconnect/LexAuth/db_xml.cgi?version=14.0&startorder=2104 HTTP/1.1" 200 320 "-" "PIMS-Platinum"
45.156.128.174 - - [19/Aug/2026:07:05:52 -0400] "GET /zabbix/favicon.ico HTTP/1.1" 301 260 "-" "Mozilla/5.0 AppleWebKit/537.36 (KHTML, like Gecko) Chrome/123.0.6312.86 Safari/537.36"
45.156.128.173 - - [19/Aug/2026:07:05:53 -0400] "GET /favicon.ico HTTP/1.1" 301 253 "-" "Mozilla/5.0 AppleWebKit/537.36 (KHTML, like Gecko) Chrome/123.0.6312.86 Safari/537.36"
45.156.128.173 - - [19/Aug/2026:07:05:55 -0400] "HEAD /icons/sphere1.png HTTP/1.1" 200 - "-" "Mozilla/5.0 AppleWebKit/537.36 (KHTML, like Gecko) Chrome/123.0.6312.86 Safari/537.36"
45.156.128.174 - - [19/Aug/2026:07:05:55 -0400] "HEAD /icons/.%%32%65/.%%32%65/apache2/icons/non-existant-image.png HTTP/1.1" 400 - "-" "Mozilla/5.0 AppleWebKit/537.36 (KHTML, like Gecko) Chrome/123.0.6312.86 Safari/537.36"
45.156.128.175 - - [19/Aug/2026:07:05:55 -0400] "HEAD /icons/.%%32%65/.%%32%65/apache2/icons/sphere1.png HTTP/1.1" 400 - "-" "Mozilla/5.0 AppleWebKit/537.36 (KHTML, like Gecko) Chrome/123.0.6312.86 Safari/537.36"
45.156.128.173 - - [19/Aug/2026:07:05:56 -0400] "HEAD /icons/.%2e/%2e%2e/apache2/icons/sphere1.png HTTP/1.1" 400 - "-" "Mozilla/5.0 AppleWebKit/537.36 (KHTML, like Gecko) Chrome/123.0.6312.86 Safari/537.36"
49.37.113.15 - - [19/Aug/2026:07:12:15 -0400] "GET / HTTP/1.1" 301 242 "-" "-"
129.81.250.1 - - [19/Aug/2026:07:15:52 -0400] "GET /cgi-tulanetechconnect/LexAuth/db_xml.cgi?version=14.0&startorder=2104 HTTP/1.1" 200 320 "-" "PIMS-Platinum"
129.81.250.1 - - [19/Aug/2026:07:25:53 -0400] "GET /cgi-tulanetechconnect/LexAuth/db_xml.cgi?version=14.0&startorder=2104 HTTP/1.1" 200 320 "-" "PIMS-Platinum"
129.81.250.1 - - [19/Aug/2026:07:35:53 -0400] "GET /cgi-tulanetechconnect/LexAuth/db_xml.cgi?version=14.0&startorder=2104 HTTP/1.1" 200 320 "-" "PIMS-Platinum"
129.81.250.1 - - [19/Aug/2026:07:45:54 -0400] "GET /cgi-tulanetechconnect/LexAuth/db_xml.cgi?version=14.0&startorder=2104 HTTP/1.1" 200 320 "-" "PIMS-Platinum"
129.81.250.1 - - [19/Aug/2026:07:55:54 -0400] "GET /cgi-tulanetechconnect/LexAuth/db_xml.cgi?version=14.0&startorder=2104 HTTP/1.1" 200 320 "-" "PIMS-Platinum"
129.81.250.1 - - [19/Aug/2026:08:05:55 -0400] "GET /cgi-tulanetechconnect/LexAuth/db_xml.cgi?version=14.0&startorder=2104 HTTP/1.1" 200 320 "-" "PIMS-Platinum"
129.81.250.1 - - [19/Aug/2026:08:15:55 -0400] "GET /cgi-tulanetechconnect/LexAuth/db_xml.cgi?version=14.0&startorder=2104 HTTP/1.1" 200 320 "-" "PIMS-Platinum"
129.81.250.1 - - [19/Aug/2026:08:25:56 -0400] "GET /cgi-tulanetechconnect/LexAuth/db_xml.cgi?version=14.0&startorder=2104 HTTP/1.1" 200 320 "-" "PIMS-Platinum"
129.81.250.1 - - [19/Aug/2026:08:35:57 -0400] "GET /cgi-tulanetechconnect/LexAuth/db_xml.cgi?version=14.0&startorder=2104 HTTP/1.1" 200 320 "-" "PIMS-Platinum"
129.81.250.1 - - [19/Aug/2026:08:45:57 -0400] "GET /cgi-tulanetechconnect/LexAuth/db_xml.cgi?version=14.0&startorder=2104 HTTP/1.1" 200 320 "-" "PIMS-Platinum"
54.176.1.222 - - [19/Aug/2026:08:54:57 -0400] "GET /robots.txt HTTP/1.1" 301 252 "-" "TerraCotta 0.2 https://www.github.com/ceramicTeam/CeramicTerracotta"
129.81.250.1 - - [19/Aug/2026:08:55:58 -0400] "GET /cgi-tulanetechconnect/LexAuth/db_xml.cgi?version=14.0&startorder=2104 HTTP/1.1" 200 320 "-" "PIMS-Platinum"
129.81.250.1 - - [19/Aug/2026:09:06:00 -0400] "GET /cgi-tulanetechconnect/LexAuth/db_xml.cgi?version=14.0&startorder=2104 HTTP/1.1" 200 320 "-" "PIMS-Platinum"
129.81.250.1 - - [19/Aug/2026:09:16:01 -0400] "GET /cgi-tulanetechconnect/LexAuth/db_xml.cgi?version=14.0&startorder=2104 HTTP/1.1" 200 320 "-" "PIMS-Platinum"
129.81.250.1 - - [19/Aug/2026:09:26:02 -0400] "GET /cgi-tulanetechconnect/LexAuth/db_xml.cgi?version=14.0&startorder=2104 HTTP/1.1" 200 320 "-" "PIMS-Platinum"
43.130.67.33 - - [19/Aug/2026:09:31:38 -0400] "GET / HTTP/1.1" 301 242 "-" "Mozilla/5.0 (iPhone; CPU iPhone OS 13_2_3 like Mac OS X) AppleWebKit/605.1.15 (KHTML, like Gecko) Version/13.0.3 Mobile/15E148 Safari/604.1"
129.81.250.1 - - [19/Aug/2026:09:36:02 -0400] "GET /cgi-tulanetechconnect/LexAuth/db_xml.cgi?version=14.0&startorder=2104 HTTP/1.1" 200 320 "-" "PIMS-Platinum"
129.81.250.1 - - [19/Aug/2026:09:46:02 -0400] "GET /cgi-tulanetechconnect/LexAuth/db_xml.cgi?version=14.0&startorder=2104 HTTP/1.1" 200 320 "-" "PIMS-Platinum"
129.81.250.1 - - [19/Aug/2026:09:56:03 -0400] "GET /cgi-tulanetechconnect/LexAuth/db_xml.cgi?version=14.0&startorder=2104 HTTP/1.1" 200 320 "-" "PIMS-Platinum"
34.62.175.133 - - [19/Aug/2026:09:56:30 -0400] "GET / HTTP/1.1" 301 242 "-" "python-requests/2.32.5"
129.81.250.1 - - [19/Aug/2026:10:06:03 -0400] "GET /cgi-tulanetechconnect/LexAuth/db_xml.cgi?version=14.0&startorder=2104 HTTP/1.1" 200 320 "-" "PIMS-Platinum"
129.81.250.1 - - [19/Aug/2026:10:16:04 -0400] "GET /cgi-tulanetechconnect/LexAuth/db_xml.cgi?version=14.0&startorder=2104 HTTP/1.1" 200 320 "-" "PIMS-Platinum"
129.81.250.1 - - [19/Aug/2026:10:26:04 -0400] "GET /cgi-tulanetechconnect/LexAuth/db_xml.cgi?version=14.0&startorder=2104 HTTP/1.1" 200 320 "-" "PIMS-Platinum"
54.176.1.222 - - [19/Aug/2026:10:35:21 -0400] "GET /robots.txt HTTP/1.1" 301 252 "-" "TerraCotta 0.2 https://www.github.com/ceramicTeam/CeramicTerracotta"
129.81.250.1 - - [19/Aug/2026:10:36:05 -0400] "GET /cgi-tulanetechconnect/LexAuth/db_xml.cgi?version=14.0&startorder=2104 HTTP/1.1" 200 320 "-" "PIMS-Platinum"
129.81.250.1 - - [19/Aug/2026:10:46:05 -0400] "GET /cgi-tulanetechconnect/LexAuth/db_xml.cgi?version=14.0&startorder=2104 HTTP/1.1" 200 320 "-" "PIMS-Platinum"
54.176.1.222 - - [19/Aug/2026:10:53:54 -0400] "GET / HTTP/1.1" 301 242 "-" "TerraCotta 0.2 https://www.github.com/ceramicTeam/CeramicTerracotta"
129.81.250.1 - - [19/Aug/2026:10:56:06 -0400] "GET /cgi-tulanetechconnect/LexAuth/db_xml.cgi?version=14.0&startorder=2104 HTTP/1.1" 200 320 "-" "PIMS-Platinum"
129.81.250.1 - - [19/Aug/2026:11:06:07 -0400] "GET /cgi-tulanetechconnect/LexAuth/db_xml.cgi?version=14.0&startorder=2104 HTTP/1.1" 200 320 "-" "PIMS-Platinum"
129.81.250.1 - - [19/Aug/2026:11:16:07 -0400] "GET /cgi-tulanetechconnect/LexAuth/db_xml.cgi?version=14.0&startorder=2104 HTTP/1.1" 200 320 "-" "PIMS-Platinum"
129.81.250.1 - - [19/Aug/2026:11:20:31 -0400] "GET /cgi-tulanetechconnect/LexAuth/dbupload.cgi?clientApp=1&dbname=products&filename=pimsx_upload.xml&uniqueName=SKU&newRecords=yes HTTP/1.1" 200 2081 "-" "PIMS-Platinum"
129.81.250.1 - - [19/Aug/2026:11:20:32 -0400] "GET /cgi-tulanetechconnect/LexAuth/generate.cgi?clientapp=1&htmlpages=1&custompages=1&index=1 HTTP/1.1" 200 43140 "-" "PIMS-Platinum"
129.81.250.1 - - [19/Aug/2026:11:26:08 -0400] "GET /cgi-tulanetechconnect/LexAuth/db_xml.cgi?version=14.0&startorder=2104 HTTP/1.1" 200 320 "-" "PIMS-Platinum"
129.81.250.1 - - [19/Aug/2026:11:36:08 -0400] "GET /cgi-tulanetechconnect/LexAuth/db_xml.cgi?version=14.0&startorder=2104 HTTP/1.1" 200 320 "-" "PIMS-Platinum"
129.81.250.1 - - [19/Aug/2026:11:40:34 -0400] "GET /cgi-tulanetechconnect/LexAuth/dbupload.cgi?clientApp=1&dbname=products&filename=pimsx_upload.xml&uniqueName=SKU&newRecords=yes HTTP/1.1" 200 1996 "-" "PIMS-Platinum"
129.81.250.1 - - [19/Aug/2026:11:40:35 -0400] "GET /cgi-tulanetechconnect/LexAuth/generate.cgi?clientapp=1&htmlpages=1&custompages=1&index=1 HTTP/1.1" 200 43139 "-" "PIMS-Platinum"
129.81.250.1 - - [19/Aug/2026:11:46:08 -0400] "GET /cgi-tulanetechconnect/LexAuth/db_xml.cgi?version=14.0&startorder=2104 HTTP/1.1" 200 320 "-" "PIMS-Platinum"
129.81.250.1 - - [19/Aug/2026:11:56:10 -0400] "GET /cgi-tulanetechconnect/LexAuth/db_xml.cgi?version=14.0&startorder=2104 HTTP/1.1" 200 320 "-" "PIMS-Platinum"
129.81.250.1 - - [19/Aug/2026:12:06:10 -0400] "GET /cgi-tulanetechconnect/LexAuth/db_xml.cgi?version=14.0&startorder=2104 HTTP/1.1" 200 320 "-" "PIMS-Platinum"
129.81.250.1 - - [19/Aug/2026:12:16:11 -0400] "GET /cgi-tulanetechconnect/LexAuth/db_xml.cgi?version=14.0&startorder=2104 HTTP/1.1" 200 320 "-" "PIMS-Platinum"
70.40.127.44 - - [19/Aug/2026:12:19:35 -0400] "GET http://www.tulanetechconnect.com/ HTTP/1.1" 301 242 "-" "Mozilla/5.0 (Windows NT 10.0; Win64; x64) AppleWebKit/537.36 (KHTML, like Gecko) Chrome/104.0.5112.81 Safari/537.36"
129.81.250.1 - - [19/Aug/2026:12:26:12 -0400] "GET /cgi-tulanetechconnect/LexAuth/db_xml.cgi?version=14.0&startorder=2104 HTTP/1.1" 200 320 "-" "PIMS-Platinum"
129.81.250.1 - - [19/Aug/2026:12:36:13 -0400] "GET /cgi-tulanetechconnect/LexAuth/db_xml.cgi?version=14.0&startorder=2104 HTTP/1.1" 200 320 "-" "PIMS-Platinum"
129.81.250.1 - - [19/Aug/2026:12:46:13 -0400] "GET /cgi-tulanetechconnect/LexAuth/db_xml.cgi?version=14.0&startorder=2104 HTTP/1.1" 200 320 "-" "PIMS-Platinum"
129.81.250.1 - - [19/Aug/2026:12:56:14 -0400] "GET /cgi-tulanetechconnect/LexAuth/db_xml.cgi?version=14.0&startorder=2104 HTTP/1.1" 200 320 "-" "PIMS-Platinum"
129.81.250.1 - - [19/Aug/2026:13:06:14 -0400] "GET /cgi-tulanetechconnect/LexAuth/db_xml.cgi?version=14.0&startorder=2104 HTTP/1.1" 200 320 "-" "PIMS-Platinum"
167.172.118.117 - - [19/Aug/2026:13:09:10 -0400] "GET / HTTP/1.1" 301 242 "-" "Mozilla/5.0 (X11; Linux x86_64) AppleWebKit/537.36 (KHTML, like Gecko) Chrome/150.0.0.0 Safari/537.36"
129.81.250.1 - - [19/Aug/2026:13:16:15 -0400] "GET /cgi-tulanetechconnect/LexAuth/db_xml.cgi?version=14.0&startorder=2104 HTTP/1.1" 200 320 "-" "PIMS-Platinum"
129.81.250.1 - - [19/Aug/2026:13:26:15 -0400] "GET /cgi-tulanetechconnect/LexAuth/db_xml.cgi?version=14.0&startorder=2104 HTTP/1.1" 200 320 "-" "PIMS-Platinum"
43.157.22.57 - - [19/Aug/2026:13:28:54 -0400] "GET / HTTP/1.1" 301 242 "-" "Mozilla/5.0 (iPhone; CPU iPhone OS 13_2_3 like Mac OS X) AppleWebKit/605.1.15 (KHTML, like Gecko) Version/13.0.3 Mobile/15E148 Safari/604.1"
43.153.119.119 - - [19/Aug/2026:13:34:19 -0400] "GET /index.html HTTP/1.1" 301 252 "-" "Mozilla/5.0 (iPhone; CPU iPhone OS 13_2_3 like Mac OS X) AppleWebKit/605.1.15 (KHTML, like Gecko) Version/13.0.3 Mobile/15E148 Safari/604.1"
129.81.250.1 - - [19/Aug/2026:13:36:16 -0400] "GET /cgi-tulanetechconnect/LexAuth/db_xml.cgi?version=14.0&startorder=2104 HTTP/1.1" 200 320 "-" "PIMS-Platinum"
129.81.250.1 - - [19/Aug/2026:13:46:16 -0400] "GET /cgi-tulanetechconnect/LexAuth/db_xml.cgi?version=14.0&startorder=2104 HTTP/1.1" 200 320 "-" "PIMS-Platinum"
129.81.250.1 - - [19/Aug/2026:13:56:17 -0400] "GET /cgi-tulanetechconnect/LexAuth/db_xml.cgi?version=14.0&startorder=2104 HTTP/1.1" 200 320 "-" "PIMS-Platinum"
91.92.47.210 - - [19/Aug/2026:14:05:58 -0400] "HEAD / HTTP/1.1" 301 - "-" "Mozilla/5.0"
91.92.47.210 - - [19/Aug/2026:14:05:59 -0400] "GET / HTTP/1.1" 301 242 "-" "Mozilla/5.0"
129.81.250.1 - - [19/Aug/2026:14:06:17 -0400] "GET /cgi-tulanetechconnect/LexAuth/db_xml.cgi?version=14.0&startorder=2104 HTTP/1.1" 200 320 "-" "PIMS-Platinum"
129.81.250.1 - - [19/Aug/2026:14:16:18 -0400] "GET /cgi-tulanetechconnect/LexAuth/db_xml.cgi?version=14.0&startorder=2104 HTTP/1.1" 200 320 "-" "PIMS-Platinum"
129.81.250.1 - - [19/Aug/2026:14:26:18 -0400] "GET /cgi-tulanetechconnect/LexAuth/db_xml.cgi?version=14.0&startorder=2104 HTTP/1.1" 200 320 "-" "PIMS-Platinum"
129.81.250.1 - - [19/Aug/2026:14:36:19 -0400] "GET /cgi-tulanetechconnect/LexAuth/db_xml.cgi?version=14.0&startorder=2104 HTTP/1.1" 200 320 "-" "PIMS-Platinum"
129.81.250.1 - - [19/Aug/2026:14:46:19 -0400] "GET /cgi-tulanetechconnect/LexAuth/db_xml.cgi?version=14.0&startorder=2104 HTTP/1.1" 200 320 "-" "PIMS-Platinum"
129.81.250.1 - - [19/Aug/2026:14:56:20 -0400] "GET /cgi-tulanetechconnect/LexAuth/db_xml.cgi?version=14.0&startorder=2104 HTTP/1.1" 200 320 "-" "PIMS-Platinum"
129.81.250.1 - - [19/Aug/2026:15:06:20 -0400] "GET /cgi-tulanetechconnect/LexAuth/db_xml.cgi?version=14.0&startorder=2104 HTTP/1.1" 200 320 "-" "PIMS-Platinum"
43.164.131.148 - - [19/Aug/2026:15:13:13 -0400] "GET / HTTP/1.1" 301 242 "-" "Mozilla/5.0 (iPhone; CPU iPhone OS 13_2_3 like Mac OS X) AppleWebKit/605.1.15 (KHTML, like Gecko) Version/13.0.3 Mobile/15E148 Safari/604.1"
129.81.250.1 - - [19/Aug/2026:15:16:20 -0400] "GET /cgi-tulanetechconnect/LexAuth/db_xml.cgi?version=14.0&startorder=2104 HTTP/1.1" 200 320 "-" "PIMS-Platinum"
129.81.250.1 - - [19/Aug/2026:15:26:21 -0400] "GET /cgi-tulanetechconnect/LexAuth/db_xml.cgi?version=14.0&startorder=2104 HTTP/1.1" 200 320 "-" "PIMS-Platinum"
129.81.250.1 - - [19/Aug/2026:15:36:21 -0400] "GET /cgi-tulanetechconnect/LexAuth/db_xml.cgi?version=14.0&startorder=2104 HTTP/1.1" 200 320 "-" "PIMS-Platinum"
129.81.250.1 - - [19/Aug/2026:15:46:21 -0400] "GET /cgi-tulanetechconnect/LexAuth/db_xml.cgi?version=14.0&startorder=2104 HTTP/1.1" 200 320 "-" "PIMS-Platinum"
129.81.250.1 - - [19/Aug/2026:15:56:22 -0400] "GET /cgi-tulanetechconnect/LexAuth/db_xml.cgi?version=14.0&startorder=2104 HTTP/1.1" 200 320 "-" "PIMS-Platinum"
129.81.250.1 - - [19/Aug/2026:16:06:23 -0400] "GET /cgi-tulanetechconnect/LexAuth/db_xml.cgi?version=14.0&startorder=2104 HTTP/1.1" 200 320 "-" "PIMS-Platinum"
129.81.250.1 - - [19/Aug/2026:16:16:23 -0400] "GET /cgi-tulanetechconnect/LexAuth/db_xml.cgi?version=14.0&startorder=2104 HTTP/1.1" 200 320 "-" "PIMS-Platinum"
129.81.250.1 - - [19/Aug/2026:16:26:23 -0400] "GET /cgi-tulanetechconnect/LexAuth/db_xml.cgi?version=14.0&startorder=2104 HTTP/1.1" 200 320 "-" "PIMS-Platinum"
172.235.130.199 - - [19/Aug/2026:16:33:23 -0400] "HEAD / HTTP/1.1" 301 - "-" "Mozilla/5.0 (Windows NT 10.0; Win64; x64) AppleWebKit/537.36 (KHTML, like Gecko) Chrome/126.0.6478.70 Safari/537.36 Vivaldi/6.7.3200.25"
172.235.130.199 - - [19/Aug/2026:16:33:23 -0400] "HEAD /wordpress/ HTTP/1.1" 301 - "-" "Mozilla/5.0 (Linux; Android 13; Infinix X688B) AppleWebKit/537.36 (KHTML, like Gecko) Chrome/124.0.6367.48 Mobile Safari/537.36"
172.235.130.199 - - [19/Aug/2026:16:33:24 -0400] "HEAD /old/ HTTP/1.1" 301 - "-" "Mozilla/5.0 (Windows NT 11.0; Win64; x64) AppleWebKit/537.36 (KHTML, like Gecko) Edg/128.0.2790.25 Chrome/128.0.6540.22 Safari/537.36"
172.235.130.199 - - [19/Aug/2026:16:33:24 -0400] "HEAD /blog/ HTTP/1.1" 301 - "-" "Mozilla/5.0 (Windows NT 10.0; Win64; x64) AppleWebKit/537.36 (KHTML, like Gecko) Chrome/125.0.6422.112 Safari/537.36 Brave/1.63.120"
172.235.130.199 - - [19/Aug/2026:16:33:24 -0400] "HEAD /backup/ HTTP/1.1" 301 - "-" "Mozilla/5.0 (Linux; Android 10; vivo 1904) AppleWebKit/537.36 (KHTML, like Gecko) Chrome/117.0.5938.60 Mobile Safari/537.36"
172.235.130.199 - - [19/Aug/2026:16:33:24 -0400] "HEAD /new/ HTTP/1.1" 301 - "-" "Mozilla/5.0 (iPhone; CPU iPhone OS 17_5 like Mac OS X) AppleWebKit/605.1.15 (KHTML, like Gecko) Version/17.5 Mobile/15E148 Safari/604.1"
172.235.130.199 - - [19/Aug/2026:16:33:24 -0400] "HEAD /wp/ HTTP/1.1" 301 - "-" "Mozilla/5.0 (Linux; Android 14; SM-A146P) AppleWebKit/537.36 (KHTML, like Gecko) SamsungBrowser/25.0 Chrome/123.0.6312.120 Mobile Safari/537.36"
129.81.250.1 - - [19/Aug/2026:16:36:24 -0400] "GET /cgi-tulanetechconnect/LexAuth/db_xml.cgi?version=14.0&startorder=2104 HTTP/1.1" 200 320 "-" "PIMS-Platinum"
129.81.250.1 - - [19/Aug/2026:16:46:24 -0400] "GET /cgi-tulanetechconnect/LexAuth/db_xml.cgi?version=14.0&startorder=2104 HTTP/1.1" 200 320 "-" "PIMS-Platinum"
129.81.250.1 - - [19/Aug/2026:16:56:24 -0400] "GET /cgi-tulanetechconnect/LexAuth/db_xml.cgi?version=14.0&startorder=2104 HTTP/1.1" 200 320 "-" "PIMS-Platinum"
129.81.250.1 - - [19/Aug/2026:17:06:25 -0400] "GET /cgi-tulanetechconnect/LexAuth/db_xml.cgi?version=14.0&startorder=2104 HTTP/1.1" 200 320 "-" "PIMS-Platinum"
129.81.250.1 - - [19/Aug/2026:17:16:25 -0400] "GET /cgi-tulanetechconnect/LexAuth/db_xml.cgi?version=14.0&startorder=2104 HTTP/1.1" 200 320 "-" "PIMS-Platinum"
129.81.250.1 - - [19/Aug/2026:17:26:26 -0400] "GET /cgi-tulanetechconnect/LexAuth/db_xml.cgi?version=14.0&startorder=2104 HTTP/1.1" 200 320 "-" "PIMS-Platinum"
129.81.250.1 - - [19/Aug/2026:17:30:38 -0400] "GET /cgi-tulanetechconnect/LexAuth/dbupload.cgi?clientApp=1&dbname=products&filename=pimsx_upload.xml&uniqueName=SKU&newRecords=yes HTTP/1.1" 200 2013 "-" "PIMS-Platinum"
129.81.250.1 - - [19/Aug/2026:17:30:38 -0400] "GET /cgi-tulanetechconnect/LexAuth/generate.cgi?clientapp=1&htmlpages=1&custompages=1&index=1 HTTP/1.1" 200 39433 "-" "PIMS-Platinum"
129.81.250.1 - - [19/Aug/2026:17:36:26 -0400] "GET /cgi-tulanetechconnect/LexAuth/db_xml.cgi?version=14.0&startorder=2104 HTTP/1.1" 200 320 "-" "PIMS-Platinum"
129.81.250.1 - - [19/Aug/2026:17:40:40 -0400] "GET /cgi-tulanetechconnect/LexAuth/dbupload.cgi?clientApp=1&dbname=products&filename=pimsx_upload.xml&uniqueName=SKU&newRecords=yes HTTP/1.1" 200 2014 "-" "PIMS-Platinum"
129.81.250.1 - - [19/Aug/2026:17:40:40 -0400] "GET /cgi-tulanetechconnect/LexAuth/generate.cgi?clientapp=1&htmlpages=1&custompages=1&index=1 HTTP/1.1" 200 39432 "-" "PIMS-Platinum"
129.81.250.1 - - [19/Aug/2026:17:46:26 -0400] "GET /cgi-tulanetechconnect/LexAuth/db_xml.cgi?version=14.0&startorder=2104 HTTP/1.1" 200 320 "-" "PIMS-Platinum"
129.81.250.1 - - [19/Aug/2026:17:50:42 -0400] "GET /cgi-tulanetechconnect/LexAuth/dbupload.cgi?clientApp=1&dbname=products&filename=pimsx_upload.xml&uniqueName=SKU&newRecords=yes HTTP/1.1" 200 2353 "-" "PIMS-Platinum"
129.81.250.1 - - [19/Aug/2026:17:50:42 -0400] "GET /cgi-tulanetechconnect/LexAuth/generate.cgi?clientapp=1&htmlpages=1&custompages=1&index=1 HTTP/1.1" 200 43568 "-" "PIMS-Platinum"
129.81.250.1 - - [19/Aug/2026:17:56:27 -0400] "GET /cgi-tulanetechconnect/LexAuth/db_xml.cgi?version=14.0&startorder=2104 HTTP/1.1" 200 320 "-" "PIMS-Platinum"
196.119.166.254 - - [19/Aug/2026:17:59:56 -0400] "GET /.env HTTP/1.1" 301 246 "-" "Mozilla/5.0 (Macintosh; Intel Mac OS X 10.15; rv:77.0) Gecko/20100101 Firefox/77.0"
129.81.250.1 - - [19/Aug/2026:18:06:27 -0400] "GET /cgi-tulanetechconnect/LexAuth/db_xml.cgi?version=14.0&startorder=2104 HTTP/1.1" 200 320 "-" "PIMS-Platinum"
129.81.250.1 - - [19/Aug/2026:18:16:27 -0400] "GET /cgi-tulanetechconnect/LexAuth/db_xml.cgi?version=14.0&startorder=2104 HTTP/1.1" 200 320 "-" "PIMS-Platinum"
43.106.8.149 - - [19/Aug/2026:18:21:28 -0400] "GET / HTTP/1.1" 301 242 "-" "Mozilla/5.0 (Windows NT 10.0; Win64; x64) AppleWebKit/537.36 (KHTML, like Gecko) Chrome/109.0.0.0 Safari/537.36"
129.81.250.1 - - [19/Aug/2026:18:26:28 -0400] "GET /cgi-tulanetechconnect/LexAuth/db_xml.cgi?version=14.0&startorder=2104 HTTP/1.1" 200 320 "-" "PIMS-Platinum"
192.178.4.34 - - [19/Aug/2026:18:30:03 -0400] "GET / HTTP/1.1" 301 242 "-" "Mozilla/5.0 (Linux; Android 6.0.1; Nexus 5X Build/MMB29P) AppleWebKit/537.36 (KHTML, like Gecko) Chrome/151.0.7922.137 Mobile Safari/537.36 (compatible; Googlebot/2.1; +http://www.google.com/bot.html)"
129.81.250.1 - - [19/Aug/2026:18:36:28 -0400] "GET /cgi-tulanetechconnect/LexAuth/db_xml.cgi?version=14.0&startorder=2104 HTTP/1.1" 200 320 "-" "PIMS-Platinum"
129.81.250.1 - - [19/Aug/2026:18:46:29 -0400] "GET /cgi-tulanetechconnect/LexAuth/db_xml.cgi?version=14.0&startorder=2104 HTTP/1.1" 200 320 "-" "PIMS-Platinum"
129.81.250.1 - - [19/Aug/2026:18:56:30 -0400] "GET /cgi-tulanetechconnect/LexAuth/db_xml.cgi?version=14.0&startorder=2104 HTTP/1.1" 200 320 "-" "PIMS-Platinum"
129.81.250.1 - - [19/Aug/2026:19:06:30 -0400] "GET /cgi-tulanetechconnect/LexAuth/db_xml.cgi?version=14.0&startorder=2104 HTTP/1.1" 200 320 "-" "PIMS-Platinum"
129.81.250.1 - - [19/Aug/2026:19:16:30 -0400] "GET /cgi-tulanetechconnect/LexAuth/db_xml.cgi?version=14.0&startorder=2104 HTTP/1.1" 200 320 "-" "PIMS-Platinum"
129.81.250.1 - - [19/Aug/2026:19:26:30 -0400] "GET /cgi-tulanetechconnect/LexAuth/db_xml.cgi?version=14.0&startorder=2104 HTTP/1.1" 200 320 "-" "PIMS-Platinum"
129.81.250.1 - - [19/Aug/2026:19:36:31 -0400] "GET /cgi-tulanetechconnect/LexAuth/db_xml.cgi?version=14.0&startorder=2104 HTTP/1.1" 200 320 "-" "PIMS-Platinum"
129.81.250.1 - - [19/Aug/2026:19:46:31 -0400] "GET /cgi-tulanetechconnect/LexAuth/db_xml.cgi?version=14.0&startorder=2104 HTTP/1.1" 200 320 "-" "PIMS-Platinum"
129.81.250.1 - - [19/Aug/2026:19:56:32 -0400] "GET /cgi-tulanetechconnect/LexAuth/db_xml.cgi?version=14.0&startorder=2104 HTTP/1.1" 200 320 "-" "PIMS-Platinum"
173.252.95.29 - - [19/Aug/2026:19:58:37 -0400] "GET /robots.txt HTTP/1.1" 301 252 "-" "facebookexternalhit/1.1 (+http://www.facebook.com/externalhit_uatext.php)"
129.81.250.1 - - [19/Aug/2026:20:06:32 -0400] "GET /cgi-tulanetechconnect/LexAuth/db_xml.cgi?version=14.0&startorder=2104 HTTP/1.1" 200 320 "-" "PIMS-Platinum"
129.81.250.1 - - [19/Aug/2026:20:16:32 -0400] "GET /cgi-tulanetechconnect/LexAuth/db_xml.cgi?version=14.0&startorder=2104 HTTP/1.1" 200 320 "-" "PIMS-Platinum"
129.81.250.1 - - [19/Aug/2026:20:26:33 -0400] "GET /cgi-tulanetechconnect/LexAuth/db_xml.cgi?version=14.0&startorder=2104 HTTP/1.1" 200 320 "-" "PIMS-Platinum"
129.81.250.1 - - [19/Aug/2026:20:36:33 -0400] "GET /cgi-tulanetechconnect/LexAuth/db_xml.cgi?version=14.0&startorder=2104 HTTP/1.1" 200 320 "-" "PIMS-Platinum"
129.81.250.1 - - [19/Aug/2026:20:46:34 -0400] "GET /cgi-tulanetechconnect/LexAuth/db_xml.cgi?version=14.0&startorder=2104 HTTP/1.1" 200 320 "-" "PIMS-Platinum"
129.81.250.1 - - [19/Aug/2026:20:56:34 -0400] "GET /cgi-tulanetechconnect/LexAuth/db_xml.cgi?version=14.0&startorder=2104 HTTP/1.1" 200 320 "-" "PIMS-Platinum"
129.81.250.1 - - [19/Aug/2026:21:06:34 -0400] "GET /cgi-tulanetechconnect/LexAuth/db_xml.cgi?version=14.0&startorder=2104 HTTP/1.1" 200 320 "-" "PIMS-Platinum"
129.81.250.1 - - [19/Aug/2026:21:16:35 -0400] "GET /cgi-tulanetechconnect/LexAuth/db_xml.cgi?version=14.0&startorder=2104 HTTP/1.1" 200 320 "-" "PIMS-Platinum"
129.81.250.1 - - [19/Aug/2026:21:26:35 -0400] "GET /cgi-tulanetechconnect/LexAuth/db_xml.cgi?version=14.0&startorder=2104 HTTP/1.1" 200 320 "-" "PIMS-Platinum"
43.135.172.89 - - [19/Aug/2026:21:35:55 -0400] "GET / HTTP/1.1" 301 242 "-" "Mozilla/5.0 (iPhone; CPU iPhone OS 13_2_3 like Mac OS X) AppleWebKit/605.1.15 (KHTML, like Gecko) Version/13.0.3 Mobile/15E148 Safari/604.1"
129.81.250.1 - - [19/Aug/2026:21:36:35 -0400] "GET /cgi-tulanetechconnect/LexAuth/db_xml.cgi?version=14.0&startorder=2104 HTTP/1.1" 200 320 "-" "PIMS-Platinum"
129.81.250.1 - - [19/Aug/2026:21:46:36 -0400] "GET /cgi-tulanetechconnect/LexAuth/db_xml.cgi?version=14.0&startorder=2104 HTTP/1.1" 200 320 "-" "PIMS-Platinum"
129.81.250.1 - - [19/Aug/2026:21:56:37 -0400] "GET /cgi-tulanetechconnect/LexAuth/db_xml.cgi?version=14.0&startorder=2104 HTTP/1.1" 200 320 "-" "PIMS-Platinum"
129.81.250.1 - - [19/Aug/2026:22:06:37 -0400] "GET /cgi-tulanetechconnect/LexAuth/db_xml.cgi?version=14.0&startorder=2104 HTTP/1.1" 200 320 "-" "PIMS-Platinum"
129.81.250.1 - - [19/Aug/2026:22:16:37 -0400] "GET /cgi-tulanetechconnect/LexAuth/db_xml.cgi?version=14.0&startorder=2104 HTTP/1.1" 200 320 "-" "PIMS-Platinum"
129.81.250.1 - - [19/Aug/2026:22:26:37 -0400] "GET /cgi-tulanetechconnect/LexAuth/db_xml.cgi?version=14.0&startorder=2104 HTTP/1.1" 200 320 "-" "PIMS-Platinum"
129.81.250.1 - - [19/Aug/2026:22:36:38 -0400] "GET /cgi-tulanetechconnect/LexAuth/db_xml.cgi?version=14.0&startorder=2104 HTTP/1.1" 200 320 "-" "PIMS-Platinum"
129.81.250.1 - - [19/Aug/2026:22:46:38 -0400] "GET /cgi-tulanetechconnect/LexAuth/db_xml.cgi?version=14.0&startorder=2104 HTTP/1.1" 200 320 "-" "PIMS-Platinum"
51.68.236.59 - - [19/Aug/2026:22:52:53 -0400] "GET /robots.txt HTTP/1.1" 301 252 "-" "Mozilla/5.0 (compatible; MJ12bot/v2.0.5; http://mj12bot.com/)"
51.68.236.59 - - [19/Aug/2026:22:52:54 -0400] "GET / HTTP/1.1" 301 242 "-" "Mozilla/5.0 (compatible; MJ12bot/v2.0.5; http://mj12bot.com/)"
129.81.250.1 - - [19/Aug/2026:22:56:39 -0400] "GET /cgi-tulanetechconnect/LexAuth/db_xml.cgi?version=14.0&startorder=2104 HTTP/1.1" 200 320 "-" "PIMS-Platinum"
129.81.250.1 - - [19/Aug/2026:23:06:39 -0400] "GET /cgi-tulanetechconnect/LexAuth/db_xml.cgi?version=14.0&startorder=2104 HTTP/1.1" 200 320 "-" "PIMS-Platinum"
129.81.250.1 - - [19/Aug/2026:23:16:39 -0400] "GET /cgi-tulanetechconnect/LexAuth/db_xml.cgi?version=14.0&startorder=2104 HTTP/1.1" 200 320 "-" "PIMS-Platinum"
129.81.250.1 - - [19/Aug/2026:23:26:40 -0400] "GET /cgi-tulanetechconnect/LexAuth/db_xml.cgi?version=14.0&startorder=2104 HTTP/1.1" 200 320 "-" "PIMS-Platinum"
129.81.250.1 - - [19/Aug/2026:23:36:40 -0400] "GET /cgi-tulanetechconnect/LexAuth/db_xml.cgi?version=14.0&startorder=2104 HTTP/1.1" 200 320 "-" "PIMS-Platinum"
44.194.98.103 - - [19/Aug/2026:23:45:07 -0400] "GET /robots.txt HTTP/1.1" 301 252 "-" "Mozilla/5.0 (Macintosh; Intel Mac OS X 10_10_1) AppleWebKit/600.2.5 (KHTML, like Gecko) Version/8.0.2 Safari/600.2.5 (Gort)"
129.81.250.1 - - [19/Aug/2026:23:46:41 -0400] "GET /cgi-tulanetechconnect/LexAuth/db_xml.cgi?version=14.0&startorder=2104 HTTP/1.1" 200 320 "-" "PIMS-Platinum"
129.81.250.1 - - [19/Aug/2026:23:56:41 -0400] "GET /cgi-tulanetechconnect/LexAuth/db_xml.cgi?version=14.0&startorder=2104 HTTP/1.1" 200 320 "-" "PIMS-Platinum"
129.81.250.1 - - [20/Aug/2026:00:00:44 -0400] "GET /cgi-tulanetechconnect/LexAuth/dbupload.cgi?clientApp=1&dbname=products&filename=pimsx_upload.xml&uniqueName=SKU&newRecords=yes HTTP/1.1" 200 3270 "-" "PIMS-Platinum"
129.81.250.1 - - [20/Aug/2026:00:00:45 -0400] "GET /cgi-tulanetechconnect/LexAuth/generate.cgi?clientapp=1&htmlpages=1&custompages=1&index=1 HTTP/1.1" 200 49544 "-" "PIMS-Platinum"
129.81.250.1 - - [20/Aug/2026:00:15:20 -0400] "GET /cgi-tulanetechconnect/LexAuth/db_xml.cgi?version=14.0&startorder=2104 HTTP/1.1" 200 320 "-" "PIMS-Platinum"
129.81.250.1 - - [20/Aug/2026:00:25:20 -0400] "GET /cgi-tulanetechconnect/LexAuth/db_xml.cgi?version=14.0&startorder=2104 HTTP/1.1" 200 320 "-" "PIMS-Platinum"
129.81.250.1 - - [20/Aug/2026:00:35:21 -0400] "GET /cgi-tulanetechconnect/LexAuth/db_xml.cgi?version=14.0&startorder=2104 HTTP/1.1" 200 320 "-" "PIMS-Platinum"
129.81.250.1 - - [20/Aug/2026:00:45:21 -0400] "GET /cgi-tulanetechconnect/LexAuth/db_xml.cgi?version=14.0&startorder=2104 HTTP/1.1" 200 320 "-" "PIMS-Platinum"
129.81.250.1 - - [20/Aug/2026:00:55:22 -0400] "GET /cgi-tulanetechconnect/LexAuth/db_xml.cgi?version=14.0&startorder=2104 HTTP/1.1" 200 320 "-" "PIMS-Platinum"
84.232.202.75 - - [20/Aug/2026:00:55:24 -0400] "GET / HTTP/1.1" 301 242 "-" "Mozilla/5.0 (Windows NT 10.0; Win64; x64) AppleWebKit/537.36 (KHTML, like Gecko) Chrome/120.0.0.0 Safari/537.36"
129.81.250.1 - - [20/Aug/2026:01:05:22 -0400] "GET /cgi-tulanetechconnect/LexAuth/db_xml.cgi?version=14.0&startorder=2104 HTTP/1.1" 200 320 "-" "PIMS-Platinum"
129.81.250.1 - - [20/Aug/2026:01:15:22 -0400] "GET /cgi-tulanetechconnect/LexAuth/db_xml.cgi?version=14.0&startorder=2104 HTTP/1.1" 200 320 "-" "PIMS-Platinum"
43.133.253.253 - - [20/Aug/2026:01:21:39 -0400] "GET / HTTP/1.1" 301 242 "-" "Mozilla/5.0 (iPhone; CPU iPhone OS 13_2_3 like Mac OS X) AppleWebKit/605.1.15 (KHTML, like Gecko) Version/13.0.3 Mobile/15E148 Safari/604.1"
129.81.250.1 - - [20/Aug/2026:01:25:23 -0400] "GET /cgi-tulanetechconnect/LexAuth/db_xml.cgi?version=14.0&startorder=2104 HTTP/1.1" 200 320 "-" "PIMS-Platinum"
129.81.250.1 - - [20/Aug/2026:01:35:45 -0400] "GET /cgi-tulanetechconnect/LexAuth/db_xml.cgi?version=14.0&startorder=2104 HTTP/1.1" 200 320 "-" "PIMS-Platinum"
129.81.250.1 - - [20/Aug/2026:01:45:46 -0400] "GET /cgi-tulanetechconnect/LexAuth/db_xml.cgi?version=14.0&startorder=2104 HTTP/1.1" 200 320 "-" "PIMS-Platinum"
129.81.250.1 - - [20/Aug/2026:01:55:46 -0400] "GET /cgi-tulanetechconnect/LexAuth/db_xml.cgi?version=14.0&startorder=2104 HTTP/1.1" 200 320 "-" "PIMS-Platinum"
129.81.250.1 - - [20/Aug/2026:02:05:47 -0400] "GET /cgi-tulanetechconnect/LexAuth/db_xml.cgi?version=14.0&startorder=2104 HTTP/1.1" 200 320 "-" "PIMS-Platinum"
101.33.81.73 - - [20/Aug/2026:02:12:53 -0400] "GET / HTTP/1.1" 301 242 "-" "Mozilla/5.0 (iPhone; CPU iPhone OS 13_2_3 like Mac OS X) AppleWebKit/605.1.15 (KHTML, like Gecko) Version/13.0.3 Mobile/15E148 Safari/604.1"
129.81.250.1 - - [20/Aug/2026:02:15:47 -0400] "GET /cgi-tulanetechconnect/LexAuth/db_xml.cgi?version=14.0&startorder=2104 HTTP/1.1" 200 320 "-" "PIMS-Platinum"
129.81.250.1 - - [20/Aug/2026:02:25:47 -0400] "GET /cgi-tulanetechconnect/LexAuth/db_xml.cgi?version=14.0&startorder=2104 HTTP/1.1" 200 320 "-" "PIMS-Platinum"
129.81.250.1 - - [20/Aug/2026:02:35:48 -0400] "GET /cgi-tulanetechconnect/LexAuth/db_xml.cgi?version=14.0&startorder=2104 HTTP/1.1" 200 320 "-" "PIMS-Platinum"
129.81.250.1 - - [20/Aug/2026:02:45:48 -0400] "GET /cgi-tulanetechconnect/LexAuth/db_xml.cgi?version=14.0&startorder=2104 HTTP/1.1" 200 320 "-" "PIMS-Platinum"
129.81.250.1 - - [20/Aug/2026:02:55:49 -0400] "GET /cgi-tulanetechconnect/LexAuth/db_xml.cgi?version=14.0&startorder=2104 HTTP/1.1" 200 320 "-" "PIMS-Platinum"
129.81.250.1 - - [20/Aug/2026:03:05:49 -0400] "GET /cgi-tulanetechconnect/LexAuth/db_xml.cgi?version=14.0&startorder=2104 HTTP/1.1" 200 320 "-" "PIMS-Platinum"
78.138.31.192 - - [20/Aug/2026:03:10:24 -0400] "GET / HTTP/1.1" 301 242 "-" "Go-http-client/1.1"
78.138.31.192 - - [20/Aug/2026:03:10:24 -0400] "GET /wp-includes/css/buttons.css HTTP/1.1" 301 269 "-" "Go-http-client/1.1"
78.138.31.192 - - [20/Aug/2026:03:10:24 -0400] "GET /media/system/js/core.js HTTP/1.1" 301 265 "-" "Go-http-client/1.1"
129.81.250.1 - - [20/Aug/2026:03:15:50 -0400] "GET /cgi-tulanetechconnect/LexAuth/db_xml.cgi?version=14.0&startorder=2104 HTTP/1.1" 200 320 "-" "PIMS-Platinum"
129.81.250.1 - - [20/Aug/2026:03:25:50 -0400] "GET /cgi-tulanetechconnect/LexAuth/db_xml.cgi?version=14.0&startorder=2104 HTTP/1.1" 200 320 "-" "PIMS-Platinum"
129.81.250.1 - - [20/Aug/2026:03:35:51 -0400] "GET /cgi-tulanetechconnect/LexAuth/db_xml.cgi?version=14.0&startorder=2104 HTTP/1.1" 200 320 "-" "PIMS-Platinum"
129.81.250.1 - - [20/Aug/2026:03:45:51 -0400] "GET /cgi-tulanetechconnect/LexAuth/db_xml.cgi?version=14.0&startorder=2104 HTTP/1.1" 200 320 "-" "PIMS-Platinum"
129.81.250.1 - - [20/Aug/2026:03:55:51 -0400] "GET /cgi-tulanetechconnect/LexAuth/db_xml.cgi?version=14.0&startorder=2104 HTTP/1.1" 200 320 "-" "PIMS-Platinum"
129.81.250.1 - - [20/Aug/2026:04:05:52 -0400] "GET /cgi-tulanetechconnect/LexAuth/db_xml.cgi?version=14.0&startorder=2104 HTTP/1.1" 200 320 "-" "PIMS-Platinum"
129.81.250.1 - - [20/Aug/2026:04:15:52 -0400] "GET /cgi-tulanetechconnect/LexAuth/db_xml.cgi?version=14.0&startorder=2104 HTTP/1.1" 200 320 "-" "PIMS-Platinum"
129.81.250.1 - - [20/Aug/2026:04:25:52 -0400] "GET /cgi-tulanetechconnect/LexAuth/db_xml.cgi?version=14.0&startorder=2104 HTTP/1.1" 200 320 "-" "PIMS-Platinum"
129.81.250.1 - - [20/Aug/2026:04:35:53 -0400] "GET /cgi-tulanetechconnect/LexAuth/db_xml.cgi?version=14.0&startorder=2104 HTTP/1.1" 200 320 "-" "PIMS-Platinum"
129.81.250.1 - - [20/Aug/2026:04:45:53 -0400] "GET /cgi-tulanetechconnect/LexAuth/db_xml.cgi?version=14.0&startorder=2104 HTTP/1.1" 200 320 "-" "PIMS-Platinum"
129.81.250.1 - - [20/Aug/2026:04:55:53 -0400] "GET /cgi-tulanetechconnect/LexAuth/db_xml.cgi?version=14.0&startorder=2104 HTTP/1.1" 200 320 "-" "PIMS-Platinum"
164.92.124.39 - - [20/Aug/2026:05:02:39 -0400] "GET / HTTP/1.1" 301 242 "-" "Mozilla/5.0 (X11; Linux x86_64) AppleWebKit/537.36 (KHTML, like Gecko) Chrome/142.0.0.0 Safari/537.36"
164.92.124.39 - - [20/Aug/2026:05:02:39 -0400] "GET /favicon.ico HTTP/1.1" 301 253 "http://tulanetechconnect.com/" "Mozilla/5.0 (X11; Linux x86_64) AppleWebKit/537.36 (KHTML, like Gecko) Chrome/142.0.0.0 Safari/537.36"
129.81.250.1 - - [20/Aug/2026:05:05:54 -0400] "GET /cgi-tulanetechconnect/LexAuth/db_xml.cgi?version=14.0&startorder=2104 HTTP/1.1" 200 320 "-" "PIMS-Platinum"
95.7.240.32 - - [20/Aug/2026:05:14:45 -0400] "GET http://tulanetechconnect.com/ HTTP/1.1" 301 242 "-" "Python/3.12 aiohttp/3.14.3"
129.81.250.1 - - [20/Aug/2026:05:15:54 -0400] "GET /cgi-tulanetechconnect/LexAuth/db_xml.cgi?version=14.0&startorder=2104 HTTP/1.1" 200 320 "-" "PIMS-Platinum"
119.157.76.55 - - [20/Aug/2026:05:18:59 -0400] "GET http://www.tulanetechconnect.com/index.html HTTP/1.1" 301 252 "-" "Mozilla/5.0 (Macintosh; Intel Mac OS X 10_15_7) AppleWebKit/537.36 (KHTML, like Gecko) Chrome/124.0.0.0 Safari/537.36"
129.81.250.1 - - [20/Aug/2026:05:25:54 -0400] "GET /cgi-tulanetechconnect/LexAuth/db_xml.cgi?version=14.0&startorder=2104 HTTP/1.1" 200 320 "-" "PIMS-Platinum"
129.81.250.1 - - [20/Aug/2026:05:35:55 -0400] "GET /cgi-tulanetechconnect/LexAuth/db_xml.cgi?version=14.0&startorder=2104 HTTP/1.1" 200 320 "-" "PIMS-Platinum"
129.81.250.1 - - [20/Aug/2026:05:45:55 -0400] "GET /cgi-tulanetechconnect/LexAuth/db_xml.cgi?version=14.0&startorder=2104 HTTP/1.1" 200 320 "-" "PIMS-Platinum"
43.166.246.180 - - [20/Aug/2026:05:46:04 -0400] "GET / HTTP/1.1" 301 242 "-" "Mozilla/5.0 (iPhone; CPU iPhone OS 13_2_3 like Mac OS X) AppleWebKit/605.1.15 (KHTML, like Gecko) Version/13.0.3 Mobile/15E148 Safari/604.1"
129.81.250.1 - - [20/Aug/2026:05:55:55 -0400] "GET /cgi-tulanetechconnect/LexAuth/db_xml.cgi?version=14.0&startorder=2104 HTTP/1.1" 200 320 "-" "PIMS-Platinum"
129.81.250.1 - - [20/Aug/2026:06:05:56 -0400] "GET /cgi-tulanetechconnect/LexAuth/db_xml.cgi?version=14.0&startorder=2104 HTTP/1.1" 200 320 "-" "PIMS-Platinum"
129.81.250.1 - - [20/Aug/2026:06:15:56 -0400] "GET /cgi-tulanetechconnect/LexAuth/db_xml.cgi?version=14.0&startorder=2104 HTTP/1.1" 200 320 "-" "PIMS-Platinum"
129.81.250.1 - - [20/Aug/2026:06:25:56 -0400] "GET /cgi-tulanetechconnect/LexAuth/db_xml.cgi?version=14.0&startorder=2104 HTTP/1.1" 200 320 "-" "PIMS-Platinum"
129.81.250.1 - - [20/Aug/2026:06:35:57 -0400] "GET /cgi-tulanetechconnect/LexAuth/db_xml.cgi?version=14.0&startorder=2104 HTTP/1.1" 200 320 "-" "PIMS-Platinum"
162.62.213.187 - - [20/Aug/2026:06:41:48 -0400] "GET / HTTP/1.1" 301 242 "-" "Mozilla/5.0 (iPhone; CPU iPhone OS 13_2_3 like Mac OS X) AppleWebKit/605.1.15 (KHTML, like Gecko) Version/13.0.3 Mobile/15E148 Safari/604.1"
182.8.161.154 - - [20/Aug/2026:06:43:16 -0400] "GET http://www.tulanetechconnect.com/ HTTP/1.1" 301 242 "-" "Mozilla/5.0 (Windows NT 10.0; Win64; x64) AppleWebKit/537.36 (KHTML, like Gecko) Chrome/112.0.0.0 Safari/537.36"
129.81.250.1 - - [20/Aug/2026:06:45:57 -0400] "GET /cgi-tulanetechconnect/LexAuth/db_xml.cgi?version=14.0&startorder=2104 HTTP/1.1" 200 320 "-" "PIMS-Platinum"
129.81.250.1 - - [20/Aug/2026:06:55:57 -0400] "GET /cgi-tulanetechconnect/LexAuth/db_xml.cgi?version=14.0&startorder=2104 HTTP/1.1" 200 320 "-" "PIMS-Platinum"
129.81.250.1 - - [20/Aug/2026:07:05:58 -0400] "GET /cgi-tulanetechconnect/LexAuth/db_xml.cgi?version=14.0&startorder=2104 HTTP/1.1" 200 320 "-" "PIMS-Platinum"
129.81.250.1 - - [20/Aug/2026:07:15:58 -0400] "GET /cgi-tulanetechconnect/LexAuth/db_xml.cgi?version=14.0&startorder=2104 HTTP/1.1" 200 320 "-" "PIMS-Platinum"
129.81.250.1 - - [20/Aug/2026:07:25:58 -0400] "GET /cgi-tulanetechconnect/LexAuth/db_xml.cgi?version=14.0&startorder=2104 HTTP/1.1" 200 320 "-" "PIMS-Platinum"
129.81.250.1 - - [20/Aug/2026:07:35:59 -0400] "GET /cgi-tulanetechconnect/LexAuth/db_xml.cgi?version=14.0&startorder=2104 HTTP/1.1" 200 320 "-" "PIMS-Platinum"
129.81.250.1 - - [20/Aug/2026:07:45:59 -0400] "GET /cgi-tulanetechconnect/LexAuth/db_xml.cgi?version=14.0&startorder=2104 HTTP/1.1" 200 320 "-" "PIMS-Platinum"
129.81.250.1 - - [20/Aug/2026:07:55:59 -0400] "GET /cgi-tulanetechconnect/LexAuth/db_xml.cgi?version=14.0&startorder=2104 HTTP/1.1" 200 320 "-" "PIMS-Platinum"
129.81.250.1 - - [20/Aug/2026:08:06:00 -0400] "GET /cgi-tulanetechconnect/LexAuth/db_xml.cgi?version=14.0&startorder=2104 HTTP/1.1" 200 320 "-" "PIMS-Platinum"
129.81.250.1 - - [20/Aug/2026:08:16:00 -0400] "GET /cgi-tulanetechconnect/LexAuth/db_xml.cgi?version=14.0&startorder=2104 HTTP/1.1" 200 320 "-" "PIMS-Platinum"
129.81.250.1 - - [20/Aug/2026:08:26:01 -0400] "GET /cgi-tulanetechconnect/LexAuth/db_xml.cgi?version=14.0&startorder=2104 HTTP/1.1" 200 320 "-" "PIMS-Platinum"
178.105.183.10 - - [20/Aug/2026:08:32:35 -0400] "GET / HTTP/1.1" 301 242 "-" "2ip bot/1.1 (+https://2ip.io/bot/)"
129.81.250.1 - - [20/Aug/2026:08:36:01 -0400] "GET /cgi-tulanetechconnect/LexAuth/db_xml.cgi?version=14.0&startorder=2104 HTTP/1.1" 200 320 "-" "PIMS-Platinum"
129.81.250.1 - - [20/Aug/2026:08:46:01 -0400] "GET /cgi-tulanetechconnect/LexAuth/db_xml.cgi?version=14.0&startorder=2104 HTTP/1.1" 200 320 "-" "PIMS-Platinum"
129.81.250.1 - - [20/Aug/2026:08:56:02 -0400] "GET /cgi-tulanetechconnect/LexAuth/db_xml.cgi?version=14.0&startorder=2104 HTTP/1.1" 200 320 "-" "PIMS-Platinum"
129.81.250.1 - - [20/Aug/2026:09:06:02 -0400] "GET /cgi-tulanetechconnect/LexAuth/db_xml.cgi?version=14.0&startorder=2104 HTTP/1.1" 200 320 "-" "PIMS-Platinum"
129.81.250.1 - - [20/Aug/2026:09:16:02 -0400] "GET /cgi-tulanetechconnect/LexAuth/db_xml.cgi?version=14.0&startorder=2104 HTTP/1.1" 200 320 "-" "PIMS-Platinum"
129.81.250.1 - - [20/Aug/2026:09:26:03 -0400] "GET /cgi-tulanetechconnect/LexAuth/db_xml.cgi?version=14.0&startorder=2104 HTTP/1.1" 200 320 "-" "PIMS-Platinum"
129.81.250.1 - - [20/Aug/2026:09:36:03 -0400] "GET /cgi-tulanetechconnect/LexAuth/db_xml.cgi?version=14.0&startorder=2104 HTTP/1.1" 200 320 "-" "PIMS-Platinum"
129.81.250.1 - - [20/Aug/2026:09:46:03 -0400] "GET /cgi-tulanetechconnect/LexAuth/db_xml.cgi?version=14.0&startorder=2104 HTTP/1.1" 200 320 "-" "PIMS-Platinum"
129.81.250.1 - - [20/Aug/2026:09:56:04 -0400] "GET /cgi-tulanetechconnect/LexAuth/db_xml.cgi?version=14.0&startorder=2104 HTTP/1.1" 200 320 "-" "PIMS-Platinum"
150.109.230.210 - - [20/Aug/2026:10:05:14 -0400] "GET / HTTP/1.1" 301 242 "-" "Mozilla/5.0 (iPhone; CPU iPhone OS 13_2_3 like Mac OS X) AppleWebKit/605.1.15 (KHTML, like Gecko) Version/13.0.3 Mobile/15E148 Safari/604.1"
129.81.250.1 - - [20/Aug/2026:10:06:04 -0400] "GET /cgi-tulanetechconnect/LexAuth/db_xml.cgi?version=14.0&startorder=2104 HTTP/1.1" 200 320 "-" "PIMS-Platinum"
129.81.250.1 - - [20/Aug/2026:10:16:05 -0400] "GET /cgi-tulanetechconnect/LexAuth/db_xml.cgi?version=14.0&startorder=2104 HTTP/1.1" 200 320 "-" "PIMS-Platinum"
129.81.250.1 - - [20/Aug/2026:10:26:05 -0400] "GET /cgi-tulanetechconnect/LexAuth/db_xml.cgi?version=14.0&startorder=2104 HTTP/1.1" 200 320 "-" "PIMS-Platinum"
129.81.250.1 - - [20/Aug/2026:10:36:06 -0400] "GET /cgi-tulanetechconnect/LexAuth/db_xml.cgi?version=14.0&startorder=2104 HTTP/1.1" 200 320 "-" "PIMS-Platinum"
129.81.250.1 - - [20/Aug/2026:10:40:21 -0400] "GET /cgi-tulanetechconnect/LexAuth/dbupload.cgi?clientApp=1&dbname=products&filename=pimsx_upload.xml&uniqueName=SKU&newRecords=yes HTTP/1.1" 200 2013 "-" "PIMS-Platinum"
129.81.250.1 - - [20/Aug/2026:10:40:22 -0400] "GET /cgi-tulanetechconnect/LexAuth/generate.cgi?clientapp=1&htmlpages=1&custompages=1&index=1 HTTP/1.1" 200 39432 "-" "PIMS-Platinum"
129.81.250.1 - - [20/Aug/2026:10:46:06 -0400] "GET /cgi-tulanetechconnect/LexAuth/db_xml.cgi?version=14.0&startorder=2104 HTTP/1.1" 200 320 "-" "PIMS-Platinum"
43.157.172.39 - - [20/Aug/2026:10:53:42 -0400] "GET / HTTP/1.1" 301 242 "-" "Mozilla/5.0 (iPhone; CPU iPhone OS 13_2_3 like Mac OS X) AppleWebKit/605.1.15 (KHTML, like Gecko) Version/13.0.3 Mobile/15E148 Safari/604.1"
129.81.250.1 - - [20/Aug/2026:10:56:07 -0400] "GET /cgi-tulanetechconnect/LexAuth/db_xml.cgi?version=14.0&startorder=2104 HTTP/1.1" 200 320 "-" "PIMS-Platinum"
129.81.250.1 - - [20/Aug/2026:11:06:07 -0400] "GET /cgi-tulanetechconnect/LexAuth/db_xml.cgi?version=14.0&startorder=2104 HTTP/1.1" 200 320 "-" "PIMS-Platinum"
47.128.56.159 - - [20/Aug/2026:11:08:56 -0400] "GET /robots.txt HTTP/1.1" 301 252 "-" "Mozilla/5.0 (iPhone; CPU iPhone OS 7_1_2 like Mac OS X) AppleWebKit/537.36 (KHTML, like Gecko) Version/7.0 Mobile Safari/537.36 (compatible; Bytespider; https://bytedance.sg.larkoffice.com/docx/K5bxdypulop3IIxrJb0lOjLVgFe)"
129.81.250.1 - - [20/Aug/2026:11:16:08 -0400] "GET /cgi-tulanetechconnect/LexAuth/db_xml.cgi?version=14.0&startorder=2104 HTTP/1.1" 200 320 "-" "PIMS-Platinum"
80.248.227.194 - - [20/Aug/2026:11:17:46 -0400] "GET /robots.txt HTTP/1.1" 301 252 "-" "Mozilla/5.0 (Windows NT 6.3; Win64; x64; rv:109.0) Gecko/20100101 Firefox/115"
176.74.197.105 - - [20/Aug/2026:11:17:47 -0400] "GET /llms.txt HTTP/1.1" 301 250 "-" "Mozilla/5.0 (Windows NT 6.3; Win64; x64; rv:109.0) Gecko/20100101 Firefox/115"
80.248.231.234 - - [20/Aug/2026:11:17:48 -0400] "GET / HTTP/1.1" 301 242 "-" "Mozilla/5.0 (Windows NT 6.3; Win64; x64; rv:109.0) Gecko/20100101 Firefox/115"
47.128.115.149 - - [20/Aug/2026:11:21:32 -0400] "GET /robots.txt HTTP/1.1" 301 252 "-" "Mozilla/5.0 (Linux; Android 5.0) AppleWebKit/537.36 (KHTML, like Gecko) Mobile Safari/537.36 (compatible; Bytespider; https://bytedance.sg.larkoffice.com/docx/K5bxdypulop3IIxrJb0lOjLVgFe)"
129.81.250.1 - - [20/Aug/2026:11:26:08 -0400] "GET /cgi-tulanetechconnect/LexAuth/db_xml.cgi?version=14.0&startorder=2104 HTTP/1.1" 200 320 "-" "PIMS-Platinum"
129.81.250.1 - - [20/Aug/2026:11:36:08 -0400] "GET /cgi-tulanetechconnect/LexAuth/db_xml.cgi?version=14.0&startorder=2104 HTTP/1.1" 200 320 "-" "PIMS-Platinum"
129.81.250.1 - - [20/Aug/2026:11:46:09 -0400] "GET /cgi-tulanetechconnect/LexAuth/db_xml.cgi?version=14.0&startorder=2104 HTTP/1.1" 200 320 "-" "PIMS-Platinum"
129.81.250.1 - - [20/Aug/2026:11:50:24 -0400] "GET /cgi-tulanetechconnect/LexAuth/dbupload.cgi?clientApp=1&dbname=products&filename=pimsx_upload.xml&uniqueName=SKU&newRecords=yes HTTP/1.1" 200 1996 "-" "PIMS-Platinum"
129.81.250.1 - - [20/Aug/2026:11:50:24 -0400] "GET /cgi-tulanetechconnect/LexAuth/generate.cgi?clientapp=1&htmlpages=1&custompages=1&index=1 HTTP/1.1" 200 43137 "-" "PIMS-Platinum"
129.81.250.1 - - [20/Aug/2026:11:56:09 -0400] "GET /cgi-tulanetechconnect/LexAuth/db_xml.cgi?version=14.0&startorder=2104 HTTP/1.1" 200 320 "-" "PIMS-Platinum"
129.81.250.1 - - [20/Aug/2026:12:06:10 -0400] "GET /cgi-tulanetechconnect/LexAuth/db_xml.cgi?version=14.0&startorder=2104 HTTP/1.1" 200 320 "-" "PIMS-Platinum"
129.81.250.1 - - [20/Aug/2026:12:16:10 -0400] "GET /cgi-tulanetechconnect/LexAuth/db_xml.cgi?version=14.0&startorder=2104 HTTP/1.1" 200 320 "-" "PIMS-Platinum"
129.81.250.1 - - [20/Aug/2026:12:26:11 -0400] "GET /cgi-tulanetechconnect/LexAuth/db_xml.cgi?version=14.0&startorder=2104 HTTP/1.1" 200 320 "-" "PIMS-Platinum"
129.81.250.1 - - [20/Aug/2026:12:30:26 -0400] "GET /cgi-tulanetechconnect/LexAuth/dbupload.cgi?clientApp=1&dbname=products&filename=pimsx_upload.xml&uniqueName=SKU&newRecords=yes HTTP/1.1" 200 1988 "-" "PIMS-Platinum"
129.81.250.1 - - [20/Aug/2026:12:30:26 -0400] "GET /cgi-tulanetechconnect/LexAuth/generate.cgi?clientapp=1&htmlpages=1&custompages=1&index=1 HTTP/1.1" 200 43567 "-" "PIMS-Platinum"
129.81.250.1 - - [20/Aug/2026:12:36:11 -0400] "GET /cgi-tulanetechconnect/LexAuth/db_xml.cgi?version=14.0&startorder=2104 HTTP/1.1" 200 320 "-" "PIMS-Platinum"
129.81.250.1 - - [20/Aug/2026:12:40:28 -0400] "GET /cgi-tulanetechconnect/LexAuth/dbupload.cgi?clientApp=1&dbname=products&filename=pimsx_upload.xml&uniqueName=SKU&newRecords=yes HTTP/1.1" 200 1988 "-" "PIMS-Platinum"
129.81.250.1 - - [20/Aug/2026:12:40:28 -0400] "GET /cgi-tulanetechconnect/LexAuth/generate.cgi?clientapp=1&htmlpages=1&custompages=1&index=1 HTTP/1.1" 200 43569 "-" "PIMS-Platinum"
129.81.250.1 - - [20/Aug/2026:12:46:12 -0400] "GET /cgi-tulanetechconnect/LexAuth/db_xml.cgi?version=14.0&startorder=2104 HTTP/1.1" 200 320 "-" "PIMS-Platinum"
129.81.250.1 - - [20/Aug/2026:12:56:12 -0400] "GET /cgi-tulanetechconnect/LexAuth/db_xml.cgi?version=14.0&startorder=2104 HTTP/1.1" 200 320 "-" "PIMS-Platinum"
178.34.150.70 - - [20/Aug/2026:12:56:17 -0400] "GET / HTTP/1.1" 301 242 "-" "Mozilla/5.0 (Windows NT 10.0; Win64; x64) AppleWebKit/537.36 (KHTML, like Gecko) Chrome/131.0.0.0 Safari/537.36"
129.81.250.1 - - [20/Aug/2026:13:06:13 -0400] "GET /cgi-tulanetechconnect/LexAuth/db_xml.cgi?version=14.0&startorder=2104 HTTP/1.1" 200 320 "-" "PIMS-Platinum"
129.81.250.1 - - [20/Aug/2026:13:16:13 -0400] "GET /cgi-tulanetechconnect/LexAuth/db_xml.cgi?version=14.0&startorder=2104 HTTP/1.1" 200 320 "-" "PIMS-Platinum"
129.81.250.1 - - [20/Aug/2026:13:26:14 -0400] "GET /cgi-tulanetechconnect/LexAuth/db_xml.cgi?version=14.0&startorder=2104 HTTP/1.1" 200 320 "-" "PIMS-Platinum"
129.81.250.1 - - [20/Aug/2026:13:36:14 -0400] "GET /cgi-tulanetechconnect/LexAuth/db_xml.cgi?version=14.0&startorder=2104 HTTP/1.1" 200 320 "-" "PIMS-Platinum"
129.81.250.1 - - [20/Aug/2026:13:46:15 -0400] "GET /cgi-tulanetechconnect/LexAuth/db_xml.cgi?version=14.0&startorder=2104 HTTP/1.1" 200 320 "-" "PIMS-Platinum"
129.81.250.1 - - [20/Aug/2026:13:56:15 -0400] "GET /cgi-tulanetechconnect/LexAuth/db_xml.cgi?version=14.0&startorder=2104 HTTP/1.1" 200 320 "-" "PIMS-Platinum"
129.81.250.1 - - [20/Aug/2026:14:06:16 -0400] "GET /cgi-tulanetechconnect/LexAuth/db_xml.cgi?version=14.0&startorder=2104 HTTP/1.1" 200 320 "-" "PIMS-Platinum"
129.81.250.1 - - [20/Aug/2026:14:16:17 -0400] "GET /cgi-tulanetechconnect/LexAuth/db_xml.cgi?version=14.0&startorder=2104 HTTP/1.1" 200 320 "-" "PIMS-Platinum"
129.81.250.1 - - [20/Aug/2026:14:26:17 -0400] "GET /cgi-tulanetechconnect/LexAuth/db_xml.cgi?version=14.0&startorder=2104 HTTP/1.1" 200 320 "-" "PIMS-Platinum"
129.81.250.1 - - [20/Aug/2026:14:36:18 -0400] "GET /cgi-tulanetechconnect/LexAuth/db_xml.cgi?version=14.0&startorder=2104 HTTP/1.1" 200 320 "-" "PIMS-Platinum"
129.81.250.1 - - [20/Aug/2026:14:46:18 -0400] "GET /cgi-tulanetechconnect/LexAuth/db_xml.cgi?version=14.0&startorder=2104 HTTP/1.1" 200 320 "-" "PIMS-Platinum"
129.81.250.1 - - [20/Aug/2026:14:56:19 -0400] "GET /cgi-tulanetechconnect/LexAuth/db_xml.cgi?version=14.0&startorder=2104 HTTP/1.1" 200 320 "-" "PIMS-Platinum"
129.81.250.1 - - [20/Aug/2026:15:06:19 -0400] "GET /cgi-tulanetechconnect/LexAuth/db_xml.cgi?version=14.0&startorder=2104 HTTP/1.1" 200 320 "-" "PIMS-Platinum"
129.81.250.1 - - [20/Aug/2026:15:16:19 -0400] "GET /cgi-tulanetechconnect/LexAuth/db_xml.cgi?version=14.0&startorder=2104 HTTP/1.1" 200 320 "-" "PIMS-Platinum"
129.81.250.1 - - [20/Aug/2026:15:26:20 -0400] "GET /cgi-tulanetechconnect/LexAuth/db_xml.cgi?version=14.0&startorder=2104 HTTP/1.1" 200 320 "-" "PIMS-Platinum"
129.81.250.1 - - [20/Aug/2026:15:36:20 -0400] "GET /cgi-tulanetechconnect/LexAuth/db_xml.cgi?version=14.0&startorder=2104 HTTP/1.1" 200 320 "-" "PIMS-Platinum"
51.68.107.148 - - [20/Aug/2026:15:36:27 -0400] "GET /robots.txt HTTP/1.1" 301 252 "-" "Mozilla/5.0 (compatible; MJ12bot/v2.0.5; http://mj12bot.com/)"
51.68.107.148 - - [20/Aug/2026:15:36:29 -0400] "GET / HTTP/1.1" 301 242 "-" "Mozilla/5.0 (compatible; MJ12bot/v2.0.5; http://mj12bot.com/)"
129.81.250.1 - - [20/Aug/2026:15:46:20 -0400] "GET /cgi-tulanetechconnect/LexAuth/db_xml.cgi?version=14.0&startorder=2104 HTTP/1.1" 200 320 "-" "PIMS-Platinum"
129.81.250.1 - - [20/Aug/2026:15:50:30 -0400] "GET /cgi-tulanetechconnect/LexAuth/dbupload.cgi?clientApp=1&dbname=products&filename=pimsx_upload.xml&uniqueName=SKU&newRecords=yes HTTP/1.1" 200 2069 "-" "PIMS-Platinum"
129.81.250.1 - - [20/Aug/2026:15:50:30 -0400] "GET /cgi-tulanetechconnect/LexAuth/generate.cgi?clientapp=1&htmlpages=1&custompages=1&index=1 HTTP/1.1" 200 39434 "-" "PIMS-Platinum"
129.81.250.1 - - [20/Aug/2026:15:56:21 -0400] "GET /cgi-tulanetechconnect/LexAuth/db_xml.cgi?version=14.0&startorder=2104 HTTP/1.1" 200 320 "-" "PIMS-Platinum"
129.81.250.1 - - [20/Aug/2026:16:00:32 -0400] "GET /cgi-tulanetechconnect/LexAuth/dbupload.cgi?clientApp=1&dbname=products&filename=pimsx_upload.xml&uniqueName=SKU&newRecords=yes HTTP/1.1" 200 2018 "-" "PIMS-Platinum"
129.81.250.1 - - [20/Aug/2026:16:00:32 -0400] "GET /cgi-tulanetechconnect/LexAuth/generate.cgi?clientapp=1&htmlpages=1&custompages=1&index=1 HTTP/1.1" 200 39432 "-" "PIMS-Platinum"
129.81.250.1 - - [20/Aug/2026:16:06:21 -0400] "GET /cgi-tulanetechconnect/LexAuth/db_xml.cgi?version=14.0&startorder=2104 HTTP/1.1" 200 320 "-" "PIMS-Platinum"
129.225.125.127 - - [20/Aug/2026:16:12:59 -0400] "GET /wp-content/plugins/pods/readme.txt HTTP/1.1" 301 276 "-" "Mozilla/5.0 (Macintosh; Intel Mac OS X 10_15_7) AppleWebKit/537.36 (KHTML, like Gecko) Chrome/124.0.0.0 Safari/537.36"
129.225.125.127 - - [20/Aug/2026:16:12:59 -0400] "GET /wp-content/plugins/pods/init.php HTTP/1.1" 403 199 "-" "Mozilla/5.0 (Macintosh; Intel Mac OS X 10_15_7) AppleWebKit/537.36 (KHTML, like Gecko) Chrome/124.0.0.0 Safari/537.36"
129.81.250.1 - - [20/Aug/2026:16:16:22 -0400] "GET /cgi-tulanetechconnect/LexAuth/db_xml.cgi?version=14.0&startorder=2104 HTTP/1.1" 200 320 "-" "PIMS-Platinum"
